[INFO] cloning repository https://github.com/novartole/wb-tech-l1
[INFO] running `Command { std: "git" "-c" "credential.helper=" "-c" "credential.helper=/workspace/cargo-home/bin/git-credential-null" "clone" "--bare" "https://github.com/novartole/wb-tech-l1" "/workspace/cache/git-repos/https%3A%2F%2Fgithub.com%2Fnovartole%2Fwb-tech-l1", kill_on_drop: false }`
[INFO] [stderr] Cloning into bare repository '/workspace/cache/git-repos/https%3A%2F%2Fgithub.com%2Fnovartole%2Fwb-tech-l1'...
[INFO] running `Command { std: "git" "rev-parse" "HEAD", kill_on_drop: false }`
[INFO] [stdout] cedfaab2877f7d4fbcf53efffe5c952402121853
[INFO] testing novartole/wb-tech-l1 against 1.83.0 for beta-1.84.0-4-retry
[INFO] running `Command { std: "git" "clone" "/workspace/cache/git-repos/https%3A%2F%2Fgithub.com%2Fnovartole%2Fwb-tech-l1" "/workspace/builds/worker-1-tc1/source", kill_on_drop: false }`
[INFO] [stderr] Cloning into '/workspace/builds/worker-1-tc1/source'...
[INFO] [stderr] done.
[INFO] validating manifest of git repo https://github.com/novartole/wb-tech-l1 on toolchain 1.83.0
[INFO] running `Command { std: CARGO_HOME="/workspace/cargo-home" RUSTUP_HOME="/workspace/rustup-home" "/workspace/cargo-home/bin/cargo" "+1.83.0" "metadata" "--manifest-path" "Cargo.toml" "--no-deps", kill_on_drop: false }`
[INFO] started tweaking git repo https://github.com/novartole/wb-tech-l1
[INFO] finished tweaking git repo https://github.com/novartole/wb-tech-l1
[INFO] tweaked toml for git repo https://github.com/novartole/wb-tech-l1 written to /workspace/builds/worker-1-tc1/source/Cargo.toml
[INFO] crate git repo https://github.com/novartole/wb-tech-l1 already has a lockfile, it will not be regenerated
[INFO] running `Command { std: CARGO_HOME="/workspace/cargo-home" RUSTUP_HOME="/workspace/rustup-home" "/workspace/cargo-home/bin/cargo" "+1.83.0" "fetch" "--manifest-path" "Cargo.toml", kill_on_drop: false }`
[INFO] [stderr] warning: virtual workspace defaulting to `resolver = "1"` despite one or more workspace members being on edition 2021 which implies `resolver = "2"`
[INFO] [stderr] note: to keep the current resolver, specify `workspace.resolver = "1"` in the workspace root's manifest
[INFO] [stderr] note: to use the edition 2021 resolver, specify `workspace.resolver = "2"` in the workspace root's manifest
[INFO] [stderr] note: for more details see https://doc.rust-lang.org/cargo/reference/resolver.html#resolver-versions
[INFO] [stderr]  Downloading crates ...
[INFO] [stderr]   Downloaded bloomfilter v1.0.14
[INFO] running `Command { std: "docker" "create" "-v" "/var/lib/crater-agent-workspace/builds/worker-1-tc1/target:/opt/rustwide/target:rw,Z" "-v" "/var/lib/crater-agent-workspace/builds/worker-1-tc1/source:/opt/rustwide/workdir:ro,Z" "-v" "/var/lib/crater-agent-workspace/cargo-home:/opt/rustwide/cargo-home:ro,Z" "-v" "/var/lib/crater-agent-workspace/rustup-home:/opt/rustwide/rustup-home:ro,Z" "-e" "SOURCE_DIR=/opt/rustwide/workdir" "-e" "CARGO_TARGET_DIR=/opt/rustwide/target" "-e" "CARGO_HOME=/opt/rustwide/cargo-home" "-e" "RUSTUP_HOME=/opt/rustwide/rustup-home" "-w" "/opt/rustwide/workdir" "-m" "1610612736" "--user" "0:0" "--network" "none" "ghcr.io/rust-lang/crates-build-env/linux@sha256:f3a9d4ad9d972b27faf3965f35b62e55ba32bbce8f20bc8fe909558a86702fde" "/opt/rustwide/cargo-home/bin/cargo" "+1.83.0" "metadata" "--no-deps" "--format-version=1", kill_on_drop: false }`
[INFO] [stdout] 6a9ae04e0318513742f0627023f1a51196da23c9ac1f27f0b6ad5b0e1ee2b023
[INFO] running `Command { std: "docker" "start" "-a" "6a9ae04e0318513742f0627023f1a51196da23c9ac1f27f0b6ad5b0e1ee2b023", kill_on_drop: false }`
[INFO] running `Command { std: "docker" "inspect" "6a9ae04e0318513742f0627023f1a51196da23c9ac1f27f0b6ad5b0e1ee2b023", kill_on_drop: false }`
[INFO] running `Command { std: "docker" "rm" "-f" "6a9ae04e0318513742f0627023f1a51196da23c9ac1f27f0b6ad5b0e1ee2b023", kill_on_drop: false }`
[INFO] [stdout] 6a9ae04e0318513742f0627023f1a51196da23c9ac1f27f0b6ad5b0e1ee2b023
[INFO] running `Command { std: "docker" "create" "-v" "/var/lib/crater-agent-workspace/builds/worker-1-tc1/target:/opt/rustwide/target:rw,Z" "-v" "/var/lib/crater-agent-workspace/builds/worker-1-tc1/source:/opt/rustwide/workdir:ro,Z" "-v" "/var/lib/crater-agent-workspace/cargo-home:/opt/rustwide/cargo-home:ro,Z" "-v" "/var/lib/crater-agent-workspace/rustup-home:/opt/rustwide/rustup-home:ro,Z" "-e" "SOURCE_DIR=/opt/rustwide/workdir" "-e" "CARGO_TARGET_DIR=/opt/rustwide/target" "-e" "CARGO_INCREMENTAL=0" "-e" "RUST_BACKTRACE=full" "-e" "RUSTFLAGS=--cap-lints=warn" "-e" "RUSTDOCFLAGS=--cap-lints=warn" "-e" "CARGO_HOME=/opt/rustwide/cargo-home" "-e" "RUSTUP_HOME=/opt/rustwide/rustup-home" "-w" "/opt/rustwide/workdir" "-m" "1610612736" "--user" "0:0" "--network" "none" "ghcr.io/rust-lang/crates-build-env/linux@sha256:f3a9d4ad9d972b27faf3965f35b62e55ba32bbce8f20bc8fe909558a86702fde" "/opt/rustwide/cargo-home/bin/cargo" "+1.83.0" "build" "--frozen" "--message-format=json", kill_on_drop: false }`
[INFO] [stdout] cbc2934f49de70f177fdab2d49c58ef61da4a17021323ec6c1c411bf64c2c8e3
[INFO] running `Command { std: "docker" "start" "-a" "cbc2934f49de70f177fdab2d49c58ef61da4a17021323ec6c1c411bf64c2c8e3", kill_on_drop: false }`
[INFO] [stderr] warning: virtual workspace defaulting to `resolver = "1"` despite one or more workspace members being on edition 2021 which implies `resolver = "2"`
[INFO] [stderr] note: to keep the current resolver, specify `workspace.resolver = "1"` in the workspace root's manifest
[INFO] [stderr] note: to use the edition 2021 resolver, specify `workspace.resolver = "2"` in the workspace root's manifest
[INFO] [stderr] note: for more details see https://doc.rust-lang.org/cargo/reference/resolver.html#resolver-versions
[INFO] [stderr]    Compiling libc v0.2.158
[INFO] [stderr]    Compiling autocfg v1.3.0
[INFO] [stderr]    Compiling proc-macro2 v1.0.86
[INFO] [stderr]    Compiling unicode-ident v1.0.12
[INFO] [stderr]    Compiling cfg-if v1.0.0
[INFO] [stderr]    Compiling pin-project-lite v0.2.14
[INFO] [stderr]    Compiling scopeguard v1.2.0
[INFO] [stderr]    Compiling futures-core v0.3.30
[INFO] [stderr]    Compiling crossbeam-utils v0.8.20
[INFO] [stderr]    Compiling futures-sink v0.3.30
[INFO] [stderr]    Compiling parking_lot_core v0.9.10
[INFO] [stderr]    Compiling futures-task v0.3.30
[INFO] [stderr]    Compiling smallvec v1.13.2
[INFO] [stderr]    Compiling pin-utils v0.1.0
[INFO] [stderr]    Compiling once_cell v1.19.0
[INFO] [stderr]    Compiling siphasher v1.0.1
[INFO] [stderr]    Compiling bit-vec v0.7.0
[INFO] [stderr]    Compiling bytes v1.7.1
[INFO] [stderr]    Compiling hashbrown v0.14.5
[INFO] [stderr]    Compiling l122_vector v0.1.0 (/opt/rustwide/workdir/l122_vector)
[INFO] [stderr]    Compiling lock_api v0.4.12
[INFO] [stderr]    Compiling slab v0.4.9
[INFO] [stderr]    Compiling l19_bit v0.1.0 (/opt/rustwide/workdir/l19_bit)
[INFO] [stderr]    Compiling quote v1.0.37
[INFO] [stderr]    Compiling syn v2.0.77
[INFO] [stderr]    Compiling l14_n_workers v0.1.0 (/opt/rustwide/workdir/l14_n_workers)
[INFO] [stderr]    Compiling mio v1.0.2
[INFO] [stderr]    Compiling signal-hook-registry v1.4.2
[INFO] [stderr]    Compiling getrandom v0.2.15
[INFO] [stderr]    Compiling spin v0.9.8
[INFO] [stderr]    Compiling nanorand v0.7.0
[INFO] [stderr]    Compiling bloomfilter v1.0.14
[INFO] [stderr]    Compiling l112_intersection v0.1.0 (/opt/rustwide/workdir/l112_intersection)
[INFO] [stderr]    Compiling l111_temp_intervals v0.1.0 (/opt/rustwide/workdir/l111_temp_intervals)
[INFO] [stderr]    Compiling dashmap v6.1.0
[INFO] [stderr]    Compiling l114_type v0.1.0 (/opt/rustwide/workdir/l114_type)
[INFO] [stderr]    Compiling flume v0.11.0
[INFO] [stderr]    Compiling l12_pow2 v0.1.0 (/opt/rustwide/workdir/l12_pow2)
[INFO] [stderr]    Compiling l115_quicksort v0.1.0 (/opt/rustwide/workdir/l115_quicksort)
[INFO] [stderr]    Compiling l118_reverse v0.1.0 (/opt/rustwide/workdir/l118_reverse)
[INFO] [stderr]    Compiling l117_counter v0.1.0 (/opt/rustwide/workdir/l117_counter)
[INFO] [stderr]    Compiling l13_sum_of_pow2s v0.1.0 (/opt/rustwide/workdir/l13_sum_of_pow2s)
[INFO] [stderr]    Compiling l113_no_duplicates v0.1.0 (/opt/rustwide/workdir/l113_no_duplicates)
[INFO] [stderr]    Compiling l18_map v0.1.0 (/opt/rustwide/workdir/l18_map)
[INFO] [stderr]    Compiling l119_rev_words v0.1.0 (/opt/rustwide/workdir/l119_rev_words)
[INFO] [stderr]    Compiling l121_big_numbers v0.1.0 (/opt/rustwide/workdir/l121_big_numbers)
[INFO] [stderr]    Compiling l123_distance v0.1.0 (/opt/rustwide/workdir/l123_distance)
[INFO] [stderr]    Compiling l120_adapter v0.1.0 (/opt/rustwide/workdir/l120_adapter)
[INFO] [stderr]    Compiling l116_binary_search v0.1.0 (/opt/rustwide/workdir/l116_binary_search)
[INFO] [stderr]    Compiling l11_action v0.1.0 (/opt/rustwide/workdir/l11_action)
[INFO] [stderr]    Compiling l16_n_secs v0.1.0 (/opt/rustwide/workdir/l16_n_secs)
[INFO] [stderr]    Compiling l124_unique_chars v0.1.0 (/opt/rustwide/workdir/l124_unique_chars)
[INFO] [stderr]    Compiling tokio-macros v2.4.0
[INFO] [stderr]    Compiling futures-macro v0.3.30
[INFO] [stderr]    Compiling tokio v1.40.0
[INFO] [stderr]    Compiling futures-util v0.3.30
[INFO] [stderr]    Compiling tokio-util v0.7.12
[INFO] [stderr]    Compiling l15_ctrl_c v0.1.0 (/opt/rustwide/workdir/l15_ctrl_c)
[INFO] [stderr]    Compiling l17_cancellation v0.1.0 (/opt/rustwide/workdir/l17_cancellation)
[INFO] [stderr]    Compiling l110_conveyor v0.1.0 (/opt/rustwide/workdir/l110_conveyor)
[INFO] [stderr]     Finished `dev` profile [unoptimized + debuginfo] target(s) in 33.53s
[INFO] running `Command { std: "docker" "inspect" "cbc2934f49de70f177fdab2d49c58ef61da4a17021323ec6c1c411bf64c2c8e3", kill_on_drop: false }`
[INFO] running `Command { std: "docker" "rm" "-f" "cbc2934f49de70f177fdab2d49c58ef61da4a17021323ec6c1c411bf64c2c8e3", kill_on_drop: false }`
[INFO] [stdout] cbc2934f49de70f177fdab2d49c58ef61da4a17021323ec6c1c411bf64c2c8e3
[INFO] running `Command { std: "docker" "create" "-v" "/var/lib/crater-agent-workspace/builds/worker-1-tc1/target:/opt/rustwide/target:rw,Z" "-v" "/var/lib/crater-agent-workspace/builds/worker-1-tc1/source:/opt/rustwide/workdir:ro,Z" "-v" "/var/lib/crater-agent-workspace/cargo-home:/opt/rustwide/cargo-home:ro,Z" "-v" "/var/lib/crater-agent-workspace/rustup-home:/opt/rustwide/rustup-home:ro,Z" "-e" "SOURCE_DIR=/opt/rustwide/workdir" "-e" "CARGO_TARGET_DIR=/opt/rustwide/target" "-e" "CARGO_INCREMENTAL=0" "-e" "RUST_BACKTRACE=full" "-e" "RUSTFLAGS=--cap-lints=warn" "-e" "RUSTDOCFLAGS=--cap-lints=warn" "-e" "CARGO_HOME=/opt/rustwide/cargo-home" "-e" "RUSTUP_HOME=/opt/rustwide/rustup-home" "-w" "/opt/rustwide/workdir" "-m" "1610612736" "--user" "0:0" "--network" "none" "ghcr.io/rust-lang/crates-build-env/linux@sha256:f3a9d4ad9d972b27faf3965f35b62e55ba32bbce8f20bc8fe909558a86702fde" "/opt/rustwide/cargo-home/bin/cargo" "+1.83.0" "test" "--frozen" "--no-run" "--message-format=json", kill_on_drop: false }`
[INFO] [stdout] add25926ad18cdc87dd426db8820fee030447a197e209022dae91e017d08aca7
[INFO] running `Command { std: "docker" "start" "-a" "add25926ad18cdc87dd426db8820fee030447a197e209022dae91e017d08aca7", kill_on_drop: false }`
[INFO] [stderr] warning: virtual workspace defaulting to `resolver = "1"` despite one or more workspace members being on edition 2021 which implies `resolver = "2"`
[INFO] [stderr] note: to keep the current resolver, specify `workspace.resolver = "1"` in the workspace root's manifest
[INFO] [stderr] note: to use the edition 2021 resolver, specify `workspace.resolver = "2"` in the workspace root's manifest
[INFO] [stderr] note: for more details see https://doc.rust-lang.org/cargo/reference/resolver.html#resolver-versions
[INFO] [stderr]    Compiling l15_ctrl_c v0.1.0 (/opt/rustwide/workdir/l15_ctrl_c)
[INFO] [stderr]    Compiling l110_conveyor v0.1.0 (/opt/rustwide/workdir/l110_conveyor)
[INFO] [stderr]    Compiling l18_map v0.1.0 (/opt/rustwide/workdir/l18_map)
[INFO] [stderr]    Compiling l17_cancellation v0.1.0 (/opt/rustwide/workdir/l17_cancellation)
[INFO] [stderr]    Compiling l112_intersection v0.1.0 (/opt/rustwide/workdir/l112_intersection)
[INFO] [stderr]    Compiling l116_binary_search v0.1.0 (/opt/rustwide/workdir/l116_binary_search)
[INFO] [stderr]    Compiling l14_n_workers v0.1.0 (/opt/rustwide/workdir/l14_n_workers)
[INFO] [stderr]    Compiling l120_adapter v0.1.0 (/opt/rustwide/workdir/l120_adapter)
[INFO] [stderr]    Compiling l11_action v0.1.0 (/opt/rustwide/workdir/l11_action)
[INFO] [stderr]    Compiling l121_big_numbers v0.1.0 (/opt/rustwide/workdir/l121_big_numbers)
[INFO] [stderr]    Compiling l16_n_secs v0.1.0 (/opt/rustwide/workdir/l16_n_secs)
[INFO] [stderr]    Compiling l118_reverse v0.1.0 (/opt/rustwide/workdir/l118_reverse)
[INFO] [stderr]    Compiling l19_bit v0.1.0 (/opt/rustwide/workdir/l19_bit)
[INFO] [stderr]    Compiling l124_unique_chars v0.1.0 (/opt/rustwide/workdir/l124_unique_chars)
[INFO] [stderr]    Compiling l13_sum_of_pow2s v0.1.0 (/opt/rustwide/workdir/l13_sum_of_pow2s)
[INFO] [stderr]    Compiling l119_rev_words v0.1.0 (/opt/rustwide/workdir/l119_rev_words)
[INFO] [stderr]    Compiling l113_no_duplicates v0.1.0 (/opt/rustwide/workdir/l113_no_duplicates)
[INFO] [stderr]    Compiling l12_pow2 v0.1.0 (/opt/rustwide/workdir/l12_pow2)
[INFO] [stderr]    Compiling l115_quicksort v0.1.0 (/opt/rustwide/workdir/l115_quicksort)
[INFO] [stderr]    Compiling l114_type v0.1.0 (/opt/rustwide/workdir/l114_type)
[INFO] [stderr]    Compiling l117_counter v0.1.0 (/opt/rustwide/workdir/l117_counter)
[INFO] [stderr]    Compiling l122_vector v0.1.0 (/opt/rustwide/workdir/l122_vector)
[INFO] [stderr]    Compiling l123_distance v0.1.0 (/opt/rustwide/workdir/l123_distance)
[INFO] [stderr]    Compiling l111_temp_intervals v0.1.0 (/opt/rustwide/workdir/l111_temp_intervals)
[INFO] [stderr]     Finished `test` profile [unoptimized + debuginfo] target(s) in 9.85s
[INFO] running `Command { std: "docker" "inspect" "add25926ad18cdc87dd426db8820fee030447a197e209022dae91e017d08aca7", kill_on_drop: false }`
[INFO] running `Command { std: "docker" "rm" "-f" "add25926ad18cdc87dd426db8820fee030447a197e209022dae91e017d08aca7", kill_on_drop: false }`
[INFO] [stdout] add25926ad18cdc87dd426db8820fee030447a197e209022dae91e017d08aca7
[INFO] running `Command { std: "docker" "create" "-v" "/var/lib/crater-agent-workspace/builds/worker-1-tc1/target:/opt/rustwide/target:rw,Z" "-v" "/var/lib/crater-agent-workspace/builds/worker-1-tc1/source:/opt/rustwide/workdir:ro,Z" "-v" "/var/lib/crater-agent-workspace/cargo-home:/opt/rustwide/cargo-home:ro,Z" "-v" "/var/lib/crater-agent-workspace/rustup-home:/opt/rustwide/rustup-home:ro,Z" "-e" "SOURCE_DIR=/opt/rustwide/workdir" "-e" "CARGO_TARGET_DIR=/opt/rustwide/target" "-e" "CARGO_INCREMENTAL=0" "-e" "RUST_BACKTRACE=full" "-e" "RUSTFLAGS=--cap-lints=warn" "-e" "RUSTDOCFLAGS=--cap-lints=warn" "-e" "CARGO_HOME=/opt/rustwide/cargo-home" "-e" "RUSTUP_HOME=/opt/rustwide/rustup-home" "-w" "/opt/rustwide/workdir" "-m" "1610612736" "--user" "0:0" "--network" "none" "ghcr.io/rust-lang/crates-build-env/linux@sha256:f3a9d4ad9d972b27faf3965f35b62e55ba32bbce8f20bc8fe909558a86702fde" "/opt/rustwide/cargo-home/bin/cargo" "+1.83.0" "test" "--frozen", kill_on_drop: false }`
[INFO] [stdout] 8225d8ecb7804caa5b7b78f54e7b2fd4f8d29e010a69f35b94990d33574e83f9
[INFO] running `Command { std: "docker" "start" "-a" "8225d8ecb7804caa5b7b78f54e7b2fd4f8d29e010a69f35b94990d33574e83f9", kill_on_drop: false }`
[INFO] [stderr] warning: virtual workspace defaulting to `resolver = "1"` despite one or more workspace members being on edition 2021 which implies `resolver = "2"`
[INFO] [stderr] note: to keep the current resolver, specify `workspace.resolver = "1"` in the workspace root's manifest
[INFO] [stderr] note: to use the edition 2021 resolver, specify `workspace.resolver = "2"` in the workspace root's manifest
[INFO] [stderr] note: for more details see https://doc.rust-lang.org/cargo/reference/resolver.html#resolver-versions
[INFO] [stderr]     Finished `test` profile [unoptimized + debuginfo] target(s) in 0.22s
[INFO] [stderr]      Running unittests src/main.rs (/opt/rustwide/target/debug/deps/l110_conveyor-7188f42f4a5f789c)
[INFO] [stdout] 
[INFO] [stdout] running 0 tests
[INFO] [stdout] 
[INFO] [stdout] test result: ok. 0 passed; 0 failed; 0 ignored; 0 measured; 0 filtered out; finished in 0.00s
[INFO] [stdout] 
[INFO] [stderr]      Running unittests src/lib.rs (/opt/rustwide/target/debug/deps/l111_temp_intervals-2541536afc0432f5)
[INFO] [stdout] 
[INFO] [stdout] running 1 test
[INFO] [stdout] test l111::prove ... ok
[INFO] [stderr]      Running unittests src/lib.rs (/opt/rustwide/target/debug/deps/l112_intersection-510edc3b858c44c9)
[INFO] [stdout] 
[INFO] [stdout] test result: ok. 1 passed; 0 failed; 0 ignored; 0 measured; 0 filtered out; finished in 0.25s
[INFO] [stdout] 
[INFO] [stdout] 
[INFO] [stdout] running 3 tests
[INFO] [stderr]      Running unittests src/main.rs (/opt/rustwide/target/debug/deps/l113_no_duplicates-872db01b87c87da0)
[INFO] [stdout] test l112::solution_1_strings ... ok
[INFO] [stdout] test l112::solution_1_i32 ... ok
[INFO] [stdout] test l112::solution_2_f64 ... ok
[INFO] [stdout] 
[INFO] [stdout] test result: ok. 3 passed; 0 failed; 0 ignored; 0 measured; 0 filtered out; finished in 0.00s
[INFO] [stdout] 
[INFO] [stdout] 
[INFO] [stdout] running 0 tests
[INFO] [stdout] 
[INFO] [stdout] test result: ok. 0 passed; 0 failed; 0 ignored; 0 measured; 0 filtered out; finished in 0.00s
[INFO] [stdout] 
[INFO] [stderr]      Running unittests src/main.rs (/opt/rustwide/target/debug/deps/l114_type-d9e285473da5330d)
[INFO] [stdout] 
[INFO] [stdout] running 0 tests
[INFO] [stdout] 
[INFO] [stdout] test result: ok. 0 passed; 0 failed; 0 ignored; 0 measured; 0 filtered out; finished in 0.00s
[INFO] [stdout] 
[INFO] [stderr]      Running unittests src/lib.rs (/opt/rustwide/target/debug/deps/l115_quicksort-caba09b59039bd6e)
[INFO] [stdout] 
[INFO] [stdout] running 2 tests
[INFO] [stdout] test l115::strings ... ok
[INFO] [stdout] test l115::numbers ... ok
[INFO] [stdout] 
[INFO] [stdout] test result: ok. 2 passed; 0 failed; 0 ignored; 0 measured; 0 filtered out; finished in 0.00s
[INFO] [stdout] 
[INFO] [stderr]      Running unittests src/lib.rs (/opt/rustwide/target/debug/deps/l116_binary_search-cb57bbd9a4b7e38b)
[INFO] [stdout] 
[INFO] [stdout] running 3 tests
[INFO] [stdout] test l116::numbers ... ok
[INFO] [stdout] test l116::one_char ... ok
[INFO] [stdout] test l116::strs ... ok
[INFO] [stdout] 
[INFO] [stdout] test result: ok. 3 passed; 0 failed; 0 ignored; 0 measured; 0 filtered out; finished in 0.01s
[INFO] [stdout] 
[INFO] [stderr]      Running unittests src/main.rs (/opt/rustwide/target/debug/deps/l117_counter-e86d8e20e3817840)
[INFO] [stdout] 
[INFO] [stdout] running 1 test
[INFO] [stdout] test l117::solution_1_with_4_workers_and_1_mil_devided_by_4 ... ok
[INFO] [stdout] 
[INFO] [stdout] test result: ok. 1 passed; 0 failed; 0 ignored; 0 measured; 0 filtered out; finished in 0.13s
[INFO] [stdout] 
[INFO] [stderr]      Running unittests src/main.rs (/opt/rustwide/target/debug/deps/l118_reverse-fa64d57596506153)
[INFO] [stdout] 
[INFO] [stdout] running 3 tests
[INFO] [stdout] test l118::empty ... ok
[INFO] [stdout] test l118::example_from_description ... ok
[INFO] [stdout] test l118::ru_en_zh ... ok
[INFO] [stdout] 
[INFO] [stdout] test result: ok. 3 passed; 0 failed; 0 ignored; 0 measured; 0 filtered out; finished in 0.01s
[INFO] [stdout] 
[INFO] [stderr]      Running unittests src/main.rs (/opt/rustwide/target/debug/deps/l119_rev_words-51d143b683709f5b)
[INFO] [stdout] 
[INFO] [stdout] running 3 tests
[INFO] [stdout] test l119::one_word ... ok
[INFO] [stdout] test l119::example_from_description ... ok
[INFO] [stdout] test l119::many_whitespaces ... ok
[INFO] [stdout] 
[INFO] [stdout] test result: ok. 3 passed; 0 failed; 0 ignored; 0 measured; 0 filtered out; finished in 0.01s
[INFO] [stdout] 
[INFO] [stderr]      Running unittests src/main.rs (/opt/rustwide/target/debug/deps/l11_action-b971e130985f60a0)
[INFO] [stdout] 
[INFO] [stdout] running 0 tests
[INFO] [stdout] 
[INFO] [stderr]      Running unittests src/main.rs (/opt/rustwide/target/debug/deps/l120_adapter-a68c891f5d1d2d20)
[INFO] [stdout] test result: ok. 0 passed; 0 failed; 0 ignored; 0 measured; 0 filtered out; finished in 0.00s
[INFO] [stdout] 
[INFO] [stdout] 
[INFO] [stdout] running 0 tests
[INFO] [stdout] 
[INFO] [stdout] test result: ok. 0 passed; 0 failed; 0 ignored; 0 measured; 0 filtered out; finished in 0.00s
[INFO] [stdout] 
[INFO] [stderr]      Running unittests src/lib.rs (/opt/rustwide/target/debug/deps/l121_big_numbers-d0f2c7902c1c5ea1)
[INFO] [stdout] 
[INFO] [stdout] running 4 tests
[INFO] [stdout] test l121::div_as_u64 ... ok
[INFO] [stdout] test l121::add_as_u64 ... ok
[INFO] [stdout] test l121::mul_as_u64 ... ok
[INFO] [stdout] test l121::sub_as_u64 ... ok
[INFO] [stdout] 
[INFO] [stdout] test result: ok. 4 passed; 0 failed; 0 ignored; 0 measured; 0 filtered out; finished in 0.01s
[INFO] [stdout] 
[INFO] [stderr]      Running unittests src/lib.rs (/opt/rustwide/target/debug/deps/l122_vector-e0c4fe24be6762f9)
[INFO] [stdout] 
[INFO] [stdout] running 4 tests
[INFO] [stdout] test l122::solution_2_remove_first_mid_last ... ok
[INFO] [stdout] test l122::solution_3_check_drop_removing_5th ... ok
[INFO] [stdout] test l122::solution_3_remove_first_mid_last ... ok
[INFO] [stdout] test l122::solution_1_remove_first_mid_last ... ok
[INFO] [stdout] 
[INFO] [stdout] test result: ok. 4 passed; 0 failed; 0 ignored; 0 measured; 0 filtered out; finished in 0.02s
[INFO] [stdout] 
[INFO] [stderr]      Running unittests src/lib.rs (/opt/rustwide/target/debug/deps/l123_distance-6c098eb0c79ce287)
[INFO] [stdout] 
[INFO] [stdout] running 2 tests
[INFO] [stdout] test tests::dist_0 ... ok
[INFO] [stdout] test tests::dist_sqrt_2 ... ok
[INFO] [stdout] 
[INFO] [stdout] test result: ok. 2 passed; 0 failed; 0 ignored; 0 measured; 0 filtered out; finished in 0.01s
[INFO] [stdout] 
[INFO] [stderr]      Running unittests src/main.rs (/opt/rustwide/target/debug/deps/l124_unique_chars-1d26fd3a8f38ea36)
[INFO] [stdout] 
[INFO] [stdout] running 3 tests
[INFO] [stdout] test l124::solution_1_from_description ... ok
[INFO] [stdout] test l124::solution_2_en_ru_zh_symb_emoji ... ok
[INFO] [stdout] test l124::solution_2_from_description ... ok
[INFO] [stdout] 
[INFO] [stdout] test result: ok. 3 passed; 0 failed; 0 ignored; 0 measured; 0 filtered out; finished in 0.02s
[INFO] [stdout] 
[INFO] [stderr]      Running unittests src/main.rs (/opt/rustwide/target/debug/deps/l12_pow2-71f0b22105f7a5cd)
[INFO] [stdout] 
[INFO] [stdout] running 4 tests
[INFO] [stdout] test l12::soltion_1_with_1_number ... ok
[INFO] [stdout] test l12::solution_1_with_100k_numbers ... ok
[INFO] [stdout] test l12::soltion_2_with_1_number_0_worker - should panic ... ok
[INFO] [stdout] test l12::solution_2_with_100k_numbers_5_workers ... ok
[INFO] [stdout] 
[INFO] [stdout] test result: ok. 4 passed; 0 failed; 0 ignored; 0 measured; 0 filtered out; finished in 0.12s
[INFO] [stdout] 
[INFO] [stderr]      Running unittests src/main.rs (/opt/rustwide/target/debug/deps/l13_sum_of_pow2s-5e5dbaedfec47d5b)
[INFO] [stdout] 
[INFO] [stdout] running 4 tests
[INFO] [stdout] test l13::solution_1_with_22k_numbers ... ok
[INFO] [stdout] test l13::solution_2_with_1_number_0_worker - should panic ... ok
[INFO] [stdout] test l13::solution_2_with_100k_numbers_5_workers ... ok
[INFO] [stdout] test l13::solution_1_with_100k_numbers ... ok
[INFO] [stdout] 
[INFO] [stdout] test result: ok. 4 passed; 0 failed; 0 ignored; 0 measured; 0 filtered out; finished in 0.14s
[INFO] [stdout] 
[INFO] [stderr]      Running unittests src/main.rs (/opt/rustwide/target/debug/deps/l14_n_workers-40acd8d36870d375)
[INFO] [stdout] 
[INFO] [stdout] running 0 tests
[INFO] [stdout] 
[INFO] [stdout] test result: ok. 0 passed; 0 failed; 0 ignored; 0 measured; 0 filtered out; finished in 0.00s
[INFO] [stdout] 
[INFO] [stderr]      Running unittests src/main.rs (/opt/rustwide/target/debug/deps/l15_ctrl_c-e66f421ea1a15173)
[INFO] [stdout] 
[INFO] [stdout] running 0 tests
[INFO] [stdout] 
[INFO] [stdout] test result: ok. 0 passed; 0 failed; 0 ignored; 0 measured; 0 filtered out; finished in 0.00s
[INFO] [stdout] 
[INFO] [stderr]      Running unittests src/main.rs (/opt/rustwide/target/debug/deps/l16_n_secs-8de1b9418486de4f)
[INFO] [stdout] 
[INFO] [stdout] running 0 tests
[INFO] [stdout] 
[INFO] [stdout] test result: ok. 0 passed; 0 failed; 0 ignored; 0 measured; 0 filtered out; finished in 0.00s
[INFO] [stdout] 
[INFO] [stderr]      Running unittests src/main.rs (/opt/rustwide/target/debug/deps/l17_cancellation-a6f42631078962b8)
[INFO] [stdout] 
[INFO] [stdout] running 0 tests
[INFO] [stdout] 
[INFO] [stdout] test result: ok. 0 passed; 0 failed; 0 ignored; 0 measured; 0 filtered out; finished in 0.00s
[INFO] [stdout] 
[INFO] [stderr]      Running unittests src/main.rs (/opt/rustwide/target/debug/deps/l18_map-8fd63a8bd74ff999)
[INFO] [stdout] 
[INFO] [stdout] running 2 tests
[INFO] [stdout] test l18::solution_1_with_10k_numbers_and_3_workers ... ok
[INFO] [stdout] test l18::solution_2_with_100k_numbers_and_5_workers ... ok
[INFO] [stdout] 
[INFO] [stdout] test result: ok. 2 passed; 0 failed; 0 ignored; 0 measured; 0 filtered out; finished in 0.72s
[INFO] [stdout] 
[INFO] [stdout] 
[INFO] [stdout] running 3 tests
[INFO] [stderr]      Running unittests src/main.rs (/opt/rustwide/target/debug/deps/l19_bit-529abdbbae63da8f)
[INFO] [stdout] test l19::set_between_first_and_last_be ... ok
[INFO] [stdout] test l19::set_first_be ... ok
[INFO] [stdout] test l19::set_last_be ... ok
[INFO] [stdout] 
[INFO] [stdout] test result: ok. 3 passed; 0 failed; 0 ignored; 0 measured; 0 filtered out; finished in 0.02s
[INFO] [stdout] 
[INFO] [stderr]    Doc-tests l111_temp_intervals
[INFO] [stdout] 
[INFO] [stdout] running 0 tests
[INFO] [stdout] 
[INFO] [stdout] test result: ok. 0 passed; 0 failed; 0 ignored; 0 measured; 0 filtered out; finished in 0.00s
[INFO] [stdout] 
[INFO] [stderr]    Doc-tests l112_intersection
[INFO] [stdout] 
[INFO] [stdout] running 0 tests
[INFO] [stdout] 
[INFO] [stdout] test result: ok. 0 passed; 0 failed; 0 ignored; 0 measured; 0 filtered out; finished in 0.00s
[INFO] [stdout] 
[INFO] [stderr]    Doc-tests l115_quicksort
[INFO] [stdout] 
[INFO] [stdout] running 0 tests
[INFO] [stdout] 
[INFO] [stdout] test result: ok. 0 passed; 0 failed; 0 ignored; 0 measured; 0 filtered out; finished in 0.00s
[INFO] [stdout] 
[INFO] [stderr]    Doc-tests l116_binary_search
[INFO] [stderr]    Doc-tests l121_big_numbers
[INFO] [stdout] 
[INFO] [stdout] running 0 tests
[INFO] [stdout] 
[INFO] [stdout] test result: ok. 0 passed; 0 failed; 0 ignored; 0 measured; 0 filtered out; finished in 0.00s
[INFO] [stdout] 
[INFO] [stdout] 
[INFO] [stdout] running 1 test
[INFO] [stdout] test l121_big_numbers/src/lib.rs - Big (line 8) ... FAILED
[INFO] [stdout] 
[INFO] [stdout] failures:
[INFO] [stdout] 
[INFO] [stdout] ---- l121_big_numbers/src/lib.rs - Big (line 8) stdout ----
[INFO] [stdout] error[E0433]: failed to resolve: use of undeclared type `Big`
[INFO] [stdout]  --> l121_big_numbers/src/lib.rs:9:16
[INFO] [stdout]   |
[INFO] [stdout] 3 | let val_u128 = Big::<32>::zero();
[INFO] [stdout]   |                ^^^ use of undeclared type `Big`
[INFO] [stdout]   |
[INFO] [stdout] help: consider importing this struct
[INFO] [stdout]   |
[INFO] [stdout] 2 + use l121_big_numbers::Big;
[INFO] [stdout]   |
[INFO] [stdout] 
[INFO] [stdout] error: aborting due to 1 previous error
[INFO] [stdout] 
[INFO] [stdout] For more information about this error, try `rustc --explain E0433`.
[INFO] [stdout] Couldn't compile the test.
[INFO] [stdout] 
[INFO] [stdout] failures:
[INFO] [stdout]     l121_big_numbers/src/lib.rs - Big (line 8)
[INFO] [stdout] 
[INFO] [stdout] test result: FAILED. 0 passed; 1 failed; 0 ignored; 0 measured; 0 filtered out; finished in 0.13s
[INFO] [stdout] 
[INFO] [stderr] error: doctest failed, to rerun pass `-p l121_big_numbers --doc`
[INFO] running `Command { std: "docker" "inspect" "8225d8ecb7804caa5b7b78f54e7b2fd4f8d29e010a69f35b94990d33574e83f9", kill_on_drop: false }`
[INFO] running `Command { std: "docker" "rm" "-f" "8225d8ecb7804caa5b7b78f54e7b2fd4f8d29e010a69f35b94990d33574e83f9", kill_on_drop: false }`
[INFO] [stdout] 8225d8ecb7804caa5b7b78f54e7b2fd4f8d29e010a69f35b94990d33574e83f9
