[INFO] cloning repository https://github.com/notzree/sqlsigma
[INFO] running `Command { std: "git" "-c" "credential.helper=" "-c" "credential.helper=/workspace/cargo-home/bin/git-credential-null" "clone" "--bare" "https://github.com/notzree/sqlsigma" "/workspace/cache/git-repos/https%3A%2F%2Fgithub.com%2Fnotzree%2Fsqlsigma", kill_on_drop: false }`
[INFO] [stderr] Cloning into bare repository '/workspace/cache/git-repos/https%3A%2F%2Fgithub.com%2Fnotzree%2Fsqlsigma'...
[INFO] running `Command { std: "git" "rev-parse" "HEAD", kill_on_drop: false }`
[INFO] [stdout] 085e1ea090bfe0b4a0d2d77e0ed2a0d232388b37
[INFO] testing notzree/sqlsigma against 1.83.0 for beta-1.84.0-4-retry
[INFO] running `Command { std: "git" "clone" "/workspace/cache/git-repos/https%3A%2F%2Fgithub.com%2Fnotzree%2Fsqlsigma" "/workspace/builds/worker-3-tc1/source", kill_on_drop: false }`
[INFO] [stderr] Cloning into '/workspace/builds/worker-3-tc1/source'...
[INFO] [stderr] done.
[INFO] validating manifest of git repo https://github.com/notzree/sqlsigma on toolchain 1.83.0
[INFO] running `Command { std: CARGO_HOME="/workspace/cargo-home" RUSTUP_HOME="/workspace/rustup-home" "/workspace/cargo-home/bin/cargo" "+1.83.0" "metadata" "--manifest-path" "Cargo.toml" "--no-deps", kill_on_drop: false }`
[INFO] removed /workspace/builds/worker-3-tc1/source/rust-toolchain.toml
[INFO] started tweaking git repo https://github.com/notzree/sqlsigma
[INFO] finished tweaking git repo https://github.com/notzree/sqlsigma
[INFO] tweaked toml for git repo https://github.com/notzree/sqlsigma written to /workspace/builds/worker-3-tc1/source/Cargo.toml
[INFO] crate git repo https://github.com/notzree/sqlsigma already has a lockfile, it will not be regenerated
[INFO] running `Command { std: CARGO_HOME="/workspace/cargo-home" RUSTUP_HOME="/workspace/rustup-home" "/workspace/cargo-home/bin/cargo" "+1.83.0" "fetch" "--manifest-path" "Cargo.toml", kill_on_drop: false }`
[INFO] [stderr]     Updating crates.io index
[INFO] [stderr]  Downloading crates ...
[INFO] [stderr]   Downloaded derive_deref v1.1.1
[INFO] [stderr]   Downloaded lru v0.12.0
[INFO] [stderr]   Downloaded human-panic v1.2.1
[INFO] [stderr]   Downloaded strip-ansi-escapes v0.2.0
[INFO] [stderr]   Downloaded tui-input v0.8.0
[INFO] [stderr]   Downloaded chatgpt_rs v1.2.3
[INFO] [stderr]   Downloaded zerocopy v0.7.18
[INFO] [stderr]   Downloaded ratatui v0.24.0
[INFO] [stderr]   Downloaded better-panic v0.3.0
[INFO] [stderr]   Downloaded zerocopy-derive v0.7.18
[INFO] running `Command { std: "docker" "create" "-v" "/var/lib/crater-agent-workspace/builds/worker-3-tc1/target:/opt/rustwide/target:rw,Z" "-v" "/var/lib/crater-agent-workspace/builds/worker-3-tc1/source:/opt/rustwide/workdir:ro,Z" "-v" "/var/lib/crater-agent-workspace/cargo-home:/opt/rustwide/cargo-home:ro,Z" "-v" "/var/lib/crater-agent-workspace/rustup-home:/opt/rustwide/rustup-home:ro,Z" "-e" "SOURCE_DIR=/opt/rustwide/workdir" "-e" "CARGO_TARGET_DIR=/opt/rustwide/target" "-e" "CARGO_HOME=/opt/rustwide/cargo-home" "-e" "RUSTUP_HOME=/opt/rustwide/rustup-home" "-w" "/opt/rustwide/workdir" "-m" "1610612736" "--user" "0:0" "--network" "none" "ghcr.io/rust-lang/crates-build-env/linux@sha256:f3a9d4ad9d972b27faf3965f35b62e55ba32bbce8f20bc8fe909558a86702fde" "/opt/rustwide/cargo-home/bin/cargo" "+1.83.0" "metadata" "--no-deps" "--format-version=1", kill_on_drop: false }`
[INFO] [stdout] d24a6caadbe4e9735776579a16abdcd987e4368efa67c366cf86941352d35237
[INFO] running `Command { std: "docker" "start" "-a" "d24a6caadbe4e9735776579a16abdcd987e4368efa67c366cf86941352d35237", kill_on_drop: false }`
[INFO] running `Command { std: "docker" "inspect" "d24a6caadbe4e9735776579a16abdcd987e4368efa67c366cf86941352d35237", kill_on_drop: false }`
[INFO] running `Command { std: "docker" "rm" "-f" "d24a6caadbe4e9735776579a16abdcd987e4368efa67c366cf86941352d35237", kill_on_drop: false }`
[INFO] [stdout] d24a6caadbe4e9735776579a16abdcd987e4368efa67c366cf86941352d35237
[INFO] running `Command { std: "docker" "create" "-v" "/var/lib/crater-agent-workspace/builds/worker-3-tc1/target:/opt/rustwide/target:rw,Z" "-v" "/var/lib/crater-agent-workspace/builds/worker-3-tc1/source:/opt/rustwide/workdir:ro,Z" "-v" "/var/lib/crater-agent-workspace/cargo-home:/opt/rustwide/cargo-home:ro,Z" "-v" "/var/lib/crater-agent-workspace/rustup-home:/opt/rustwide/rustup-home:ro,Z" "-e" "SOURCE_DIR=/opt/rustwide/workdir" "-e" "CARGO_TARGET_DIR=/opt/rustwide/target" "-e" "CARGO_INCREMENTAL=0" "-e" "RUST_BACKTRACE=full" "-e" "RUSTFLAGS=--cap-lints=warn" "-e" "RUSTDOCFLAGS=--cap-lints=warn" "-e" "CARGO_HOME=/opt/rustwide/cargo-home" "-e" "RUSTUP_HOME=/opt/rustwide/rustup-home" "-w" "/opt/rustwide/workdir" "-m" "1610612736" "--user" "0:0" "--network" "none" "ghcr.io/rust-lang/crates-build-env/linux@sha256:f3a9d4ad9d972b27faf3965f35b62e55ba32bbce8f20bc8fe909558a86702fde" "/opt/rustwide/cargo-home/bin/cargo" "+1.83.0" "build" "--frozen" "--message-format=json", kill_on_drop: false }`
[INFO] [stdout] 58fdfe0dd0c1e36474ccbc4ac048eb1356efd9a9e507e069ec79bfff38af906c
[INFO] running `Command { std: "docker" "start" "-a" "58fdfe0dd0c1e36474ccbc4ac048eb1356efd9a9e507e069ec79bfff38af906c", kill_on_drop: false }`
[INFO] [stderr]    Compiling proc-macro2 v1.0.69
[INFO] [stderr]    Compiling unicode-ident v1.0.12
[INFO] [stderr]    Compiling libc v0.2.149
[INFO] [stderr]    Compiling once_cell v1.18.0
[INFO] [stderr]    Compiling serde v1.0.190
[INFO] [stderr]    Compiling autocfg v1.1.0
[INFO] [stderr]    Compiling version_check v0.9.4
[INFO] [stderr]    Compiling log v0.4.20
[INFO] [stderr]    Compiling memchr v2.6.4
[INFO] [stderr]    Compiling pin-project-lite v0.2.13
[INFO] [stderr]    Compiling smallvec v1.11.1
[INFO] [stderr]    Compiling futures-core v0.3.29
[INFO] [stderr]    Compiling parking_lot_core v0.9.9
[INFO] [stderr]    Compiling fnv v1.0.7
[INFO] [stderr]    Compiling scopeguard v1.2.0
[INFO] [stderr]    Compiling itoa v1.0.9
[INFO] [stderr]    Compiling syn v1.0.109
[INFO] [stderr]    Compiling futures-channel v0.3.29
[INFO] [stderr]    Compiling ahash v0.7.7
[INFO] [stderr]    Compiling futures-sink v0.3.29
[INFO] [stderr]    Compiling bytes v1.5.0
[INFO] [stderr]    Compiling futures-task v0.3.29
[INFO] [stderr]    Compiling tracing-core v0.1.32
[INFO] [stderr]    Compiling ahash v0.8.6
[INFO] [stderr]    Compiling thiserror v1.0.50
[INFO] [stderr]    Compiling strsim v0.10.0
[INFO] [stderr]    Compiling lock_api v0.4.11
[INFO] [stderr]    Compiling slab v0.4.9
[INFO] [stderr]    Compiling futures-util v0.3.29
[INFO] [stderr]    Compiling spin v0.9.8
[INFO] [stderr]    Compiling untrusted v0.9.0
[INFO] [stderr]    Compiling futures-io v0.3.29
[INFO] [stderr]    Compiling zerocopy v0.7.18
[INFO] [stderr]    Compiling indexmap v1.9.3
[INFO] [stderr]    Compiling utf8parse v0.2.1
[INFO] [stderr]    Compiling allocator-api2 v0.2.16
[INFO] [stderr]    Compiling ident_case v1.0.1
[INFO] [stderr]    Compiling httparse v1.8.0
[INFO] [stderr]    Compiling http v0.2.9
[INFO] [stderr]    Compiling rustls v0.21.8
[INFO] [stderr]    Compiling tinyvec_macros v0.1.1
[INFO] [stderr]    Compiling regex-syntax v0.6.29
[INFO] [stderr]    Compiling regex-syntax v0.8.2
[INFO] [stderr]    Compiling ucd-trie v0.1.6
[INFO] [stderr]    Compiling signal-hook v0.3.17
[INFO] [stderr]    Compiling tinyvec v1.6.0
[INFO] [stderr]    Compiling serde_json v1.0.107
[INFO] [stderr]    Compiling hashbrown v0.14.2
[INFO] [stderr]    Compiling adler v1.0.2
[INFO] [stderr]    Compiling rustversion v1.0.14
[INFO] [stderr]    Compiling gimli v0.28.0
[INFO] [stderr]    Compiling try-lock v0.2.4
[INFO] [stderr]    Compiling overload v0.1.1
[INFO] [stderr]    Compiling cc v1.0.83
[INFO] [stderr]    Compiling ryu v1.0.15
[INFO] [stderr]    Compiling heck v0.4.1
[INFO] [stderr]    Compiling rustix v0.38.21
[INFO] [stderr]    Compiling quote v1.0.33
[INFO] [stderr]    Compiling percent-encoding v2.3.0
[INFO] [stderr]    Compiling nu-ansi-term v0.46.0
[INFO] [stderr]    Compiling want v0.3.1
[INFO] [stderr]    Compiling miniz_oxide v0.7.1
[INFO] [stderr]    Compiling syn v2.0.38
[INFO] [stderr]    Compiling getrandom v0.2.10
[INFO] [stderr]    Compiling signal-hook-registry v1.4.1
[INFO] [stderr]    Compiling mio v0.8.9
[INFO] [stderr]    Compiling num_cpus v1.16.0
[INFO] [stderr]    Compiling socket2 v0.5.5
[INFO] [stderr]    Compiling parking_lot v0.12.1
[INFO] [stderr]    Compiling hashbrown v0.12.3
[INFO] [stderr]    Compiling http-body v0.4.5
[INFO] [stderr]    Compiling unicode-normalization v0.1.22
[INFO] [stderr]    Compiling socket2 v0.4.10
[INFO] [stderr]    Compiling regex-automata v0.4.3
[INFO] [stderr]    Compiling form_urlencoded v1.2.0
[INFO] [stderr]    Compiling object v0.32.1
[INFO] [stderr]    Compiling ring v0.17.5
[INFO] [stderr]    Compiling backtrace v0.3.69
[INFO] [stderr]    Compiling anstyle-parse v0.2.2
[INFO] [stderr]    Compiling tracing-log v0.1.4
[INFO] [stderr]    Compiling sharded-slab v0.1.7
[INFO] [stderr]    Compiling thread_local v1.1.7
[INFO] [stderr]    Compiling regex-automata v0.1.10
[INFO] [stderr]    Compiling unicase v2.7.0
[INFO] [stderr]    Compiling unicode-bidi v0.3.13
[INFO] [stderr]    Compiling anstyle v1.0.4
[INFO] [stderr]    Compiling tower-service v0.3.2
[INFO] [stderr]    Compiling colorchoice v1.0.0
[INFO] [stderr]    Compiling minimal-lexical v0.2.1
[INFO] [stderr]    Compiling anstyle-query v1.0.0
[INFO] [stderr]    Compiling unicode-width v0.1.11
[INFO] [stderr]    Compiling equivalent v1.0.1
[INFO] [stderr]    Compiling linux-raw-sys v0.4.10
[INFO] [stderr]    Compiling rustc-demangle v0.1.23
[INFO] [stderr]    Compiling httpdate v1.0.3
[INFO] [stderr]    Compiling idna v0.4.0
[INFO] [stderr]    Compiling nom v7.1.3
[INFO] [stderr]    Compiling indexmap v2.0.2
[INFO] [stderr]    Compiling anstream v0.6.4
[INFO] [stderr]    Compiling regex v1.10.2
[INFO] [stderr]    Compiling addr2line v0.21.0
[INFO] [stderr]    Compiling matchers v0.1.0
[INFO] [stderr]    Compiling signal-hook-mio v0.2.3
[INFO] [stderr]    Compiling num-traits v0.2.17
[INFO] [stderr]    Compiling winnow v0.5.17
[INFO] [stderr]    Compiling async-trait v0.1.74
[INFO] [stderr]    Compiling eyre v0.6.8
[INFO] [stderr]    Compiling dlv-list v0.3.0
[INFO] [stderr]    Compiling paste v1.0.14
[INFO] [stderr]    Compiling base64 v0.21.5
[INFO] [stderr]    Compiling ordered-multimap v0.4.3
[INFO] [stderr]    Compiling vte_generate_state_changes v0.1.1
[INFO] [stderr]    Compiling encoding_rs v0.8.33
[INFO] [stderr]    Compiling rustls-pemfile v1.0.3
[INFO] [stderr]    Compiling linked-hash-map v0.5.6
[INFO] [stderr]    Compiling owo-colors v3.5.0
[INFO] [stderr]    Compiling indenter v0.3.3
[INFO] [stderr]    Compiling bitflags v1.3.2
[INFO] [stderr]    Compiling clap_lex v0.6.0
[INFO] [stderr]    Compiling webpki-roots v0.25.2
[INFO] [stderr]    Compiling option-ext v0.2.0
[INFO] [stderr]    Compiling either v1.9.0
[INFO] [stderr]    Compiling base64 v0.13.1
[INFO] [stderr]    Compiling ipnet v2.9.0
[INFO] [stderr]    Compiling mime v0.3.17
[INFO] [stderr]    Compiling vte v0.11.1
[INFO] [stderr]    Compiling itertools v0.11.0
[INFO] [stderr]    Compiling darling_core v0.14.4
[INFO] [stderr]    Compiling dirs-sys v0.4.1
[INFO] [stderr]    Compiling yaml-rust v0.4.5
[INFO] [stderr]    Compiling eventsource-stream v0.2.3
[INFO] [stderr]    Compiling rust-ini v0.18.0
[INFO] [stderr]    Compiling uuid v1.5.0
[INFO] [stderr]    Compiling console v0.15.7
[INFO] [stderr]    Compiling lru v0.12.0
[INFO] [stderr]    Compiling pathdiff v0.2.1
[INFO] [stderr]    Compiling shellwyze v0.1.0 (/opt/rustwide/workdir)
[INFO] [stderr]    Compiling cassowary v0.3.0
[INFO] [stderr]    Compiling yansi v0.5.1
[INFO] [stderr]    Compiling iana-time-zone v0.1.58
[INFO] [stderr]    Compiling indoc v2.0.4
[INFO] [stderr]    Compiling unicode-segmentation v1.10.1
[INFO] [stderr]    Compiling diff v0.1.13
[INFO] [stderr]    Compiling chrono v0.4.31
[INFO] [stderr]    Compiling strip-ansi-escapes v0.2.0
[INFO] [stderr]    Compiling directories v5.0.1
[INFO] [stderr]    Compiling pretty_assertions v1.4.0
[INFO] [stderr]    Compiling exitcode v1.1.2
[INFO] [stderr]    Compiling serde_derive v1.0.190
[INFO] [stderr]    Compiling tracing-attributes v0.1.27
[INFO] [stderr]    Compiling thiserror-impl v1.0.50
[INFO] [stderr]    Compiling futures-macro v0.3.29
[INFO] [stderr]    Compiling tokio-macros v2.1.0
[INFO] [stderr]    Compiling strum_macros v0.25.3
[INFO] [stderr]    Compiling clap_derive v4.4.7
[INFO] [stderr]    Compiling better-panic v0.3.0
[INFO] [stderr]    Compiling darling_macro v0.14.4
[INFO] [stderr]    Compiling derive_deref v1.1.1
[INFO] [stderr]    Compiling tokio v1.33.0
[INFO] [stderr]    Compiling darling v0.14.4
[INFO] [stderr]    Compiling derive_builder_core v0.12.0
[INFO] [stderr]    Compiling sct v0.7.1
[INFO] [stderr]    Compiling rustls-webpki v0.101.7
[INFO] [stderr]    Compiling pest v2.7.5
[INFO] [stderr]    Compiling tracing v0.1.40
[INFO] [stderr]    Compiling derive_builder_macro v0.12.0
[INFO] [stderr]    Compiling strum v0.25.0
[INFO] [stderr]    Compiling pest_meta v2.7.5
[INFO] [stderr]    Compiling derive_builder v0.12.0
[INFO] [stderr]    Compiling pest_generator v2.7.5
[INFO] [stderr]    Compiling pest_derive v2.7.5
[INFO] [stderr]    Compiling futures-executor v0.3.29
[INFO] [stderr]    Compiling tokio-util v0.7.10
[INFO] [stderr]    Compiling tokio-rustls v0.24.1
[INFO] [stderr]    Compiling futures v0.3.29
[INFO] [stderr]    Compiling h2 v0.3.21
[INFO] [stderr]    Compiling bitflags v2.4.1
[INFO] [stderr]    Compiling tracing-subscriber v0.3.17
[INFO] [stderr]    Compiling toml_datetime v0.6.5
[INFO] [stderr]    Compiling serde_spanned v0.6.4
[INFO] [stderr]    Compiling serde_urlencoded v0.7.1
[INFO] [stderr]    Compiling url v2.4.1
[INFO] [stderr]    Compiling os_info v3.7.0
[INFO] [stderr]    Compiling json5 v0.4.1
[INFO] [stderr]    Compiling toml v0.5.11
[INFO] [stderr]    Compiling ron v0.7.1
[INFO] [stderr]    Compiling crossterm v0.27.0
[INFO] [stderr]    Compiling toml_edit v0.19.15
[INFO] [stderr]    Compiling terminal_size v0.3.0
[INFO] [stderr]    Compiling clap_builder v4.4.7
[INFO] [stderr]    Compiling config v0.13.3
[INFO] [stderr]    Compiling ratatui v0.24.0
[INFO] [stderr]    Compiling tui-input v0.8.0
[INFO] [stderr]    Compiling toml v0.7.8
[INFO] [stderr]    Compiling human-panic v1.2.1
[INFO] [stderr]    Compiling hyper v0.14.27
[INFO] [stderr]    Compiling tracing-error v0.2.0
[INFO] [stderr]    Compiling color-spantrace v0.2.0
[INFO] [stderr]    Compiling color-eyre v0.6.2
[INFO] [stderr]    Compiling clap v4.4.7
[INFO] [stderr]    Compiling hyper-rustls v0.24.2
[INFO] [stderr]    Compiling reqwest v0.11.22
[INFO] [stderr]    Compiling chatgpt_rs v1.2.3
[INFO] [stderr]     Finished `dev` profile [unoptimized + debuginfo] target(s) in 1m 09s
[INFO] running `Command { std: "docker" "inspect" "58fdfe0dd0c1e36474ccbc4ac048eb1356efd9a9e507e069ec79bfff38af906c", kill_on_drop: false }`
[INFO] running `Command { std: "docker" "rm" "-f" "58fdfe0dd0c1e36474ccbc4ac048eb1356efd9a9e507e069ec79bfff38af906c", kill_on_drop: false }`
[INFO] [stdout] 58fdfe0dd0c1e36474ccbc4ac048eb1356efd9a9e507e069ec79bfff38af906c
[INFO] running `Command { std: "docker" "create" "-v" "/var/lib/crater-agent-workspace/builds/worker-3-tc1/target:/opt/rustwide/target:rw,Z" "-v" "/var/lib/crater-agent-workspace/builds/worker-3-tc1/source:/opt/rustwide/workdir:ro,Z" "-v" "/var/lib/crater-agent-workspace/cargo-home:/opt/rustwide/cargo-home:ro,Z" "-v" "/var/lib/crater-agent-workspace/rustup-home:/opt/rustwide/rustup-home:ro,Z" "-e" "SOURCE_DIR=/opt/rustwide/workdir" "-e" "CARGO_TARGET_DIR=/opt/rustwide/target" "-e" "CARGO_INCREMENTAL=0" "-e" "RUST_BACKTRACE=full" "-e" "RUSTFLAGS=--cap-lints=warn" "-e" "RUSTDOCFLAGS=--cap-lints=warn" "-e" "CARGO_HOME=/opt/rustwide/cargo-home" "-e" "RUSTUP_HOME=/opt/rustwide/rustup-home" "-w" "/opt/rustwide/workdir" "-m" "1610612736" "--user" "0:0" "--network" "none" "ghcr.io/rust-lang/crates-build-env/linux@sha256:f3a9d4ad9d972b27faf3965f35b62e55ba32bbce8f20bc8fe909558a86702fde" "/opt/rustwide/cargo-home/bin/cargo" "+1.83.0" "test" "--frozen" "--no-run" "--message-format=json", kill_on_drop: false }`
[INFO] [stdout] e7c38a22f06f271edc3d272d96faf66e53b6531d29aeea49bf97ad60d7efe5e2
[INFO] running `Command { std: "docker" "start" "-a" "e7c38a22f06f271edc3d272d96faf66e53b6531d29aeea49bf97ad60d7efe5e2", kill_on_drop: false }`
[INFO] [stderr]    Compiling shellwyze v0.1.0 (/opt/rustwide/workdir)
[INFO] [stderr]     Finished `test` profile [unoptimized + debuginfo] target(s) in 6.97s
[INFO] running `Command { std: "docker" "inspect" "e7c38a22f06f271edc3d272d96faf66e53b6531d29aeea49bf97ad60d7efe5e2", kill_on_drop: false }`
[INFO] running `Command { std: "docker" "rm" "-f" "e7c38a22f06f271edc3d272d96faf66e53b6531d29aeea49bf97ad60d7efe5e2", kill_on_drop: false }`
[INFO] [stdout] e7c38a22f06f271edc3d272d96faf66e53b6531d29aeea49bf97ad60d7efe5e2
[INFO] running `Command { std: "docker" "create" "-v" "/var/lib/crater-agent-workspace/builds/worker-3-tc1/target:/opt/rustwide/target:rw,Z" "-v" "/var/lib/crater-agent-workspace/builds/worker-3-tc1/source:/opt/rustwide/workdir:ro,Z" "-v" "/var/lib/crater-agent-workspace/cargo-home:/opt/rustwide/cargo-home:ro,Z" "-v" "/var/lib/crater-agent-workspace/rustup-home:/opt/rustwide/rustup-home:ro,Z" "-e" "SOURCE_DIR=/opt/rustwide/workdir" "-e" "CARGO_TARGET_DIR=/opt/rustwide/target" "-e" "CARGO_INCREMENTAL=0" "-e" "RUST_BACKTRACE=full" "-e" "RUSTFLAGS=--cap-lints=warn" "-e" "RUSTDOCFLAGS=--cap-lints=warn" "-e" "CARGO_HOME=/opt/rustwide/cargo-home" "-e" "RUSTUP_HOME=/opt/rustwide/rustup-home" "-w" "/opt/rustwide/workdir" "-m" "1610612736" "--user" "0:0" "--network" "none" "ghcr.io/rust-lang/crates-build-env/linux@sha256:f3a9d4ad9d972b27faf3965f35b62e55ba32bbce8f20bc8fe909558a86702fde" "/opt/rustwide/cargo-home/bin/cargo" "+1.83.0" "test" "--frozen", kill_on_drop: false }`
[INFO] [stdout] e41b40319c36cd5fd83ce3e747fda439360f2f88b41a784d83198f825f87cb89
[INFO] running `Command { std: "docker" "start" "-a" "e41b40319c36cd5fd83ce3e747fda439360f2f88b41a784d83198f825f87cb89", kill_on_drop: false }`
[INFO] [stderr]     Finished `test` profile [unoptimized + debuginfo] target(s) in 0.30s
[INFO] [stderr]      Running unittests src/main.rs (/opt/rustwide/target/debug/deps/shellwyze-3473e389c51e50cb)
[INFO] [stdout] 
[INFO] [stdout] running 14 tests
[INFO] [stdout] test config::tests::test_case_insensitivity ... ok
[INFO] [stdout] test config::tests::test_invalid_keys ... ok
[INFO] [stdout] test config::tests::test_multiple_modifiers ... ok
[INFO] [stdout] test config::tests::test_parse_color_unknown ... ok
[INFO] [stdout] test config::tests::test_parse_color_rgb ... ok
[INFO] [stdout] test config::tests::test_parse_style_background ... ok
[INFO] [stdout] test config::tests::test_parse_style_default ... ok
[INFO] [stdout] test config::tests::test_parse_style_foreground ... ok
[INFO] [stdout] test config::tests::test_process_color_string ... ok
[INFO] [stdout] test config::tests::test_parse_style_modifiers ... ok
[INFO] [stdout] test config::tests::test_reverse_multiple_modifiers ... ok
[INFO] [stdout] test config::tests::test_with_modifiers ... ok
[INFO] [stdout] test config::tests::test_simple_keys ... ok
[INFO] [stdout] test config::tests::test_config ... FAILED
[INFO] [stdout] 
[INFO] [stdout] failures:
[INFO] [stdout] 
[INFO] [stdout] ---- config::tests::test_config stdout ----
[INFO] [stdout] thread 'config::tests::test_config' panicked at src/config.rs:446:99:
[INFO] [stdout] called `Option::unwrap()` on a `None` value
[INFO] [stdout] stack backtrace:
[INFO] [stdout]    0:     0x58415844d7ca - std::backtrace_rs::backtrace::libunwind::trace::h5a5b8284f2d0c266
[INFO] [stdout]                                at /rustc/90b35a6239c3d8bdabc530a6a0816f7ff89a0aaf/library/std/src/../../backtrace/src/backtrace/libunwind.rs:116:5
[INFO] [stdout]    1:     0x58415844d7ca - std::backtrace_rs::backtrace::trace_unsynchronized::h76d4f1c9b0b875e3
[INFO] [stdout]                                at /rustc/90b35a6239c3d8bdabc530a6a0816f7ff89a0aaf/library/std/src/../../backtrace/src/backtrace/mod.rs:66:5
[INFO] [stdout]    2:     0x58415844d7ca - std::sys::backtrace::_print_fmt::hc4546b8364a537c6
[INFO] [stdout]                                at /rustc/90b35a6239c3d8bdabc530a6a0816f7ff89a0aaf/library/std/src/sys/backtrace.rs:66:9
[INFO] [stdout]    3:     0x58415844d7ca - <std::sys::backtrace::BacktraceLock::print::DisplayBacktrace as core::fmt::Display>::fmt::h5b6bd5631a6d1f6b
[INFO] [stdout]                                at /rustc/90b35a6239c3d8bdabc530a6a0816f7ff89a0aaf/library/std/src/sys/backtrace.rs:39:26
[INFO] [stdout]    4:     0x584158475793 - core::fmt::rt::Argument::fmt::h270f6602a2b96f62
[INFO] [stdout]                                at /rustc/90b35a6239c3d8bdabc530a6a0816f7ff89a0aaf/library/core/src/fmt/rt.rs:177:76
[INFO] [stdout]    5:     0x584158475793 - core::fmt::write::h7550c97b06c86515
[INFO] [stdout]                                at /rustc/90b35a6239c3d8bdabc530a6a0816f7ff89a0aaf/library/core/src/fmt/mod.rs:1186:21
[INFO] [stdout]    6:     0x58415844a6e3 - std::io::Write::write_fmt::h509ff860e5956e5e
[INFO] [stdout]                                at /rustc/90b35a6239c3d8bdabc530a6a0816f7ff89a0aaf/library/std/src/io/mod.rs:1839:15
[INFO] [stdout]    7:     0x58415844d612 - std::sys::backtrace::BacktraceLock::print::h2395ccd2c84ba3aa
[INFO] [stdout]                                at /rustc/90b35a6239c3d8bdabc530a6a0816f7ff89a0aaf/library/std/src/sys/backtrace.rs:42:9
[INFO] [stdout]    8:     0x58415844ec2a - std::panicking::default_hook::{{closure}}::he19d4c7230e07961
[INFO] [stdout]                                at /rustc/90b35a6239c3d8bdabc530a6a0816f7ff89a0aaf/library/std/src/panicking.rs:268:22
[INFO] [stdout]    9:     0x58415844ea34 - std::panicking::default_hook::hf614597d3c67bbdb
[INFO] [stdout]                                at /rustc/90b35a6239c3d8bdabc530a6a0816f7ff89a0aaf/library/std/src/panicking.rs:292:9
[INFO] [stdout]   10:     0x58415825e719 - <alloc::boxed::Box<F,A> as core::ops::function::Fn<Args>>::call::h39b51ce4599c23d1
[INFO] [stdout]                                at /rustc/90b35a6239c3d8bdabc530a6a0816f7ff89a0aaf/library/alloc/src/boxed.rs:2468:9
[INFO] [stdout]   11:     0x58415825e719 - test::test_main::{{closure}}::he977ae839a582784
[INFO] [stdout]                                at /rustc/90b35a6239c3d8bdabc530a6a0816f7ff89a0aaf/library/test/src/lib.rs:133:21
[INFO] [stdout]   12:     0x58415844f2c8 - <alloc::boxed::Box<F,A> as core::ops::function::Fn<Args>>::call::h9455091b6b06f9fb
[INFO] [stdout]                                at /rustc/90b35a6239c3d8bdabc530a6a0816f7ff89a0aaf/library/alloc/src/boxed.rs:2468:9
[INFO] [stdout]   13:     0x58415844f2c8 - std::panicking::rust_panic_with_hook::h8942133a8b252070
[INFO] [stdout]                                at /rustc/90b35a6239c3d8bdabc530a6a0816f7ff89a0aaf/library/std/src/panicking.rs:809:13
[INFO] [stdout]   14:     0x58415844f056 - std::panicking::begin_panic_handler::{{closure}}::hb5f5963570096b29
[INFO] [stdout]                                at /rustc/90b35a6239c3d8bdabc530a6a0816f7ff89a0aaf/library/std/src/panicking.rs:667:13
[INFO] [stdout]   15:     0x58415844dca9 - std::sys::backtrace::__rust_end_short_backtrace::h6208cedc1922feda
[INFO] [stdout]                                at /rustc/90b35a6239c3d8bdabc530a6a0816f7ff89a0aaf/library/std/src/sys/backtrace.rs:170:18
[INFO] [stdout]   16:     0x58415844ed1c - rust_begin_unwind
[INFO] [stdout]                                at /rustc/90b35a6239c3d8bdabc530a6a0816f7ff89a0aaf/library/std/src/panicking.rs:665:5
[INFO] [stdout]   17:     0x5841581cbb00 - core::panicking::panic_fmt::h0c3082644d1bf418
[INFO] [stdout]                                at /rustc/90b35a6239c3d8bdabc530a6a0816f7ff89a0aaf/library/core/src/panicking.rs:74:14
[INFO] [stdout]   18:     0x5841581cbb8c - core::panicking::panic::h957f98c65a3b3074
[INFO] [stdout]                                at /rustc/90b35a6239c3d8bdabc530a6a0816f7ff89a0aaf/library/core/src/panicking.rs:148:5
[INFO] [stdout]   19:     0x5841581cba79 - core::option::unwrap_failed::h098b0d47c83374d6
[INFO] [stdout]                                at /rustc/90b35a6239c3d8bdabc530a6a0816f7ff89a0aaf/library/core/src/option.rs:2012:5
[INFO] [stdout]   20:     0x58415820e82a - core::option::Option<T>::unwrap::h1f818c8dcc3001bf
[INFO] [stdout]                                at /rustc/90b35a6239c3d8bdabc530a6a0816f7ff89a0aaf/library/core/src/option.rs:972:21
[INFO] [stdout]   21:     0x58415820e82a - shellwyze::config::tests::test_config::hb632bc4b0f134c37
[INFO] [stdout]                                at /opt/rustwide/workdir/src/config.rs:446:7
[INFO] [stdout]   22:     0x58415820e607 - shellwyze::config::tests::test_config::{{closure}}::h640262fb78e32304
[INFO] [stdout]                                at /opt/rustwide/workdir/src/config.rs:443:23
[INFO] [stdout]   23:     0x5841581fd156 - core::ops::function::FnOnce::call_once::h564ef34ae2a6c05d
[INFO] [stdout]                                at /rustc/90b35a6239c3d8bdabc530a6a0816f7ff89a0aaf/library/core/src/ops/function.rs:250:5
[INFO] [stdout]   24:     0x5841582630db - core::ops::function::FnOnce::call_once::h109cf8051a59b34e
[INFO] [stdout]                                at /rustc/90b35a6239c3d8bdabc530a6a0816f7ff89a0aaf/library/core/src/ops/function.rs:250:5
[INFO] [stdout]   25:     0x5841582630db - test::__rust_begin_short_backtrace::hf4fff89d377446ba
[INFO] [stdout]                                at /rustc/90b35a6239c3d8bdabc530a6a0816f7ff89a0aaf/library/test/src/lib.rs:621:18
[INFO] [stdout]   26:     0x584158262917 - test::run_test_in_process::{{closure}}::h0e39181dd7ee5a43
[INFO] [stdout]                                at /rustc/90b35a6239c3d8bdabc530a6a0816f7ff89a0aaf/library/test/src/lib.rs:644:60
[INFO] [stdout]   27:     0x584158262917 - <core::panic::unwind_safe::AssertUnwindSafe<F> as core::ops::function::FnOnce<()>>::call_once::hc5a66a30f0bdfd1f
[INFO] [stdout]                                at /rustc/90b35a6239c3d8bdabc530a6a0816f7ff89a0aaf/library/core/src/panic/unwind_safe.rs:272:9
[INFO] [stdout]   28:     0x584158262917 - std::panicking::try::do_call::h873b7cf639554a5e
[INFO] [stdout]                                at /rustc/90b35a6239c3d8bdabc530a6a0816f7ff89a0aaf/library/std/src/panicking.rs:557:40
[INFO] [stdout]   29:     0x584158262917 - std::panicking::try::hdb19862fad9c8bd1
[INFO] [stdout]                                at /rustc/90b35a6239c3d8bdabc530a6a0816f7ff89a0aaf/library/std/src/panicking.rs:520:19
[INFO] [stdout]   30:     0x584158262917 - std::panic::catch_unwind::h281fe732d236d260
[INFO] [stdout]                                at /rustc/90b35a6239c3d8bdabc530a6a0816f7ff89a0aaf/library/std/src/panic.rs:358:14
[INFO] [stdout]   31:     0x584158262917 - test::run_test_in_process::h949b6df8457ed338
[INFO] [stdout]                                at /rustc/90b35a6239c3d8bdabc530a6a0816f7ff89a0aaf/library/test/src/lib.rs:644:27
[INFO] [stdout]   32:     0x584158262917 - test::run_test::{{closure}}::h52c556a6d4740e10
[INFO] [stdout]                                at /rustc/90b35a6239c3d8bdabc530a6a0816f7ff89a0aaf/library/test/src/lib.rs:565:43
[INFO] [stdout]   33:     0x584158227bf4 - test::run_test::{{closure}}::h4237f6381c45ccb9
[INFO] [stdout]                                at /rustc/90b35a6239c3d8bdabc530a6a0816f7ff89a0aaf/library/test/src/lib.rs:595:41
[INFO] [stdout]   34:     0x584158227bf4 - std::sys::backtrace::__rust_begin_short_backtrace::h505c97a579eca628
[INFO] [stdout]                                at /rustc/90b35a6239c3d8bdabc530a6a0816f7ff89a0aaf/library/std/src/sys/backtrace.rs:154:18
[INFO] [stdout]   35:     0x58415822b2be - std::thread::Builder::spawn_unchecked_::{{closure}}::{{closure}}::h9e86b2e2bc107ea3
[INFO] [stdout]                                at /rustc/90b35a6239c3d8bdabc530a6a0816f7ff89a0aaf/library/std/src/thread/mod.rs:538:17
[INFO] [stdout]   36:     0x58415822b2be - <core::panic::unwind_safe::AssertUnwindSafe<F> as core::ops::function::FnOnce<()>>::call_once::h8b06ddb275ff4a25
[INFO] [stdout]                                at /rustc/90b35a6239c3d8bdabc530a6a0816f7ff89a0aaf/library/core/src/panic/unwind_safe.rs:272:9
[INFO] [stdout]   37:     0x58415822b2be - std::panicking::try::do_call::hb26ecd7cd9a9355d
[INFO] [stdout]                                at /rustc/90b35a6239c3d8bdabc530a6a0816f7ff89a0aaf/library/std/src/panicking.rs:557:40
[INFO] [stdout]   38:     0x58415822b2be - std::panicking::try::h8ddeca9d705f9069
[INFO] [stdout]                                at /rustc/90b35a6239c3d8bdabc530a6a0816f7ff89a0aaf/library/std/src/panicking.rs:520:19
[INFO] [stdout]   39:     0x58415822b2be - std::panic::catch_unwind::h49e1c33078844c46
[INFO] [stdout]                                at /rustc/90b35a6239c3d8bdabc530a6a0816f7ff89a0aaf/library/std/src/panic.rs:358:14
[INFO] [stdout]   40:     0x58415822b2be - std::thread::Builder::spawn_unchecked_::{{closure}}::h6073db6ff56ad35d
[INFO] [stdout]                                at /rustc/90b35a6239c3d8bdabc530a6a0816f7ff89a0aaf/library/std/src/thread/mod.rs:537:30
[INFO] [stdout]   41:     0x58415822b2be - core::ops::function::FnOnce::call_once{{vtable.shim}}::h2c5a5f3779c774f1
[INFO] [stdout]                                at /rustc/90b35a6239c3d8bdabc530a6a0816f7ff89a0aaf/library/core/src/ops/function.rs:250:5
[INFO] [stdout]   42:     0x58415845309b - <alloc::boxed::Box<F,A> as core::ops::function::FnOnce<Args>>::call_once::hf75717d9f28faebf
[INFO] [stdout]                                at /rustc/90b35a6239c3d8bdabc530a6a0816f7ff89a0aaf/library/alloc/src/boxed.rs:2454:9
[INFO] [stdout]   43:     0x58415845309b - <alloc::boxed::Box<F,A> as core::ops::function::FnOnce<Args>>::call_once::h7bd883a5f3c5f3c1
[INFO] [stdout]                                at /rustc/90b35a6239c3d8bdabc530a6a0816f7ff89a0aaf/library/alloc/src/boxed.rs:2454:9
[INFO] [stdout]   44:     0x58415845309b - std::sys::pal::unix::thread::Thread::new::thread_start::hcc78f3943333fa94
[INFO] [stdout]                                at /rustc/90b35a6239c3d8bdabc530a6a0816f7ff89a0aaf/library/std/src/sys/pal/unix/thread.rs:105:17
[INFO] [stdout]   45:     0x7e9770434ac3 - <unknown>
[INFO] [stdout]   46:     0x7e97704c5a04 - clone
[INFO] [stdout]   47:                0x0 - <unknown>
[INFO] [stdout] 
[INFO] [stdout] 
[INFO] [stdout] failures:
[INFO] [stdout]     config::tests::test_config
[INFO] [stdout] 
[INFO] [stdout] test result: FAILED. 13 passed; 1 failed; 0 ignored; 0 measured; 0 filtered out; finished in 0.14s
[INFO] [stdout] 
[INFO] [stderr] error: test failed, to rerun pass `--bin shellwyze`
[INFO] running `Command { std: "docker" "inspect" "e41b40319c36cd5fd83ce3e747fda439360f2f88b41a784d83198f825f87cb89", kill_on_drop: false }`
[INFO] running `Command { std: "docker" "rm" "-f" "e41b40319c36cd5fd83ce3e747fda439360f2f88b41a784d83198f825f87cb89", kill_on_drop: false }`
[INFO] [stdout] e41b40319c36cd5fd83ce3e747fda439360f2f88b41a784d83198f825f87cb89
