[INFO] cloning repository https://github.com/notseanray/crisp
[INFO] running `Command { std: "git" "-c" "credential.helper=" "-c" "credential.helper=/workspace/cargo-home/bin/git-credential-null" "clone" "--bare" "https://github.com/notseanray/crisp" "/workspace/cache/git-repos/https%3A%2F%2Fgithub.com%2Fnotseanray%2Fcrisp", kill_on_drop: false }`
[INFO] [stderr] Cloning into bare repository '/workspace/cache/git-repos/https%3A%2F%2Fgithub.com%2Fnotseanray%2Fcrisp'...
[INFO] running `Command { std: "git" "rev-parse" "HEAD", kill_on_drop: false }`
[INFO] [stdout] 97fa01ab88b32800e1e495dfa5355435bf1a1782
[INFO] testing notseanray/crisp against 1.83.0 for beta-1.84.0-4-retry
[INFO] running `Command { std: "git" "clone" "/workspace/cache/git-repos/https%3A%2F%2Fgithub.com%2Fnotseanray%2Fcrisp" "/workspace/builds/worker-0-tc1/source", kill_on_drop: false }`
[INFO] [stderr] Cloning into '/workspace/builds/worker-0-tc1/source'...
[INFO] [stderr] done.
[INFO] validating manifest of git repo https://github.com/notseanray/crisp on toolchain 1.83.0
[INFO] running `Command { std: CARGO_HOME="/workspace/cargo-home" RUSTUP_HOME="/workspace/rustup-home" "/workspace/cargo-home/bin/cargo" "+1.83.0" "metadata" "--manifest-path" "Cargo.toml" "--no-deps", kill_on_drop: false }`
[INFO] started tweaking git repo https://github.com/notseanray/crisp
[INFO] finished tweaking git repo https://github.com/notseanray/crisp
[INFO] tweaked toml for git repo https://github.com/notseanray/crisp written to /workspace/builds/worker-0-tc1/source/Cargo.toml
[INFO] crate git repo https://github.com/notseanray/crisp already has a lockfile, it will not be regenerated
[INFO] running `Command { std: CARGO_HOME="/workspace/cargo-home" RUSTUP_HOME="/workspace/rustup-home" "/workspace/cargo-home/bin/cargo" "+1.83.0" "fetch" "--manifest-path" "Cargo.toml", kill_on_drop: false }`
[INFO] running `Command { std: "docker" "create" "-v" "/var/lib/crater-agent-workspace/builds/worker-0-tc1/target:/opt/rustwide/target:rw,Z" "-v" "/var/lib/crater-agent-workspace/builds/worker-0-tc1/source:/opt/rustwide/workdir:ro,Z" "-v" "/var/lib/crater-agent-workspace/cargo-home:/opt/rustwide/cargo-home:ro,Z" "-v" "/var/lib/crater-agent-workspace/rustup-home:/opt/rustwide/rustup-home:ro,Z" "-e" "SOURCE_DIR=/opt/rustwide/workdir" "-e" "CARGO_TARGET_DIR=/opt/rustwide/target" "-e" "CARGO_HOME=/opt/rustwide/cargo-home" "-e" "RUSTUP_HOME=/opt/rustwide/rustup-home" "-w" "/opt/rustwide/workdir" "-m" "1610612736" "--user" "0:0" "--network" "none" "ghcr.io/rust-lang/crates-build-env/linux@sha256:f3a9d4ad9d972b27faf3965f35b62e55ba32bbce8f20bc8fe909558a86702fde" "/opt/rustwide/cargo-home/bin/cargo" "+1.83.0" "metadata" "--no-deps" "--format-version=1", kill_on_drop: false }`
[INFO] [stdout] 4aff0325802cf61dcadcab98e4b9d9d17a16eeb41579f48e33406b1fe75ad455
[INFO] running `Command { std: "docker" "start" "-a" "4aff0325802cf61dcadcab98e4b9d9d17a16eeb41579f48e33406b1fe75ad455", kill_on_drop: false }`
[INFO] running `Command { std: "docker" "inspect" "4aff0325802cf61dcadcab98e4b9d9d17a16eeb41579f48e33406b1fe75ad455", kill_on_drop: false }`
[INFO] running `Command { std: "docker" "rm" "-f" "4aff0325802cf61dcadcab98e4b9d9d17a16eeb41579f48e33406b1fe75ad455", kill_on_drop: false }`
[INFO] [stdout] 4aff0325802cf61dcadcab98e4b9d9d17a16eeb41579f48e33406b1fe75ad455
[INFO] running `Command { std: "docker" "create" "-v" "/var/lib/crater-agent-workspace/builds/worker-0-tc1/target:/opt/rustwide/target:rw,Z" "-v" "/var/lib/crater-agent-workspace/builds/worker-0-tc1/source:/opt/rustwide/workdir:ro,Z" "-v" "/var/lib/crater-agent-workspace/cargo-home:/opt/rustwide/cargo-home:ro,Z" "-v" "/var/lib/crater-agent-workspace/rustup-home:/opt/rustwide/rustup-home:ro,Z" "-e" "SOURCE_DIR=/opt/rustwide/workdir" "-e" "CARGO_TARGET_DIR=/opt/rustwide/target" "-e" "CARGO_INCREMENTAL=0" "-e" "RUST_BACKTRACE=full" "-e" "RUSTFLAGS=--cap-lints=warn" "-e" "RUSTDOCFLAGS=--cap-lints=warn" "-e" "CARGO_HOME=/opt/rustwide/cargo-home" "-e" "RUSTUP_HOME=/opt/rustwide/rustup-home" "-w" "/opt/rustwide/workdir" "-m" "1610612736" "--user" "0:0" "--network" "none" "ghcr.io/rust-lang/crates-build-env/linux@sha256:f3a9d4ad9d972b27faf3965f35b62e55ba32bbce8f20bc8fe909558a86702fde" "/opt/rustwide/cargo-home/bin/cargo" "+1.83.0" "build" "--frozen" "--message-format=json", kill_on_drop: false }`
[INFO] [stdout] 06a68aeffdec771639ff9628cf60b00e2ac5b3bb326c6ef9932c3de9d913d20a
[INFO] running `Command { std: "docker" "start" "-a" "06a68aeffdec771639ff9628cf60b00e2ac5b3bb326c6ef9932c3de9d913d20a", kill_on_drop: false }`
[INFO] [stderr]    Compiling crisp v0.1.0 (/opt/rustwide/workdir)
[INFO] [stdout] warning: unused import: `Expr`
[INFO] [stdout]  --> src/main.rs:7:20
[INFO] [stdout]   |
[INFO] [stdout] 7 | use crate::crisp::{Expr, Tokenizer};
[INFO] [stdout]   |                    ^^^^
[INFO] [stdout]   |
[INFO] [stdout]   = note: `#[warn(unused_imports)]` on by default
[INFO] [stdout] 
[INFO] [stdout] 
[INFO] [stdout] warning: unused variable: `l`
[INFO] [stdout]    --> src/crisp.rs:434:43
[INFO] [stdout]     |
[INFO] [stdout] 434 |                         if let (Expr::Sym(l), Expr::Sym(r)) = (&a[0], &a[1]) {
[INFO] [stdout]     |                                           ^ help: if this is intentional, prefix it with an underscore: `_l`
[INFO] [stdout]     |
[INFO] [stdout]     = note: `#[warn(unused_variables)]` on by default
[INFO] [stdout] 
[INFO] [stdout] 
[INFO] [stdout] warning: unused variable: `r`
[INFO] [stdout]    --> src/crisp.rs:434:57
[INFO] [stdout]     |
[INFO] [stdout] 434 |                         if let (Expr::Sym(l), Expr::Sym(r)) = (&a[0], &a[1]) {
[INFO] [stdout]     |                                                         ^ help: if this is intentional, prefix it with an underscore: `_r`
[INFO] [stdout] 
[INFO] [stdout] 
[INFO] [stdout] warning: unused variable: `env`
[INFO] [stdout]    --> src/crisp.rs:527:29
[INFO] [stdout]     |
[INFO] [stdout] 527 |     pub fn eval(exp: &Expr, env: Option<&mut Env>) -> Result<Expr, Err> {
[INFO] [stdout]     |                             ^^^ help: if this is intentional, prefix it with an underscore: `_env`
[INFO] [stdout] 
[INFO] [stdout] 
[INFO] [stderr]     Finished `dev` profile [unoptimized + debuginfo] target(s) in 1.17s
[INFO] running `Command { std: "docker" "inspect" "06a68aeffdec771639ff9628cf60b00e2ac5b3bb326c6ef9932c3de9d913d20a", kill_on_drop: false }`
[INFO] running `Command { std: "docker" "rm" "-f" "06a68aeffdec771639ff9628cf60b00e2ac5b3bb326c6ef9932c3de9d913d20a", kill_on_drop: false }`
[INFO] [stdout] 06a68aeffdec771639ff9628cf60b00e2ac5b3bb326c6ef9932c3de9d913d20a
[INFO] running `Command { std: "docker" "create" "-v" "/var/lib/crater-agent-workspace/builds/worker-0-tc1/target:/opt/rustwide/target:rw,Z" "-v" "/var/lib/crater-agent-workspace/builds/worker-0-tc1/source:/opt/rustwide/workdir:ro,Z" "-v" "/var/lib/crater-agent-workspace/cargo-home:/opt/rustwide/cargo-home:ro,Z" "-v" "/var/lib/crater-agent-workspace/rustup-home:/opt/rustwide/rustup-home:ro,Z" "-e" "SOURCE_DIR=/opt/rustwide/workdir" "-e" "CARGO_TARGET_DIR=/opt/rustwide/target" "-e" "CARGO_INCREMENTAL=0" "-e" "RUST_BACKTRACE=full" "-e" "RUSTFLAGS=--cap-lints=warn" "-e" "RUSTDOCFLAGS=--cap-lints=warn" "-e" "CARGO_HOME=/opt/rustwide/cargo-home" "-e" "RUSTUP_HOME=/opt/rustwide/rustup-home" "-w" "/opt/rustwide/workdir" "-m" "1610612736" "--user" "0:0" "--network" "none" "ghcr.io/rust-lang/crates-build-env/linux@sha256:f3a9d4ad9d972b27faf3965f35b62e55ba32bbce8f20bc8fe909558a86702fde" "/opt/rustwide/cargo-home/bin/cargo" "+1.83.0" "test" "--frozen" "--no-run" "--message-format=json", kill_on_drop: false }`
[INFO] [stdout] a39967772f168a5f4530fc7278472274e0051dcd47db17216b5c0d03ad4630c4
[INFO] running `Command { std: "docker" "start" "-a" "a39967772f168a5f4530fc7278472274e0051dcd47db17216b5c0d03ad4630c4", kill_on_drop: false }`
[INFO] [stderr]    Compiling crisp v0.1.0 (/opt/rustwide/workdir)
[INFO] [stdout] warning: unused import: `Expr`
[INFO] [stdout]  --> src/main.rs:7:20
[INFO] [stdout]   |
[INFO] [stdout] 7 | use crate::crisp::{Expr, Tokenizer};
[INFO] [stdout]   |                    ^^^^
[INFO] [stdout]   |
[INFO] [stdout]   = note: `#[warn(unused_imports)]` on by default
[INFO] [stdout] 
[INFO] [stdout] 
[INFO] [stdout] warning: unused variable: `l`
[INFO] [stdout]    --> src/crisp.rs:434:43
[INFO] [stdout]     |
[INFO] [stdout] 434 |                         if let (Expr::Sym(l), Expr::Sym(r)) = (&a[0], &a[1]) {
[INFO] [stdout]     |                                           ^ help: if this is intentional, prefix it with an underscore: `_l`
[INFO] [stdout]     |
[INFO] [stdout]     = note: `#[warn(unused_variables)]` on by default
[INFO] [stdout] 
[INFO] [stdout] 
[INFO] [stdout] warning: unused variable: `r`
[INFO] [stdout]    --> src/crisp.rs:434:57
[INFO] [stdout]     |
[INFO] [stdout] 434 |                         if let (Expr::Sym(l), Expr::Sym(r)) = (&a[0], &a[1]) {
[INFO] [stdout]     |                                                         ^ help: if this is intentional, prefix it with an underscore: `_r`
[INFO] [stdout] 
[INFO] [stdout] 
[INFO] [stdout] warning: unused variable: `env`
[INFO] [stdout]    --> src/crisp.rs:527:29
[INFO] [stdout]     |
[INFO] [stdout] 527 |     pub fn eval(exp: &Expr, env: Option<&mut Env>) -> Result<Expr, Err> {
[INFO] [stdout]     |                             ^^^ help: if this is intentional, prefix it with an underscore: `_env`
[INFO] [stdout] 
[INFO] [stdout] 
[INFO] [stderr]     Finished `test` profile [unoptimized + debuginfo] target(s) in 1.32s
[INFO] running `Command { std: "docker" "inspect" "a39967772f168a5f4530fc7278472274e0051dcd47db17216b5c0d03ad4630c4", kill_on_drop: false }`
[INFO] running `Command { std: "docker" "rm" "-f" "a39967772f168a5f4530fc7278472274e0051dcd47db17216b5c0d03ad4630c4", kill_on_drop: false }`
[INFO] [stdout] a39967772f168a5f4530fc7278472274e0051dcd47db17216b5c0d03ad4630c4
[INFO] running `Command { std: "docker" "create" "-v" "/var/lib/crater-agent-workspace/builds/worker-0-tc1/target:/opt/rustwide/target:rw,Z" "-v" "/var/lib/crater-agent-workspace/builds/worker-0-tc1/source:/opt/rustwide/workdir:ro,Z" "-v" "/var/lib/crater-agent-workspace/cargo-home:/opt/rustwide/cargo-home:ro,Z" "-v" "/var/lib/crater-agent-workspace/rustup-home:/opt/rustwide/rustup-home:ro,Z" "-e" "SOURCE_DIR=/opt/rustwide/workdir" "-e" "CARGO_TARGET_DIR=/opt/rustwide/target" "-e" "CARGO_INCREMENTAL=0" "-e" "RUST_BACKTRACE=full" "-e" "RUSTFLAGS=--cap-lints=warn" "-e" "RUSTDOCFLAGS=--cap-lints=warn" "-e" "CARGO_HOME=/opt/rustwide/cargo-home" "-e" "RUSTUP_HOME=/opt/rustwide/rustup-home" "-w" "/opt/rustwide/workdir" "-m" "1610612736" "--user" "0:0" "--network" "none" "ghcr.io/rust-lang/crates-build-env/linux@sha256:f3a9d4ad9d972b27faf3965f35b62e55ba32bbce8f20bc8fe909558a86702fde" "/opt/rustwide/cargo-home/bin/cargo" "+1.83.0" "test" "--frozen", kill_on_drop: false }`
[INFO] [stdout] e765bb0eb5b22cf3a89d3a60c935e6af3cc9326e8cf1cdbc4a6e13fb945b9e23
[INFO] running `Command { std: "docker" "start" "-a" "e765bb0eb5b22cf3a89d3a60c935e6af3cc9326e8cf1cdbc4a6e13fb945b9e23", kill_on_drop: false }`
[INFO] [stderr] warning: unused import: `Expr`
[INFO] [stderr]  --> src/main.rs:7:20
[INFO] [stderr]   |
[INFO] [stderr] 7 | use crate::crisp::{Expr, Tokenizer};
[INFO] [stderr]   |                    ^^^^
[INFO] [stderr]   |
[INFO] [stderr]   = note: `#[warn(unused_imports)]` on by default
[INFO] [stderr] 
[INFO] [stderr] warning: unused variable: `l`
[INFO] [stderr]    --> src/crisp.rs:434:43
[INFO] [stderr]     |
[INFO] [stderr] 434 |                         if let (Expr::Sym(l), Expr::Sym(r)) = (&a[0], &a[1]) {
[INFO] [stderr]     |                                           ^ help: if this is intentional, prefix it with an underscore: `_l`
[INFO] [stderr]     |
[INFO] [stderr]     = note: `#[warn(unused_variables)]` on by default
[INFO] [stderr] 
[INFO] [stderr] warning: unused variable: `r`
[INFO] [stderr]    --> src/crisp.rs:434:57
[INFO] [stderr]     |
[INFO] [stderr] 434 |                         if let (Expr::Sym(l), Expr::Sym(r)) = (&a[0], &a[1]) {
[INFO] [stderr]     |                                                         ^ help: if this is intentional, prefix it with an underscore: `_r`
[INFO] [stderr] 
[INFO] [stderr] warning: unused variable: `env`
[INFO] [stderr]    --> src/crisp.rs:527:29
[INFO] [stderr]     |
[INFO] [stderr] 527 |     pub fn eval(exp: &Expr, env: Option<&mut Env>) -> Result<Expr, Err> {
[INFO] [stderr]     |                             ^^^ help: if this is intentional, prefix it with an underscore: `_env`
[INFO] [stderr] 
[INFO] [stderr] warning: `crisp` (bin "crisp" test) generated 4 warnings (run `cargo fix --bin "crisp" --tests` to apply 1 suggestion)
[INFO] [stderr]     Finished `test` profile [unoptimized + debuginfo] target(s) in 0.01s
[INFO] [stderr]      Running unittests src/main.rs (/opt/rustwide/target/debug/deps/crisp-20cac1a051cc121e)
[INFO] [stdout] 
[INFO] [stdout] running 11 tests
[INFO] [stdout] test crisp::test::comparison_test_eq ... ok
[INFO] [stdout] test crisp::test::comparison_test_l ... ok
[INFO] [stdout] test crisp::test::comparison_test_ge ... ok
[INFO] [stdout] test crisp::test::comparison_test_le ... ok
[INFO] [stdout] test crisp::test::comparison_test_g ... ok
[INFO] [stdout] test crisp::test::error_test ... ok
[INFO] [stdout] test crisp::test::eval_test ... ok
[INFO] [stdout] test crisp::test::constants_test ... ok
[INFO] [stdout] test crisp::test::parse_test ... ok
[INFO] [stdout] test crisp::test::list_test ... ok
[INFO] [stdout] test crisp::test::bind_var ... FAILED
[INFO] [stdout] 
[INFO] [stdout] failures:
[INFO] [stdout] 
[INFO] [stdout] ---- crisp::test::bind_var stdout ----
[INFO] [stdout] thread 'crisp::test::bind_var' panicked at src/crisp.rs:727:9:
[INFO] [stdout] assertion `left == right` failed
[INFO] [stdout]   left: [boolean(true)]
[INFO] [stdout]  right: []
[INFO] [stdout] stack backtrace:
[INFO] [stdout]    0:     0x635d1c688daa - std::backtrace_rs::backtrace::libunwind::trace::h5a5b8284f2d0c266
[INFO] [stdout]                                at /rustc/90b35a6239c3d8bdabc530a6a0816f7ff89a0aaf/library/std/src/../../backtrace/src/backtrace/libunwind.rs:116:5
[INFO] [stdout]    1:     0x635d1c688daa - std::backtrace_rs::backtrace::trace_unsynchronized::h76d4f1c9b0b875e3
[INFO] [stdout]                                at /rustc/90b35a6239c3d8bdabc530a6a0816f7ff89a0aaf/library/std/src/../../backtrace/src/backtrace/mod.rs:66:5
[INFO] [stdout]    2:     0x635d1c688daa - std::sys::backtrace::_print_fmt::hc4546b8364a537c6
[INFO] [stdout]                                at /rustc/90b35a6239c3d8bdabc530a6a0816f7ff89a0aaf/library/std/src/sys/backtrace.rs:66:9
[INFO] [stdout]    3:     0x635d1c688daa - <std::sys::backtrace::BacktraceLock::print::DisplayBacktrace as core::fmt::Display>::fmt::h5b6bd5631a6d1f6b
[INFO] [stdout]                                at /rustc/90b35a6239c3d8bdabc530a6a0816f7ff89a0aaf/library/std/src/sys/backtrace.rs:39:26
[INFO] [stdout]    4:     0x635d1c6afac3 - core::fmt::rt::Argument::fmt::h270f6602a2b96f62
[INFO] [stdout]                                at /rustc/90b35a6239c3d8bdabc530a6a0816f7ff89a0aaf/library/core/src/fmt/rt.rs:177:76
[INFO] [stdout]    5:     0x635d1c6afac3 - core::fmt::write::h7550c97b06c86515
[INFO] [stdout]                                at /rustc/90b35a6239c3d8bdabc530a6a0816f7ff89a0aaf/library/core/src/fmt/mod.rs:1186:21
[INFO] [stdout]    6:     0x635d1c685f73 - std::io::Write::write_fmt::h509ff860e5956e5e
[INFO] [stdout]                                at /rustc/90b35a6239c3d8bdabc530a6a0816f7ff89a0aaf/library/std/src/io/mod.rs:1839:15
[INFO] [stdout]    7:     0x635d1c688bf2 - std::sys::backtrace::BacktraceLock::print::h2395ccd2c84ba3aa
[INFO] [stdout]                                at /rustc/90b35a6239c3d8bdabc530a6a0816f7ff89a0aaf/library/std/src/sys/backtrace.rs:42:9
[INFO] [stdout]    8:     0x635d1c68a20a - std::panicking::default_hook::{{closure}}::he19d4c7230e07961
[INFO] [stdout]                                at /rustc/90b35a6239c3d8bdabc530a6a0816f7ff89a0aaf/library/std/src/panicking.rs:268:22
[INFO] [stdout]    9:     0x635d1c68a014 - std::panicking::default_hook::hf614597d3c67bbdb
[INFO] [stdout]                                at /rustc/90b35a6239c3d8bdabc530a6a0816f7ff89a0aaf/library/std/src/panicking.rs:292:9
[INFO] [stdout]   10:     0x635d1c6558f9 - <alloc::boxed::Box<F,A> as core::ops::function::Fn<Args>>::call::h39b51ce4599c23d1
[INFO] [stdout]                                at /rustc/90b35a6239c3d8bdabc530a6a0816f7ff89a0aaf/library/alloc/src/boxed.rs:2468:9
[INFO] [stdout]   11:     0x635d1c6558f9 - test::test_main::{{closure}}::he977ae839a582784
[INFO] [stdout]                                at /rustc/90b35a6239c3d8bdabc530a6a0816f7ff89a0aaf/library/test/src/lib.rs:133:21
[INFO] [stdout]   12:     0x635d1c68a8a8 - <alloc::boxed::Box<F,A> as core::ops::function::Fn<Args>>::call::h9455091b6b06f9fb
[INFO] [stdout]                                at /rustc/90b35a6239c3d8bdabc530a6a0816f7ff89a0aaf/library/alloc/src/boxed.rs:2468:9
[INFO] [stdout]   13:     0x635d1c68a8a8 - std::panicking::rust_panic_with_hook::h8942133a8b252070
[INFO] [stdout]                                at /rustc/90b35a6239c3d8bdabc530a6a0816f7ff89a0aaf/library/std/src/panicking.rs:809:13
[INFO] [stdout]   14:     0x635d1c68a66a - std::panicking::begin_panic_handler::{{closure}}::hb5f5963570096b29
[INFO] [stdout]                                at /rustc/90b35a6239c3d8bdabc530a6a0816f7ff89a0aaf/library/std/src/panicking.rs:674:13
[INFO] [stdout]   15:     0x635d1c689289 - std::sys::backtrace::__rust_end_short_backtrace::h6208cedc1922feda
[INFO] [stdout]                                at /rustc/90b35a6239c3d8bdabc530a6a0816f7ff89a0aaf/library/std/src/sys/backtrace.rs:170:18
[INFO] [stdout]   16:     0x635d1c68a2fc - rust_begin_unwind
[INFO] [stdout]                                at /rustc/90b35a6239c3d8bdabc530a6a0816f7ff89a0aaf/library/std/src/panicking.rs:665:5
[INFO] [stdout]   17:     0x635d1c5d0b00 - core::panicking::panic_fmt::h0c3082644d1bf418
[INFO] [stdout]                                at /rustc/90b35a6239c3d8bdabc530a6a0816f7ff89a0aaf/library/core/src/panicking.rs:74:14
[INFO] [stdout]   18:     0x635d1c5d0ecb - core::panicking::assert_failed_inner::h2ddf1fcc067fa858
[INFO] [stdout]   19:     0x635d1c611f66 - core::panicking::assert_failed::h888ee5db7fd359f5
[INFO] [stdout]                                at /rustc/90b35a6239c3d8bdabc530a6a0816f7ff89a0aaf/library/core/src/panicking.rs:367:5
[INFO] [stdout]   20:     0x635d1c61d5ed - crisp::crisp::test::bind_var::hae741002dc907854
[INFO] [stdout]                                at /opt/rustwide/workdir/src/crisp.rs:727:9
[INFO] [stdout]   21:     0x635d1c61d337 - crisp::crisp::test::bind_var::{{closure}}::hebdfa3e0ee799498
[INFO] [stdout]                                at /opt/rustwide/workdir/src/crisp.rs:720:18
[INFO] [stdout]   22:     0x635d1c619036 - core::ops::function::FnOnce::call_once::h6c13bc44974eb8a8
[INFO] [stdout]                                at /rustc/90b35a6239c3d8bdabc530a6a0816f7ff89a0aaf/library/core/src/ops/function.rs:250:5
[INFO] [stdout]   23:     0x635d1c65a2bb - core::ops::function::FnOnce::call_once::h109cf8051a59b34e
[INFO] [stdout]                                at /rustc/90b35a6239c3d8bdabc530a6a0816f7ff89a0aaf/library/core/src/ops/function.rs:250:5
[INFO] [stdout]   24:     0x635d1c65a2bb - test::__rust_begin_short_backtrace::hf4fff89d377446ba
[INFO] [stdout]                                at /rustc/90b35a6239c3d8bdabc530a6a0816f7ff89a0aaf/library/test/src/lib.rs:621:18
[INFO] [stdout]   25:     0x635d1c659af7 - test::run_test_in_process::{{closure}}::h0e39181dd7ee5a43
[INFO] [stdout]                                at /rustc/90b35a6239c3d8bdabc530a6a0816f7ff89a0aaf/library/test/src/lib.rs:644:60
[INFO] [stdout]   26:     0x635d1c659af7 - <core::panic::unwind_safe::AssertUnwindSafe<F> as core::ops::function::FnOnce<()>>::call_once::hc5a66a30f0bdfd1f
[INFO] [stdout]                                at /rustc/90b35a6239c3d8bdabc530a6a0816f7ff89a0aaf/library/core/src/panic/unwind_safe.rs:272:9
[INFO] [stdout]   27:     0x635d1c659af7 - std::panicking::try::do_call::h873b7cf639554a5e
[INFO] [stdout]                                at /rustc/90b35a6239c3d8bdabc530a6a0816f7ff89a0aaf/library/std/src/panicking.rs:557:40
[INFO] [stdout]   28:     0x635d1c659af7 - std::panicking::try::hdb19862fad9c8bd1
[INFO] [stdout]                                at /rustc/90b35a6239c3d8bdabc530a6a0816f7ff89a0aaf/library/std/src/panicking.rs:520:19
[INFO] [stdout]   29:     0x635d1c659af7 - std::panic::catch_unwind::h281fe732d236d260
[INFO] [stdout]                                at /rustc/90b35a6239c3d8bdabc530a6a0816f7ff89a0aaf/library/std/src/panic.rs:358:14
[INFO] [stdout]   30:     0x635d1c659af7 - test::run_test_in_process::h949b6df8457ed338
[INFO] [stdout]                                at /rustc/90b35a6239c3d8bdabc530a6a0816f7ff89a0aaf/library/test/src/lib.rs:644:27
[INFO] [stdout]   31:     0x635d1c659af7 - test::run_test::{{closure}}::h52c556a6d4740e10
[INFO] [stdout]                                at /rustc/90b35a6239c3d8bdabc530a6a0816f7ff89a0aaf/library/test/src/lib.rs:565:43
[INFO] [stdout]   32:     0x635d1c61edd4 - test::run_test::{{closure}}::h4237f6381c45ccb9
[INFO] [stdout]                                at /rustc/90b35a6239c3d8bdabc530a6a0816f7ff89a0aaf/library/test/src/lib.rs:595:41
[INFO] [stdout]   33:     0x635d1c61edd4 - std::sys::backtrace::__rust_begin_short_backtrace::h505c97a579eca628
[INFO] [stdout]                                at /rustc/90b35a6239c3d8bdabc530a6a0816f7ff89a0aaf/library/std/src/sys/backtrace.rs:154:18
[INFO] [stdout]   34:     0x635d1c62249e - std::thread::Builder::spawn_unchecked_::{{closure}}::{{closure}}::h9e86b2e2bc107ea3
[INFO] [stdout]                                at /rustc/90b35a6239c3d8bdabc530a6a0816f7ff89a0aaf/library/std/src/thread/mod.rs:538:17
[INFO] [stdout]   35:     0x635d1c62249e - <core::panic::unwind_safe::AssertUnwindSafe<F> as core::ops::function::FnOnce<()>>::call_once::h8b06ddb275ff4a25
[INFO] [stdout]                                at /rustc/90b35a6239c3d8bdabc530a6a0816f7ff89a0aaf/library/core/src/panic/unwind_safe.rs:272:9
[INFO] [stdout]   36:     0x635d1c62249e - std::panicking::try::do_call::hb26ecd7cd9a9355d
[INFO] [stdout]                                at /rustc/90b35a6239c3d8bdabc530a6a0816f7ff89a0aaf/library/std/src/panicking.rs:557:40
[INFO] [stdout]   37:     0x635d1c62249e - std::panicking::try::h8ddeca9d705f9069
[INFO] [stdout]                                at /rustc/90b35a6239c3d8bdabc530a6a0816f7ff89a0aaf/library/std/src/panicking.rs:520:19
[INFO] [stdout]   38:     0x635d1c62249e - std::panic::catch_unwind::h49e1c33078844c46
[INFO] [stdout]                                at /rustc/90b35a6239c3d8bdabc530a6a0816f7ff89a0aaf/library/std/src/panic.rs:358:14
[INFO] [stdout]   39:     0x635d1c62249e - std::thread::Builder::spawn_unchecked_::{{closure}}::h6073db6ff56ad35d
[INFO] [stdout]                                at /rustc/90b35a6239c3d8bdabc530a6a0816f7ff89a0aaf/library/std/src/thread/mod.rs:537:30
[INFO] [stdout]   40:     0x635d1c62249e - core::ops::function::FnOnce::call_once{{vtable.shim}}::h2c5a5f3779c774f1
[INFO] [stdout]                                at /rustc/90b35a6239c3d8bdabc530a6a0816f7ff89a0aaf/library/core/src/ops/function.rs:250:5
[INFO] [stdout]   41:     0x635d1c68e5fb - <alloc::boxed::Box<F,A> as core::ops::function::FnOnce<Args>>::call_once::hf75717d9f28faebf
[INFO] [stdout]                                at /rustc/90b35a6239c3d8bdabc530a6a0816f7ff89a0aaf/library/alloc/src/boxed.rs:2454:9
[INFO] [stdout]   42:     0x635d1c68e5fb - <alloc::boxed::Box<F,A> as core::ops::function::FnOnce<Args>>::call_once::h7bd883a5f3c5f3c1
[INFO] [stdout]                                at /rustc/90b35a6239c3d8bdabc530a6a0816f7ff89a0aaf/library/alloc/src/boxed.rs:2454:9
[INFO] [stdout]   43:     0x635d1c68e5fb - std::sys::pal::unix::thread::Thread::new::thread_start::hcc78f3943333fa94
[INFO] [stdout]                                at /rustc/90b35a6239c3d8bdabc530a6a0816f7ff89a0aaf/library/std/src/sys/pal/unix/thread.rs:105:17
[INFO] [stdout]   44:     0x713bf8825ac3 - <unknown>
[INFO] [stdout]   45:     0x713bf88b6a04 - clone
[INFO] [stdout]   46:                0x0 - <unknown>
[INFO] [stdout] 
[INFO] [stdout] 
[INFO] [stdout] failures:
[INFO] [stdout]     crisp::test::bind_var
[INFO] [stdout] 
[INFO] [stdout] test result: FAILED. 10 passed; 1 failed; 0 ignored; 0 measured; 0 filtered out; finished in 0.03s
[INFO] [stdout] 
[INFO] [stderr] error: test failed, to rerun pass `--bin crisp`
[INFO] running `Command { std: "docker" "inspect" "e765bb0eb5b22cf3a89d3a60c935e6af3cc9326e8cf1cdbc4a6e13fb945b9e23", kill_on_drop: false }`
[INFO] running `Command { std: "docker" "rm" "-f" "e765bb0eb5b22cf3a89d3a60c935e6af3cc9326e8cf1cdbc4a6e13fb945b9e23", kill_on_drop: false }`
[INFO] [stdout] e765bb0eb5b22cf3a89d3a60c935e6af3cc9326e8cf1cdbc4a6e13fb945b9e23
