[INFO] cloning repository https://github.com/nordic16/nika-tui
[INFO] running `Command { std: "git" "-c" "credential.helper=" "-c" "credential.helper=/workspace/cargo-home/bin/git-credential-null" "clone" "--bare" "https://github.com/nordic16/nika-tui" "/workspace/cache/git-repos/https%3A%2F%2Fgithub.com%2Fnordic16%2Fnika-tui", kill_on_drop: false }`
[INFO] [stderr] Cloning into bare repository '/workspace/cache/git-repos/https%3A%2F%2Fgithub.com%2Fnordic16%2Fnika-tui'...
[INFO] running `Command { std: "git" "rev-parse" "HEAD", kill_on_drop: false }`
[INFO] [stdout] a0efa7d239aa6af1475b0963f92842ae6aba6a46
[INFO] testing nordic16/nika-tui against 1.83.0 for beta-1.84.0-4-retry
[INFO] running `Command { std: "git" "clone" "/workspace/cache/git-repos/https%3A%2F%2Fgithub.com%2Fnordic16%2Fnika-tui" "/workspace/builds/worker-3-tc1/source", kill_on_drop: false }`
[INFO] [stderr] Cloning into '/workspace/builds/worker-3-tc1/source'...
[INFO] [stderr] done.
[INFO] validating manifest of git repo https://github.com/nordic16/nika-tui on toolchain 1.83.0
[INFO] running `Command { std: CARGO_HOME="/workspace/cargo-home" RUSTUP_HOME="/workspace/rustup-home" "/workspace/cargo-home/bin/cargo" "+1.83.0" "metadata" "--manifest-path" "Cargo.toml" "--no-deps", kill_on_drop: false }`
[INFO] started tweaking git repo https://github.com/nordic16/nika-tui
[INFO] finished tweaking git repo https://github.com/nordic16/nika-tui
[INFO] tweaked toml for git repo https://github.com/nordic16/nika-tui written to /workspace/builds/worker-3-tc1/source/Cargo.toml
[INFO] crate git repo https://github.com/nordic16/nika-tui already has a lockfile, it will not be regenerated
[INFO] running `Command { std: CARGO_HOME="/workspace/cargo-home" RUSTUP_HOME="/workspace/rustup-home" "/workspace/cargo-home/bin/cargo" "+1.83.0" "fetch" "--manifest-path" "Cargo.toml", kill_on_drop: false }`
[INFO] [stderr]     Updating crates.io index
[INFO] [stderr]  Downloading crates ...
[INFO] [stderr]   Downloaded soup v0.5.1
[INFO] [stderr]   Downloaded markup5ever v0.7.5
[INFO] [stderr]   Downloaded tui-textarea v0.4.0
[INFO] [stderr]   Downloaded async-compression v0.4.4
[INFO] [stderr]   Downloaded html5ever v0.22.5
[INFO] [stderr]   Downloaded ratatui v0.26.1
[INFO] running `Command { std: "docker" "create" "-v" "/var/lib/crater-agent-workspace/builds/worker-3-tc1/target:/opt/rustwide/target:rw,Z" "-v" "/var/lib/crater-agent-workspace/builds/worker-3-tc1/source:/opt/rustwide/workdir:ro,Z" "-v" "/var/lib/crater-agent-workspace/cargo-home:/opt/rustwide/cargo-home:ro,Z" "-v" "/var/lib/crater-agent-workspace/rustup-home:/opt/rustwide/rustup-home:ro,Z" "-e" "SOURCE_DIR=/opt/rustwide/workdir" "-e" "CARGO_TARGET_DIR=/opt/rustwide/target" "-e" "CARGO_HOME=/opt/rustwide/cargo-home" "-e" "RUSTUP_HOME=/opt/rustwide/rustup-home" "-w" "/opt/rustwide/workdir" "-m" "1610612736" "--user" "0:0" "--network" "none" "ghcr.io/rust-lang/crates-build-env/linux@sha256:f3a9d4ad9d972b27faf3965f35b62e55ba32bbce8f20bc8fe909558a86702fde" "/opt/rustwide/cargo-home/bin/cargo" "+1.83.0" "metadata" "--no-deps" "--format-version=1", kill_on_drop: false }`
[INFO] [stdout] cd71368c1d8af03ef0074bb658039d1fe1d897bc783819ffeacd62d0d7e4eb8f
[INFO] running `Command { std: "docker" "start" "-a" "cd71368c1d8af03ef0074bb658039d1fe1d897bc783819ffeacd62d0d7e4eb8f", kill_on_drop: false }`
[INFO] running `Command { std: "docker" "inspect" "cd71368c1d8af03ef0074bb658039d1fe1d897bc783819ffeacd62d0d7e4eb8f", kill_on_drop: false }`
[INFO] running `Command { std: "docker" "rm" "-f" "cd71368c1d8af03ef0074bb658039d1fe1d897bc783819ffeacd62d0d7e4eb8f", kill_on_drop: false }`
[INFO] [stdout] cd71368c1d8af03ef0074bb658039d1fe1d897bc783819ffeacd62d0d7e4eb8f
[INFO] running `Command { std: "docker" "create" "-v" "/var/lib/crater-agent-workspace/builds/worker-3-tc1/target:/opt/rustwide/target:rw,Z" "-v" "/var/lib/crater-agent-workspace/builds/worker-3-tc1/source:/opt/rustwide/workdir:ro,Z" "-v" "/var/lib/crater-agent-workspace/cargo-home:/opt/rustwide/cargo-home:ro,Z" "-v" "/var/lib/crater-agent-workspace/rustup-home:/opt/rustwide/rustup-home:ro,Z" "-e" "SOURCE_DIR=/opt/rustwide/workdir" "-e" "CARGO_TARGET_DIR=/opt/rustwide/target" "-e" "CARGO_INCREMENTAL=0" "-e" "RUST_BACKTRACE=full" "-e" "RUSTFLAGS=--cap-lints=warn" "-e" "RUSTDOCFLAGS=--cap-lints=warn" "-e" "CARGO_HOME=/opt/rustwide/cargo-home" "-e" "RUSTUP_HOME=/opt/rustwide/rustup-home" "-w" "/opt/rustwide/workdir" "-m" "1610612736" "--user" "0:0" "--network" "none" "ghcr.io/rust-lang/crates-build-env/linux@sha256:f3a9d4ad9d972b27faf3965f35b62e55ba32bbce8f20bc8fe909558a86702fde" "/opt/rustwide/cargo-home/bin/cargo" "+1.83.0" "build" "--frozen" "--message-format=json", kill_on_drop: false }`
[INFO] [stdout] 59742b073a4accc1a5602eda917e597b44fc063d4ca20354271d1f19ce557c44
[INFO] running `Command { std: "docker" "start" "-a" "59742b073a4accc1a5602eda917e597b44fc063d4ca20354271d1f19ce557c44", kill_on_drop: false }`
[INFO] [stderr]    Compiling proc-macro2 v1.0.79
[INFO] [stderr]    Compiling unicode-ident v1.0.12
[INFO] [stderr]    Compiling autocfg v1.2.0
[INFO] [stderr]    Compiling libc v0.2.153
[INFO] [stderr]    Compiling serde v1.0.198
[INFO] [stderr]    Compiling once_cell v1.19.0
[INFO] [stderr]    Compiling rand_core v0.4.2
[INFO] [stderr]    Compiling log v0.4.21
[INFO] [stderr]    Compiling itoa v1.0.11
[INFO] [stderr]    Compiling parking_lot_core v0.9.9
[INFO] [stderr]    Compiling futures-core v0.3.30
[INFO] [stderr]    Compiling smallvec v1.13.2
[INFO] [stderr]    Compiling pin-project-lite v0.2.14
[INFO] [stderr]    Compiling ahash v0.8.11
[INFO] [stderr]    Compiling memchr v2.7.2
[INFO] [stderr]    Compiling bytes v1.6.0
[INFO] [stderr]    Compiling zerocopy v0.7.32
[INFO] [stderr]    Compiling siphasher v0.2.3
[INFO] [stderr]    Compiling futures-sink v0.3.30
[INFO] [stderr]    Compiling ryu v1.0.17
[INFO] [stderr]    Compiling cc v1.0.90
[INFO] [stderr]    Compiling pkg-config v0.3.30
[INFO] [stderr]    Compiling autocfg v0.1.8
[INFO] [stderr]    Compiling rand_core v0.3.1
[INFO] [stderr]    Compiling rand_jitter v0.1.4
[INFO] [stderr]    Compiling futures-channel v0.3.30
[INFO] [stderr]    Compiling phf_shared v0.7.24
[INFO] [stderr]    Compiling rand_isaac v0.1.1
[INFO] [stderr]    Compiling rand_xorshift v0.1.1
[INFO] [stderr]    Compiling rand_hc v0.1.0
[INFO] [stderr]    Compiling futures-io v0.3.30
[INFO] [stderr]    Compiling lock_api v0.4.11
[INFO] [stderr]    Compiling rand_chacha v0.1.1
[INFO] [stderr]    Compiling rand_pcg v0.1.2
[INFO] [stderr]    Compiling rand v0.6.5
[INFO] [stderr]    Compiling slab v0.4.9
[INFO] [stderr]    Compiling string_cache_shared v0.3.0
[INFO] [stderr]    Compiling futures-task v0.3.30
[INFO] [stderr]    Compiling tracing-core v0.1.32
[INFO] [stderr]    Compiling equivalent v1.0.1
[INFO] [stderr]    Compiling proc-macro2 v0.4.30
[INFO] [stderr]    Compiling rustversion v1.0.14
[INFO] [stderr]    Compiling http v1.1.0
[INFO] [stderr]    Compiling unicode-xid v0.1.0
[INFO] [stderr]    Compiling tracing v0.1.40
[INFO] [stderr]    Compiling serde_json v1.0.115
[INFO] [stderr]    Compiling syn v0.15.44
[INFO] [stderr]    Compiling hashbrown v0.14.3
[INFO] [stderr]    Compiling signal-hook v0.3.17
[INFO] [stderr]    Compiling new_debug_unreachable v1.0.6
[INFO] [stderr]    Compiling quote v1.0.35
[INFO] [stderr]    Compiling openssl v0.10.64
[INFO] [stderr]    Compiling try-lock v0.2.5
[INFO] [stderr]    Compiling syn v1.0.109
[INFO] [stderr]    Compiling crc32fast v1.4.0
[INFO] [stderr]    Compiling want v0.3.1
[INFO] [stderr]    Compiling signal-hook-registry v1.4.1
[INFO] [stderr]    Compiling mio v0.8.11
[INFO] [stderr]    Compiling rand_os v0.1.3
[INFO] [stderr]    Compiling socket2 v0.5.6
[INFO] [stderr]    Compiling num_cpus v1.16.0
[INFO] [stderr]    Compiling syn v2.0.58
[INFO] [stderr]    Compiling parking_lot v0.12.1
[INFO] [stderr]    Compiling indexmap v2.2.6
[INFO] [stderr]    Compiling http-body v1.0.0
[INFO] [stderr]    Compiling futf v0.1.5
[INFO] [stderr]    Compiling adler v1.0.2
[INFO] [stderr]    Compiling percent-encoding v2.3.1
[INFO] [stderr]    Compiling quote v0.6.13
[INFO] [stderr]    Compiling powerfmt v0.2.0
[INFO] [stderr]    Compiling tower-layer v0.3.2
[INFO] [stderr]    Compiling tendril v0.4.3
[INFO] [stderr]    Compiling openssl-sys v0.9.102
[INFO] [stderr]    Compiling deranged v0.3.11
[INFO] [stderr]    Compiling form_urlencoded v1.2.1
[INFO] [stderr]    Compiling castaway v0.2.2
[INFO] [stderr]    Compiling miniz_oxide v0.7.2
[INFO] [stderr]    Compiling signal-hook-mio v0.2.3
[INFO] [stderr]    Compiling getrandom v0.2.14
[INFO] [stderr]    Compiling unicode-normalization v0.1.23
[INFO] [stderr]    Compiling phf v0.7.24
[INFO] [stderr]    Compiling aho-corasick v1.1.3
[INFO] [stderr]    Compiling time-core v0.1.2
[INFO] [stderr]    Compiling num-conv v0.1.0
[INFO] [stderr]    Compiling regex-syntax v0.8.3
[INFO] [stderr]    Compiling unicode-bidi v0.3.15
[INFO] [stderr]    Compiling num_threads v0.1.7
[INFO] [stderr]    Compiling static_assertions v1.1.0
[INFO] [stderr]    Compiling native-tls v0.2.11
[INFO] [stderr]    Compiling either v1.10.0
[INFO] [stderr]    Compiling rand_core v0.6.4
[INFO] [stderr]    Compiling http-body-util v0.1.1
[INFO] [stderr]    Compiling phf_generator v0.7.24
[INFO] [stderr]    Compiling time v0.3.34
[INFO] [stderr]    Compiling itertools v0.12.1
[INFO] [stderr]    Compiling flate2 v1.0.28
[INFO] [stderr]    Compiling lru v0.12.3
[INFO] [stderr]    Compiling string_cache_codegen v0.4.4
[INFO] [stderr]    Compiling phf_codegen v0.7.24
[INFO] [stderr]    Compiling rustls-pki-types v1.4.1
[INFO] [stderr]    Compiling unicode-segmentation v1.11.0
[INFO] [stderr]    Compiling idna v0.5.0
[INFO] [stderr]    Compiling indoc v2.0.5
[INFO] [stderr]    Compiling cassowary v0.3.0
[INFO] [stderr]    Compiling string_cache v0.7.5
[INFO] [stderr]    Compiling winnow v0.6.6
[INFO] [stderr]    Compiling anyhow v1.0.82
[INFO] [stderr]    Compiling base64 v0.21.7
[INFO] [stderr]    Compiling rand_chacha v0.3.1
[INFO] [stderr]    Compiling url v2.5.0
[INFO] [stderr]    Compiling encoding_rs v0.8.34
[INFO] [stderr]    Compiling rustls-pemfile v2.1.1
[INFO] [stderr]    Compiling sync_wrapper v0.1.2
[INFO] [stderr]    Compiling base64 v0.22.0
[INFO] [stderr]    Compiling ipnet v2.9.0
[INFO] [stderr]    Compiling mime v0.3.17
[INFO] [stderr]    Compiling rand v0.8.5
[INFO] [stderr]    Compiling regex-automata v0.4.6
[INFO] [stderr]    Compiling stability v0.1.1
[INFO] [stderr]    Compiling html5ever v0.22.5
[INFO] [stderr]    Compiling serde_derive v1.0.198
[INFO] [stderr]    Compiling tokio-macros v2.2.0
[INFO] [stderr]    Compiling futures-macro v0.3.30
[INFO] [stderr]    Compiling pin-project-internal v1.1.5
[INFO] [stderr]    Compiling openssl-macros v0.1.1
[INFO] [stderr]    Compiling strum_macros v0.26.2
[INFO] [stderr]    Compiling async-trait v0.1.80
[INFO] [stderr]    Compiling tokio v1.37.0
[INFO] [stderr]    Compiling futures-util v0.3.30
[INFO] [stderr]    Compiling pin-project v1.1.5
[INFO] [stderr]    Compiling regex v1.10.4
[INFO] [stderr]    Compiling strum v0.26.2
[INFO] [stderr]    Compiling markup5ever v0.7.5
[INFO] [stderr]    Compiling futures-executor v0.3.30
[INFO] [stderr]    Compiling futures v0.3.30
[INFO] [stderr]    Compiling tokio-util v0.7.10
[INFO] [stderr]    Compiling tower v0.4.13
[INFO] [stderr]    Compiling async-compression v0.4.4
[INFO] [stderr]    Compiling bitflags v2.5.0
[INFO] [stderr]    Compiling toml_datetime v0.6.5
[INFO] [stderr]    Compiling serde_spanned v0.6.5
[INFO] [stderr]    Compiling compact_str v0.7.1
[INFO] [stderr]    Compiling serde_urlencoded v0.7.1
[INFO] [stderr]    Compiling h2 v0.4.4
[INFO] [stderr]    Compiling toml_edit v0.22.9
[INFO] [stderr]    Compiling crossterm v0.27.0
[INFO] [stderr]    Compiling ratatui v0.26.1
[INFO] [stderr]    Compiling soup v0.5.1
[INFO] [stderr]    Compiling toml v0.8.12
[INFO] [stderr]    Compiling tui-textarea v0.4.0
[INFO] [stderr]    Compiling tokio-native-tls v0.3.1
[INFO] [stderr]    Compiling hyper v1.2.0
[INFO] [stderr]    Compiling hyper-util v0.1.3
[INFO] [stderr]    Compiling hyper-tls v0.6.0
[INFO] [stderr]    Compiling reqwest v0.12.3
[INFO] [stderr]    Compiling nika-tui v0.1.0 (/opt/rustwide/workdir)
[INFO] [stdout] warning: unused variable: `key`
[INFO] [stdout]   --> src/components/loading_screen.rs:40:37
[INFO] [stdout]    |
[INFO] [stdout] 40 |     fn handle_key_events(&mut self, key: KeyEvent) -> io::Result<Option<NikaAction>> {
[INFO] [stdout]    |                                     ^^^ help: if this is intentional, prefix it with an underscore: `_key`
[INFO] [stdout]    |
[INFO] [stdout]    = note: `#[warn(unused_variables)]` on by default
[INFO] [stdout] 
[INFO] [stdout] 
[INFO] [stdout] warning: unused variable: `action`
[INFO] [stdout]   --> src/components/main_page.rs:52:26
[INFO] [stdout]    |
[INFO] [stdout] 52 |     fn update(&mut self, action: NikaAction) -> anyhow::Result<()> {
[INFO] [stdout]    |                          ^^^^^^ help: if this is intentional, prefix it with an underscore: `_action`
[INFO] [stdout] 
[INFO] [stdout] 
[INFO] [stdout] warning: field `framerate` is never read
[INFO] [stdout]   --> src/tui.rs:30:9
[INFO] [stdout]    |
[INFO] [stdout] 26 | pub struct Tui {
[INFO] [stdout]    |            --- field in this struct
[INFO] [stdout] ...
[INFO] [stdout] 30 |     pub framerate: f64,
[INFO] [stdout]    |         ^^^^^^^^^
[INFO] [stdout]    |
[INFO] [stdout]    = note: `Tui` has a derived impl for the trait `Debug`, but this is intentionally ignored during dead code analysis
[INFO] [stdout]    = note: `#[warn(dead_code)]` on by default
[INFO] [stdout] 
[INFO] [stdout] 
[INFO] [stderr]     Finished `dev` profile [unoptimized + debuginfo] target(s) in 1m 26s
[INFO] [stderr] warning: the following packages contain code that will be rejected by a future version of Rust: html5ever v0.22.5
[INFO] [stderr] note: to see what the problems were, use the option `--future-incompat-report`, or run `cargo report future-incompatibilities --id 1`
[INFO] running `Command { std: "docker" "inspect" "59742b073a4accc1a5602eda917e597b44fc063d4ca20354271d1f19ce557c44", kill_on_drop: false }`
[INFO] running `Command { std: "docker" "rm" "-f" "59742b073a4accc1a5602eda917e597b44fc063d4ca20354271d1f19ce557c44", kill_on_drop: false }`
[INFO] [stdout] 59742b073a4accc1a5602eda917e597b44fc063d4ca20354271d1f19ce557c44
[INFO] running `Command { std: "docker" "create" "-v" "/var/lib/crater-agent-workspace/builds/worker-3-tc1/target:/opt/rustwide/target:rw,Z" "-v" "/var/lib/crater-agent-workspace/builds/worker-3-tc1/source:/opt/rustwide/workdir:ro,Z" "-v" "/var/lib/crater-agent-workspace/cargo-home:/opt/rustwide/cargo-home:ro,Z" "-v" "/var/lib/crater-agent-workspace/rustup-home:/opt/rustwide/rustup-home:ro,Z" "-e" "SOURCE_DIR=/opt/rustwide/workdir" "-e" "CARGO_TARGET_DIR=/opt/rustwide/target" "-e" "CARGO_INCREMENTAL=0" "-e" "RUST_BACKTRACE=full" "-e" "RUSTFLAGS=--cap-lints=warn" "-e" "RUSTDOCFLAGS=--cap-lints=warn" "-e" "CARGO_HOME=/opt/rustwide/cargo-home" "-e" "RUSTUP_HOME=/opt/rustwide/rustup-home" "-w" "/opt/rustwide/workdir" "-m" "1610612736" "--user" "0:0" "--network" "none" "ghcr.io/rust-lang/crates-build-env/linux@sha256:f3a9d4ad9d972b27faf3965f35b62e55ba32bbce8f20bc8fe909558a86702fde" "/opt/rustwide/cargo-home/bin/cargo" "+1.83.0" "test" "--frozen" "--no-run" "--message-format=json", kill_on_drop: false }`
[INFO] [stdout] a74dc77f4b86f77d3999aae532afdb6818e959bcd2203d56f7ecd498eddef582
[INFO] running `Command { std: "docker" "start" "-a" "a74dc77f4b86f77d3999aae532afdb6818e959bcd2203d56f7ecd498eddef582", kill_on_drop: false }`
[INFO] [stderr]    Compiling nika-tui v0.1.0 (/opt/rustwide/workdir)
[INFO] [stdout] warning: unused variable: `key`
[INFO] [stdout]   --> src/components/loading_screen.rs:40:37
[INFO] [stdout]    |
[INFO] [stdout] 40 |     fn handle_key_events(&mut self, key: KeyEvent) -> io::Result<Option<NikaAction>> {
[INFO] [stdout]    |                                     ^^^ help: if this is intentional, prefix it with an underscore: `_key`
[INFO] [stdout]    |
[INFO] [stdout]    = note: `#[warn(unused_variables)]` on by default
[INFO] [stdout] 
[INFO] [stdout] 
[INFO] [stdout] warning: unused variable: `action`
[INFO] [stdout]   --> src/components/main_page.rs:52:26
[INFO] [stdout]    |
[INFO] [stdout] 52 |     fn update(&mut self, action: NikaAction) -> anyhow::Result<()> {
[INFO] [stdout]    |                          ^^^^^^ help: if this is intentional, prefix it with an underscore: `_action`
[INFO] [stdout] 
[INFO] [stdout] 
[INFO] [stdout] warning: field `framerate` is never read
[INFO] [stdout]   --> src/tui.rs:30:9
[INFO] [stdout]    |
[INFO] [stdout] 26 | pub struct Tui {
[INFO] [stdout]    |            --- field in this struct
[INFO] [stdout] ...
[INFO] [stdout] 30 |     pub framerate: f64,
[INFO] [stdout]    |         ^^^^^^^^^
[INFO] [stdout]    |
[INFO] [stdout]    = note: `Tui` has a derived impl for the trait `Debug`, but this is intentionally ignored during dead code analysis
[INFO] [stdout]    = note: `#[warn(dead_code)]` on by default
[INFO] [stdout] 
[INFO] [stdout] 
[INFO] [stderr]     Finished `test` profile [unoptimized + debuginfo] target(s) in 6.55s
[INFO] [stderr] warning: the following packages contain code that will be rejected by a future version of Rust: html5ever v0.22.5
[INFO] [stderr] note: to see what the problems were, use the option `--future-incompat-report`, or run `cargo report future-incompatibilities --id 1`
[INFO] running `Command { std: "docker" "inspect" "a74dc77f4b86f77d3999aae532afdb6818e959bcd2203d56f7ecd498eddef582", kill_on_drop: false }`
[INFO] running `Command { std: "docker" "rm" "-f" "a74dc77f4b86f77d3999aae532afdb6818e959bcd2203d56f7ecd498eddef582", kill_on_drop: false }`
[INFO] [stdout] a74dc77f4b86f77d3999aae532afdb6818e959bcd2203d56f7ecd498eddef582
[INFO] running `Command { std: "docker" "create" "-v" "/var/lib/crater-agent-workspace/builds/worker-3-tc1/target:/opt/rustwide/target:rw,Z" "-v" "/var/lib/crater-agent-workspace/builds/worker-3-tc1/source:/opt/rustwide/workdir:ro,Z" "-v" "/var/lib/crater-agent-workspace/cargo-home:/opt/rustwide/cargo-home:ro,Z" "-v" "/var/lib/crater-agent-workspace/rustup-home:/opt/rustwide/rustup-home:ro,Z" "-e" "SOURCE_DIR=/opt/rustwide/workdir" "-e" "CARGO_TARGET_DIR=/opt/rustwide/target" "-e" "CARGO_INCREMENTAL=0" "-e" "RUST_BACKTRACE=full" "-e" "RUSTFLAGS=--cap-lints=warn" "-e" "RUSTDOCFLAGS=--cap-lints=warn" "-e" "CARGO_HOME=/opt/rustwide/cargo-home" "-e" "RUSTUP_HOME=/opt/rustwide/rustup-home" "-w" "/opt/rustwide/workdir" "-m" "1610612736" "--user" "0:0" "--network" "none" "ghcr.io/rust-lang/crates-build-env/linux@sha256:f3a9d4ad9d972b27faf3965f35b62e55ba32bbce8f20bc8fe909558a86702fde" "/opt/rustwide/cargo-home/bin/cargo" "+1.83.0" "test" "--frozen", kill_on_drop: false }`
[INFO] [stdout] bb00c4423291df6ff0c4eb2cea5f7e050f666d1b4a43a8d4b16995e9d8d13328
[INFO] running `Command { std: "docker" "start" "-a" "bb00c4423291df6ff0c4eb2cea5f7e050f666d1b4a43a8d4b16995e9d8d13328", kill_on_drop: false }`
[INFO] [stderr] warning: unused variable: `key`
[INFO] [stderr]   --> src/components/loading_screen.rs:40:37
[INFO] [stderr]    |
[INFO] [stderr] 40 |     fn handle_key_events(&mut self, key: KeyEvent) -> io::Result<Option<NikaAction>> {
[INFO] [stderr]    |                                     ^^^ help: if this is intentional, prefix it with an underscore: `_key`
[INFO] [stderr]    |
[INFO] [stderr]    = note: `#[warn(unused_variables)]` on by default
[INFO] [stderr] 
[INFO] [stderr] warning: unused variable: `action`
[INFO] [stderr]   --> src/components/main_page.rs:52:26
[INFO] [stderr]    |
[INFO] [stderr] 52 |     fn update(&mut self, action: NikaAction) -> anyhow::Result<()> {
[INFO] [stderr]    |                          ^^^^^^ help: if this is intentional, prefix it with an underscore: `_action`
[INFO] [stderr] 
[INFO] [stderr] warning: field `framerate` is never read
[INFO] [stderr]   --> src/tui.rs:30:9
[INFO] [stderr]    |
[INFO] [stderr] 26 | pub struct Tui {
[INFO] [stderr]    |            --- field in this struct
[INFO] [stderr] ...
[INFO] [stderr] 30 |     pub framerate: f64,
[INFO] [stderr]    |         ^^^^^^^^^
[INFO] [stderr]    |
[INFO] [stderr]    = note: `Tui` has a derived impl for the trait `Debug`, but this is intentionally ignored during dead code analysis
[INFO] [stderr]    = note: `#[warn(dead_code)]` on by default
[INFO] [stderr] 
[INFO] [stderr] warning: `nika-tui` (bin "nika-tui" test) generated 3 warnings
[INFO] [stderr]     Finished `test` profile [unoptimized + debuginfo] target(s) in 0.24s
[INFO] [stderr] warning: the following packages contain code that will be rejected by a future version of Rust: html5ever v0.22.5
[INFO] [stderr] note: to see what the problems were, use the option `--future-incompat-report`, or run `cargo report future-incompatibilities --id 1`
[INFO] [stderr]      Running unittests src/main.rs (/opt/rustwide/target/debug/deps/nika_tui-b9fe0a33dcd04ea2)
[INFO] [stdout] 
[INFO] [stdout] running 5 tests
[INFO] [stdout] thread 'config::tests::load_existing_or_new' panicked at src/config.rs:106:27:
[INFO] [stderr] thread 'config::tests::load_existing_or_new' panicked at core/src/panicking.rs:229:5:
[INFO] [stdout] Couldn't write to file.
[INFO] [stderr] panic in a destructor during cleanup
[INFO] [stdout] stack backtrace:
[INFO] [stderr] thread caused non-unwinding panic. aborting.
[INFO] [stdout]    0:     0x5e5b821b553a - std::backtrace_rs::backtrace::libunwind::trace::h5a5b8284f2d0c266
[INFO] [stdout]                                at /rustc/90b35a6239c3d8bdabc530a6a0816f7ff89a0aaf/library/std/src/../../backtrace/src/backtrace/libunwind.rs:116:5
[INFO] [stdout]    1:     0x5e5b821b553a - std::backtrace_rs::backtrace::trace_unsynchronized::h76d4f1c9b0b875e3
[INFO] [stdout]                                at /rustc/90b35a6239c3d8bdabc530a6a0816f7ff89a0aaf/library/std/src/../../backtrace/src/backtrace/mod.rs:66:5
[INFO] [stdout]    2:     0x5e5b821b553a - std::sys::backtrace::_print_fmt::hc4546b8364a537c6
[INFO] [stdout]                                at /rustc/90b35a6239c3d8bdabc530a6a0816f7ff89a0aaf/library/std/src/sys/backtrace.rs:66:9
[INFO] [stdout]    3:     0x5e5b821b553a - <std::sys::backtrace::BacktraceLock::print::DisplayBacktrace as core::fmt::Display>::fmt::h5b6bd5631a6d1f6b
[INFO] [stdout]                                at /rustc/90b35a6239c3d8bdabc530a6a0816f7ff89a0aaf/library/std/src/sys/backtrace.rs:39:26
[INFO] [stdout]    4:     0x5e5b821e0283 - core::fmt::rt::Argument::fmt::h270f6602a2b96f62
[INFO] [stdout]                                at /rustc/90b35a6239c3d8bdabc530a6a0816f7ff89a0aaf/library/core/src/fmt/rt.rs:177:76
[INFO] [stdout]    5:     0x5e5b821e0283 - core::fmt::write::h7550c97b06c86515
[INFO] [stdout]                                at /rustc/90b35a6239c3d8bdabc530a6a0816f7ff89a0aaf/library/core/src/fmt/mod.rs:1186:21
[INFO] [stdout]    6:     0x5e5b821b1a03 - std::io::Write::write_fmt::h509ff860e5956e5e
[INFO] [stdout]                                at /rustc/90b35a6239c3d8bdabc530a6a0816f7ff89a0aaf/library/std/src/io/mod.rs:1839:15
[INFO] [stdout]    7:     0x5e5b821b5382 - std::sys::backtrace::BacktraceLock::print::h2395ccd2c84ba3aa
[INFO] [stdout]                                at /rustc/90b35a6239c3d8bdabc530a6a0816f7ff89a0aaf/library/std/src/sys/backtrace.rs:42:9
[INFO] [stdout]    8:     0x5e5b821b699a - std::panicking::default_hook::{{closure}}::he19d4c7230e07961
[INFO] [stdout]                                at /rustc/90b35a6239c3d8bdabc530a6a0816f7ff89a0aaf/library/std/src/panicking.rs:268:22
[INFO] [stdout]    9:     0x5e5b821b67a4 - std::panicking::default_hook::hf614597d3c67bbdb
[INFO] [stdout]                                at /rustc/90b35a6239c3d8bdabc530a6a0816f7ff89a0aaf/library/std/src/panicking.rs:292:9
[INFO] [stdout]   10:     0x5e5b81c454e9 - <alloc::boxed::Box<F,A> as core::ops::function::Fn<Args>>::call::h39b51ce4599c23d1
[INFO] [stdout]                                at /rustc/90b35a6239c3d8bdabc530a6a0816f7ff89a0aaf/library/alloc/src/boxed.rs:2468:9
[INFO] [stdout]   11:     0x5e5b81c454e9 - test::test_main::{{closure}}::he977ae839a582784
[INFO] [stdout]                                at /rustc/90b35a6239c3d8bdabc530a6a0816f7ff89a0aaf/library/test/src/lib.rs:133:21
[INFO] [stdout]   12:     0x5e5b821b7038 - <alloc::boxed::Box<F,A> as core::ops::function::Fn<Args>>::call::h9455091b6b06f9fb
[INFO] [stdout]                                at /rustc/90b35a6239c3d8bdabc530a6a0816f7ff89a0aaf/library/alloc/src/boxed.rs:2468:9
[INFO] [stdout]   13:     0x5e5b821b7038 - std::panicking::rust_panic_with_hook::h8942133a8b252070
[INFO] [stdout]                                at /rustc/90b35a6239c3d8bdabc530a6a0816f7ff89a0aaf/library/std/src/panicking.rs:809:13
[INFO] [stdout]   14:     0x5e5b821b6dc6 - std::panicking::begin_panic_handler::{{closure}}::hb5f5963570096b29
[INFO] [stdout]                                at /rustc/90b35a6239c3d8bdabc530a6a0816f7ff89a0aaf/library/std/src/panicking.rs:667:13
[INFO] [stdout]   15:     0x5e5b821b5a19 - std::sys::backtrace::__rust_end_short_backtrace::h6208cedc1922feda
[INFO] [stdout]                                at /rustc/90b35a6239c3d8bdabc530a6a0816f7ff89a0aaf/library/std/src/sys/backtrace.rs:170:18
[INFO] [stdout]   16:     0x5e5b821b6a8c - rust_begin_unwind
[INFO] [stdout]                                at /rustc/90b35a6239c3d8bdabc530a6a0816f7ff89a0aaf/library/std/src/panicking.rs:665:5
[INFO] [stdout]   17:     0x5e5b81a99310 - core::panicking::panic_fmt::h0c3082644d1bf418
[INFO] [stdout]                                at /rustc/90b35a6239c3d8bdabc530a6a0816f7ff89a0aaf/library/core/src/panicking.rs:74:14
[INFO] [stdout]   18:     0x5e5b81af51b6 - nika_tui::config::tests::load_existing_or_new::hc0bd8885e316017c
[INFO] [stdout]                                at /opt/rustwide/workdir/src/config.rs:106:27
[INFO] [stdout]   19:     0x5e5b81af49b7 - nika_tui::config::tests::load_existing_or_new::{{closure}}::h4ab648061a747cb3
[INFO] [stdout]                                at /opt/rustwide/workdir/src/config.rs:85:30
[INFO] [stdout]   20:     0x5e5b81afa806 - core::ops::function::FnOnce::call_once::he6984da0101db64e
[INFO] [stdout]                                at /rustc/90b35a6239c3d8bdabc530a6a0816f7ff89a0aaf/library/core/src/ops/function.rs:250:5
[INFO] [stdout]   21:     0x5e5b81c49eab - core::ops::function::FnOnce::call_once::h109cf8051a59b34e
[INFO] [stdout]                                at /rustc/90b35a6239c3d8bdabc530a6a0816f7ff89a0aaf/library/core/src/ops/function.rs:250:5
[INFO] [stdout]   22:     0x5e5b81c49eab - test::__rust_begin_short_backtrace::hf4fff89d377446ba
[INFO] [stdout]                                at /rustc/90b35a6239c3d8bdabc530a6a0816f7ff89a0aaf/library/test/src/lib.rs:621:18
[INFO] [stdout]   23:     0x5e5b81c496e7 - test::run_test_in_process::{{closure}}::h0e39181dd7ee5a43
[INFO] [stdout]                                at /rustc/90b35a6239c3d8bdabc530a6a0816f7ff89a0aaf/library/test/src/lib.rs:644:60
[INFO] [stdout]   24:     0x5e5b81c496e7 - <core::panic::unwind_safe::AssertUnwindSafe<F> as core::ops::function::FnOnce<()>>::call_once::hc5a66a30f0bdfd1f
[INFO] [stdout]                                at /rustc/90b35a6239c3d8bdabc530a6a0816f7ff89a0aaf/library/core/src/panic/unwind_safe.rs:272:9
[INFO] [stdout]   25:     0x5e5b81c496e7 - std::panicking::try::do_call::h873b7cf639554a5e
[INFO] [stdout]                                at /rustc/90b35a6239c3d8bdabc530a6a0816f7ff89a0aaf/library/std/src/panicking.rs:557:40
[INFO] [stdout]   26:     0x5e5b81c496e7 - std::panicking::try::hdb19862fad9c8bd1
[INFO] [stdout]                                at /rustc/90b35a6239c3d8bdabc530a6a0816f7ff89a0aaf/library/std/src/panicking.rs:520:19
[INFO] [stdout]   27:     0x5e5b81c496e7 - std::panic::catch_unwind::h281fe732d236d260
[INFO] [stdout]                                at /rustc/90b35a6239c3d8bdabc530a6a0816f7ff89a0aaf/library/std/src/panic.rs:358:14
[INFO] [stdout]   28:     0x5e5b81c496e7 - test::run_test_in_process::h949b6df8457ed338
[INFO] [stdout]                                at /rustc/90b35a6239c3d8bdabc530a6a0816f7ff89a0aaf/library/test/src/lib.rs:644:27
[INFO] [stdout]   29:     0x5e5b81c496e7 - test::run_test::{{closure}}::h52c556a6d4740e10
[INFO] [stdout]                                at /rustc/90b35a6239c3d8bdabc530a6a0816f7ff89a0aaf/library/test/src/lib.rs:565:43
[INFO] [stdout]   30:     0x5e5b81c0e9c4 - test::run_test::{{closure}}::h4237f6381c45ccb9
[INFO] [stdout]                                at /rustc/90b35a6239c3d8bdabc530a6a0816f7ff89a0aaf/library/test/src/lib.rs:595:41
[INFO] [stdout]   31:     0x5e5b81c0e9c4 - std::sys::backtrace::__rust_begin_short_backtrace::h505c97a579eca628
[INFO] [stdout]                                at /rustc/90b35a6239c3d8bdabc530a6a0816f7ff89a0aaf/library/std/src/sys/backtrace.rs:154:18
[INFO] [stdout]   32:     0x5e5b81c1208e - std::thread::Builder::spawn_unchecked_::{{closure}}::{{closure}}::h9e86b2e2bc107ea3
[INFO] [stdout]                                at /rustc/90b35a6239c3d8bdabc530a6a0816f7ff89a0aaf/library/std/src/thread/mod.rs:538:17
[INFO] [stdout]   33:     0x5e5b81c1208e - <core::panic::unwind_safe::AssertUnwindSafe<F> as core::ops::function::FnOnce<()>>::call_once::h8b06ddb275ff4a25
[INFO] [stdout]                                at /rustc/90b35a6239c3d8bdabc530a6a0816f7ff89a0aaf/library/core/src/panic/unwind_safe.rs:272:9
[INFO] [stdout]   34:     0x5e5b81c1208e - std::panicking::try::do_call::hb26ecd7cd9a9355d
[INFO] [stdout]                                at /rustc/90b35a6239c3d8bdabc530a6a0816f7ff89a0aaf/library/std/src/panicking.rs:557:40
[INFO] [stdout]   35:     0x5e5b81c1208e - std::panicking::try::h8ddeca9d705f9069
[INFO] [stdout]                                at /rustc/90b35a6239c3d8bdabc530a6a0816f7ff89a0aaf/library/std/src/panicking.rs:520:19
[INFO] [stdout]   36:     0x5e5b81c1208e - std::panic::catch_unwind::h49e1c33078844c46
[INFO] [stdout]                                at /rustc/90b35a6239c3d8bdabc530a6a0816f7ff89a0aaf/library/std/src/panic.rs:358:14
[INFO] [stdout]   37:     0x5e5b81c1208e - std::thread::Builder::spawn_unchecked_::{{closure}}::h6073db6ff56ad35d
[INFO] [stdout]                                at /rustc/90b35a6239c3d8bdabc530a6a0816f7ff89a0aaf/library/std/src/thread/mod.rs:537:30
[INFO] [stdout]   38:     0x5e5b81c1208e - core::ops::function::FnOnce::call_once{{vtable.shim}}::h2c5a5f3779c774f1
[INFO] [stdout]                                at /rustc/90b35a6239c3d8bdabc530a6a0816f7ff89a0aaf/library/core/src/ops/function.rs:250:5
[INFO] [stdout]   39:     0x5e5b821bb3ab - <alloc::boxed::Box<F,A> as core::ops::function::FnOnce<Args>>::call_once::hf75717d9f28faebf
[INFO] [stdout]                                at /rustc/90b35a6239c3d8bdabc530a6a0816f7ff89a0aaf/library/alloc/src/boxed.rs:2454:9
[INFO] [stdout]   40:     0x5e5b821bb3ab - <alloc::boxed::Box<F,A> as core::ops::function::FnOnce<Args>>::call_once::h7bd883a5f3c5f3c1
[INFO] [stdout]                                at /rustc/90b35a6239c3d8bdabc530a6a0816f7ff89a0aaf/library/alloc/src/boxed.rs:2454:9
[INFO] [stdout]   41:     0x5e5b821bb3ab - std::sys::pal::unix::thread::Thread::new::thread_start::hcc78f3943333fa94
[INFO] [stdout]                                at /rustc/90b35a6239c3d8bdabc530a6a0816f7ff89a0aaf/library/std/src/sys/pal/unix/thread.rs:105:17
[INFO] [stdout]   42:     0x705debd29ac3 - <unknown>
[INFO] [stdout]   43:     0x705debdbaa04 - clone
[INFO] [stdout]   44:                0x0 - <unknown>
[INFO] [stdout] thread 'config::tests::load_existing_or_new' panicked at src/config.rs:74:34:
[INFO] [stdout] called `Result::unwrap()` on an `Err` value: Os { code: 2, kind: NotFound, message: "No such file or directory" }
[INFO] [stdout] stack backtrace:
[INFO] [stdout]    0:     0x5e5b821b553a - std::backtrace_rs::backtrace::libunwind::trace::h5a5b8284f2d0c266
[INFO] [stdout]                                at /rustc/90b35a6239c3d8bdabc530a6a0816f7ff89a0aaf/library/std/src/../../backtrace/src/backtrace/libunwind.rs:116:5
[INFO] [stdout]    1:     0x5e5b821b553a - std::backtrace_rs::backtrace::trace_unsynchronized::h76d4f1c9b0b875e3
[INFO] [stdout]                                at /rustc/90b35a6239c3d8bdabc530a6a0816f7ff89a0aaf/library/std/src/../../backtrace/src/backtrace/mod.rs:66:5
[INFO] [stdout]    2:     0x5e5b821b553a - std::sys::backtrace::_print_fmt::hc4546b8364a537c6
[INFO] [stdout]                                at /rustc/90b35a6239c3d8bdabc530a6a0816f7ff89a0aaf/library/std/src/sys/backtrace.rs:66:9
[INFO] [stdout]    3:     0x5e5b821b553a - <std::sys::backtrace::BacktraceLock::print::DisplayBacktrace as core::fmt::Display>::fmt::h5b6bd5631a6d1f6b
[INFO] [stdout]                                at /rustc/90b35a6239c3d8bdabc530a6a0816f7ff89a0aaf/library/std/src/sys/backtrace.rs:39:26
[INFO] [stdout]    4:     0x5e5b821e0283 - core::fmt::rt::Argument::fmt::h270f6602a2b96f62
[INFO] [stdout]                                at /rustc/90b35a6239c3d8bdabc530a6a0816f7ff89a0aaf/library/core/src/fmt/rt.rs:177:76
[INFO] [stdout]    5:     0x5e5b821e0283 - core::fmt::write::h7550c97b06c86515
[INFO] [stdout]                                at /rustc/90b35a6239c3d8bdabc530a6a0816f7ff89a0aaf/library/core/src/fmt/mod.rs:1186:21
[INFO] [stdout]    6:     0x5e5b821b1a03 - std::io::Write::write_fmt::h509ff860e5956e5e
[INFO] [stdout]                                at /rustc/90b35a6239c3d8bdabc530a6a0816f7ff89a0aaf/library/std/src/io/mod.rs:1839:15
[INFO] [stdout]    7:     0x5e5b821b5382 - std::sys::backtrace::BacktraceLock::print::h2395ccd2c84ba3aa
[INFO] [stdout]                                at /rustc/90b35a6239c3d8bdabc530a6a0816f7ff89a0aaf/library/std/src/sys/backtrace.rs:42:9
[INFO] [stdout]    8:     0x5e5b821b699a - std::panicking::default_hook::{{closure}}::he19d4c7230e07961
[INFO] [stdout]                                at /rustc/90b35a6239c3d8bdabc530a6a0816f7ff89a0aaf/library/std/src/panicking.rs:268:22
[INFO] [stdout]    9:     0x5e5b821b67a4 - std::panicking::default_hook::hf614597d3c67bbdb
[INFO] [stdout]                                at /rustc/90b35a6239c3d8bdabc530a6a0816f7ff89a0aaf/library/std/src/panicking.rs:292:9
[INFO] [stdout]   10:     0x5e5b81c454e9 - <alloc::boxed::Box<F,A> as core::ops::function::Fn<Args>>::call::h39b51ce4599c23d1
[INFO] [stdout]                                at /rustc/90b35a6239c3d8bdabc530a6a0816f7ff89a0aaf/library/alloc/src/boxed.rs:2468:9
[INFO] [stdout]   11:     0x5e5b81c454e9 - test::test_main::{{closure}}::he977ae839a582784
[INFO] [stdout]                                at /rustc/90b35a6239c3d8bdabc530a6a0816f7ff89a0aaf/library/test/src/lib.rs:133:21
[INFO] [stdout]   12:     0x5e5b821b7038 - <alloc::boxed::Box<F,A> as core::ops::function::Fn<Args>>::call::h9455091b6b06f9fb
[INFO] [stdout]                                at /rustc/90b35a6239c3d8bdabc530a6a0816f7ff89a0aaf/library/alloc/src/boxed.rs:2468:9
[INFO] [stdout]   13:     0x5e5b821b7038 - std::panicking::rust_panic_with_hook::h8942133a8b252070
[INFO] [stdout]                                at /rustc/90b35a6239c3d8bdabc530a6a0816f7ff89a0aaf/library/std/src/panicking.rs:809:13
[INFO] [stdout]   14:     0x5e5b821b6dfa - std::panicking::begin_panic_handler::{{closure}}::hb5f5963570096b29
[INFO] [stdout]                                at /rustc/90b35a6239c3d8bdabc530a6a0816f7ff89a0aaf/library/std/src/panicking.rs:674:13
[INFO] [stdout]   15:     0x5e5b821b5a19 - std::sys::backtrace::__rust_end_short_backtrace::h6208cedc1922feda
[INFO] [stdout]                                at /rustc/90b35a6239c3d8bdabc530a6a0816f7ff89a0aaf/library/std/src/sys/backtrace.rs:170:18
[INFO] [stdout]   16:     0x5e5b821b6a8c - rust_begin_unwind
[INFO] [stdout]                                at /rustc/90b35a6239c3d8bdabc530a6a0816f7ff89a0aaf/library/std/src/panicking.rs:665:5
[INFO] [stdout]   17:     0x5e5b81a99310 - core::panicking::panic_fmt::h0c3082644d1bf418
[INFO] [stdout]                                at /rustc/90b35a6239c3d8bdabc530a6a0816f7ff89a0aaf/library/core/src/panicking.rs:74:14
[INFO] [stdout]   18:     0x5e5b81a997f6 - core::result::unwrap_failed::hd20b4aa073bda1e2
[INFO] [stdout]                                at /rustc/90b35a6239c3d8bdabc530a6a0816f7ff89a0aaf/library/core/src/result.rs:1700:5
[INFO] [stdout]   19:     0x5e5b81af1f64 - core::result::Result<T,E>::unwrap::haef69eda45e4c045
[INFO] [stdout]                                at /rustc/90b35a6239c3d8bdabc530a6a0816f7ff89a0aaf/library/core/src/result.rs:1104:23
[INFO] [stdout]   20:     0x5e5b81af1f64 - <nika_tui::config::Config as core::ops::drop::Drop>::drop::he93801950e59d0f0
[INFO] [stdout]                                at /opt/rustwide/workdir/src/config.rs:74:9
[INFO] [stdout]   21:     0x5e5b81afe2c3 - core::ptr::drop_in_place<nika_tui::config::Config>::hb6faf2cb95eadb81
[INFO] [stdout]                                at /rustc/90b35a6239c3d8bdabc530a6a0816f7ff89a0aaf/library/core/src/ptr/mod.rs:574:1
[INFO] [stdout]   22:     0x5e5b81af4a58 - nika_tui::config::tests::load_existing_or_new::hc0bd8885e316017c
[INFO] [stdout]                                at /opt/rustwide/workdir/src/config.rs:111:5
[INFO] [stdout]   23:     0x5e5b81af49b7 - nika_tui::config::tests::load_existing_or_new::{{closure}}::h4ab648061a747cb3
[INFO] [stdout]                                at /opt/rustwide/workdir/src/config.rs:85:30
[INFO] [stdout]   24:     0x5e5b81afa806 - core::ops::function::FnOnce::call_once::he6984da0101db64e
[INFO] [stdout]                                at /rustc/90b35a6239c3d8bdabc530a6a0816f7ff89a0aaf/library/core/src/ops/function.rs:250:5
[INFO] [stdout]   25:     0x5e5b81c49eab - core::ops::function::FnOnce::call_once::h109cf8051a59b34e
[INFO] [stdout]                                at /rustc/90b35a6239c3d8bdabc530a6a0816f7ff89a0aaf/library/core/src/ops/function.rs:250:5
[INFO] [stdout]   26:     0x5e5b81c49eab - test::__rust_begin_short_backtrace::hf4fff89d377446ba
[INFO] [stdout]                                at /rustc/90b35a6239c3d8bdabc530a6a0816f7ff89a0aaf/library/test/src/lib.rs:621:18
[INFO] [stdout]   27:     0x5e5b81c496e7 - test::run_test_in_process::{{closure}}::h0e39181dd7ee5a43
[INFO] [stdout]                                at /rustc/90b35a6239c3d8bdabc530a6a0816f7ff89a0aaf/library/test/src/lib.rs:644:60
[INFO] [stdout]   28:     0x5e5b81c496e7 - <core::panic::unwind_safe::AssertUnwindSafe<F> as core::ops::function::FnOnce<()>>::call_once::hc5a66a30f0bdfd1f
[INFO] [stdout]                                at /rustc/90b35a6239c3d8bdabc530a6a0816f7ff89a0aaf/library/core/src/panic/unwind_safe.rs:272:9
[INFO] [stdout]   29:     0x5e5b81c496e7 - std::panicking::try::do_call::h873b7cf639554a5e
[INFO] [stdout]                                at /rustc/90b35a6239c3d8bdabc530a6a0816f7ff89a0aaf/library/std/src/panicking.rs:557:40
[INFO] [stdout]   30:     0x5e5b81c496e7 - std::panicking::try::hdb19862fad9c8bd1
[INFO] [stdout]                                at /rustc/90b35a6239c3d8bdabc530a6a0816f7ff89a0aaf/library/std/src/panicking.rs:520:19
[INFO] [stdout]   31:     0x5e5b81c496e7 - std::panic::catch_unwind::h281fe732d236d260
[INFO] [stdout]                                at /rustc/90b35a6239c3d8bdabc530a6a0816f7ff89a0aaf/library/std/src/panic.rs:358:14
[INFO] [stdout]   32:     0x5e5b81c496e7 - test::run_test_in_process::h949b6df8457ed338
[INFO] [stdout]                                at /rustc/90b35a6239c3d8bdabc530a6a0816f7ff89a0aaf/library/test/src/lib.rs:644:27
[INFO] [stdout]   33:     0x5e5b81c496e7 - test::run_test::{{closure}}::h52c556a6d4740e10
[INFO] [stdout]                                at /rustc/90b35a6239c3d8bdabc530a6a0816f7ff89a0aaf/library/test/src/lib.rs:565:43
[INFO] [stdout]   34:     0x5e5b81c0e9c4 - test::run_test::{{closure}}::h4237f6381c45ccb9
[INFO] [stdout]                                at /rustc/90b35a6239c3d8bdabc530a6a0816f7ff89a0aaf/library/test/src/lib.rs:595:41
[INFO] [stdout]   35:     0x5e5b81c0e9c4 - std::sys::backtrace::__rust_begin_short_backtrace::h505c97a579eca628
[INFO] [stdout]                                at /rustc/90b35a6239c3d8bdabc530a6a0816f7ff89a0aaf/library/std/src/sys/backtrace.rs:154:18
[INFO] [stdout]   36:     0x5e5b81c1208e - std::thread::Builder::spawn_unchecked_::{{closure}}::{{closure}}::h9e86b2e2bc107ea3
[INFO] [stdout]                                at /rustc/90b35a6239c3d8bdabc530a6a0816f7ff89a0aaf/library/std/src/thread/mod.rs:538:17
[INFO] [stdout]   37:     0x5e5b81c1208e - <core::panic::unwind_safe::AssertUnwindSafe<F> as core::ops::function::FnOnce<()>>::call_once::h8b06ddb275ff4a25
[INFO] [stdout]                                at /rustc/90b35a6239c3d8bdabc530a6a0816f7ff89a0aaf/library/core/src/panic/unwind_safe.rs:272:9
[INFO] [stdout]   38:     0x5e5b81c1208e - std::panicking::try::do_call::hb26ecd7cd9a9355d
[INFO] [stdout]                                at /rustc/90b35a6239c3d8bdabc530a6a0816f7ff89a0aaf/library/std/src/panicking.rs:557:40
[INFO] [stdout]   39:     0x5e5b81c1208e - std::panicking::try::h8ddeca9d705f9069
[INFO] [stdout]                                at /rustc/90b35a6239c3d8bdabc530a6a0816f7ff89a0aaf/library/std/src/panicking.rs:520:19
[INFO] [stdout]   40:     0x5e5b81c1208e - std::panic::catch_unwind::h49e1c33078844c46
[INFO] [stdout]                                at /rustc/90b35a6239c3d8bdabc530a6a0816f7ff89a0aaf/library/std/src/panic.rs:358:14
[INFO] [stdout]   41:     0x5e5b81c1208e - std::thread::Builder::spawn_unchecked_::{{closure}}::h6073db6ff56ad35d
[INFO] [stdout]                                at /rustc/90b35a6239c3d8bdabc530a6a0816f7ff89a0aaf/library/std/src/thread/mod.rs:537:30
[INFO] [stdout]   42:     0x5e5b81c1208e - core::ops::function::FnOnce::call_once{{vtable.shim}}::h2c5a5f3779c774f1
[INFO] [stdout]                                at /rustc/90b35a6239c3d8bdabc530a6a0816f7ff89a0aaf/library/core/src/ops/function.rs:250:5
[INFO] [stdout]   43:     0x5e5b821bb3ab - <alloc::boxed::Box<F,A> as core::ops::function::FnOnce<Args>>::call_once::hf75717d9f28faebf
[INFO] [stdout]                                at /rustc/90b35a6239c3d8bdabc530a6a0816f7ff89a0aaf/library/alloc/src/boxed.rs:2454:9
[INFO] [stdout]   44:     0x5e5b821bb3ab - <alloc::boxed::Box<F,A> as core::ops::function::FnOnce<Args>>::call_once::h7bd883a5f3c5f3c1
[INFO] [stdout]                                at /rustc/90b35a6239c3d8bdabc530a6a0816f7ff89a0aaf/library/alloc/src/boxed.rs:2454:9
[INFO] [stdout]   45:     0x5e5b821bb3ab - std::sys::pal::unix::thread::Thread::new::thread_start::hcc78f3943333fa94
[INFO] [stdout]                                at /rustc/90b35a6239c3d8bdabc530a6a0816f7ff89a0aaf/library/std/src/sys/pal/unix/thread.rs:105:17
[INFO] [stdout]   46:     0x705debd29ac3 - <unknown>
[INFO] [stdout]   47:     0x705debdbaa04 - clone
[INFO] [stdout]   48:                0x0 - <unknown>
[INFO] [stderr] error: test failed, to rerun pass `--bin nika-tui`
[INFO] [stderr] 
[INFO] [stderr] Caused by:
[INFO] [stderr]   process didn't exit successfully: `/opt/rustwide/target/debug/deps/nika_tui-b9fe0a33dcd04ea2` (signal: 6, SIGABRT: process abort signal)
[INFO] running `Command { std: "docker" "inspect" "bb00c4423291df6ff0c4eb2cea5f7e050f666d1b4a43a8d4b16995e9d8d13328", kill_on_drop: false }`
[INFO] running `Command { std: "docker" "rm" "-f" "bb00c4423291df6ff0c4eb2cea5f7e050f666d1b4a43a8d4b16995e9d8d13328", kill_on_drop: false }`
[INFO] [stdout] bb00c4423291df6ff0c4eb2cea5f7e050f666d1b4a43a8d4b16995e9d8d13328
