[INFO] cloning repository https://github.com/noobymatze/wrpc-parser
[INFO] running `Command { std: "git" "-c" "credential.helper=" "-c" "credential.helper=/workspace/cargo-home/bin/git-credential-null" "clone" "--bare" "https://github.com/noobymatze/wrpc-parser" "/workspace/cache/git-repos/https%3A%2F%2Fgithub.com%2Fnoobymatze%2Fwrpc-parser", kill_on_drop: false }`
[INFO] [stderr] Cloning into bare repository '/workspace/cache/git-repos/https%3A%2F%2Fgithub.com%2Fnoobymatze%2Fwrpc-parser'...
[INFO] running `Command { std: "git" "rev-parse" "HEAD", kill_on_drop: false }`
[INFO] [stdout] 69613367adeab8850211b29da0551f554c9c5f32
[INFO] testing noobymatze/wrpc-parser against 1.83.0 for beta-1.84.0-4-retry
[INFO] running `Command { std: "git" "clone" "/workspace/cache/git-repos/https%3A%2F%2Fgithub.com%2Fnoobymatze%2Fwrpc-parser" "/workspace/builds/worker-3-tc1/source", kill_on_drop: false }`
[INFO] [stderr] Cloning into '/workspace/builds/worker-3-tc1/source'...
[INFO] [stderr] done.
[INFO] validating manifest of git repo https://github.com/noobymatze/wrpc-parser on toolchain 1.83.0
[INFO] running `Command { std: CARGO_HOME="/workspace/cargo-home" RUSTUP_HOME="/workspace/rustup-home" "/workspace/cargo-home/bin/cargo" "+1.83.0" "metadata" "--manifest-path" "Cargo.toml" "--no-deps", kill_on_drop: false }`
[INFO] started tweaking git repo https://github.com/noobymatze/wrpc-parser
[INFO] finished tweaking git repo https://github.com/noobymatze/wrpc-parser
[INFO] tweaked toml for git repo https://github.com/noobymatze/wrpc-parser written to /workspace/builds/worker-3-tc1/source/Cargo.toml
[INFO] crate git repo https://github.com/noobymatze/wrpc-parser already has a lockfile, it will not be regenerated
[INFO] running `Command { std: CARGO_HOME="/workspace/cargo-home" RUSTUP_HOME="/workspace/rustup-home" "/workspace/cargo-home/bin/cargo" "+1.83.0" "fetch" "--manifest-path" "Cargo.toml", kill_on_drop: false }`
[INFO] [stderr]  Downloading crates ...
[INFO] [stderr]   Downloaded pretty v0.12.3
[INFO] running `Command { std: "docker" "create" "-v" "/var/lib/crater-agent-workspace/builds/worker-3-tc1/target:/opt/rustwide/target:rw,Z" "-v" "/var/lib/crater-agent-workspace/builds/worker-3-tc1/source:/opt/rustwide/workdir:ro,Z" "-v" "/var/lib/crater-agent-workspace/cargo-home:/opt/rustwide/cargo-home:ro,Z" "-v" "/var/lib/crater-agent-workspace/rustup-home:/opt/rustwide/rustup-home:ro,Z" "-e" "SOURCE_DIR=/opt/rustwide/workdir" "-e" "CARGO_TARGET_DIR=/opt/rustwide/target" "-e" "CARGO_HOME=/opt/rustwide/cargo-home" "-e" "RUSTUP_HOME=/opt/rustwide/rustup-home" "-w" "/opt/rustwide/workdir" "-m" "1610612736" "--user" "0:0" "--network" "none" "ghcr.io/rust-lang/crates-build-env/linux@sha256:f3a9d4ad9d972b27faf3965f35b62e55ba32bbce8f20bc8fe909558a86702fde" "/opt/rustwide/cargo-home/bin/cargo" "+1.83.0" "metadata" "--no-deps" "--format-version=1", kill_on_drop: false }`
[INFO] [stdout] 84342c7539344858b0a480db6f6097ef5c12b257cb1ba662bf32786ee9090046
[INFO] running `Command { std: "docker" "start" "-a" "84342c7539344858b0a480db6f6097ef5c12b257cb1ba662bf32786ee9090046", kill_on_drop: false }`
[INFO] running `Command { std: "docker" "inspect" "84342c7539344858b0a480db6f6097ef5c12b257cb1ba662bf32786ee9090046", kill_on_drop: false }`
[INFO] running `Command { std: "docker" "rm" "-f" "84342c7539344858b0a480db6f6097ef5c12b257cb1ba662bf32786ee9090046", kill_on_drop: false }`
[INFO] [stdout] 84342c7539344858b0a480db6f6097ef5c12b257cb1ba662bf32786ee9090046
[INFO] running `Command { std: "docker" "create" "-v" "/var/lib/crater-agent-workspace/builds/worker-3-tc1/target:/opt/rustwide/target:rw,Z" "-v" "/var/lib/crater-agent-workspace/builds/worker-3-tc1/source:/opt/rustwide/workdir:ro,Z" "-v" "/var/lib/crater-agent-workspace/cargo-home:/opt/rustwide/cargo-home:ro,Z" "-v" "/var/lib/crater-agent-workspace/rustup-home:/opt/rustwide/rustup-home:ro,Z" "-e" "SOURCE_DIR=/opt/rustwide/workdir" "-e" "CARGO_TARGET_DIR=/opt/rustwide/target" "-e" "CARGO_INCREMENTAL=0" "-e" "RUST_BACKTRACE=full" "-e" "RUSTFLAGS=--cap-lints=warn" "-e" "RUSTDOCFLAGS=--cap-lints=warn" "-e" "CARGO_HOME=/opt/rustwide/cargo-home" "-e" "RUSTUP_HOME=/opt/rustwide/rustup-home" "-w" "/opt/rustwide/workdir" "-m" "1610612736" "--user" "0:0" "--network" "none" "ghcr.io/rust-lang/crates-build-env/linux@sha256:f3a9d4ad9d972b27faf3965f35b62e55ba32bbce8f20bc8fe909558a86702fde" "/opt/rustwide/cargo-home/bin/cargo" "+1.83.0" "build" "--frozen" "--message-format=json", kill_on_drop: false }`
[INFO] [stdout] 89b2b0af647920917041c7e0601855e144e8dd1ed1f9c43ec7c77f2c62d17fbb
[INFO] running `Command { std: "docker" "start" "-a" "89b2b0af647920917041c7e0601855e144e8dd1ed1f9c43ec7c77f2c62d17fbb", kill_on_drop: false }`
[INFO] [stderr]    Compiling proc-macro2 v1.0.92
[INFO] [stderr]    Compiling unicode-ident v1.0.14
[INFO] [stderr]    Compiling serde v1.0.215
[INFO] [stderr]    Compiling arrayvec v0.5.2
[INFO] [stderr]    Compiling unicode-width v0.1.14
[INFO] [stderr]    Compiling typed-arena v2.0.2
[INFO] [stderr]    Compiling pretty v0.12.3
[INFO] [stderr]    Compiling quote v1.0.37
[INFO] [stderr]    Compiling syn v2.0.90
[INFO] [stderr]    Compiling serde_derive v1.0.215
[INFO] [stderr]    Compiling wrpc-parser v0.1.0 (/opt/rustwide/workdir)
[INFO] [stderr]     Finished `dev` profile [unoptimized + debuginfo] target(s) in 12.11s
[INFO] running `Command { std: "docker" "inspect" "89b2b0af647920917041c7e0601855e144e8dd1ed1f9c43ec7c77f2c62d17fbb", kill_on_drop: false }`
[INFO] running `Command { std: "docker" "rm" "-f" "89b2b0af647920917041c7e0601855e144e8dd1ed1f9c43ec7c77f2c62d17fbb", kill_on_drop: false }`
[INFO] [stdout] 89b2b0af647920917041c7e0601855e144e8dd1ed1f9c43ec7c77f2c62d17fbb
[INFO] running `Command { std: "docker" "create" "-v" "/var/lib/crater-agent-workspace/builds/worker-3-tc1/target:/opt/rustwide/target:rw,Z" "-v" "/var/lib/crater-agent-workspace/builds/worker-3-tc1/source:/opt/rustwide/workdir:ro,Z" "-v" "/var/lib/crater-agent-workspace/cargo-home:/opt/rustwide/cargo-home:ro,Z" "-v" "/var/lib/crater-agent-workspace/rustup-home:/opt/rustwide/rustup-home:ro,Z" "-e" "SOURCE_DIR=/opt/rustwide/workdir" "-e" "CARGO_TARGET_DIR=/opt/rustwide/target" "-e" "CARGO_INCREMENTAL=0" "-e" "RUST_BACKTRACE=full" "-e" "RUSTFLAGS=--cap-lints=warn" "-e" "RUSTDOCFLAGS=--cap-lints=warn" "-e" "CARGO_HOME=/opt/rustwide/cargo-home" "-e" "RUSTUP_HOME=/opt/rustwide/rustup-home" "-w" "/opt/rustwide/workdir" "-m" "1610612736" "--user" "0:0" "--network" "none" "ghcr.io/rust-lang/crates-build-env/linux@sha256:f3a9d4ad9d972b27faf3965f35b62e55ba32bbce8f20bc8fe909558a86702fde" "/opt/rustwide/cargo-home/bin/cargo" "+1.83.0" "test" "--frozen" "--no-run" "--message-format=json", kill_on_drop: false }`
[INFO] [stdout] 7dc9b21af1fd8d11ffa1fcf4ce348a5d17b3bf385771aa34e95779a15a38c2cc
[INFO] running `Command { std: "docker" "start" "-a" "7dc9b21af1fd8d11ffa1fcf4ce348a5d17b3bf385771aa34e95779a15a38c2cc", kill_on_drop: false }`
[INFO] [stderr]    Compiling wrpc-parser v0.1.0 (/opt/rustwide/workdir)
[INFO] [stderr]     Finished `test` profile [unoptimized + debuginfo] target(s) in 1.73s
[INFO] running `Command { std: "docker" "inspect" "7dc9b21af1fd8d11ffa1fcf4ce348a5d17b3bf385771aa34e95779a15a38c2cc", kill_on_drop: false }`
[INFO] running `Command { std: "docker" "rm" "-f" "7dc9b21af1fd8d11ffa1fcf4ce348a5d17b3bf385771aa34e95779a15a38c2cc", kill_on_drop: false }`
[INFO] [stdout] 7dc9b21af1fd8d11ffa1fcf4ce348a5d17b3bf385771aa34e95779a15a38c2cc
[INFO] running `Command { std: "docker" "create" "-v" "/var/lib/crater-agent-workspace/builds/worker-3-tc1/target:/opt/rustwide/target:rw,Z" "-v" "/var/lib/crater-agent-workspace/builds/worker-3-tc1/source:/opt/rustwide/workdir:ro,Z" "-v" "/var/lib/crater-agent-workspace/cargo-home:/opt/rustwide/cargo-home:ro,Z" "-v" "/var/lib/crater-agent-workspace/rustup-home:/opt/rustwide/rustup-home:ro,Z" "-e" "SOURCE_DIR=/opt/rustwide/workdir" "-e" "CARGO_TARGET_DIR=/opt/rustwide/target" "-e" "CARGO_INCREMENTAL=0" "-e" "RUST_BACKTRACE=full" "-e" "RUSTFLAGS=--cap-lints=warn" "-e" "RUSTDOCFLAGS=--cap-lints=warn" "-e" "CARGO_HOME=/opt/rustwide/cargo-home" "-e" "RUSTUP_HOME=/opt/rustwide/rustup-home" "-w" "/opt/rustwide/workdir" "-m" "1610612736" "--user" "0:0" "--network" "none" "ghcr.io/rust-lang/crates-build-env/linux@sha256:f3a9d4ad9d972b27faf3965f35b62e55ba32bbce8f20bc8fe909558a86702fde" "/opt/rustwide/cargo-home/bin/cargo" "+1.83.0" "test" "--frozen", kill_on_drop: false }`
[INFO] [stdout] c618d4a95eeb9638c35694b8d9a5d34572c5fbcb7e8fec828287178fa602c61c
[INFO] running `Command { std: "docker" "start" "-a" "c618d4a95eeb9638c35694b8d9a5d34572c5fbcb7e8fec828287178fa602c61c", kill_on_drop: false }`
[INFO] [stderr]     Finished `test` profile [unoptimized + debuginfo] target(s) in 0.02s
[INFO] [stderr]      Running unittests src/lib.rs (/opt/rustwide/target/debug/deps/wrpc_parser-464b67fc10075885)
[INFO] [stdout] 
[INFO] [stdout] running 23 tests
[INFO] [stdout] test parse::lexer::tests::test_empty_input ... ok
[INFO] [stdout] test parse::lexer::tests::test_mixed_input ... ok
[INFO] [stdout] test parse::lexer::tests::test_position_tracking ... ok
[INFO] [stdout] test parse::tests::test_comments_only ... ok
[INFO] [stdout] test parse::lexer::tests::test_single_identifier ... ok
[INFO] [stdout] test parse::tests::test_data_decl_with_missing_ending_brace_errors ... ok
[INFO] [stdout] test parse::lexer::tests::test_multiple_identifiers ... ok
[INFO] [stdout] test parse::tests::test_data_decl_without_braces_is_ok ... ok
[INFO] [stdout] test parse::tests::test_empty_service_block ... ok
[INFO] [stdout] test parse::tests::test_parse_empty_module ... ok
[INFO] [stdout] test parse::tests::test_parse_data_declaration ... ok
[INFO] [stdout] test parse::tests::test_parse_module_with_comments ... ok
[INFO] [stdout] test parse::tests::test_parse_module_with_syntax_errors ... ok
[INFO] [stdout] test parse::tests::test_unexpected_tokens ... ok
[INFO] [stdout] test tests::test ... ok
[INFO] [stdout] test parse::tests::test_empty_data_block ... ok
[INFO] [stdout] test parse::tests::test_malformed_input_missing_braces ... ok
[INFO] [stdout] test parse::tests::test_parse_service_declaration ... ok
[INFO] [stdout] test parse::tests::test_whitespace_variations ... ok
[INFO] [stdout] test parse::lexer::tests::test_unexpected_characters ... ok
[INFO] [stdout] test parse::lexer::tests::test_identifier_with_underscores ... ok
[INFO] [stdout] test parse::tests::test_unusual_identifiers ... ok
[INFO] [stdout] test parse::tests::test_data_decl_with_ending_brace_is_ok ... ok
[INFO] [stdout] 
[INFO] [stdout] test result: ok. 23 passed; 0 failed; 0 ignored; 0 measured; 0 filtered out; finished in 0.01s
[INFO] [stdout] 
[INFO] [stderr]    Doc-tests wrpc_parser
[INFO] [stdout] 
[INFO] [stdout] running 11 tests
[INFO] [stdout] test src/parse/lexer.rs - parse::lexer::Lexer<T>::advance (line 398) ... ignored
[INFO] [stdout] test src/parse/lexer.rs - parse::lexer::Lexer<T>::advance (line 403) ... ignored
[INFO] [stdout] test src/parse/lexer.rs - parse::lexer::Lexer<T>::emit (line 355) ... ignored
[INFO] [stdout] test src/parse/lexer.rs - parse::lexer::Lexer<T>::peek (line 379) ... ignored
[INFO] [stdout] test src/parse/lexer.rs - parse::lexer::lexer (line 55) ... ignored
[INFO] [stdout] test src/reporting.rs - reporting::Region::new (line 41) ... FAILED
[INFO] [stdout] test src/ast/source.rs - ast::source::Data (line 31) ... FAILED
[INFO] [stdout] test src/ast/source.rs - ast::source::Service (line 124) ... FAILED
[INFO] [stdout] test src/lib.rs - parse (line 19) ... FAILED
[INFO] [stdout] test src/lib.rs - parse (line 27) ... FAILED
[INFO] [stdout] test src/ast/source.rs - ast::source::Enum (line 68) ... ok
[INFO] [stdout] 
[INFO] [stdout] failures:
[INFO] [stdout] 
[INFO] [stdout] ---- src/reporting.rs - reporting::Region::new (line 41) stdout ----
[INFO] [stdout] error[E0433]: failed to resolve: use of undeclared crate or module `compiler`
[INFO] [stdout]  --> src/reporting.rs:42:5
[INFO] [stdout]   |
[INFO] [stdout] 3 | use compiler::reporting::Region;
[INFO] [stdout]   |     ^^^^^^^^ use of undeclared crate or module `compiler`
[INFO] [stdout] 
[INFO] [stdout] error: aborting due to 1 previous error
[INFO] [stdout] 
[INFO] [stdout] For more information about this error, try `rustc --explain E0433`.
[INFO] [stdout] Couldn't compile the test.
[INFO] [stdout] ---- src/ast/source.rs - ast::source::Data (line 31) stdout ----
[INFO] [stdout] error: expected one of `!`, `.`, `::`, `;`, `?`, `{`, `}`, or an operator, found `Person`
[INFO] [stdout]  --> src/ast/source.rs:33:6
[INFO] [stdout]   |
[INFO] [stdout] 4 | data Person {
[INFO] [stdout]   |      ^^^^^^ expected one of 8 possible tokens
[INFO] [stdout] 
[INFO] [stdout] error: aborting due to 1 previous error
[INFO] [stdout] 
[INFO] [stdout] Couldn't compile the test.
[INFO] [stdout] ---- src/ast/source.rs - ast::source::Service (line 124) stdout ----
[INFO] [stdout] error: expected one of `!`, `.`, `::`, `;`, `?`, `{`, `}`, or an operator, found `SessionService`
[INFO] [stdout]  --> src/ast/source.rs:125:9
[INFO] [stdout]   |
[INFO] [stdout] 3 | service SessionService {
[INFO] [stdout]   |         ^^^^^^^^^^^^^^ expected one of 8 possible tokens
[INFO] [stdout] 
[INFO] [stdout] error: aborting due to 1 previous error
[INFO] [stdout] 
[INFO] [stdout] Couldn't compile the test.
[INFO] [stdout] ---- src/lib.rs - parse (line 19) stdout ----
[INFO] [stdout] error[E0432]: unresolved import `io`
[INFO] [stdout]  --> src/lib.rs:20:5
[INFO] [stdout]   |
[INFO] [stdout] 3 | use io::fs;
[INFO] [stdout]   |     ^^ help: a similar path exists: `std::io`
[INFO] [stdout] 
[INFO] [stdout] error[E0425]: cannot find function `parse` in this scope
[INFO] [stdout]  --> src/lib.rs:23:14
[INFO] [stdout]   |
[INFO] [stdout] 6 | let result = parse(content.as_str());
[INFO] [stdout]   |              ^^^^^ not found in this scope
[INFO] [stdout]   |
[INFO] [stdout] help: consider importing one of these functions
[INFO] [stdout]   |
[INFO] [stdout] 2 + use wrpc_parser::parse;
[INFO] [stdout]   |
[INFO] [stdout] 2 + use wrpc_parser::parse::parse;
[INFO] [stdout]   |
[INFO] [stdout] 
[INFO] [stdout] error: aborting due to 2 previous errors
[INFO] [stdout] 
[INFO] [stdout] Some errors have detailed explanations: E0425, E0432.
[INFO] [stdout] For more information about an error, try `rustc --explain E0425`.
[INFO] [stdout] Couldn't compile the test.
[INFO] [stdout] ---- src/lib.rs - parse (line 27) stdout ----
[INFO] [stdout] error[E0432]: unresolved import `io`
[INFO] [stdout]  --> src/lib.rs:28:5
[INFO] [stdout]   |
[INFO] [stdout] 3 | use io::fs;
[INFO] [stdout]   |     ^^ help: a similar path exists: `std::io`
[INFO] [stdout] 
[INFO] [stdout] error[E0425]: cannot find function `parse` in this scope
[INFO] [stdout]  --> src/lib.rs:32:7
[INFO] [stdout]   |
[INFO] [stdout] 7 | match parse(content.as_str()) {
[INFO] [stdout]   |       ^^^^^ not found in this scope
[INFO] [stdout]   |
[INFO] [stdout] help: consider importing one of these functions
[INFO] [stdout]   |
[INFO] [stdout] 2 + use wrpc_parser::parse;
[INFO] [stdout]   |
[INFO] [stdout] 2 + use wrpc_parser::parse::parse;
[INFO] [stdout]   |
[INFO] [stdout] 
[INFO] [stdout] error[E0425]: cannot find function `print_error` in this scope
[INFO] [stdout]  --> src/lib.rs:34:19
[INFO] [stdout]   |
[INFO] [stdout] 9 |     Err(error) => print_error(path, content.as_str(), error),
[INFO] [stdout]   |                   ^^^^^^^^^^^ not found in this scope
[INFO] [stdout]   |
[INFO] [stdout] help: consider importing this function
[INFO] [stdout]   |
[INFO] [stdout] 2 + use wrpc_parser::print_error;
[INFO] [stdout]   |
[INFO] [stdout] 
[INFO] [stdout] error: aborting due to 3 previous errors
[INFO] [stdout] 
[INFO] [stdout] Some errors have detailed explanations: E0425, E0432.
[INFO] [stdout] For more information about an error, try `rustc --explain E0425`.
[INFO] [stdout] Couldn't compile the test.
[INFO] [stdout] 
[INFO] [stdout] failures:
[INFO] [stdout]     src/ast/source.rs - ast::source::Data (line 31)
[INFO] [stdout]     src/ast/source.rs - ast::source::Service (line 124)
[INFO] [stdout]     src/lib.rs - parse (line 19)
[INFO] [stdout]     src/lib.rs - parse (line 27)
[INFO] [stdout]     src/reporting.rs - reporting::Region::new (line 41)
[INFO] [stdout] 
[INFO] [stdout] test result: FAILED. 1 passed; 5 failed; 5 ignored; 0 measured; 0 filtered out; finished in 0.27s
[INFO] [stdout] 
[INFO] [stderr] error: doctest failed, to rerun pass `--doc`
[INFO] running `Command { std: "docker" "inspect" "c618d4a95eeb9638c35694b8d9a5d34572c5fbcb7e8fec828287178fa602c61c", kill_on_drop: false }`
[INFO] running `Command { std: "docker" "rm" "-f" "c618d4a95eeb9638c35694b8d9a5d34572c5fbcb7e8fec828287178fa602c61c", kill_on_drop: false }`
[INFO] [stdout] c618d4a95eeb9638c35694b8d9a5d34572c5fbcb7e8fec828287178fa602c61c
