[INFO] cloning repository https://github.com/nomoreqwerty/peachy
[INFO] running `Command { std: "git" "-c" "credential.helper=" "-c" "credential.helper=/workspace/cargo-home/bin/git-credential-null" "clone" "--bare" "https://github.com/nomoreqwerty/peachy" "/workspace/cache/git-repos/https%3A%2F%2Fgithub.com%2Fnomoreqwerty%2Fpeachy", kill_on_drop: false }`
[INFO] [stderr] Cloning into bare repository '/workspace/cache/git-repos/https%3A%2F%2Fgithub.com%2Fnomoreqwerty%2Fpeachy'...
[INFO] running `Command { std: "git" "rev-parse" "HEAD", kill_on_drop: false }`
[INFO] [stdout] 4b071fa938d3462ee325d7f56e8b75d97ecc1c51
[INFO] testing nomoreqwerty/peachy against 1.83.0 for beta-1.84.0-4-retry
[INFO] running `Command { std: "git" "clone" "/workspace/cache/git-repos/https%3A%2F%2Fgithub.com%2Fnomoreqwerty%2Fpeachy" "/workspace/builds/worker-5-tc1/source", kill_on_drop: false }`
[INFO] [stderr] Cloning into '/workspace/builds/worker-5-tc1/source'...
[INFO] [stderr] done.
[INFO] validating manifest of git repo https://github.com/nomoreqwerty/peachy on toolchain 1.83.0
[INFO] running `Command { std: CARGO_HOME="/workspace/cargo-home" RUSTUP_HOME="/workspace/rustup-home" "/workspace/cargo-home/bin/cargo" "+1.83.0" "metadata" "--manifest-path" "Cargo.toml" "--no-deps", kill_on_drop: false }`
[INFO] started tweaking git repo https://github.com/nomoreqwerty/peachy
[INFO] finished tweaking git repo https://github.com/nomoreqwerty/peachy
[INFO] tweaked toml for git repo https://github.com/nomoreqwerty/peachy written to /workspace/builds/worker-5-tc1/source/Cargo.toml
[INFO] crate git repo https://github.com/nomoreqwerty/peachy already has a lockfile, it will not be regenerated
[INFO] running `Command { std: CARGO_HOME="/workspace/cargo-home" RUSTUP_HOME="/workspace/rustup-home" "/workspace/cargo-home/bin/cargo" "+1.83.0" "fetch" "--manifest-path" "Cargo.toml", kill_on_drop: false }`
[INFO] running `Command { std: "docker" "create" "-v" "/var/lib/crater-agent-workspace/builds/worker-5-tc1/target:/opt/rustwide/target:rw,Z" "-v" "/var/lib/crater-agent-workspace/builds/worker-5-tc1/source:/opt/rustwide/workdir:ro,Z" "-v" "/var/lib/crater-agent-workspace/cargo-home:/opt/rustwide/cargo-home:ro,Z" "-v" "/var/lib/crater-agent-workspace/rustup-home:/opt/rustwide/rustup-home:ro,Z" "-e" "SOURCE_DIR=/opt/rustwide/workdir" "-e" "CARGO_TARGET_DIR=/opt/rustwide/target" "-e" "CARGO_HOME=/opt/rustwide/cargo-home" "-e" "RUSTUP_HOME=/opt/rustwide/rustup-home" "-w" "/opt/rustwide/workdir" "-m" "1610612736" "--user" "0:0" "--network" "none" "ghcr.io/rust-lang/crates-build-env/linux@sha256:f3a9d4ad9d972b27faf3965f35b62e55ba32bbce8f20bc8fe909558a86702fde" "/opt/rustwide/cargo-home/bin/cargo" "+1.83.0" "metadata" "--no-deps" "--format-version=1", kill_on_drop: false }`
[INFO] [stdout] 261851488cace89d2d8f40151abceea33dc58dfe2ee53f639c1ef39946f32f14
[INFO] running `Command { std: "docker" "start" "-a" "261851488cace89d2d8f40151abceea33dc58dfe2ee53f639c1ef39946f32f14", kill_on_drop: false }`
[INFO] running `Command { std: "docker" "inspect" "261851488cace89d2d8f40151abceea33dc58dfe2ee53f639c1ef39946f32f14", kill_on_drop: false }`
[INFO] running `Command { std: "docker" "rm" "-f" "261851488cace89d2d8f40151abceea33dc58dfe2ee53f639c1ef39946f32f14", kill_on_drop: false }`
[INFO] [stdout] 261851488cace89d2d8f40151abceea33dc58dfe2ee53f639c1ef39946f32f14
[INFO] running `Command { std: "docker" "create" "-v" "/var/lib/crater-agent-workspace/builds/worker-5-tc1/target:/opt/rustwide/target:rw,Z" "-v" "/var/lib/crater-agent-workspace/builds/worker-5-tc1/source:/opt/rustwide/workdir:ro,Z" "-v" "/var/lib/crater-agent-workspace/cargo-home:/opt/rustwide/cargo-home:ro,Z" "-v" "/var/lib/crater-agent-workspace/rustup-home:/opt/rustwide/rustup-home:ro,Z" "-e" "SOURCE_DIR=/opt/rustwide/workdir" "-e" "CARGO_TARGET_DIR=/opt/rustwide/target" "-e" "CARGO_INCREMENTAL=0" "-e" "RUST_BACKTRACE=full" "-e" "RUSTFLAGS=--cap-lints=warn" "-e" "RUSTDOCFLAGS=--cap-lints=warn" "-e" "CARGO_HOME=/opt/rustwide/cargo-home" "-e" "RUSTUP_HOME=/opt/rustwide/rustup-home" "-w" "/opt/rustwide/workdir" "-m" "1610612736" "--user" "0:0" "--network" "none" "ghcr.io/rust-lang/crates-build-env/linux@sha256:f3a9d4ad9d972b27faf3965f35b62e55ba32bbce8f20bc8fe909558a86702fde" "/opt/rustwide/cargo-home/bin/cargo" "+1.83.0" "build" "--frozen" "--message-format=json", kill_on_drop: false }`
[INFO] [stdout] 3630b68c0c7b9b4598d53efdf8698136d85d9ed205b2c92f121b8aa088807dfc
[INFO] running `Command { std: "docker" "start" "-a" "3630b68c0c7b9b4598d53efdf8698136d85d9ed205b2c92f121b8aa088807dfc", kill_on_drop: false }`
[INFO] [stderr]    Compiling proc-macro2 v1.0.86
[INFO] [stderr]    Compiling unicode-ident v1.0.12
[INFO] [stderr]    Compiling libc v0.2.155
[INFO] [stderr]    Compiling autocfg v1.3.0
[INFO] [stderr]    Compiling crossbeam-utils v0.8.20
[INFO] [stderr]    Compiling parking_lot_core v0.9.10
[INFO] [stderr]    Compiling smallvec v1.13.2
[INFO] [stderr]    Compiling thiserror v1.0.63
[INFO] [stderr]    Compiling scopeguard v1.2.0
[INFO] [stderr]    Compiling anyhow v1.0.86
[INFO] [stderr]    Compiling once_cell v1.19.0
[INFO] [stderr]    Compiling hashbrown v0.14.5
[INFO] [stderr]    Compiling pin-project-lite v0.2.14
[INFO] [stderr]    Compiling lock_api v0.4.12
[INFO] [stderr]    Compiling quote v1.0.36
[INFO] [stderr]    Compiling dashmap v6.0.1
[INFO] [stderr]    Compiling syn v2.0.72
[INFO] [stderr]    Compiling tokio-macros v2.4.0
[INFO] [stderr]    Compiling thiserror-impl v1.0.63
[INFO] [stderr]    Compiling derive v0.1.0 (/opt/rustwide/workdir/src/derive)
[INFO] [stderr]    Compiling tokio v1.39.1
[INFO] [stderr]    Compiling peachy v1.1.0 (/opt/rustwide/workdir)
[INFO] [stderr]     Finished `dev` profile [unoptimized + debuginfo] target(s) in 12.96s
[INFO] running `Command { std: "docker" "inspect" "3630b68c0c7b9b4598d53efdf8698136d85d9ed205b2c92f121b8aa088807dfc", kill_on_drop: false }`
[INFO] running `Command { std: "docker" "rm" "-f" "3630b68c0c7b9b4598d53efdf8698136d85d9ed205b2c92f121b8aa088807dfc", kill_on_drop: false }`
[INFO] [stdout] 3630b68c0c7b9b4598d53efdf8698136d85d9ed205b2c92f121b8aa088807dfc
[INFO] running `Command { std: "docker" "create" "-v" "/var/lib/crater-agent-workspace/builds/worker-5-tc1/target:/opt/rustwide/target:rw,Z" "-v" "/var/lib/crater-agent-workspace/builds/worker-5-tc1/source:/opt/rustwide/workdir:ro,Z" "-v" "/var/lib/crater-agent-workspace/cargo-home:/opt/rustwide/cargo-home:ro,Z" "-v" "/var/lib/crater-agent-workspace/rustup-home:/opt/rustwide/rustup-home:ro,Z" "-e" "SOURCE_DIR=/opt/rustwide/workdir" "-e" "CARGO_TARGET_DIR=/opt/rustwide/target" "-e" "CARGO_INCREMENTAL=0" "-e" "RUST_BACKTRACE=full" "-e" "RUSTFLAGS=--cap-lints=warn" "-e" "RUSTDOCFLAGS=--cap-lints=warn" "-e" "CARGO_HOME=/opt/rustwide/cargo-home" "-e" "RUSTUP_HOME=/opt/rustwide/rustup-home" "-w" "/opt/rustwide/workdir" "-m" "1610612736" "--user" "0:0" "--network" "none" "ghcr.io/rust-lang/crates-build-env/linux@sha256:f3a9d4ad9d972b27faf3965f35b62e55ba32bbce8f20bc8fe909558a86702fde" "/opt/rustwide/cargo-home/bin/cargo" "+1.83.0" "test" "--frozen" "--no-run" "--message-format=json", kill_on_drop: false }`
[INFO] [stdout] 5fc425b09f90ce30529e96fe872f1ada25ace532bc8314ed07747a00ba652990
[INFO] running `Command { std: "docker" "start" "-a" "5fc425b09f90ce30529e96fe872f1ada25ace532bc8314ed07747a00ba652990", kill_on_drop: false }`
[INFO] [stderr]    Compiling peachy v1.1.0 (/opt/rustwide/workdir)
[INFO] [stderr]     Finished `test` profile [unoptimized + debuginfo] target(s) in 0.52s
[INFO] running `Command { std: "docker" "inspect" "5fc425b09f90ce30529e96fe872f1ada25ace532bc8314ed07747a00ba652990", kill_on_drop: false }`
[INFO] running `Command { std: "docker" "rm" "-f" "5fc425b09f90ce30529e96fe872f1ada25ace532bc8314ed07747a00ba652990", kill_on_drop: false }`
[INFO] [stdout] 5fc425b09f90ce30529e96fe872f1ada25ace532bc8314ed07747a00ba652990
[INFO] running `Command { std: "docker" "create" "-v" "/var/lib/crater-agent-workspace/builds/worker-5-tc1/target:/opt/rustwide/target:rw,Z" "-v" "/var/lib/crater-agent-workspace/builds/worker-5-tc1/source:/opt/rustwide/workdir:ro,Z" "-v" "/var/lib/crater-agent-workspace/cargo-home:/opt/rustwide/cargo-home:ro,Z" "-v" "/var/lib/crater-agent-workspace/rustup-home:/opt/rustwide/rustup-home:ro,Z" "-e" "SOURCE_DIR=/opt/rustwide/workdir" "-e" "CARGO_TARGET_DIR=/opt/rustwide/target" "-e" "CARGO_INCREMENTAL=0" "-e" "RUST_BACKTRACE=full" "-e" "RUSTFLAGS=--cap-lints=warn" "-e" "RUSTDOCFLAGS=--cap-lints=warn" "-e" "CARGO_HOME=/opt/rustwide/cargo-home" "-e" "RUSTUP_HOME=/opt/rustwide/rustup-home" "-w" "/opt/rustwide/workdir" "-m" "1610612736" "--user" "0:0" "--network" "none" "ghcr.io/rust-lang/crates-build-env/linux@sha256:f3a9d4ad9d972b27faf3965f35b62e55ba32bbce8f20bc8fe909558a86702fde" "/opt/rustwide/cargo-home/bin/cargo" "+1.83.0" "test" "--frozen", kill_on_drop: false }`
[INFO] [stdout] 8f88e9a0f48f39a81cc5b37d910b9dd1289840c5184e1c059c4a889698b24b8e
[INFO] running `Command { std: "docker" "start" "-a" "8f88e9a0f48f39a81cc5b37d910b9dd1289840c5184e1c059c4a889698b24b8e", kill_on_drop: false }`
[INFO] [stderr]     Finished `test` profile [unoptimized + debuginfo] target(s) in 0.05s
[INFO] [stderr]      Running unittests src/lib.rs (/opt/rustwide/target/debug/deps/peachy-954b40c189569ad1)
[INFO] [stdout] 
[INFO] [stdout] running 0 tests
[INFO] [stdout] 
[INFO] [stdout] test result: ok. 0 passed; 0 failed; 0 ignored; 0 measured; 0 filtered out; finished in 0.00s
[INFO] [stdout] 
[INFO] [stderr]    Doc-tests peachy
[INFO] [stdout] 
[INFO] [stdout] running 2 tests
[INFO] [stdout] test src/manager.rs - manager::Manager (line 14) ... FAILED
[INFO] [stdout] test src/routine.rs - routine::Routine::run (line 13) ... FAILED
[INFO] [stdout] 
[INFO] [stdout] failures:
[INFO] [stdout] 
[INFO] [stdout] ---- src/manager.rs - manager::Manager (line 14) stdout ----
[INFO] [stdout] error[E0573]: expected type, found variant `None`
[INFO] [stdout]   --> src/manager.rs:29:16
[INFO] [stdout]    |
[INFO] [stdout] 17 |     type Err = None;
[INFO] [stdout]    |                ^^^^ not a type
[INFO] [stdout]    |
[INFO] [stdout] help: try using the variant's enum
[INFO] [stdout]    |
[INFO] [stdout] 17 |     type Err = core::option::Option;
[INFO] [stdout]    |                ~~~~~~~~~~~~~~~~~~~~
[INFO] [stdout] 17 |     type Err = std::option::Option;
[INFO] [stdout]    |                ~~~~~~~~~~~~~~~~~~~
[INFO] [stdout] 
[INFO] [stdout] error: aborting due to 1 previous error
[INFO] [stdout] 
[INFO] [stdout] For more information about this error, try `rustc --explain E0573`.
[INFO] [stdout] Couldn't compile the test.
[INFO] [stdout] ---- src/routine.rs - routine::Routine::run (line 13) stdout ----
[INFO] [stdout] error[E0277]: `RoutineAError` doesn't implement `Debug`
[INFO] [stdout]   --> src/routine.rs:44:10
[INFO] [stdout]    |
[INFO] [stdout] 33 | pub enum RoutineAError {}
[INFO] [stdout]    |          ^^^^^^^^^^^^^ `RoutineAError` cannot be formatted using `{:?}`
[INFO] [stdout]    |
[INFO] [stdout]    = help: the trait `Debug` is not implemented for `RoutineAError`
[INFO] [stdout]    = note: add `#[derive(Debug)]` to `RoutineAError` or manually `impl Debug for RoutineAError`
[INFO] [stdout] note: required by a bound in `std::error::Error`
[INFO] [stdout]   --> /rustc/90b35a6239c3d8bdabc530a6a0816f7ff89a0aaf/library/core/src/error.rs:29:1
[INFO] [stdout] help: consider annotating `RoutineAError` with `#[derive(Debug)]`
[INFO] [stdout]    |
[INFO] [stdout] 33 + #[derive(Debug)]
[INFO] [stdout] 34 | pub enum RoutineAError {}
[INFO] [stdout]    |
[INFO] [stdout] 
[INFO] [stdout] error[E0277]: `RoutineBError` doesn't implement `Debug`
[INFO] [stdout]   --> src/routine.rs:47:10
[INFO] [stdout]    |
[INFO] [stdout] 36 | pub enum RoutineBError {}
[INFO] [stdout]    |          ^^^^^^^^^^^^^ `RoutineBError` cannot be formatted using `{:?}`
[INFO] [stdout]    |
[INFO] [stdout]    = help: the trait `Debug` is not implemented for `RoutineBError`
[INFO] [stdout]    = note: add `#[derive(Debug)]` to `RoutineBError` or manually `impl Debug for RoutineBError`
[INFO] [stdout] note: required by a bound in `std::error::Error`
[INFO] [stdout]   --> /rustc/90b35a6239c3d8bdabc530a6a0816f7ff89a0aaf/library/core/src/error.rs:29:1
[INFO] [stdout] help: consider annotating `RoutineBError` with `#[derive(Debug)]`
[INFO] [stdout]    |
[INFO] [stdout] 36 + #[derive(Debug)]
[INFO] [stdout] 37 | pub enum RoutineBError {}
[INFO] [stdout]    |
[INFO] [stdout] 
[INFO] [stdout] error: aborting due to 2 previous errors
[INFO] [stdout] 
[INFO] [stdout] For more information about this error, try `rustc --explain E0277`.
[INFO] [stdout] Couldn't compile the test.
[INFO] [stdout] 
[INFO] [stdout] failures:
[INFO] [stdout]     src/manager.rs - manager::Manager (line 14)
[INFO] [stdout]     src/routine.rs - routine::Routine::run (line 13)
[INFO] [stdout] 
[INFO] [stdout] test result: FAILED. 0 passed; 2 failed; 0 ignored; 0 measured; 0 filtered out; finished in 0.15s
[INFO] [stdout] 
[INFO] [stderr] error: doctest failed, to rerun pass `--doc`
[INFO] running `Command { std: "docker" "inspect" "8f88e9a0f48f39a81cc5b37d910b9dd1289840c5184e1c059c4a889698b24b8e", kill_on_drop: false }`
[INFO] running `Command { std: "docker" "rm" "-f" "8f88e9a0f48f39a81cc5b37d910b9dd1289840c5184e1c059c4a889698b24b8e", kill_on_drop: false }`
[INFO] [stdout] 8f88e9a0f48f39a81cc5b37d910b9dd1289840c5184e1c059c4a889698b24b8e
