[INFO] cloning repository https://github.com/noislabs/nois
[INFO] running `Command { std: "git" "-c" "credential.helper=" "-c" "credential.helper=/workspace/cargo-home/bin/git-credential-null" "clone" "--bare" "https://github.com/noislabs/nois" "/workspace/cache/git-repos/https%3A%2F%2Fgithub.com%2Fnoislabs%2Fnois", kill_on_drop: false }`
[INFO] [stderr] Cloning into bare repository '/workspace/cache/git-repos/https%3A%2F%2Fgithub.com%2Fnoislabs%2Fnois'...
[INFO] running `Command { std: "git" "rev-parse" "HEAD", kill_on_drop: false }`
[INFO] [stdout] 70e8949c7d35eda787e18f8d66ba549f3ccea4c2
[INFO] testing noislabs/nois against 1.83.0 for beta-1.84.0-4-retry
[INFO] running `Command { std: "git" "clone" "/workspace/cache/git-repos/https%3A%2F%2Fgithub.com%2Fnoislabs%2Fnois" "/workspace/builds/worker-5-tc1/source", kill_on_drop: false }`
[INFO] [stderr] Cloning into '/workspace/builds/worker-5-tc1/source'...
[INFO] [stderr] done.
[INFO] validating manifest of git repo https://github.com/noislabs/nois on toolchain 1.83.0
[INFO] running `Command { std: CARGO_HOME="/workspace/cargo-home" RUSTUP_HOME="/workspace/rustup-home" "/workspace/cargo-home/bin/cargo" "+1.83.0" "metadata" "--manifest-path" "Cargo.toml" "--no-deps", kill_on_drop: false }`
[INFO] started tweaking git repo https://github.com/noislabs/nois
[INFO] finished tweaking git repo https://github.com/noislabs/nois
[INFO] tweaked toml for git repo https://github.com/noislabs/nois written to /workspace/builds/worker-5-tc1/source/Cargo.toml
[INFO] crate git repo https://github.com/noislabs/nois already has a lockfile, it will not be regenerated
[INFO] running `Command { std: CARGO_HOME="/workspace/cargo-home" RUSTUP_HOME="/workspace/rustup-home" "/workspace/cargo-home/bin/cargo" "+1.83.0" "fetch" "--manifest-path" "Cargo.toml", kill_on_drop: false }`
[INFO] [stderr]  Downloading crates ...
[INFO] [stderr]   Downloaded cosmwasm-derive v2.0.3
[INFO] [stderr]   Downloaded xxhash-rust v0.8.5
[INFO] [stderr]   Downloaded cosmwasm-schema-derive v2.0.3
[INFO] [stderr]   Downloaded sec1 v0.7.1
[INFO] [stderr]   Downloaded cosmwasm-schema v2.0.3
[INFO] [stderr]   Downloaded cosmwasm-crypto v2.0.3
[INFO] [stderr]   Downloaded cosmwasm-std v2.0.3
[INFO] running `Command { std: "docker" "create" "-v" "/var/lib/crater-agent-workspace/builds/worker-5-tc1/target:/opt/rustwide/target:rw,Z" "-v" "/var/lib/crater-agent-workspace/builds/worker-5-tc1/source:/opt/rustwide/workdir:ro,Z" "-v" "/var/lib/crater-agent-workspace/cargo-home:/opt/rustwide/cargo-home:ro,Z" "-v" "/var/lib/crater-agent-workspace/rustup-home:/opt/rustwide/rustup-home:ro,Z" "-e" "SOURCE_DIR=/opt/rustwide/workdir" "-e" "CARGO_TARGET_DIR=/opt/rustwide/target" "-e" "CARGO_HOME=/opt/rustwide/cargo-home" "-e" "RUSTUP_HOME=/opt/rustwide/rustup-home" "-w" "/opt/rustwide/workdir" "-m" "1610612736" "--user" "0:0" "--network" "none" "ghcr.io/rust-lang/crates-build-env/linux@sha256:f3a9d4ad9d972b27faf3965f35b62e55ba32bbce8f20bc8fe909558a86702fde" "/opt/rustwide/cargo-home/bin/cargo" "+1.83.0" "metadata" "--no-deps" "--format-version=1", kill_on_drop: false }`
[INFO] [stdout] 7e08002489744d3fee6c3db07bcf187ca125657c0ed6c09ff3bca2f80eddfe8a
[INFO] running `Command { std: "docker" "start" "-a" "7e08002489744d3fee6c3db07bcf187ca125657c0ed6c09ff3bca2f80eddfe8a", kill_on_drop: false }`
[INFO] running `Command { std: "docker" "inspect" "7e08002489744d3fee6c3db07bcf187ca125657c0ed6c09ff3bca2f80eddfe8a", kill_on_drop: false }`
[INFO] running `Command { std: "docker" "rm" "-f" "7e08002489744d3fee6c3db07bcf187ca125657c0ed6c09ff3bca2f80eddfe8a", kill_on_drop: false }`
[INFO] [stdout] 7e08002489744d3fee6c3db07bcf187ca125657c0ed6c09ff3bca2f80eddfe8a
[INFO] running `Command { std: "docker" "create" "-v" "/var/lib/crater-agent-workspace/builds/worker-5-tc1/target:/opt/rustwide/target:rw,Z" "-v" "/var/lib/crater-agent-workspace/builds/worker-5-tc1/source:/opt/rustwide/workdir:ro,Z" "-v" "/var/lib/crater-agent-workspace/cargo-home:/opt/rustwide/cargo-home:ro,Z" "-v" "/var/lib/crater-agent-workspace/rustup-home:/opt/rustwide/rustup-home:ro,Z" "-e" "SOURCE_DIR=/opt/rustwide/workdir" "-e" "CARGO_TARGET_DIR=/opt/rustwide/target" "-e" "CARGO_INCREMENTAL=0" "-e" "RUST_BACKTRACE=full" "-e" "RUSTFLAGS=--cap-lints=warn" "-e" "RUSTDOCFLAGS=--cap-lints=warn" "-e" "CARGO_HOME=/opt/rustwide/cargo-home" "-e" "RUSTUP_HOME=/opt/rustwide/rustup-home" "-w" "/opt/rustwide/workdir" "-m" "1610612736" "--user" "0:0" "--network" "none" "ghcr.io/rust-lang/crates-build-env/linux@sha256:f3a9d4ad9d972b27faf3965f35b62e55ba32bbce8f20bc8fe909558a86702fde" "/opt/rustwide/cargo-home/bin/cargo" "+1.83.0" "build" "--frozen" "--message-format=json", kill_on_drop: false }`
[INFO] [stdout] 3feb5eba15b47fb1d604af7992e507da6d373b418ae8c5b8a16886166b00c681
[INFO] running `Command { std: "docker" "start" "-a" "3feb5eba15b47fb1d604af7992e507da6d373b418ae8c5b8a16886166b00c681", kill_on_drop: false }`
[INFO] [stderr]    Compiling zeroize v1.8.1
[INFO] [stderr]    Compiling proc-macro2 v1.0.84
[INFO] [stderr]    Compiling unicode-ident v1.0.3
[INFO] [stderr]    Compiling libc v0.2.132
[INFO] [stderr]    Compiling subtle v2.4.1
[INFO] [stderr]    Compiling const-oid v0.9.6
[INFO] [stderr]    Compiling syn v1.0.99
[INFO] [stderr]    Compiling serde v1.0.203
[INFO] [stderr]    Compiling base16ct v0.2.0
[INFO] [stderr]    Compiling thiserror v1.0.61
[INFO] [stderr]    Compiling cpufeatures v0.2.5
[INFO] [stderr]    Compiling serde_json v1.0.85
[INFO] [stderr]    Compiling generic-array v0.14.6
[INFO] [stderr]    Compiling itoa v1.0.3
[INFO] [stderr]    Compiling ryu v1.0.11
[INFO] [stderr]    Compiling opaque-debug v0.3.0
[INFO] [stderr]    Compiling byteorder v1.4.3
[INFO] [stderr]    Compiling schemars v0.8.10
[INFO] [stderr]    Compiling dyn-clone v1.0.9
[INFO] [stderr]    Compiling once_cell v1.19.0
[INFO] [stderr]    Compiling der v0.7.9
[INFO] [stderr]    Compiling hex v0.4.3
[INFO] [stderr]    Compiling forward_ref v1.0.0
[INFO] [stderr]    Compiling static_assertions v1.1.0
[INFO] [stderr]    Compiling bnum v0.10.0
[INFO] [stderr]    Compiling bech32 v0.9.1
[INFO] [stderr]    Compiling base64 v0.21.7
[INFO] [stderr]    Compiling xxhash-rust v0.8.5
[INFO] [stderr]    Compiling quote v1.0.36
[INFO] [stderr]    Compiling syn v2.0.66
[INFO] [stderr]    Compiling getrandom v0.2.7
[INFO] [stderr]    Compiling getrandom v0.1.16
[INFO] [stderr]    Compiling spki v0.7.3
[INFO] [stderr]    Compiling rand_core v0.6.4
[INFO] [stderr]    Compiling rand_core v0.5.1
[INFO] [stderr]    Compiling block-buffer v0.10.3
[INFO] [stderr]    Compiling crypto-common v0.1.6
[INFO] [stderr]    Compiling digest v0.9.0
[INFO] [stderr]    Compiling sec1 v0.7.1
[INFO] [stderr]    Compiling pkcs8 v0.10.2
[INFO] [stderr]    Compiling block-buffer v0.9.0
[INFO] [stderr]    Compiling digest v0.10.7
[INFO] [stderr]    Compiling ff v0.13.0
[INFO] [stderr]    Compiling crypto-bigint v0.5.5
[INFO] [stderr]    Compiling rand v0.8.5
[INFO] [stderr]    Compiling rand_xoshiro v0.6.0
[INFO] [stderr]    Compiling curve25519-dalek v3.2.0
[INFO] [stderr]    Compiling sha2 v0.9.9
[INFO] [stderr]    Compiling group v0.13.0
[INFO] [stderr]    Compiling hmac v0.12.1
[INFO] [stderr]    Compiling signature v2.2.0
[INFO] [stderr]    Compiling sha2 v0.10.6
[INFO] [stderr]    Compiling rfc6979 v0.4.0
[INFO] [stderr]    Compiling serde_derive v1.0.203
[INFO] [stderr]    Compiling thiserror-impl v1.0.61
[INFO] [stderr]    Compiling elliptic-curve v0.13.8
[INFO] [stderr]    Compiling ecdsa v0.16.9
[INFO] [stderr]    Compiling k256 v0.13.3
[INFO] [stderr]    Compiling serde_derive_internals v0.26.0
[INFO] [stderr]    Compiling cosmwasm-schema-derive v2.0.3
[INFO] [stderr]    Compiling derivative v2.2.0
[INFO] [stderr]    Compiling cosmwasm-derive v2.0.3
[INFO] [stderr]    Compiling schemars_derive v0.8.10
[INFO] [stderr]    Compiling ed25519-zebra v3.0.0
[INFO] [stderr]    Compiling serde-json-wasm v1.0.1
[INFO] [stderr]    Compiling cosmwasm-crypto v2.0.3
[INFO] [stderr]    Compiling cosmwasm-schema v2.0.3
[INFO] [stderr]    Compiling cosmwasm-std v2.0.3
[INFO] [stderr]    Compiling nois v2.0.0 (/opt/rustwide/workdir)
[INFO] [stderr]     Finished `dev` profile [unoptimized + debuginfo] target(s) in 34.17s
[INFO] running `Command { std: "docker" "inspect" "3feb5eba15b47fb1d604af7992e507da6d373b418ae8c5b8a16886166b00c681", kill_on_drop: false }`
[INFO] running `Command { std: "docker" "rm" "-f" "3feb5eba15b47fb1d604af7992e507da6d373b418ae8c5b8a16886166b00c681", kill_on_drop: false }`
[INFO] [stdout] 3feb5eba15b47fb1d604af7992e507da6d373b418ae8c5b8a16886166b00c681
[INFO] running `Command { std: "docker" "create" "-v" "/var/lib/crater-agent-workspace/builds/worker-5-tc1/target:/opt/rustwide/target:rw,Z" "-v" "/var/lib/crater-agent-workspace/builds/worker-5-tc1/source:/opt/rustwide/workdir:ro,Z" "-v" "/var/lib/crater-agent-workspace/cargo-home:/opt/rustwide/cargo-home:ro,Z" "-v" "/var/lib/crater-agent-workspace/rustup-home:/opt/rustwide/rustup-home:ro,Z" "-e" "SOURCE_DIR=/opt/rustwide/workdir" "-e" "CARGO_TARGET_DIR=/opt/rustwide/target" "-e" "CARGO_INCREMENTAL=0" "-e" "RUST_BACKTRACE=full" "-e" "RUSTFLAGS=--cap-lints=warn" "-e" "RUSTDOCFLAGS=--cap-lints=warn" "-e" "CARGO_HOME=/opt/rustwide/cargo-home" "-e" "RUSTUP_HOME=/opt/rustwide/rustup-home" "-w" "/opt/rustwide/workdir" "-m" "1610612736" "--user" "0:0" "--network" "none" "ghcr.io/rust-lang/crates-build-env/linux@sha256:f3a9d4ad9d972b27faf3965f35b62e55ba32bbce8f20bc8fe909558a86702fde" "/opt/rustwide/cargo-home/bin/cargo" "+1.83.0" "test" "--frozen" "--no-run" "--message-format=json", kill_on_drop: false }`
[INFO] [stdout] 52bd705f5aa9f0d79e4c8fcae782ea202001498959370308930edb4fcfece34b
[INFO] running `Command { std: "docker" "start" "-a" "52bd705f5aa9f0d79e4c8fcae782ea202001498959370308930edb4fcfece34b", kill_on_drop: false }`
[INFO] [stderr]    Compiling hex-literal v0.3.4
[INFO] [stderr]    Compiling nois v2.0.0 (/opt/rustwide/workdir)
[INFO] [stderr]     Finished `test` profile [unoptimized + debuginfo] target(s) in 2.50s
[INFO] running `Command { std: "docker" "inspect" "52bd705f5aa9f0d79e4c8fcae782ea202001498959370308930edb4fcfece34b", kill_on_drop: false }`
[INFO] running `Command { std: "docker" "rm" "-f" "52bd705f5aa9f0d79e4c8fcae782ea202001498959370308930edb4fcfece34b", kill_on_drop: false }`
[INFO] [stdout] 52bd705f5aa9f0d79e4c8fcae782ea202001498959370308930edb4fcfece34b
[INFO] running `Command { std: "docker" "create" "-v" "/var/lib/crater-agent-workspace/builds/worker-5-tc1/target:/opt/rustwide/target:rw,Z" "-v" "/var/lib/crater-agent-workspace/builds/worker-5-tc1/source:/opt/rustwide/workdir:ro,Z" "-v" "/var/lib/crater-agent-workspace/cargo-home:/opt/rustwide/cargo-home:ro,Z" "-v" "/var/lib/crater-agent-workspace/rustup-home:/opt/rustwide/rustup-home:ro,Z" "-e" "SOURCE_DIR=/opt/rustwide/workdir" "-e" "CARGO_TARGET_DIR=/opt/rustwide/target" "-e" "CARGO_INCREMENTAL=0" "-e" "RUST_BACKTRACE=full" "-e" "RUSTFLAGS=--cap-lints=warn" "-e" "RUSTDOCFLAGS=--cap-lints=warn" "-e" "CARGO_HOME=/opt/rustwide/cargo-home" "-e" "RUSTUP_HOME=/opt/rustwide/rustup-home" "-w" "/opt/rustwide/workdir" "-m" "1610612736" "--user" "0:0" "--network" "none" "ghcr.io/rust-lang/crates-build-env/linux@sha256:f3a9d4ad9d972b27faf3965f35b62e55ba32bbce8f20bc8fe909558a86702fde" "/opt/rustwide/cargo-home/bin/cargo" "+1.83.0" "test" "--frozen", kill_on_drop: false }`
[INFO] [stdout] 236c0c264861deea9f57ac5eb3e3bfb793ea7a928693eb886b9daf630faa6596
[INFO] running `Command { std: "docker" "start" "-a" "236c0c264861deea9f57ac5eb3e3bfb793ea7a928693eb886b9daf630faa6596", kill_on_drop: false }`
[INFO] [stderr]     Finished `test` profile [unoptimized + debuginfo] target(s) in 0.11s
[INFO] [stderr]      Running unittests src/lib.rs (/opt/rustwide/target/debug/deps/nois-816a6b42cfe0a906)
[INFO] [stdout] 
[INFO] [stdout] running 31 tests
[INFO] [stdout] test coinflip::tests::side_implements_display ... ok
[INFO] [stdout] test dice::tests::roll_dice_works ... ok
[INFO] [stdout] test coinflip::tests::coinflip_works ... ok
[INFO] [stdout] test decimal::tests::u128_from_parts_works ... ok
[INFO] [stdout] test pick::tests::pick_all_performs_full_shuffle_works ... ok
[INFO] [stdout] test coinflip::tests::side_is_heads_and_is_tails_works ... ok
[INFO] [stdout] test integers::tests::int_in_range_works ... ok
[INFO] [stdout] test select_from_weighted::tests::select_from_weighted_fails_on_element_weight_less_than_1 ... ok
[INFO] [stdout] test select_from_weighted::tests::select_from_weighted_works ... ok
[INFO] [stdout] test encoding::tests::randomness_from_str_works ... ok
[INFO] [stdout] test proxy::tests::receiver_execute_msg_serializes_nicely ... ok
[INFO] [stdout] test select_from_weighted::tests::select_from_weighted_fails_on_empty_list ... ok
[INFO] [stdout] test simulator::tests::simulator_works ... ok
[INFO] [stdout] test select_from_weighted::tests::select_from_weighted_fails_with_total_weight_too_high ... ok
[INFO] [stdout] test integers::tests::ints_in_range_works ... ok
[INFO] [stdout] test pick::tests::pick_works ... ok
[INFO] [stdout] test shuffle::tests::shuffle_works ... ok
[INFO] [stdout] test sub_randomness::tests::sub_randomness_with_key_works ... ok
[INFO] [stdout] test sub_randomness::tests::sub_randomness_works ... ok
[INFO] [stdout] test sub_randomness::tests::sub_randomness_implements_iterator ... ok
[INFO] [stdout] test pick::tests::pick_panicks_for_n_greater_than_len - should panic ... ok
[INFO] [stdout] test integers::tests::int_in_range_panicks_for_empty - should panic ... ok
[INFO] [stdout] test decimal::tests::random_decimal_works ... ok
[INFO] [stdout] test sub_randomness::tests::coinflip_distribution_is_uniform ... ok
[INFO] [stdout] test coinflip::tests::coinflip_distribution_is_uniform ... ok
[INFO] [stdout] test shuffle::tests::shuffle_distribution_is_uniform ... ok
[INFO] [stdout] test sub_randomness::tests::pick_distribution_is_uniform ... ok
[INFO] [stdout] test pick::tests::pick_distribution_is_uniform ... ok
[INFO] [stdout] test simulator::tests::coinflip_distribution_is_uniform ... ok
[INFO] [stdout] test dice::tests::roll_dice_is_uniformly_distributes ... ok
[INFO] [stdout] test select_from_weighted::tests::select_from_weighted_distribution_is_uniform ... ok
[INFO] [stdout] 
[INFO] [stdout] test result: ok. 31 passed; 0 failed; 0 ignored; 0 measured; 0 filtered out; finished in 3.66s
[INFO] [stdout] 
[INFO] [stderr]    Doc-tests nois
[INFO] [stdout] 
[INFO] [stdout] running 16 tests
[INFO] [stdout] test src/coinflip.rs - coinflip::coinflip (line 37) ... FAILED
[INFO] [stdout] test src/dice.rs - dice::roll_dice (line 20) ... ok
[INFO] [stdout] test src/pick.rs - pick::pick (line 14) ... ok
[INFO] [stdout] test src/shuffle.rs - shuffle::shuffle (line 29) ... ok
[INFO] [stdout] test src/sub_randomness.rs - sub_randomness::sub_randomness (line 85) ... ok
[INFO] [stdout] test src/shuffle.rs - shuffle::shuffle (line 48) ... ok
[INFO] [stdout] test src/pick.rs - pick::pick (line 28) ... ok
[INFO] [stdout] test src/shuffle.rs - shuffle::shuffle (line 14) ... ok
[INFO] [stdout] test src/sub_randomness.rs - sub_randomness::sub_randomness_with_key (line 34) ... ok
[INFO] [stdout] test src/simulator.rs - simulator::randomness_simulator (line 14) ... ok
[INFO] [stdout] test src/integers.rs - integers::int_in_range (line 31) ... ok
[INFO] [stdout] test src/integers.rs - integers::int_in_range (line 20) ... ok
[INFO] [stdout] test src/integers.rs - integers::ints_in_range (line 72) ... ok
[INFO] [stdout] test src/sub_randomness.rs - sub_randomness::sub_randomness (line 69) ... ok
[INFO] [stdout] test src/dice.rs - dice::roll_dice (line 9) ... ok
[INFO] [stdout] test src/select_from_weighted.rs - select_from_weighted::select_from_weighted (line 18) ... ok
[INFO] [stdout] 
[INFO] [stdout] failures:
[INFO] [stdout] 
[INFO] [stdout] ---- src/coinflip.rs - coinflip::coinflip (line 37) stdout ----
[INFO] [stdout] error: linking with `cc` failed: exit status: 1
[INFO] [stdout]   |
[INFO] [stdout]   = note: LC_ALL="C" PATH="/opt/rustwide/rustup-home/toolchains/1.83.0-x86_64-unknown-linux-gnu/lib/rustlib/x86_64-unknown-linux-gnu/bin:/opt/rustwide/cargo-home/bin:/usr/local/sbin:/usr/local/bin:/usr/sbin:/usr/bin:/sbin:/bin" VSLANG="1033" "cc" "-m64" "/tmp/rustckzFOBf/symbols.o" "/tmp/rustdoctest84S5EU/rust_out.rust_out.cb03291d53e4e161-cgu.0.rcgu.o" "/tmp/rustdoctest84S5EU/rust_out.1s7umcihpz0t7nkz1uc2ifee9.rcgu.o" "-Wl,--as-needed" "-Wl,-Bstatic" "/opt/rustwide/target/debug/deps/libnois.rlib" "/opt/rustwide/target/debug/deps/libxxhash_rust-c1ae9418c9c60ed4.rlib" "/opt/rustwide/target/debug/deps/libcosmwasm_schema-1757e0a0be0f3f83.rlib" "/opt/rustwide/target/debug/deps/librand-f6afc5bf419cda5d.rlib" "/opt/rustwide/target/debug/deps/librand_xoshiro-7478fb67c2c06ffb.rlib" "/opt/rustwide/target/debug/deps/libcosmwasm_std-210298d9757fbf33.rlib" "/opt/rustwide/target/debug/deps/libserde_json_wasm-bfafcc941e61ea2d.rlib" "/opt/rustwide/target/debug/deps/libstatic_assertions-3e50e277f96a204d.rlib" "/opt/rustwide/target/debug/deps/libbech32-e11659bb48f364a3.rlib" "/opt/rustwide/target/debug/deps/libbnum-75c8be2f98816ab4.rlib" "/opt/rustwide/target/debug/deps/libforward_ref-561a5aafceabf380.rlib" "/opt/rustwide/target/debug/deps/libcosmwasm_crypto-fc0131823bd7b76d.rlib" "/opt/rustwide/target/debug/deps/libk256-31be84cef44e45ba.rlib" "/opt/rustwide/target/debug/deps/libecdsa-c9d4378568681a53.rlib" "/opt/rustwide/target/debug/deps/librfc6979-668cc70378df5c4f.rlib" "/opt/rustwide/target/debug/deps/libhmac-c86b7ffdcebe7847.rlib" "/opt/rustwide/target/debug/deps/libsignature-76e444485df9b81e.rlib" "/opt/rustwide/target/debug/deps/libonce_cell-fb2697f9c205eb7c.rlib" "/opt/rustwide/target/debug/deps/libelliptic_curve-e31213bf86da6d5f.rlib" "/opt/rustwide/target/debug/deps/libpkcs8-5121d1d4511c9fe9.rlib" "/opt/rustwide/target/debug/deps/libspki-cdf2630a109bc02b.rlib" "/opt/rustwide/target/debug/deps/libsec1-f7c5223fb6890080.rlib" "/opt/rustwide/target/debug/deps/libder-1ba8ca19410160e0.rlib" "/opt/rustwide/target/debug/deps/libcrypto_bigint-19d5ffcb1aa74cd4.rlib" "/opt/rustwide/target/debug/deps/libbase16ct-f4591a35abf2ea4a.rlib" "/opt/rustwide/target/debug/deps/libgroup-0c7cfd34b32e93c9.rlib" "/opt/rustwide/target/debug/deps/libff-c508bf3e01e21ab1.rlib" "/opt/rustwide/target/debug/deps/libed25519_zebra-20f60aee2eab6cc1.rlib" "/opt/rustwide/target/debug/deps/libhex-72ec0daf2bf2906b.rlib" "/opt/rustwide/target/debug/deps/libsha2-a91199c0f002a4b0.rlib" "/opt/rustwide/target/debug/deps/libopaque_debug-eff99b3ccaf1703a.rlib" "/opt/rustwide/target/debug/deps/libblock_buffer-caac173f5af582e1.rlib" "/opt/rustwide/target/debug/deps/librand_core-9d867fc523146c63.rlib" "/opt/rustwide/target/debug/deps/libgetrandom-a54c9ea433c1275c.rlib" "/opt/rustwide/target/debug/deps/libcurve25519_dalek-b09fb4a913c45efb.rlib" "/opt/rustwide/target/debug/deps/librand_core-0aec79d524a175a5.rlib" "/opt/rustwide/target/debug/deps/libgetrandom-3b2eeec9a1d3ce4f.rlib" "/opt/rustwide/target/debug/deps/liblibc-e174c7534afa9aa3.rlib" "/opt/rustwide/target/debug/deps/libdigest-6da62750d7577769.rlib" "/opt/rustwide/target/debug/deps/libbyteorder-e45ada1827731e5d.rlib" "/opt/rustwide/target/debug/deps/libbase64-c3b18b0672582aa9.rlib" "/opt/rustwide/target/debug/deps/libthiserror-c91fe718e67bfe4f.rlib" "/opt/rustwide/target/debug/deps/libsha2-a873dfaa9b483c32.rlib" "/opt/rustwide/target/debug/deps/libcpufeatures-b8f04b3eb3416634.rlib" "/opt/rustwide/target/debug/deps/libcfg_if-8217498f8667ada9.rlib" "/opt/rustwide/target/debug/deps/libdigest-c3cd7c212d9ad113.rlib" "/opt/rustwide/target/debug/deps/libsubtle-2a5e622e63f2ddb3.rlib" "/opt/rustwide/target/debug/deps/libconst_oid-101706bfd026e31e.rlib" "/opt/rustwide/target/debug/deps/libblock_buffer-4858cec97cc3e908.rlib" "/opt/rustwide/target/debug/deps/libcrypto_common-b22fd5f14c3c1035.rlib" "/opt/rustwide/target/debug/deps/libgeneric_array-b21cdabbcc3b0599.rlib" "/opt/rustwide/target/debug/deps/libtypenum-3be5d027b4b6a023.rlib" "/opt/rustwide/target/debug/deps/libzeroize-01673d2df795c1cc.rlib" "/opt/rustwide/target/debug/deps/libschemars-e0bbf8b1737dc3cb.rlib" "/opt/rustwide/target/debug/deps/libdyn_clone-fd8777f76f1da05d.rlib" "/opt/rustwide/target/debug/deps/libserde_json-284f0187344f2858.rlib" "/opt/rustwide/target/debug/deps/libryu-ea39a09c529e6e72.rlib" "/opt/rustwide/target/debug/deps/libitoa-462c3b0ffc9c1f5e.rlib" "/opt/rustwide/target/debug/deps/libserde-2d36c373cbfc6244.rlib" "/opt/rustwide/rustup-home/toolchains/1.83.0-x86_64-unknown-linux-gnu/lib/rustlib/x86_64-unknown-linux-gnu/lib/libstd-ca74a2d9c5166d9f.rlib" "/opt/rustwide/rustup-home/toolchains/1.83.0-x86_64-unknown-linux-gnu/lib/rustlib/x86_64-unknown-linux-gnu/lib/libpanic_unwind-e31ab23316ed5080.rlib" "/opt/rustwide/rustup-home/toolchains/1.83.0-x86_64-unknown-linux-gnu/lib/rustlib/x86_64-unknown-linux-gnu/lib/libobject-27dc4aa955912662.rlib" "/opt/rustwide/rustup-home/toolchains/1.83.0-x86_64-unknown-linux-gnu/lib/rustlib/x86_64-unknown-linux-gnu/lib/libmemchr-bd0d6cccce077b99.rlib" "/opt/rustwide/rustup-home/toolchains/1.83.0-x86_64-unknown-linux-gnu/lib/rustlib/x86_64-unknown-linux-gnu/lib/libaddr2line-8d001680935b5e3c.rlib" "/opt/rustwide/rustup-home/toolchains/1.83.0-x86_64-unknown-linux-gnu/lib/rustlib/x86_64-unknown-linux-gnu/lib/libgimli-ba8ce71964f984f4.rlib" "/opt/rustwide/rustup-home/toolchains/1.83.0-x86_64-unknown-linux-gnu/lib/rustlib/x86_64-unknown-linux-gnu/lib/librustc_demangle-99a73526abcec14b.rlib" "/opt/rustwide/rustup-home/toolchains/1.83.0-x86_64-unknown-linux-gnu/lib/rustlib/x86_64-unknown-linux-gnu/lib/libstd_detect-63ac0d22cff92579.rlib" "/opt/rustwide/rustup-home/toolchains/1.83.0-x86_64-unknown-linux-gnu/lib/rustlib/x86_64-unknown-linux-gnu/lib/libhashbrown-9057355c92c922d5.rlib" "/opt/rustwide/rustup-home/toolchains/1.83.0-x86_64-unknown-linux-gnu/lib/rustlib/x86_64-unknown-linux-gnu/lib/librustc_std_workspace_alloc-358be9bc1f6bab04.rlib" "/opt/rustwide/rustup-home/toolchains/1.83.0-x86_64-unknown-linux-gnu/lib/rustlib/x86_64-unknown-linux-gnu/lib/libminiz_oxide-aca15549d5bff974.rlib" "/opt/rustwide/rustup-home/toolchains/1.83.0-x86_64-unknown-linux-gnu/lib/rustlib/x86_64-unknown-linux-gnu/lib/libadler-8251d2cef7072448.rlib" "/opt/rustwide/rustup-home/toolchains/1.83.0-x86_64-unknown-linux-gnu/lib/rustlib/x86_64-unknown-linux-gnu/lib/libunwind-7d50b86011c66411.rlib" "/opt/rustwide/rustup-home/toolchains/1.83.0-x86_64-unknown-linux-gnu/lib/rustlib/x86_64-unknown-linux-gnu/lib/libcfg_if-51ea098fce5006bf.rlib" "/opt/rustwide/rustup-home/toolchains/1.83.0-x86_64-unknown-linux-gnu/lib/rustlib/x86_64-unknown-linux-gnu/lib/liblibc-5a14e0d0b712e731.rlib" "/opt/rustwide/rustup-home/toolchains/1.83.0-x86_64-unknown-linux-gnu/lib/rustlib/x86_64-unknown-linux-gnu/lib/liballoc-8b83dbf3a7b8f999.rlib" "/opt/rustwide/rustup-home/toolchains/1.83.0-x86_64-unknown-linux-gnu/lib/rustlib/x86_64-unknown-linux-gnu/lib/librustc_std_workspace_core-c6fd227bdc7b39ff.rlib" "/opt/rustwide/rustup-home/toolchains/1.83.0-x86_64-unknown-linux-gnu/lib/rustlib/x86_64-unknown-linux-gnu/lib/libcore-959d3389fa3da8a5.rlib" "/opt/rustwide/rustup-home/toolchains/1.83.0-x86_64-unknown-linux-gnu/lib/rustlib/x86_64-unknown-linux-gnu/lib/libcompiler_builtins-abe05db089cc2c62.rlib" "-Wl,-Bdynamic" "-lc" "-lm" "-lrt" "-lpthread" "-lgcc_s" "-lutil" "-lrt" "-lpthread" "-lm" "-ldl" "-lc" "-Wl,--eh-frame-hdr" "-Wl,-z,noexecstack" "-L" "/opt/rustwide/rustup-home/toolchains/1.83.0-x86_64-unknown-linux-gnu/lib/rustlib/x86_64-unknown-linux-gnu/lib" "-o" "/tmp/rustdoctest84S5EU/rust_out" "-Wl,--gc-sections" "-pie" "-Wl,-z,relro,-z,now" "-nodefaultlibs"
[INFO] [stdout]   = note: collect2: fatal error: ld terminated with signal 9 [Killed]
[INFO] [stdout]           compilation terminated.
[INFO] [stdout]           
[INFO] [stdout] 
[INFO] [stdout] error: aborting due to 1 previous error
[INFO] [stdout] 
[INFO] [stdout] Couldn't compile the test.
[INFO] [stderr] error: doctest failed, to rerun pass `--doc`
[INFO] [stdout] 
[INFO] [stdout] failures:
[INFO] [stdout]     src/coinflip.rs - coinflip::coinflip (line 37)
[INFO] [stdout] 
[INFO] [stdout] test result: FAILED. 15 passed; 1 failed; 0 ignored; 0 measured; 0 filtered out; finished in 6.10s
[INFO] [stdout] 
[INFO] running `Command { std: "docker" "inspect" "236c0c264861deea9f57ac5eb3e3bfb793ea7a928693eb886b9daf630faa6596", kill_on_drop: false }`
[INFO] running `Command { std: "docker" "rm" "-f" "236c0c264861deea9f57ac5eb3e3bfb793ea7a928693eb886b9daf630faa6596", kill_on_drop: false }`
[INFO] [stdout] 236c0c264861deea9f57ac5eb3e3bfb793ea7a928693eb886b9daf630faa6596
