[INFO] cloning repository https://github.com/noelserdna/Laboratorio-de-identidad-digital-3
[INFO] running `Command { std: "git" "-c" "credential.helper=" "-c" "credential.helper=/workspace/cargo-home/bin/git-credential-null" "clone" "--bare" "https://github.com/noelserdna/Laboratorio-de-identidad-digital-3" "/workspace/cache/git-repos/https%3A%2F%2Fgithub.com%2Fnoelserdna%2FLaboratorio-de-identidad-digital-3", kill_on_drop: false }`
[INFO] [stderr] Cloning into bare repository '/workspace/cache/git-repos/https%3A%2F%2Fgithub.com%2Fnoelserdna%2FLaboratorio-de-identidad-digital-3'...
[INFO] running `Command { std: "git" "rev-parse" "HEAD", kill_on_drop: false }`
[INFO] [stdout] 9d0fcc4836b7a583b50932b3d7cfee562f8a5e5c
[INFO] testing noelserdna/Laboratorio-de-identidad-digital-3 against 1.83.0 for beta-1.84.0-4-retry
[INFO] running `Command { std: "git" "clone" "/workspace/cache/git-repos/https%3A%2F%2Fgithub.com%2Fnoelserdna%2FLaboratorio-de-identidad-digital-3" "/workspace/builds/worker-7-tc1/source", kill_on_drop: false }`
[INFO] [stderr] Cloning into '/workspace/builds/worker-7-tc1/source'...
[INFO] [stderr] done.
[INFO] [stderr] Updating files:  75% (799/1052)
Updating files:  76% (800/1052)
Updating files:  77% (811/1052)
Updating files:  78% (821/1052)
Updating files:  79% (832/1052)
Updating files:  80% (842/1052)
Updating files:  81% (853/1052)
Updating files:  82% (863/1052)
Updating files:  83% (874/1052)
Updating files:  84% (884/1052)
Updating files:  85% (895/1052)
Updating files:  86% (905/1052)
Updating files:  87% (916/1052)
Updating files:  88% (926/1052)
Updating files:  89% (937/1052)
Updating files:  90% (947/1052)
Updating files:  91% (958/1052)
Updating files:  92% (968/1052)
Updating files:  93% (979/1052)
Updating files:  94% (989/1052)
Updating files:  95% (1000/1052)
Updating files:  96% (1010/1052)
Updating files:  97% (1021/1052)
Updating files:  98% (1031/1052)
Updating files:  99% (1042/1052)
Updating files: 100% (1052/1052)
Updating files: 100% (1052/1052), done.
[INFO] validating manifest of git repo https://github.com/noelserdna/Laboratorio-de-identidad-digital-3 on toolchain 1.83.0
[INFO] running `Command { std: CARGO_HOME="/workspace/cargo-home" RUSTUP_HOME="/workspace/rustup-home" "/workspace/cargo-home/bin/cargo" "+1.83.0" "metadata" "--manifest-path" "Cargo.toml" "--no-deps", kill_on_drop: false }`
[INFO] started tweaking git repo https://github.com/noelserdna/Laboratorio-de-identidad-digital-3
[INFO] finished tweaking git repo https://github.com/noelserdna/Laboratorio-de-identidad-digital-3
[INFO] tweaked toml for git repo https://github.com/noelserdna/Laboratorio-de-identidad-digital-3 written to /workspace/builds/worker-7-tc1/source/Cargo.toml
[INFO] crate git repo https://github.com/noelserdna/Laboratorio-de-identidad-digital-3 already has a lockfile, it will not be regenerated
[INFO] running `Command { std: CARGO_HOME="/workspace/cargo-home" RUSTUP_HOME="/workspace/rustup-home" "/workspace/cargo-home/bin/cargo" "+1.83.0" "fetch" "--manifest-path" "Cargo.toml", kill_on_drop: false }`
[INFO] [stderr]     Updating git repository `https://github.com/radixdlt/radixdlt-scrypto`
[INFO] [stderr] error: invalid string
[INFO] [stderr] expected `"`, `'`
[INFO] [stderr]  --> ../../../cargo-home/git/checkouts/radixdlt-scrypto-1833d92590086ce0/7cb4af0/assets/template/Cargo.toml:7:8
[INFO] [stderr]   |
[INFO] [stderr] 7 | sbor = ${sbor}
[INFO] [stderr]   |        ^
[INFO] [stderr]   |
[INFO] [stderr]     Updating crates.io index
[INFO] [stderr]  Downloading crates ...
[INFO] [stderr]   Downloaded bencher v0.1.5
[INFO] [stderr]   Downloaded lru v0.7.3
[INFO] running `Command { std: "docker" "create" "-v" "/var/lib/crater-agent-workspace/builds/worker-7-tc1/target:/opt/rustwide/target:rw,Z" "-v" "/var/lib/crater-agent-workspace/builds/worker-7-tc1/source:/opt/rustwide/workdir:ro,Z" "-v" "/var/lib/crater-agent-workspace/cargo-home:/opt/rustwide/cargo-home:ro,Z" "-v" "/var/lib/crater-agent-workspace/rustup-home:/opt/rustwide/rustup-home:ro,Z" "-e" "SOURCE_DIR=/opt/rustwide/workdir" "-e" "CARGO_TARGET_DIR=/opt/rustwide/target" "-e" "CARGO_HOME=/opt/rustwide/cargo-home" "-e" "RUSTUP_HOME=/opt/rustwide/rustup-home" "-w" "/opt/rustwide/workdir" "-m" "1610612736" "--user" "0:0" "--network" "none" "ghcr.io/rust-lang/crates-build-env/linux@sha256:f3a9d4ad9d972b27faf3965f35b62e55ba32bbce8f20bc8fe909558a86702fde" "/opt/rustwide/cargo-home/bin/cargo" "+1.83.0" "metadata" "--no-deps" "--format-version=1", kill_on_drop: false }`
[INFO] [stdout] d49f2660f0452826dab6e05fa548c7d8fd4062526ae4c0d8ce8cc561692313a4
[INFO] running `Command { std: "docker" "start" "-a" "d49f2660f0452826dab6e05fa548c7d8fd4062526ae4c0d8ce8cc561692313a4", kill_on_drop: false }`
[INFO] running `Command { std: "docker" "inspect" "d49f2660f0452826dab6e05fa548c7d8fd4062526ae4c0d8ce8cc561692313a4", kill_on_drop: false }`
[INFO] running `Command { std: "docker" "rm" "-f" "d49f2660f0452826dab6e05fa548c7d8fd4062526ae4c0d8ce8cc561692313a4", kill_on_drop: false }`
[INFO] [stdout] d49f2660f0452826dab6e05fa548c7d8fd4062526ae4c0d8ce8cc561692313a4
[INFO] running `Command { std: "docker" "create" "-v" "/var/lib/crater-agent-workspace/builds/worker-7-tc1/target:/opt/rustwide/target:rw,Z" "-v" "/var/lib/crater-agent-workspace/builds/worker-7-tc1/source:/opt/rustwide/workdir:ro,Z" "-v" "/var/lib/crater-agent-workspace/cargo-home:/opt/rustwide/cargo-home:ro,Z" "-v" "/var/lib/crater-agent-workspace/rustup-home:/opt/rustwide/rustup-home:ro,Z" "-e" "SOURCE_DIR=/opt/rustwide/workdir" "-e" "CARGO_TARGET_DIR=/opt/rustwide/target" "-e" "CARGO_INCREMENTAL=0" "-e" "RUST_BACKTRACE=full" "-e" "RUSTFLAGS=--cap-lints=warn" "-e" "RUSTDOCFLAGS=--cap-lints=warn" "-e" "CARGO_HOME=/opt/rustwide/cargo-home" "-e" "RUSTUP_HOME=/opt/rustwide/rustup-home" "-w" "/opt/rustwide/workdir" "-m" "1610612736" "--user" "0:0" "--network" "none" "ghcr.io/rust-lang/crates-build-env/linux@sha256:f3a9d4ad9d972b27faf3965f35b62e55ba32bbce8f20bc8fe909558a86702fde" "/opt/rustwide/cargo-home/bin/cargo" "+1.83.0" "build" "--frozen" "--message-format=json", kill_on_drop: false }`
[INFO] [stdout] 02a5fd910434d1b6cb714b827417b393ed10ff6522899a637f3289d0098fad3b
[INFO] running `Command { std: "docker" "start" "-a" "02a5fd910434d1b6cb714b827417b393ed10ff6522899a637f3289d0098fad3b", kill_on_drop: false }`
[INFO] [stderr] error: invalid string
[INFO] [stderr] expected `"`, `'`
[INFO] [stderr]  --> ../cargo-home/git/checkouts/radixdlt-scrypto-1833d92590086ce0/7cb4af0/assets/template/Cargo.toml:7:8
[INFO] [stderr]   |
[INFO] [stderr] 7 | sbor = ${sbor}
[INFO] [stderr]   |        ^
[INFO] [stderr]   |
[INFO] [stderr]    Compiling proc-macro2 v1.0.36
[INFO] [stderr]    Compiling unicode-xid v0.2.2
[INFO] [stderr]    Compiling syn v1.0.89
[INFO] [stderr]    Compiling libc v0.2.121
[INFO] [stderr]    Compiling serde_derive v1.0.136
[INFO] [stderr]    Compiling typenum v1.15.0
[INFO] [stderr]    Compiling serde v1.0.136
[INFO] [stderr]    Compiling serde_json v1.0.79
[INFO] [stderr]    Compiling ryu v1.0.9
[INFO] [stderr]    Compiling itoa v1.0.1
[INFO] [stderr]    Compiling cpufeatures v0.2.2
[INFO] [stderr]    Compiling opaque-debug v0.3.0
[INFO] [stderr]    Compiling hex v0.4.3
[INFO] [stderr]    Compiling generic-array v0.14.5
[INFO] [stderr]    Compiling num-traits v0.2.14
[INFO] [stderr]    Compiling num-integer v0.1.44
[INFO] [stderr]    Compiling quote v1.0.16
[INFO] [stderr]    Compiling getrandom v0.2.5
[INFO] [stderr]    Compiling uuid v0.8.2
[INFO] [stderr]    Compiling num-bigint v0.4.3
[INFO] [stderr]    Compiling digest v0.9.0
[INFO] [stderr]    Compiling block-buffer v0.9.0
[INFO] [stderr]    Compiling sha2 v0.9.9
[INFO] [stderr]    Compiling sbor-derive v0.3.0 (https://github.com/radixdlt/radixdlt-scrypto?tag=v0.3.0#7cb4af0b)
[INFO] [stderr]    Compiling sbor v0.3.0 (https://github.com/radixdlt/radixdlt-scrypto?tag=v0.3.0#7cb4af0b)
[INFO] [stderr]    Compiling scrypto-abi v0.3.0 (https://github.com/radixdlt/radixdlt-scrypto?tag=v0.3.0#7cb4af0b)
[INFO] [stderr]    Compiling scrypto-derive v0.3.0 (https://github.com/radixdlt/radixdlt-scrypto?tag=v0.3.0#7cb4af0b)
[INFO] [stderr]    Compiling scrypto v0.3.0 (https://github.com/radixdlt/radixdlt-scrypto?tag=v0.3.0#7cb4af0b)
[INFO] [stderr]    Compiling indentidad3 v0.1.0 (/opt/rustwide/workdir)
[INFO] [stderr]     Finished `dev` profile [unoptimized + debuginfo] target(s) in 17.08s
[INFO] running `Command { std: "docker" "inspect" "02a5fd910434d1b6cb714b827417b393ed10ff6522899a637f3289d0098fad3b", kill_on_drop: false }`
[INFO] running `Command { std: "docker" "rm" "-f" "02a5fd910434d1b6cb714b827417b393ed10ff6522899a637f3289d0098fad3b", kill_on_drop: false }`
[INFO] [stdout] 02a5fd910434d1b6cb714b827417b393ed10ff6522899a637f3289d0098fad3b
[INFO] running `Command { std: "docker" "create" "-v" "/var/lib/crater-agent-workspace/builds/worker-7-tc1/target:/opt/rustwide/target:rw,Z" "-v" "/var/lib/crater-agent-workspace/builds/worker-7-tc1/source:/opt/rustwide/workdir:ro,Z" "-v" "/var/lib/crater-agent-workspace/cargo-home:/opt/rustwide/cargo-home:ro,Z" "-v" "/var/lib/crater-agent-workspace/rustup-home:/opt/rustwide/rustup-home:ro,Z" "-e" "SOURCE_DIR=/opt/rustwide/workdir" "-e" "CARGO_TARGET_DIR=/opt/rustwide/target" "-e" "CARGO_INCREMENTAL=0" "-e" "RUST_BACKTRACE=full" "-e" "RUSTFLAGS=--cap-lints=warn" "-e" "RUSTDOCFLAGS=--cap-lints=warn" "-e" "CARGO_HOME=/opt/rustwide/cargo-home" "-e" "RUSTUP_HOME=/opt/rustwide/rustup-home" "-w" "/opt/rustwide/workdir" "-m" "1610612736" "--user" "0:0" "--network" "none" "ghcr.io/rust-lang/crates-build-env/linux@sha256:f3a9d4ad9d972b27faf3965f35b62e55ba32bbce8f20bc8fe909558a86702fde" "/opt/rustwide/cargo-home/bin/cargo" "+1.83.0" "test" "--frozen" "--no-run" "--message-format=json", kill_on_drop: false }`
[INFO] [stdout] d237e77b9adeac0e895a4184f1d8fd115caf9afb5638111b5b7df9b7916ae4b8
[INFO] running `Command { std: "docker" "start" "-a" "d237e77b9adeac0e895a4184f1d8fd115caf9afb5638111b5b7df9b7916ae4b8", kill_on_drop: false }`
[INFO] [stderr] error: invalid string
[INFO] [stderr] expected `"`, `'`
[INFO] [stderr]  --> ../cargo-home/git/checkouts/radixdlt-scrypto-1833d92590086ce0/7cb4af0/assets/template/Cargo.toml:7:8
[INFO] [stderr]   |
[INFO] [stderr] 7 | sbor = ${sbor}
[INFO] [stderr]   |        ^
[INFO] [stderr]   |
[INFO] [stderr]    Compiling num-traits v0.2.14
[INFO] [stderr]    Compiling libc v0.2.121
[INFO] [stderr]    Compiling num-integer v0.1.44
[INFO] [stderr]    Compiling num-bigint v0.2.6
[INFO] [stderr]    Compiling ahash v0.7.6
[INFO] [stderr]    Compiling num-rational v0.2.4
[INFO] [stderr]    Compiling once_cell v1.10.0
[INFO] [stderr]    Compiling parity-wasm v0.42.2
[INFO] [stderr]    Compiling getrandom v0.2.5
[INFO] [stderr]    Compiling downcast-rs v1.2.0
[INFO] [stderr]    Compiling memory_units v0.3.0
[INFO] [stderr]    Compiling bencher v0.1.5
[INFO] [stderr]    Compiling uuid v0.8.2
[INFO] [stderr]    Compiling sbor-derive v0.3.0 (https://github.com/radixdlt/radixdlt-scrypto?tag=v0.3.0#7cb4af0b)
[INFO] [stderr]    Compiling atty v0.2.14
[INFO] [stderr]    Compiling colored v2.0.0
[INFO] [stderr]    Compiling hashbrown v0.11.2
[INFO] [stderr]    Compiling wasmi-validation v0.4.1
[INFO] [stderr]    Compiling sbor v0.3.0 (https://github.com/radixdlt/radixdlt-scrypto?tag=v0.3.0#7cb4af0b)
[INFO] [stderr]    Compiling num-bigint v0.4.3
[INFO] [stderr]    Compiling lru v0.7.3
[INFO] [stderr]    Compiling scrypto-abi v0.3.0 (https://github.com/radixdlt/radixdlt-scrypto?tag=v0.3.0#7cb4af0b)
[INFO] [stderr]    Compiling scrypto-derive v0.3.0 (https://github.com/radixdlt/radixdlt-scrypto?tag=v0.3.0#7cb4af0b)
[INFO] [stderr]    Compiling wasmi v0.9.1
[INFO] [stderr]    Compiling scrypto v0.3.0 (https://github.com/radixdlt/radixdlt-scrypto?tag=v0.3.0#7cb4af0b)
[INFO] [stderr]    Compiling radix-engine v0.3.0 (https://github.com/radixdlt/radixdlt-scrypto?tag=v0.3.0#7cb4af0b)
[INFO] [stderr]    Compiling indentidad3 v0.1.0 (/opt/rustwide/workdir)
[INFO] [stderr]     Finished `test` profile [unoptimized + debuginfo] target(s) in 14.15s
[INFO] running `Command { std: "docker" "inspect" "d237e77b9adeac0e895a4184f1d8fd115caf9afb5638111b5b7df9b7916ae4b8", kill_on_drop: false }`
[INFO] running `Command { std: "docker" "rm" "-f" "d237e77b9adeac0e895a4184f1d8fd115caf9afb5638111b5b7df9b7916ae4b8", kill_on_drop: false }`
[INFO] [stdout] d237e77b9adeac0e895a4184f1d8fd115caf9afb5638111b5b7df9b7916ae4b8
[INFO] running `Command { std: "docker" "create" "-v" "/var/lib/crater-agent-workspace/builds/worker-7-tc1/target:/opt/rustwide/target:rw,Z" "-v" "/var/lib/crater-agent-workspace/builds/worker-7-tc1/source:/opt/rustwide/workdir:ro,Z" "-v" "/var/lib/crater-agent-workspace/cargo-home:/opt/rustwide/cargo-home:ro,Z" "-v" "/var/lib/crater-agent-workspace/rustup-home:/opt/rustwide/rustup-home:ro,Z" "-e" "SOURCE_DIR=/opt/rustwide/workdir" "-e" "CARGO_TARGET_DIR=/opt/rustwide/target" "-e" "CARGO_INCREMENTAL=0" "-e" "RUST_BACKTRACE=full" "-e" "RUSTFLAGS=--cap-lints=warn" "-e" "RUSTDOCFLAGS=--cap-lints=warn" "-e" "CARGO_HOME=/opt/rustwide/cargo-home" "-e" "RUSTUP_HOME=/opt/rustwide/rustup-home" "-w" "/opt/rustwide/workdir" "-m" "1610612736" "--user" "0:0" "--network" "none" "ghcr.io/rust-lang/crates-build-env/linux@sha256:f3a9d4ad9d972b27faf3965f35b62e55ba32bbce8f20bc8fe909558a86702fde" "/opt/rustwide/cargo-home/bin/cargo" "+1.83.0" "test" "--frozen", kill_on_drop: false }`
[INFO] [stdout] 6ce05b53fca715563716f45ec8f2d06e291da1267b35143d2a7741722c16fc5d
[INFO] running `Command { std: "docker" "start" "-a" "6ce05b53fca715563716f45ec8f2d06e291da1267b35143d2a7741722c16fc5d", kill_on_drop: false }`
[INFO] [stderr] error: invalid string
[INFO] [stderr] expected `"`, `'`
[INFO] [stderr]  --> ../cargo-home/git/checkouts/radixdlt-scrypto-1833d92590086ce0/7cb4af0/assets/template/Cargo.toml:7:8
[INFO] [stderr]   |
[INFO] [stderr] 7 | sbor = ${sbor}
[INFO] [stderr]   |        ^
[INFO] [stderr]   |
[INFO] [stderr]     Finished `test` profile [unoptimized + debuginfo] target(s) in 0.08s
[INFO] [stderr]      Running unittests src/lib.rs (/opt/rustwide/target/debug/deps/indentidad3-b2fd2ce5aa2bff19)
[INFO] [stdout] 
[INFO] [stdout] running 0 tests
[INFO] [stdout] 
[INFO] [stdout] test result: ok. 0 passed; 0 failed; 0 ignored; 0 measured; 0 filtered out; finished in 0.00s
[INFO] [stdout] 
[INFO] [stderr]      Running tests/lib.rs (/opt/rustwide/target/debug/deps/lib-032cfb8e8ac3a90d)
[INFO] [stdout] 
[INFO] [stdout] running 1 test
[INFO] [stdout] test test_hello ... FAILED
[INFO] [stdout] 
[INFO] [stdout] failures:
[INFO] [stdout] 
[INFO] [stdout] ---- test_hello stdout ----
[INFO] [stdout] thread 'test_hello' panicked at tests/lib.rs:19:10:
[INFO] [stdout] called `Result::unwrap()` on an `Err` value: FailedToExportFunctionAbi(01ff3eae9463d913a0dba37b78896414eadf59ce144a9143c8018f, "Hello", "instantiate_hello")
[INFO] [stdout] stack backtrace:
[INFO] [stdout]    0:     0x586d4602bd1a - std::backtrace_rs::backtrace::libunwind::trace::h5a5b8284f2d0c266
[INFO] [stdout]                                at /rustc/90b35a6239c3d8bdabc530a6a0816f7ff89a0aaf/library/std/src/../../backtrace/src/backtrace/libunwind.rs:116:5
[INFO] [stdout]    1:     0x586d4602bd1a - std::backtrace_rs::backtrace::trace_unsynchronized::h76d4f1c9b0b875e3
[INFO] [stdout]                                at /rustc/90b35a6239c3d8bdabc530a6a0816f7ff89a0aaf/library/std/src/../../backtrace/src/backtrace/mod.rs:66:5
[INFO] [stdout]    2:     0x586d4602bd1a - std::sys::backtrace::_print_fmt::hc4546b8364a537c6
[INFO] [stdout]                                at /rustc/90b35a6239c3d8bdabc530a6a0816f7ff89a0aaf/library/std/src/sys/backtrace.rs:66:9
[INFO] [stdout]    3:     0x586d4602bd1a - <std::sys::backtrace::BacktraceLock::print::DisplayBacktrace as core::fmt::Display>::fmt::h5b6bd5631a6d1f6b
[INFO] [stdout]                                at /rustc/90b35a6239c3d8bdabc530a6a0816f7ff89a0aaf/library/std/src/sys/backtrace.rs:39:26
[INFO] [stdout]    4:     0x586d460528e3 - core::fmt::rt::Argument::fmt::h270f6602a2b96f62
[INFO] [stdout]                                at /rustc/90b35a6239c3d8bdabc530a6a0816f7ff89a0aaf/library/core/src/fmt/rt.rs:177:76
[INFO] [stdout]    5:     0x586d460528e3 - core::fmt::write::h7550c97b06c86515
[INFO] [stdout]                                at /rustc/90b35a6239c3d8bdabc530a6a0816f7ff89a0aaf/library/core/src/fmt/mod.rs:1186:21
[INFO] [stdout]    6:     0x586d46028ee3 - std::io::Write::write_fmt::h509ff860e5956e5e
[INFO] [stdout]                                at /rustc/90b35a6239c3d8bdabc530a6a0816f7ff89a0aaf/library/std/src/io/mod.rs:1839:15
[INFO] [stdout]    7:     0x586d4602bb62 - std::sys::backtrace::BacktraceLock::print::h2395ccd2c84ba3aa
[INFO] [stdout]                                at /rustc/90b35a6239c3d8bdabc530a6a0816f7ff89a0aaf/library/std/src/sys/backtrace.rs:42:9
[INFO] [stdout]    8:     0x586d4602d17a - std::panicking::default_hook::{{closure}}::he19d4c7230e07961
[INFO] [stdout]                                at /rustc/90b35a6239c3d8bdabc530a6a0816f7ff89a0aaf/library/std/src/panicking.rs:268:22
[INFO] [stdout]    9:     0x586d4602cf84 - std::panicking::default_hook::hf614597d3c67bbdb
[INFO] [stdout]                                at /rustc/90b35a6239c3d8bdabc530a6a0816f7ff89a0aaf/library/std/src/panicking.rs:292:9
[INFO] [stdout]   10:     0x586d45d9b089 - <alloc::boxed::Box<F,A> as core::ops::function::Fn<Args>>::call::h39b51ce4599c23d1
[INFO] [stdout]                                at /rustc/90b35a6239c3d8bdabc530a6a0816f7ff89a0aaf/library/alloc/src/boxed.rs:2468:9
[INFO] [stdout]   11:     0x586d45d9b089 - test::test_main::{{closure}}::he977ae839a582784
[INFO] [stdout]                                at /rustc/90b35a6239c3d8bdabc530a6a0816f7ff89a0aaf/library/test/src/lib.rs:133:21
[INFO] [stdout]   12:     0x586d4602d818 - <alloc::boxed::Box<F,A> as core::ops::function::Fn<Args>>::call::h9455091b6b06f9fb
[INFO] [stdout]                                at /rustc/90b35a6239c3d8bdabc530a6a0816f7ff89a0aaf/library/alloc/src/boxed.rs:2468:9
[INFO] [stdout]   13:     0x586d4602d818 - std::panicking::rust_panic_with_hook::h8942133a8b252070
[INFO] [stdout]                                at /rustc/90b35a6239c3d8bdabc530a6a0816f7ff89a0aaf/library/std/src/panicking.rs:809:13
[INFO] [stdout]   14:     0x586d4602d5da - std::panicking::begin_panic_handler::{{closure}}::hb5f5963570096b29
[INFO] [stdout]                                at /rustc/90b35a6239c3d8bdabc530a6a0816f7ff89a0aaf/library/std/src/panicking.rs:674:13
[INFO] [stdout]   15:     0x586d4602c1f9 - std::sys::backtrace::__rust_end_short_backtrace::h6208cedc1922feda
[INFO] [stdout]                                at /rustc/90b35a6239c3d8bdabc530a6a0816f7ff89a0aaf/library/std/src/sys/backtrace.rs:170:18
[INFO] [stdout]   16:     0x586d4602d26c - rust_begin_unwind
[INFO] [stdout]                                at /rustc/90b35a6239c3d8bdabc530a6a0816f7ff89a0aaf/library/std/src/panicking.rs:665:5
[INFO] [stdout]   17:     0x586d45d3ab00 - core::panicking::panic_fmt::h0c3082644d1bf418
[INFO] [stdout]                                at /rustc/90b35a6239c3d8bdabc530a6a0816f7ff89a0aaf/library/core/src/panicking.rs:74:14
[INFO] [stdout]   18:     0x586d45d3af86 - core::result::unwrap_failed::hd20b4aa073bda1e2
[INFO] [stdout]                                at /rustc/90b35a6239c3d8bdabc530a6a0816f7ff89a0aaf/library/core/src/result.rs:1700:5
[INFO] [stdout]   19:     0x586d45d623ce - core::result::Result<T,E>::unwrap::h5e60e815368b6f7e
[INFO] [stdout]                                at /rustc/90b35a6239c3d8bdabc530a6a0816f7ff89a0aaf/library/core/src/result.rs:1104:23
[INFO] [stdout]   20:     0x586d45d623ce - lib::test_hello::h3f6870c2a19bd60f
[INFO] [stdout]                                at /opt/rustwide/workdir/tests/lib.rs:15:24
[INFO] [stdout]   21:     0x586d45d61ee7 - lib::test_hello::{{closure}}::hed9e8a823905f0ad
[INFO] [stdout]                                at /opt/rustwide/workdir/tests/lib.rs:6:16
[INFO] [stdout]   22:     0x586d45d56446 - core::ops::function::FnOnce::call_once::hfd427fc67a8bf788
[INFO] [stdout]                                at /rustc/90b35a6239c3d8bdabc530a6a0816f7ff89a0aaf/library/core/src/ops/function.rs:250:5
[INFO] [stdout]   23:     0x586d45d9fa4b - core::ops::function::FnOnce::call_once::h109cf8051a59b34e
[INFO] [stdout]                                at /rustc/90b35a6239c3d8bdabc530a6a0816f7ff89a0aaf/library/core/src/ops/function.rs:250:5
[INFO] [stdout]   24:     0x586d45d9fa4b - test::__rust_begin_short_backtrace::hf4fff89d377446ba
[INFO] [stdout]                                at /rustc/90b35a6239c3d8bdabc530a6a0816f7ff89a0aaf/library/test/src/lib.rs:621:18
[INFO] [stdout]   25:     0x586d45d9f287 - test::run_test_in_process::{{closure}}::h0e39181dd7ee5a43
[INFO] [stdout]                                at /rustc/90b35a6239c3d8bdabc530a6a0816f7ff89a0aaf/library/test/src/lib.rs:644:60
[INFO] [stdout]   26:     0x586d45d9f287 - <core::panic::unwind_safe::AssertUnwindSafe<F> as core::ops::function::FnOnce<()>>::call_once::hc5a66a30f0bdfd1f
[INFO] [stdout]                                at /rustc/90b35a6239c3d8bdabc530a6a0816f7ff89a0aaf/library/core/src/panic/unwind_safe.rs:272:9
[INFO] [stdout]   27:     0x586d45d9f287 - std::panicking::try::do_call::h873b7cf639554a5e
[INFO] [stdout]                                at /rustc/90b35a6239c3d8bdabc530a6a0816f7ff89a0aaf/library/std/src/panicking.rs:557:40
[INFO] [stdout]   28:     0x586d45d9f287 - std::panicking::try::hdb19862fad9c8bd1
[INFO] [stdout]                                at /rustc/90b35a6239c3d8bdabc530a6a0816f7ff89a0aaf/library/std/src/panicking.rs:520:19
[INFO] [stdout]   29:     0x586d45d9f287 - std::panic::catch_unwind::h281fe732d236d260
[INFO] [stdout]                                at /rustc/90b35a6239c3d8bdabc530a6a0816f7ff89a0aaf/library/std/src/panic.rs:358:14
[INFO] [stdout]   30:     0x586d45d9f287 - test::run_test_in_process::h949b6df8457ed338
[INFO] [stdout]                                at /rustc/90b35a6239c3d8bdabc530a6a0816f7ff89a0aaf/library/test/src/lib.rs:644:27
[INFO] [stdout]   31:     0x586d45d9f287 - test::run_test::{{closure}}::h52c556a6d4740e10
[INFO] [stdout]                                at /rustc/90b35a6239c3d8bdabc530a6a0816f7ff89a0aaf/library/test/src/lib.rs:565:43
[INFO] [stdout]   32:     0x586d45d64564 - test::run_test::{{closure}}::h4237f6381c45ccb9
[INFO] [stdout]                                at /rustc/90b35a6239c3d8bdabc530a6a0816f7ff89a0aaf/library/test/src/lib.rs:595:41
[INFO] [stdout]   33:     0x586d45d64564 - std::sys::backtrace::__rust_begin_short_backtrace::h505c97a579eca628
[INFO] [stdout]                                at /rustc/90b35a6239c3d8bdabc530a6a0816f7ff89a0aaf/library/std/src/sys/backtrace.rs:154:18
[INFO] [stdout]   34:     0x586d45d67c2e - std::thread::Builder::spawn_unchecked_::{{closure}}::{{closure}}::h9e86b2e2bc107ea3
[INFO] [stdout]                                at /rustc/90b35a6239c3d8bdabc530a6a0816f7ff89a0aaf/library/std/src/thread/mod.rs:538:17
[INFO] [stdout]   35:     0x586d45d67c2e - <core::panic::unwind_safe::AssertUnwindSafe<F> as core::ops::function::FnOnce<()>>::call_once::h8b06ddb275ff4a25
[INFO] [stdout]                                at /rustc/90b35a6239c3d8bdabc530a6a0816f7ff89a0aaf/library/core/src/panic/unwind_safe.rs:272:9
[INFO] [stdout]   36:     0x586d45d67c2e - std::panicking::try::do_call::hb26ecd7cd9a9355d
[INFO] [stdout]                                at /rustc/90b35a6239c3d8bdabc530a6a0816f7ff89a0aaf/library/std/src/panicking.rs:557:40
[INFO] [stdout]   37:     0x586d45d67c2e - std::panicking::try::h8ddeca9d705f9069
[INFO] [stdout]                                at /rustc/90b35a6239c3d8bdabc530a6a0816f7ff89a0aaf/library/std/src/panicking.rs:520:19
[INFO] [stdout]   38:     0x586d45d67c2e - std::panic::catch_unwind::h49e1c33078844c46
[INFO] [stdout]                                at /rustc/90b35a6239c3d8bdabc530a6a0816f7ff89a0aaf/library/std/src/panic.rs:358:14
[INFO] [stdout]   39:     0x586d45d67c2e - std::thread::Builder::spawn_unchecked_::{{closure}}::h6073db6ff56ad35d
[INFO] [stdout]                                at /rustc/90b35a6239c3d8bdabc530a6a0816f7ff89a0aaf/library/std/src/thread/mod.rs:537:30
[INFO] [stdout]   40:     0x586d45d67c2e - core::ops::function::FnOnce::call_once{{vtable.shim}}::h2c5a5f3779c774f1
[INFO] [stdout]                                at /rustc/90b35a6239c3d8bdabc530a6a0816f7ff89a0aaf/library/core/src/ops/function.rs:250:5
[INFO] [stdout]   41:     0x586d4603156b - <alloc::boxed::Box<F,A> as core::ops::function::FnOnce<Args>>::call_once::hf75717d9f28faebf
[INFO] [stdout]                                at /rustc/90b35a6239c3d8bdabc530a6a0816f7ff89a0aaf/library/alloc/src/boxed.rs:2454:9
[INFO] [stdout]   42:     0x586d4603156b - <alloc::boxed::Box<F,A> as core::ops::function::FnOnce<Args>>::call_once::h7bd883a5f3c5f3c1
[INFO] [stdout]                                at /rustc/90b35a6239c3d8bdabc530a6a0816f7ff89a0aaf/library/alloc/src/boxed.rs:2454:9
[INFO] [stdout]   43:     0x586d4603156b - std::sys::pal::unix::thread::Thread::new::thread_start::hcc78f3943333fa94
[INFO] [stdout]                                at /rustc/90b35a6239c3d8bdabc530a6a0816f7ff89a0aaf/library/std/src/sys/pal/unix/thread.rs:105:17
[INFO] [stdout]   44:     0x762f2c2bdac3 - <unknown>
[INFO] [stdout]   45:     0x762f2c34ea04 - clone
[INFO] [stdout]   46:                0x0 - <unknown>
[INFO] [stdout] 
[INFO] [stdout] 
[INFO] [stdout] failures:
[INFO] [stdout]     test_hello
[INFO] [stdout] 
[INFO] [stdout] test result: FAILED. 0 passed; 1 failed; 0 ignored; 0 measured; 0 filtered out; finished in 5.91s
[INFO] [stdout] 
[INFO] [stderr] error: test failed, to rerun pass `--test lib`
[INFO] running `Command { std: "docker" "inspect" "6ce05b53fca715563716f45ec8f2d06e291da1267b35143d2a7741722c16fc5d", kill_on_drop: false }`
[INFO] running `Command { std: "docker" "rm" "-f" "6ce05b53fca715563716f45ec8f2d06e291da1267b35143d2a7741722c16fc5d", kill_on_drop: false }`
[INFO] [stdout] 6ce05b53fca715563716f45ec8f2d06e291da1267b35143d2a7741722c16fc5d
