[INFO] cloning repository https://github.com/noelserdna/Identidad-digital-Episodio-1
[INFO] running `Command { std: "git" "-c" "credential.helper=" "-c" "credential.helper=/workspace/cargo-home/bin/git-credential-null" "clone" "--bare" "https://github.com/noelserdna/Identidad-digital-Episodio-1" "/workspace/cache/git-repos/https%3A%2F%2Fgithub.com%2Fnoelserdna%2FIdentidad-digital-Episodio-1", kill_on_drop: false }`
[INFO] [stderr] Cloning into bare repository '/workspace/cache/git-repos/https%3A%2F%2Fgithub.com%2Fnoelserdna%2FIdentidad-digital-Episodio-1'...
[INFO] running `Command { std: "git" "rev-parse" "HEAD", kill_on_drop: false }`
[INFO] [stdout] 54054fd59fdf45d9625b006504d1e6e0adf8801b
[INFO] testing noelserdna/Identidad-digital-Episodio-1 against beta-2024-12-08 for beta-1.84.0-4-retry
[INFO] running `Command { std: "git" "clone" "/workspace/cache/git-repos/https%3A%2F%2Fgithub.com%2Fnoelserdna%2FIdentidad-digital-Episodio-1" "/workspace/builds/worker-2-tc2/source", kill_on_drop: false }`
[INFO] [stderr] Cloning into '/workspace/builds/worker-2-tc2/source'...
[INFO] [stderr] done.
[INFO] [stderr] Updating files:  74% (814/1090)
Updating files:  75% (818/1090)
Updating files:  76% (829/1090)
Updating files:  77% (840/1090)
Updating files:  78% (851/1090)
Updating files:  79% (862/1090)
Updating files:  80% (872/1090)
Updating files:  81% (883/1090)
Updating files:  82% (894/1090)
Updating files:  83% (905/1090)
Updating files:  84% (916/1090)
Updating files:  85% (927/1090)
Updating files:  86% (938/1090)
Updating files:  87% (949/1090)
Updating files:  88% (960/1090)
Updating files:  89% (971/1090)
Updating files:  90% (981/1090)
Updating files:  91% (992/1090)
Updating files:  92% (1003/1090)
Updating files:  93% (1014/1090)
Updating files:  94% (1025/1090)
Updating files:  95% (1036/1090)
Updating files:  96% (1047/1090)
Updating files:  97% (1058/1090)
Updating files:  98% (1069/1090)
Updating files:  99% (1080/1090)
Updating files: 100% (1090/1090)
Updating files: 100% (1090/1090), done.
[INFO] validating manifest of git repo https://github.com/noelserdna/Identidad-digital-Episodio-1 on toolchain beta-2024-12-08
[INFO] running `Command { std: CARGO_HOME="/workspace/cargo-home" RUSTUP_HOME="/workspace/rustup-home" "/workspace/cargo-home/bin/cargo" "+beta-2024-12-08" "metadata" "--manifest-path" "Cargo.toml" "--no-deps", kill_on_drop: false }`
[INFO] started tweaking git repo https://github.com/noelserdna/Identidad-digital-Episodio-1
[INFO] finished tweaking git repo https://github.com/noelserdna/Identidad-digital-Episodio-1
[INFO] tweaked toml for git repo https://github.com/noelserdna/Identidad-digital-Episodio-1 written to /workspace/builds/worker-2-tc2/source/Cargo.toml
[INFO] crate git repo https://github.com/noelserdna/Identidad-digital-Episodio-1 already has a lockfile, it will not be regenerated
[INFO] running `Command { std: CARGO_HOME="/workspace/cargo-home" RUSTUP_HOME="/workspace/rustup-home" "/workspace/cargo-home/bin/cargo" "+beta-2024-12-08" "fetch" "--manifest-path" "Cargo.toml", kill_on_drop: false }`
[INFO] [stderr] error: invalid string
[INFO] [stderr] expected `"`, `'`
[INFO] [stderr]  --> ../../../cargo-home/git/checkouts/radixdlt-scrypto-1833d92590086ce0/7cb4af0/assets/template/Cargo.toml:7:8
[INFO] [stderr]   |
[INFO] [stderr] 7 | sbor = ${sbor}
[INFO] [stderr]   |        ^
[INFO] [stderr]   |
[INFO] running `Command { std: "docker" "create" "-v" "/var/lib/crater-agent-workspace/builds/worker-2-tc2/target:/opt/rustwide/target:rw,Z" "-v" "/var/lib/crater-agent-workspace/builds/worker-2-tc2/source:/opt/rustwide/workdir:ro,Z" "-v" "/var/lib/crater-agent-workspace/cargo-home:/opt/rustwide/cargo-home:ro,Z" "-v" "/var/lib/crater-agent-workspace/rustup-home:/opt/rustwide/rustup-home:ro,Z" "-e" "SOURCE_DIR=/opt/rustwide/workdir" "-e" "CARGO_TARGET_DIR=/opt/rustwide/target" "-e" "CARGO_HOME=/opt/rustwide/cargo-home" "-e" "RUSTUP_HOME=/opt/rustwide/rustup-home" "-w" "/opt/rustwide/workdir" "-m" "1610612736" "--user" "0:0" "--network" "none" "ghcr.io/rust-lang/crates-build-env/linux@sha256:f3a9d4ad9d972b27faf3965f35b62e55ba32bbce8f20bc8fe909558a86702fde" "/opt/rustwide/cargo-home/bin/cargo" "+beta-2024-12-08" "metadata" "--no-deps" "--format-version=1", kill_on_drop: false }`
[INFO] [stdout] a9ff3139a04632b8b7705a317d852fb83f30ce9e91e4a7659034e9b54dbcbc9f
[INFO] running `Command { std: "docker" "start" "-a" "a9ff3139a04632b8b7705a317d852fb83f30ce9e91e4a7659034e9b54dbcbc9f", kill_on_drop: false }`
[INFO] running `Command { std: "docker" "inspect" "a9ff3139a04632b8b7705a317d852fb83f30ce9e91e4a7659034e9b54dbcbc9f", kill_on_drop: false }`
[INFO] running `Command { std: "docker" "rm" "-f" "a9ff3139a04632b8b7705a317d852fb83f30ce9e91e4a7659034e9b54dbcbc9f", kill_on_drop: false }`
[INFO] [stdout] a9ff3139a04632b8b7705a317d852fb83f30ce9e91e4a7659034e9b54dbcbc9f
[INFO] running `Command { std: "docker" "create" "-v" "/var/lib/crater-agent-workspace/builds/worker-2-tc2/target:/opt/rustwide/target:rw,Z" "-v" "/var/lib/crater-agent-workspace/builds/worker-2-tc2/source:/opt/rustwide/workdir:ro,Z" "-v" "/var/lib/crater-agent-workspace/cargo-home:/opt/rustwide/cargo-home:ro,Z" "-v" "/var/lib/crater-agent-workspace/rustup-home:/opt/rustwide/rustup-home:ro,Z" "-e" "SOURCE_DIR=/opt/rustwide/workdir" "-e" "CARGO_TARGET_DIR=/opt/rustwide/target" "-e" "CARGO_INCREMENTAL=0" "-e" "RUST_BACKTRACE=full" "-e" "RUSTFLAGS=--cap-lints=warn" "-e" "RUSTDOCFLAGS=--cap-lints=warn" "-e" "CARGO_HOME=/opt/rustwide/cargo-home" "-e" "RUSTUP_HOME=/opt/rustwide/rustup-home" "-w" "/opt/rustwide/workdir" "-m" "1610612736" "--user" "0:0" "--network" "none" "ghcr.io/rust-lang/crates-build-env/linux@sha256:f3a9d4ad9d972b27faf3965f35b62e55ba32bbce8f20bc8fe909558a86702fde" "/opt/rustwide/cargo-home/bin/cargo" "+beta-2024-12-08" "build" "--frozen" "--message-format=json", kill_on_drop: false }`
[INFO] [stdout] 2820d86ea941c9019e0e0b9b9b4555a7dd7ad5f12e51c7e70777136e84aac003
[INFO] running `Command { std: "docker" "start" "-a" "2820d86ea941c9019e0e0b9b9b4555a7dd7ad5f12e51c7e70777136e84aac003", kill_on_drop: false }`
[INFO] [stderr] error: invalid string
[INFO] [stderr] expected `"`, `'`
[INFO] [stderr]  --> ../cargo-home/git/checkouts/radixdlt-scrypto-1833d92590086ce0/7cb4af0/assets/template/Cargo.toml:7:8
[INFO] [stderr]   |
[INFO] [stderr] 7 | sbor = ${sbor}
[INFO] [stderr]   |        ^
[INFO] [stderr]   |
[INFO] [stderr]    Compiling proc-macro2 v1.0.36
[INFO] [stderr]    Compiling unicode-xid v0.2.2
[INFO] [stderr]    Compiling syn v1.0.86
[INFO] [stderr]    Compiling libc v0.2.119
[INFO] [stderr]    Compiling serde_derive v1.0.136
[INFO] [stderr]    Compiling typenum v1.15.0
[INFO] [stderr]    Compiling serde v1.0.136
[INFO] [stderr]    Compiling serde_json v1.0.79
[INFO] [stderr]    Compiling itoa v1.0.1
[INFO] [stderr]    Compiling ryu v1.0.9
[INFO] [stderr]    Compiling cpufeatures v0.2.1
[INFO] [stderr]    Compiling hex v0.4.3
[INFO] [stderr]    Compiling generic-array v0.14.5
[INFO] [stderr]    Compiling num-traits v0.2.14
[INFO] [stderr]    Compiling num-integer v0.1.44
[INFO] [stderr]    Compiling num-bigint v0.4.3
[INFO] [stderr]    Compiling quote v1.0.15
[INFO] [stderr]    Compiling getrandom v0.2.5
[INFO] [stderr]    Compiling uuid v0.8.2
[INFO] [stderr]    Compiling block-buffer v0.9.0
[INFO] [stderr]    Compiling digest v0.9.0
[INFO] [stderr]    Compiling sha2 v0.9.9
[INFO] [stderr]    Compiling sbor-derive v0.3.0 (https://github.com/radixdlt/radixdlt-scrypto?tag=v0.3.0#7cb4af0b)
[INFO] [stderr]    Compiling sbor v0.3.0 (https://github.com/radixdlt/radixdlt-scrypto?tag=v0.3.0#7cb4af0b)
[INFO] [stderr]    Compiling scrypto-abi v0.3.0 (https://github.com/radixdlt/radixdlt-scrypto?tag=v0.3.0#7cb4af0b)
[INFO] [stderr]    Compiling scrypto-derive v0.3.0 (https://github.com/radixdlt/radixdlt-scrypto?tag=v0.3.0#7cb4af0b)
[INFO] [stderr]    Compiling scrypto v0.3.0 (https://github.com/radixdlt/radixdlt-scrypto?tag=v0.3.0#7cb4af0b)
[INFO] [stderr]    Compiling identidad1 v0.1.0 (/opt/rustwide/workdir)
[INFO] [stderr]     Finished `dev` profile [unoptimized + debuginfo] target(s) in 20.83s
[INFO] running `Command { std: "docker" "inspect" "2820d86ea941c9019e0e0b9b9b4555a7dd7ad5f12e51c7e70777136e84aac003", kill_on_drop: false }`
[INFO] running `Command { std: "docker" "rm" "-f" "2820d86ea941c9019e0e0b9b9b4555a7dd7ad5f12e51c7e70777136e84aac003", kill_on_drop: false }`
[INFO] [stdout] 2820d86ea941c9019e0e0b9b9b4555a7dd7ad5f12e51c7e70777136e84aac003
[INFO] running `Command { std: "docker" "create" "-v" "/var/lib/crater-agent-workspace/builds/worker-2-tc2/target:/opt/rustwide/target:rw,Z" "-v" "/var/lib/crater-agent-workspace/builds/worker-2-tc2/source:/opt/rustwide/workdir:ro,Z" "-v" "/var/lib/crater-agent-workspace/cargo-home:/opt/rustwide/cargo-home:ro,Z" "-v" "/var/lib/crater-agent-workspace/rustup-home:/opt/rustwide/rustup-home:ro,Z" "-e" "SOURCE_DIR=/opt/rustwide/workdir" "-e" "CARGO_TARGET_DIR=/opt/rustwide/target" "-e" "CARGO_INCREMENTAL=0" "-e" "RUST_BACKTRACE=full" "-e" "RUSTFLAGS=--cap-lints=warn" "-e" "RUSTDOCFLAGS=--cap-lints=warn" "-e" "CARGO_HOME=/opt/rustwide/cargo-home" "-e" "RUSTUP_HOME=/opt/rustwide/rustup-home" "-w" "/opt/rustwide/workdir" "-m" "1610612736" "--user" "0:0" "--network" "none" "ghcr.io/rust-lang/crates-build-env/linux@sha256:f3a9d4ad9d972b27faf3965f35b62e55ba32bbce8f20bc8fe909558a86702fde" "/opt/rustwide/cargo-home/bin/cargo" "+beta-2024-12-08" "test" "--frozen" "--no-run" "--message-format=json", kill_on_drop: false }`
[INFO] [stdout] 44208717a06ae20b81056101da204addb90c64f1e5bf238c7e08fbc6c33a5738
[INFO] running `Command { std: "docker" "start" "-a" "44208717a06ae20b81056101da204addb90c64f1e5bf238c7e08fbc6c33a5738", kill_on_drop: false }`
[INFO] [stderr] error: invalid string
[INFO] [stderr] expected `"`, `'`
[INFO] [stderr]  --> ../cargo-home/git/checkouts/radixdlt-scrypto-1833d92590086ce0/7cb4af0/assets/template/Cargo.toml:7:8
[INFO] [stderr]   |
[INFO] [stderr] 7 | sbor = ${sbor}
[INFO] [stderr]   |        ^
[INFO] [stderr]   |
[INFO] [stderr]    Compiling num-traits v0.2.14
[INFO] [stderr]    Compiling libc v0.2.119
[INFO] [stderr]    Compiling num-integer v0.1.44
[INFO] [stderr]    Compiling num-bigint v0.2.6
[INFO] [stderr]    Compiling ahash v0.7.6
[INFO] [stderr]    Compiling num-rational v0.2.4
[INFO] [stderr]    Compiling once_cell v1.9.0
[INFO] [stderr]    Compiling parity-wasm v0.42.2
[INFO] [stderr]    Compiling downcast-rs v1.2.0
[INFO] [stderr]    Compiling getrandom v0.2.5
[INFO] [stderr]    Compiling memory_units v0.3.0
[INFO] [stderr]    Compiling bencher v0.1.5
[INFO] [stderr]    Compiling uuid v0.8.2
[INFO] [stderr]    Compiling sbor-derive v0.3.0 (https://github.com/radixdlt/radixdlt-scrypto?tag=v0.3.0#7cb4af0b)
[INFO] [stderr]    Compiling atty v0.2.14
[INFO] [stderr]    Compiling colored v2.0.0
[INFO] [stderr]    Compiling hashbrown v0.11.2
[INFO] [stderr]    Compiling wasmi-validation v0.4.1
[INFO] [stderr]    Compiling num-bigint v0.4.3
[INFO] [stderr]    Compiling sbor v0.3.0 (https://github.com/radixdlt/radixdlt-scrypto?tag=v0.3.0#7cb4af0b)
[INFO] [stderr]    Compiling lru v0.7.3
[INFO] [stderr]    Compiling scrypto-abi v0.3.0 (https://github.com/radixdlt/radixdlt-scrypto?tag=v0.3.0#7cb4af0b)
[INFO] [stderr]    Compiling scrypto-derive v0.3.0 (https://github.com/radixdlt/radixdlt-scrypto?tag=v0.3.0#7cb4af0b)
[INFO] [stderr]    Compiling wasmi v0.9.1
[INFO] [stderr]    Compiling scrypto v0.3.0 (https://github.com/radixdlt/radixdlt-scrypto?tag=v0.3.0#7cb4af0b)
[INFO] [stderr]    Compiling radix-engine v0.3.0 (https://github.com/radixdlt/radixdlt-scrypto?tag=v0.3.0#7cb4af0b)
[INFO] [stderr]    Compiling identidad1 v0.1.0 (/opt/rustwide/workdir)
[INFO] [stderr]     Finished `test` profile [unoptimized + debuginfo] target(s) in 12.57s
[INFO] running `Command { std: "docker" "inspect" "44208717a06ae20b81056101da204addb90c64f1e5bf238c7e08fbc6c33a5738", kill_on_drop: false }`
[INFO] running `Command { std: "docker" "rm" "-f" "44208717a06ae20b81056101da204addb90c64f1e5bf238c7e08fbc6c33a5738", kill_on_drop: false }`
[INFO] [stdout] 44208717a06ae20b81056101da204addb90c64f1e5bf238c7e08fbc6c33a5738
[INFO] running `Command { std: "docker" "create" "-v" "/var/lib/crater-agent-workspace/builds/worker-2-tc2/target:/opt/rustwide/target:rw,Z" "-v" "/var/lib/crater-agent-workspace/builds/worker-2-tc2/source:/opt/rustwide/workdir:ro,Z" "-v" "/var/lib/crater-agent-workspace/cargo-home:/opt/rustwide/cargo-home:ro,Z" "-v" "/var/lib/crater-agent-workspace/rustup-home:/opt/rustwide/rustup-home:ro,Z" "-e" "SOURCE_DIR=/opt/rustwide/workdir" "-e" "CARGO_TARGET_DIR=/opt/rustwide/target" "-e" "CARGO_INCREMENTAL=0" "-e" "RUST_BACKTRACE=full" "-e" "RUSTFLAGS=--cap-lints=warn" "-e" "RUSTDOCFLAGS=--cap-lints=warn" "-e" "CARGO_HOME=/opt/rustwide/cargo-home" "-e" "RUSTUP_HOME=/opt/rustwide/rustup-home" "-w" "/opt/rustwide/workdir" "-m" "1610612736" "--user" "0:0" "--network" "none" "ghcr.io/rust-lang/crates-build-env/linux@sha256:f3a9d4ad9d972b27faf3965f35b62e55ba32bbce8f20bc8fe909558a86702fde" "/opt/rustwide/cargo-home/bin/cargo" "+beta-2024-12-08" "test" "--frozen", kill_on_drop: false }`
[INFO] [stdout] 71a5617d583e0615d6a8d7178d7b0e2db2bb7c65b5209a087c1db5da34d55d59
[INFO] running `Command { std: "docker" "start" "-a" "71a5617d583e0615d6a8d7178d7b0e2db2bb7c65b5209a087c1db5da34d55d59", kill_on_drop: false }`
[INFO] [stderr] error: invalid string
[INFO] [stderr] expected `"`, `'`
[INFO] [stderr]  --> ../cargo-home/git/checkouts/radixdlt-scrypto-1833d92590086ce0/7cb4af0/assets/template/Cargo.toml:7:8
[INFO] [stderr]   |
[INFO] [stderr] 7 | sbor = ${sbor}
[INFO] [stderr]   |        ^
[INFO] [stderr]   |
[INFO] [stderr]     Finished `test` profile [unoptimized + debuginfo] target(s) in 0.07s
[INFO] [stderr]      Running unittests src/lib.rs (/opt/rustwide/target/debug/deps/identidad1-373c118befefadd9)
[INFO] [stdout] 
[INFO] [stdout] running 0 tests
[INFO] [stdout] 
[INFO] [stdout] test result: ok. 0 passed; 0 failed; 0 ignored; 0 measured; 0 filtered out; finished in 0.00s
[INFO] [stdout] 
[INFO] [stderr]      Running tests/lib.rs (/opt/rustwide/target/debug/deps/lib-52d1d0865c45be82)
[INFO] [stdout] 
[INFO] [stdout] running 1 test
[INFO] [stdout] test test_hello ... FAILED
[INFO] [stdout] 
[INFO] [stdout] failures:
[INFO] [stdout] 
[INFO] [stdout] ---- test_hello stdout ----
[INFO] [stdout] thread 'test_hello' panicked at tests/lib.rs:19:10:
[INFO] [stdout] called `Result::unwrap()` on an `Err` value: FailedToExportFunctionAbi(01ff3eae9463d913a0dba37b78896414eadf59ce144a9143c8018f, "Hello", "instantiate_hello")
[INFO] [stdout] stack backtrace:
[INFO] [stdout]    0:     0x61f3a9ec43ea - std::backtrace_rs::backtrace::libunwind::trace::h8810477743020387
[INFO] [stdout]                                at /rustc/202008a1b8de96d2e5b6bc02d379db03a877d34d/library/std/src/../../backtrace/src/backtrace/libunwind.rs:116:5
[INFO] [stdout]    1:     0x61f3a9ec43ea - std::backtrace_rs::backtrace::trace_unsynchronized::h3aa55355dd6c54a6
[INFO] [stdout]                                at /rustc/202008a1b8de96d2e5b6bc02d379db03a877d34d/library/std/src/../../backtrace/src/backtrace/mod.rs:66:5
[INFO] [stdout]    2:     0x61f3a9ec43ea - std::sys::backtrace::_print_fmt::h8588b0f62410823f
[INFO] [stdout]                                at /rustc/202008a1b8de96d2e5b6bc02d379db03a877d34d/library/std/src/sys/backtrace.rs:66:9
[INFO] [stdout]    3:     0x61f3a9ec43ea - <std::sys::backtrace::BacktraceLock::print::DisplayBacktrace as core::fmt::Display>::fmt::h98c26ac25ffe89bb
[INFO] [stdout]                                at /rustc/202008a1b8de96d2e5b6bc02d379db03a877d34d/library/std/src/sys/backtrace.rs:39:26
[INFO] [stdout]    4:     0x61f3a9eeb623 - core::fmt::rt::Argument::fmt::hf95377f4aebd453b
[INFO] [stdout]                                at /rustc/202008a1b8de96d2e5b6bc02d379db03a877d34d/library/core/src/fmt/rt.rs:177:76
[INFO] [stdout]    5:     0x61f3a9eeb623 - core::fmt::write::h0dd5f6e2238c7982
[INFO] [stdout]                                at /rustc/202008a1b8de96d2e5b6bc02d379db03a877d34d/library/core/src/fmt/mod.rs:1189:21
[INFO] [stdout]    6:     0x61f3a9ec1583 - std::io::Write::write_fmt::h03bb0ca26e6faf8c
[INFO] [stdout]                                at /rustc/202008a1b8de96d2e5b6bc02d379db03a877d34d/library/std/src/io/mod.rs:1884:15
[INFO] [stdout]    7:     0x61f3a9ec4232 - std::sys::backtrace::BacktraceLock::print::h5c19c1c038ee186d
[INFO] [stdout]                                at /rustc/202008a1b8de96d2e5b6bc02d379db03a877d34d/library/std/src/sys/backtrace.rs:42:9
[INFO] [stdout]    8:     0x61f3a9ec586d - std::panicking::default_hook::{{closure}}::h77172f079a1fcb13
[INFO] [stdout]                                at /rustc/202008a1b8de96d2e5b6bc02d379db03a877d34d/library/std/src/panicking.rs:268:22
[INFO] [stdout]    9:     0x61f3a9ec5677 - std::panicking::default_hook::he5f8e3b203ccddba
[INFO] [stdout]                                at /rustc/202008a1b8de96d2e5b6bc02d379db03a877d34d/library/std/src/panicking.rs:292:9
[INFO] [stdout]   10:     0x61f3a9c2e4e7 - <alloc::boxed::Box<F,A> as core::ops::function::Fn<Args>>::call::h7a3c7b4a1ae77f2f
[INFO] [stdout]                                at /rustc/202008a1b8de96d2e5b6bc02d379db03a877d34d/library/alloc/src/boxed.rs:1986:9
[INFO] [stdout]   11:     0x61f3a9c2e4e7 - test::test_main::{{closure}}::hf0d3b69ae9b353d1
[INFO] [stdout]                                at /rustc/202008a1b8de96d2e5b6bc02d379db03a877d34d/library/test/src/lib.rs:134:21
[INFO] [stdout]   12:     0x61f3a9ec5f18 - <alloc::boxed::Box<F,A> as core::ops::function::Fn<Args>>::call::h6332e82e7b189abd
[INFO] [stdout]                                at /rustc/202008a1b8de96d2e5b6bc02d379db03a877d34d/library/alloc/src/boxed.rs:1986:9
[INFO] [stdout]   13:     0x61f3a9ec5f18 - std::panicking::rust_panic_with_hook::h53863d4e9018df39
[INFO] [stdout]                                at /rustc/202008a1b8de96d2e5b6bc02d379db03a877d34d/library/std/src/panicking.rs:809:13
[INFO] [stdout]   14:     0x61f3a9ec5cda - std::panicking::begin_panic_handler::{{closure}}::h67280e6fa0757873
[INFO] [stdout]                                at /rustc/202008a1b8de96d2e5b6bc02d379db03a877d34d/library/std/src/panicking.rs:674:13
[INFO] [stdout]   15:     0x61f3a9ec48c9 - std::sys::backtrace::__rust_end_short_backtrace::h1dac3f54d6fbbeb2
[INFO] [stdout]                                at /rustc/202008a1b8de96d2e5b6bc02d379db03a877d34d/library/std/src/sys/backtrace.rs:170:18
[INFO] [stdout]   16:     0x61f3a9ec596c - rust_begin_unwind
[INFO] [stdout]                                at /rustc/202008a1b8de96d2e5b6bc02d379db03a877d34d/library/std/src/panicking.rs:665:5
[INFO] [stdout]   17:     0x61f3a9bc6b50 - core::panicking::panic_fmt::h6792bd1b2bf01041
[INFO] [stdout]                                at /rustc/202008a1b8de96d2e5b6bc02d379db03a877d34d/library/core/src/panicking.rs:76:14
[INFO] [stdout]   18:     0x61f3a9bc6fd6 - core::result::unwrap_failed::h05e0602ed34287c5
[INFO] [stdout]                                at /rustc/202008a1b8de96d2e5b6bc02d379db03a877d34d/library/core/src/result.rs:1699:5
[INFO] [stdout]   19:     0x61f3a9beebde - core::result::Result<T,E>::unwrap::hba2f8b61a8ac97b5
[INFO] [stdout]                                at /rustc/202008a1b8de96d2e5b6bc02d379db03a877d34d/library/core/src/result.rs:1104:23
[INFO] [stdout]   20:     0x61f3a9beebde - lib::test_hello::h0c4bdaae643d1970
[INFO] [stdout]                                at /opt/rustwide/workdir/tests/lib.rs:15:24
[INFO] [stdout]   21:     0x61f3a9bee6f7 - lib::test_hello::{{closure}}::h461708ea265f44f1
[INFO] [stdout]                                at /opt/rustwide/workdir/tests/lib.rs:6:16
[INFO] [stdout]   22:     0x61f3a9be8dc6 - core::ops::function::FnOnce::call_once::h2dde045b7a5b9ad4
[INFO] [stdout]                                at /rustc/202008a1b8de96d2e5b6bc02d379db03a877d34d/library/core/src/ops/function.rs:250:5
[INFO] [stdout]   23:     0x61f3a9c3300b - core::ops::function::FnOnce::call_once::h871bf86719ec9aa4
[INFO] [stdout]                                at /rustc/202008a1b8de96d2e5b6bc02d379db03a877d34d/library/core/src/ops/function.rs:250:5
[INFO] [stdout]   24:     0x61f3a9c3300b - test::__rust_begin_short_backtrace::h2167df1e2b7d76fd
[INFO] [stdout]                                at /rustc/202008a1b8de96d2e5b6bc02d379db03a877d34d/library/test/src/lib.rs:632:18
[INFO] [stdout]   25:     0x61f3a9c329f8 - test::run_test_in_process::{{closure}}::h15d92f75a3adfb79
[INFO] [stdout]                                at /rustc/202008a1b8de96d2e5b6bc02d379db03a877d34d/library/test/src/lib.rs:655:60
[INFO] [stdout]   26:     0x61f3a9c329f8 - <core::panic::unwind_safe::AssertUnwindSafe<F> as core::ops::function::FnOnce<()>>::call_once::hb6c8955835a8dbbb
[INFO] [stdout]                                at /rustc/202008a1b8de96d2e5b6bc02d379db03a877d34d/library/core/src/panic/unwind_safe.rs:272:9
[INFO] [stdout]   27:     0x61f3a9c329f8 - std::panicking::try::do_call::hc79d0fc888a0bd30
[INFO] [stdout]                                at /rustc/202008a1b8de96d2e5b6bc02d379db03a877d34d/library/std/src/panicking.rs:557:40
[INFO] [stdout]   28:     0x61f3a9c329f8 - std::panicking::try::hb8a7878e3a8589d6
[INFO] [stdout]                                at /rustc/202008a1b8de96d2e5b6bc02d379db03a877d34d/library/std/src/panicking.rs:520:19
[INFO] [stdout]   29:     0x61f3a9c329f8 - std::panic::catch_unwind::hb8e4600ff0ff5cfa
[INFO] [stdout]                                at /rustc/202008a1b8de96d2e5b6bc02d379db03a877d34d/library/std/src/panic.rs:358:14
[INFO] [stdout]   30:     0x61f3a9c329f8 - test::run_test_in_process::hc2900b0b18688dd6
[INFO] [stdout]                                at /rustc/202008a1b8de96d2e5b6bc02d379db03a877d34d/library/test/src/lib.rs:655:27
[INFO] [stdout]   31:     0x61f3a9c329f8 - test::run_test::{{closure}}::hac2a9cb07be3d48d
[INFO] [stdout]                                at /rustc/202008a1b8de96d2e5b6bc02d379db03a877d34d/library/test/src/lib.rs:576:43
[INFO] [stdout]   32:     0x61f3a9bf649a - test::run_test::{{closure}}::h4a5b729e66a38cd8
[INFO] [stdout]                                at /rustc/202008a1b8de96d2e5b6bc02d379db03a877d34d/library/test/src/lib.rs:606:41
[INFO] [stdout]   33:     0x61f3a9bf649a - std::sys::backtrace::__rust_begin_short_backtrace::h0496fb742492f573
[INFO] [stdout]                                at /rustc/202008a1b8de96d2e5b6bc02d379db03a877d34d/library/std/src/sys/backtrace.rs:154:18
[INFO] [stdout]   34:     0x61f3a9bf9e14 - std::thread::Builder::spawn_unchecked_::{{closure}}::{{closure}}::hbb6d257c550a54bd
[INFO] [stdout]                                at /rustc/202008a1b8de96d2e5b6bc02d379db03a877d34d/library/std/src/thread/mod.rs:561:17
[INFO] [stdout]   35:     0x61f3a9bf9e14 - <core::panic::unwind_safe::AssertUnwindSafe<F> as core::ops::function::FnOnce<()>>::call_once::h46696fe4a6832328
[INFO] [stdout]                                at /rustc/202008a1b8de96d2e5b6bc02d379db03a877d34d/library/core/src/panic/unwind_safe.rs:272:9
[INFO] [stdout]   36:     0x61f3a9bf9e14 - std::panicking::try::do_call::h2625a51b667bfb64
[INFO] [stdout]                                at /rustc/202008a1b8de96d2e5b6bc02d379db03a877d34d/library/std/src/panicking.rs:557:40
[INFO] [stdout]   37:     0x61f3a9bf9e14 - std::panicking::try::hb956a59a1973aa4c
[INFO] [stdout]                                at /rustc/202008a1b8de96d2e5b6bc02d379db03a877d34d/library/std/src/panicking.rs:520:19
[INFO] [stdout]   38:     0x61f3a9bf9e14 - std::panic::catch_unwind::h64f3b9d1067ef6a0
[INFO] [stdout]                                at /rustc/202008a1b8de96d2e5b6bc02d379db03a877d34d/library/std/src/panic.rs:358:14
[INFO] [stdout]   39:     0x61f3a9bf9e14 - std::thread::Builder::spawn_unchecked_::{{closure}}::h42b2841295b6c0b2
[INFO] [stdout]                                at /rustc/202008a1b8de96d2e5b6bc02d379db03a877d34d/library/std/src/thread/mod.rs:559:30
[INFO] [stdout]   40:     0x61f3a9bf9e14 - core::ops::function::FnOnce::call_once{{vtable.shim}}::h6127de71b8124639
[INFO] [stdout]                                at /rustc/202008a1b8de96d2e5b6bc02d379db03a877d34d/library/core/src/ops/function.rs:250:5
[INFO] [stdout]   41:     0x61f3a9ec9e5b - <alloc::boxed::Box<F,A> as core::ops::function::FnOnce<Args>>::call_once::h42f0ba71002a1b2c
[INFO] [stdout]                                at /rustc/202008a1b8de96d2e5b6bc02d379db03a877d34d/library/alloc/src/boxed.rs:1972:9
[INFO] [stdout]   42:     0x61f3a9ec9e5b - <alloc::boxed::Box<F,A> as core::ops::function::FnOnce<Args>>::call_once::had9e47d7a3dcecb8
[INFO] [stdout]                                at /rustc/202008a1b8de96d2e5b6bc02d379db03a877d34d/library/alloc/src/boxed.rs:1972:9
[INFO] [stdout]   43:     0x61f3a9ec9e5b - std::sys::pal::unix::thread::Thread::new::thread_start::h48cf765408f6f5f2
[INFO] [stdout]                                at /rustc/202008a1b8de96d2e5b6bc02d379db03a877d34d/library/std/src/sys/pal/unix/thread.rs:105:17
[INFO] [stdout]   44:     0x76f2ea204ac3 - <unknown>
[INFO] [stdout]   45:     0x76f2ea295a04 - clone
[INFO] [stdout]   46:                0x0 - <unknown>
[INFO] [stdout] 
[INFO] [stdout] 
[INFO] [stdout] failures:
[INFO] [stdout]     test_hello
[INFO] [stdout] 
[INFO] [stdout] test result: FAILED. 0 passed; 1 failed; 0 ignored; 0 measured; 0 filtered out; finished in 5.56s
[INFO] [stdout] 
[INFO] [stderr] error: test failed, to rerun pass `--test lib`
[INFO] running `Command { std: "docker" "inspect" "71a5617d583e0615d6a8d7178d7b0e2db2bb7c65b5209a087c1db5da34d55d59", kill_on_drop: false }`
[INFO] running `Command { std: "docker" "rm" "-f" "71a5617d583e0615d6a8d7178d7b0e2db2bb7c65b5209a087c1db5da34d55d59", kill_on_drop: false }`
[INFO] [stdout] 71a5617d583e0615d6a8d7178d7b0e2db2bb7c65b5209a087c1db5da34d55d59
