[INFO] cloning repository https://github.com/nmandrus1/louvain-rs
[INFO] running `Command { std: "git" "-c" "credential.helper=" "-c" "credential.helper=/workspace/cargo-home/bin/git-credential-null" "clone" "--bare" "https://github.com/nmandrus1/louvain-rs" "/workspace/cache/git-repos/https%3A%2F%2Fgithub.com%2Fnmandrus1%2Flouvain-rs", kill_on_drop: false }`
[INFO] [stderr] Cloning into bare repository '/workspace/cache/git-repos/https%3A%2F%2Fgithub.com%2Fnmandrus1%2Flouvain-rs'...
[INFO] running `Command { std: "git" "rev-parse" "HEAD", kill_on_drop: false }`
[INFO] [stdout] 5e6aea069250d4ff3399fdb62477df3b9db6134d
[INFO] testing nmandrus1/louvain-rs against 1.83.0 for beta-1.84.0-4-retry
[INFO] running `Command { std: "git" "clone" "/workspace/cache/git-repos/https%3A%2F%2Fgithub.com%2Fnmandrus1%2Flouvain-rs" "/workspace/builds/worker-6-tc1/source", kill_on_drop: false }`
[INFO] [stderr] Cloning into '/workspace/builds/worker-6-tc1/source'...
[INFO] [stderr] done.
[INFO] validating manifest of git repo https://github.com/nmandrus1/louvain-rs on toolchain 1.83.0
[INFO] running `Command { std: CARGO_HOME="/workspace/cargo-home" RUSTUP_HOME="/workspace/rustup-home" "/workspace/cargo-home/bin/cargo" "+1.83.0" "metadata" "--manifest-path" "Cargo.toml" "--no-deps", kill_on_drop: false }`
[INFO] started tweaking git repo https://github.com/nmandrus1/louvain-rs
[INFO] removed 0 missing tests
[INFO] finished tweaking git repo https://github.com/nmandrus1/louvain-rs
[INFO] tweaked toml for git repo https://github.com/nmandrus1/louvain-rs written to /workspace/builds/worker-6-tc1/source/Cargo.toml
[INFO] crate git repo https://github.com/nmandrus1/louvain-rs already has a lockfile, it will not be regenerated
[INFO] running `Command { std: CARGO_HOME="/workspace/cargo-home" RUSTUP_HOME="/workspace/rustup-home" "/workspace/cargo-home/bin/cargo" "+1.83.0" "fetch" "--manifest-path" "Cargo.toml", kill_on_drop: false }`
[INFO] [stderr]     Updating crates.io index
[INFO] [stderr]  Downloading crates ...
[INFO] [stderr]   Downloaded mpi-sys v0.2.2
[INFO] [stderr]   Downloaded cc v1.1.1
[INFO] [stderr]   Downloaded mpi-derive v0.1.2
[INFO] [stderr]   Downloaded libffi v3.2.0
[INFO] [stderr]   Downloaded build-probe-mpi v0.1.4
[INFO] [stderr]   Downloaded mpi v0.8.0
[INFO] [stderr]   Downloaded syn v2.0.70
[INFO] [stderr]   Downloaded libffi-sys v2.3.0
[INFO] running `Command { std: "docker" "create" "-v" "/var/lib/crater-agent-workspace/builds/worker-6-tc1/target:/opt/rustwide/target:rw,Z" "-v" "/var/lib/crater-agent-workspace/builds/worker-6-tc1/source:/opt/rustwide/workdir:ro,Z" "-v" "/var/lib/crater-agent-workspace/cargo-home:/opt/rustwide/cargo-home:ro,Z" "-v" "/var/lib/crater-agent-workspace/rustup-home:/opt/rustwide/rustup-home:ro,Z" "-e" "SOURCE_DIR=/opt/rustwide/workdir" "-e" "CARGO_TARGET_DIR=/opt/rustwide/target" "-e" "CARGO_HOME=/opt/rustwide/cargo-home" "-e" "RUSTUP_HOME=/opt/rustwide/rustup-home" "-w" "/opt/rustwide/workdir" "-m" "1610612736" "--user" "0:0" "--network" "none" "ghcr.io/rust-lang/crates-build-env/linux@sha256:f3a9d4ad9d972b27faf3965f35b62e55ba32bbce8f20bc8fe909558a86702fde" "/opt/rustwide/cargo-home/bin/cargo" "+1.83.0" "metadata" "--no-deps" "--format-version=1", kill_on_drop: false }`
[INFO] [stdout] c82ca8ca5df123e7a7a0b67feb5680a7859044697091d4ae32cfa96f8b98ba4a
[INFO] running `Command { std: "docker" "start" "-a" "c82ca8ca5df123e7a7a0b67feb5680a7859044697091d4ae32cfa96f8b98ba4a", kill_on_drop: false }`
[INFO] running `Command { std: "docker" "inspect" "c82ca8ca5df123e7a7a0b67feb5680a7859044697091d4ae32cfa96f8b98ba4a", kill_on_drop: false }`
[INFO] running `Command { std: "docker" "rm" "-f" "c82ca8ca5df123e7a7a0b67feb5680a7859044697091d4ae32cfa96f8b98ba4a", kill_on_drop: false }`
[INFO] [stdout] c82ca8ca5df123e7a7a0b67feb5680a7859044697091d4ae32cfa96f8b98ba4a
[INFO] running `Command { std: "docker" "create" "-v" "/var/lib/crater-agent-workspace/builds/worker-6-tc1/target:/opt/rustwide/target:rw,Z" "-v" "/var/lib/crater-agent-workspace/builds/worker-6-tc1/source:/opt/rustwide/workdir:ro,Z" "-v" "/var/lib/crater-agent-workspace/cargo-home:/opt/rustwide/cargo-home:ro,Z" "-v" "/var/lib/crater-agent-workspace/rustup-home:/opt/rustwide/rustup-home:ro,Z" "-e" "SOURCE_DIR=/opt/rustwide/workdir" "-e" "CARGO_TARGET_DIR=/opt/rustwide/target" "-e" "CARGO_INCREMENTAL=0" "-e" "RUST_BACKTRACE=full" "-e" "RUSTFLAGS=--cap-lints=warn" "-e" "RUSTDOCFLAGS=--cap-lints=warn" "-e" "CARGO_HOME=/opt/rustwide/cargo-home" "-e" "RUSTUP_HOME=/opt/rustwide/rustup-home" "-w" "/opt/rustwide/workdir" "-m" "1610612736" "--user" "0:0" "--network" "none" "ghcr.io/rust-lang/crates-build-env/linux@sha256:f3a9d4ad9d972b27faf3965f35b62e55ba32bbce8f20bc8fe909558a86702fde" "/opt/rustwide/cargo-home/bin/cargo" "+1.83.0" "build" "--frozen" "--message-format=json", kill_on_drop: false }`
[INFO] [stdout] 42ba6a44c2f0f6b036cfa7317185dbc804210a15319a6cdd944f82994084e0ea
[INFO] running `Command { std: "docker" "start" "-a" "42ba6a44c2f0f6b036cfa7317185dbc804210a15319a6cdd944f82994084e0ea", kill_on_drop: false }`
[INFO] [stderr]    Compiling memchr v2.7.4
[INFO] [stderr]    Compiling glob v0.3.1
[INFO] [stderr]    Compiling prettyplease v0.2.20
[INFO] [stderr]    Compiling libc v0.2.155
[INFO] [stderr]    Compiling rustix v0.38.34
[INFO] [stderr]    Compiling cc v1.1.1
[INFO] [stderr]    Compiling cfg-if v1.0.0
[INFO] [stderr]    Compiling linux-raw-sys v0.4.14
[INFO] [stderr]    Compiling minimal-lexical v0.2.1
[INFO] [stderr]    Compiling regex-syntax v0.8.4
[INFO] [stderr]    Compiling bitflags v2.6.0
[INFO] [stderr]    Compiling either v1.13.0
[INFO] [stderr]    Compiling shell-words v1.1.0
[INFO] [stderr]    Compiling home v0.5.9
[INFO] [stderr]    Compiling bindgen v0.69.4
[INFO] [stderr]    Compiling syn v2.0.70
[INFO] [stderr]    Compiling libloading v0.8.4
[INFO] [stderr]    Compiling build-probe-mpi v0.1.4
[INFO] [stderr]    Compiling log v0.4.22
[INFO] [stderr]    Compiling shlex v1.3.0
[INFO] [stderr]    Compiling lazycell v1.3.0
[INFO] [stderr]    Compiling lazy_static v1.5.0
[INFO] [stderr]    Compiling rustc-hash v1.1.0
[INFO] [stderr]    Compiling itertools v0.12.1
[INFO] [stderr]    Compiling memoffset v0.9.1
[INFO] [stderr]    Compiling thiserror v1.0.62
[INFO] [stderr]    Compiling utf8parse v0.2.2
[INFO] [stderr]    Compiling mpi v0.8.0
[INFO] [stderr]    Compiling colorchoice v1.0.1
[INFO] [stderr]    Compiling anstyle-parse v0.2.4
[INFO] [stderr]    Compiling anstyle v1.0.7
[INFO] [stderr]    Compiling clang-sys v1.8.1
[INFO] [stderr]    Compiling is_terminal_polyfill v1.70.0
[INFO] [stderr]    Compiling custom_derive v0.1.7
[INFO] [stderr]    Compiling anstyle-query v1.1.0
[INFO] [stderr]    Compiling conv v0.3.3
[INFO] [stderr]    Compiling indexmap v2.2.6
[INFO] [stderr]    Compiling anstream v0.6.14
[INFO] [stderr]    Compiling humantime v2.1.0
[INFO] [stderr]    Compiling nom v7.1.3
[INFO] [stderr]    Compiling aho-corasick v1.1.3
[INFO] [stderr]    Compiling fixedbitset v0.4.2
[INFO] [stderr]    Compiling libffi-sys v2.3.0
[INFO] [stderr]    Compiling petgraph v0.6.5
[INFO] [stderr]    Compiling regex-automata v0.4.7
[INFO] [stderr]    Compiling which v4.4.2
[INFO] [stderr]    Compiling cexpr v0.6.0
[INFO] [stderr]    Compiling regex v1.10.5
[INFO] [stderr]    Compiling thiserror-impl v1.0.62
[INFO] [stderr]    Compiling mpi-derive v0.1.2
[INFO] [stderr]    Compiling env_filter v0.1.0
[INFO] [stderr]    Compiling env_logger v0.11.3
[INFO] [stderr]    Compiling mpi-sys v0.2.2
[INFO] [stderr]    Compiling libffi v3.2.0
[INFO] [stderr]    Compiling louvain v0.1.0 (/opt/rustwide/workdir)
[INFO] [stdout] warning: unused import: `mpi::traits::Equivalence`
[INFO] [stdout]  --> src/louvain/communities.rs:7:5
[INFO] [stdout]   |
[INFO] [stdout] 7 | use mpi::traits::Equivalence;
[INFO] [stdout]   |     ^^^^^^^^^^^^^^^^^^^^^^^^
[INFO] [stdout]   |
[INFO] [stdout]   = note: `#[warn(unused_imports)]` on by default
[INFO] [stdout] 
[INFO] [stdout] 
[INFO] [stdout] warning: unused imports: `Directed`, `EdgeRef`, `IntoEdgeReferences`, `IntoEdges`, `IntoNeighbors`, and `IntoNodeReferences`
[INFO] [stdout]  --> src/louvain/traits.rs:3:13
[INFO] [stdout]   |
[INFO] [stdout] 3 |     visit::{EdgeRef, IntoEdgeReferences, IntoEdges, IntoNeighbors, IntoNodeReferences},
[INFO] [stdout]   |             ^^^^^^^  ^^^^^^^^^^^^^^^^^^  ^^^^^^^^^  ^^^^^^^^^^^^^  ^^^^^^^^^^^^^^^^^^
[INFO] [stdout] 4 |     Directed,
[INFO] [stdout]   |     ^^^^^^^^
[INFO] [stdout] 
[INFO] [stdout] 
[INFO] [stdout] warning: unused variable: `vtx`
[INFO] [stdout]   --> src/louvain/communities.rs:71:40
[INFO] [stdout]    |
[INFO] [stdout] 71 |                 IterationStep::Process(vtx) => {
[INFO] [stdout]    |                                        ^^^ help: if this is intentional, prefix it with an underscore: `_vtx`
[INFO] [stdout]    |
[INFO] [stdout]    = note: `#[warn(unused_variables)]` on by default
[INFO] [stdout] 
[INFO] [stdout] 
[INFO] [stdout] warning: unused `Result` that must be used
[INFO] [stdout]   --> src/louvain/communities.rs:81:13
[INFO] [stdout]    |
[INFO] [stdout] 81 |             self.syncrhonize(processed_vertex);
[INFO] [stdout]    |             ^^^^^^^^^^^^^^^^^^^^^^^^^^^^^^^^^^
[INFO] [stdout]    |
[INFO] [stdout]    = note: this `Result` may be an `Err` variant, which should be handled
[INFO] [stdout]    = note: `#[warn(unused_must_use)]` on by default
[INFO] [stdout] help: use `let _ = ...` to ignore the resulting value
[INFO] [stdout]    |
[INFO] [stdout] 81 |             let _ = self.syncrhonize(processed_vertex);
[INFO] [stdout]    |             +++++++
[INFO] [stdout] 
[INFO] [stdout] 
[INFO] [stdout] warning: unused imports: `DistributedGraph` and `Edge`
[INFO] [stdout]  --> src/main.rs:1:27
[INFO] [stdout]   |
[INFO] [stdout] 1 | use distributed_louvain::{DistributedGraph, Edge};
[INFO] [stdout]   |                           ^^^^^^^^^^^^^^^^  ^^^^
[INFO] [stdout]   |
[INFO] [stdout]   = note: `#[warn(unused_imports)]` on by default
[INFO] [stdout] 
[INFO] [stdout] 
[INFO] [stdout] warning: unused import: `mpi::traits::Communicator`
[INFO] [stdout]  --> src/main.rs:4:5
[INFO] [stdout]   |
[INFO] [stdout] 4 | use mpi::traits::Communicator;
[INFO] [stdout]   |     ^^^^^^^^^^^^^^^^^^^^^^^^^
[INFO] [stdout] 
[INFO] [stdout] 
[INFO] [stderr]     Finished `dev` profile [unoptimized + debuginfo] target(s) in 52.82s
[INFO] running `Command { std: "docker" "inspect" "42ba6a44c2f0f6b036cfa7317185dbc804210a15319a6cdd944f82994084e0ea", kill_on_drop: false }`
[INFO] running `Command { std: "docker" "rm" "-f" "42ba6a44c2f0f6b036cfa7317185dbc804210a15319a6cdd944f82994084e0ea", kill_on_drop: false }`
[INFO] [stdout] 42ba6a44c2f0f6b036cfa7317185dbc804210a15319a6cdd944f82994084e0ea
[INFO] running `Command { std: "docker" "create" "-v" "/var/lib/crater-agent-workspace/builds/worker-6-tc1/target:/opt/rustwide/target:rw,Z" "-v" "/var/lib/crater-agent-workspace/builds/worker-6-tc1/source:/opt/rustwide/workdir:ro,Z" "-v" "/var/lib/crater-agent-workspace/cargo-home:/opt/rustwide/cargo-home:ro,Z" "-v" "/var/lib/crater-agent-workspace/rustup-home:/opt/rustwide/rustup-home:ro,Z" "-e" "SOURCE_DIR=/opt/rustwide/workdir" "-e" "CARGO_TARGET_DIR=/opt/rustwide/target" "-e" "CARGO_INCREMENTAL=0" "-e" "RUST_BACKTRACE=full" "-e" "RUSTFLAGS=--cap-lints=warn" "-e" "RUSTDOCFLAGS=--cap-lints=warn" "-e" "CARGO_HOME=/opt/rustwide/cargo-home" "-e" "RUSTUP_HOME=/opt/rustwide/rustup-home" "-w" "/opt/rustwide/workdir" "-m" "1610612736" "--user" "0:0" "--network" "none" "ghcr.io/rust-lang/crates-build-env/linux@sha256:f3a9d4ad9d972b27faf3965f35b62e55ba32bbce8f20bc8fe909558a86702fde" "/opt/rustwide/cargo-home/bin/cargo" "+1.83.0" "test" "--frozen" "--no-run" "--message-format=json", kill_on_drop: false }`
[INFO] [stdout] cc5f24736dc4040d23117da4e663524220acdead4e1f87f017aeccbc7ad6b4ee
[INFO] running `Command { std: "docker" "start" "-a" "cc5f24736dc4040d23117da4e663524220acdead4e1f87f017aeccbc7ad6b4ee", kill_on_drop: false }`
[INFO] [stdout] warning: unused import: `mpi::traits::Equivalence`
[INFO] [stdout]  --> src/louvain/communities.rs:7:5
[INFO] [stdout]   |
[INFO] [stdout] 7 | use mpi::traits::Equivalence;
[INFO] [stdout]   |     ^^^^^^^^^^^^^^^^^^^^^^^^
[INFO] [stdout]   |
[INFO] [stdout]   = note: `#[warn(unused_imports)]` on by default
[INFO] [stdout] 
[INFO] [stdout] 
[INFO] [stdout] warning: unused imports: `Directed`, `EdgeRef`, `IntoEdgeReferences`, `IntoEdges`, `IntoNeighbors`, and `IntoNodeReferences`
[INFO] [stdout]  --> src/louvain/traits.rs:3:13
[INFO] [stdout]   |
[INFO] [stdout] 3 |     visit::{EdgeRef, IntoEdgeReferences, IntoEdges, IntoNeighbors, IntoNodeReferences},
[INFO] [stdout]   |             ^^^^^^^  ^^^^^^^^^^^^^^^^^^  ^^^^^^^^^  ^^^^^^^^^^^^^  ^^^^^^^^^^^^^^^^^^
[INFO] [stdout] 4 |     Directed,
[INFO] [stdout]   |     ^^^^^^^^
[INFO] [stdout] 
[INFO] [stdout] 
[INFO] [stdout] warning: unused variable: `vtx`
[INFO] [stdout]   --> src/louvain/communities.rs:71:40
[INFO] [stdout]    |
[INFO] [stdout] 71 |                 IterationStep::Process(vtx) => {
[INFO] [stdout]    |                                        ^^^ help: if this is intentional, prefix it with an underscore: `_vtx`
[INFO] [stdout]    |
[INFO] [stdout]    = note: `#[warn(unused_variables)]` on by default
[INFO] [stdout] 
[INFO] [stdout] 
[INFO] [stdout] warning: unused `Result` that must be used
[INFO] [stdout]   --> src/louvain/communities.rs:81:13
[INFO] [stdout]    |
[INFO] [stdout] 81 |             self.syncrhonize(processed_vertex);
[INFO] [stdout]    |             ^^^^^^^^^^^^^^^^^^^^^^^^^^^^^^^^^^
[INFO] [stdout]    |
[INFO] [stdout]    = note: this `Result` may be an `Err` variant, which should be handled
[INFO] [stdout]    = note: `#[warn(unused_must_use)]` on by default
[INFO] [stdout] help: use `let _ = ...` to ignore the resulting value
[INFO] [stdout]    |
[INFO] [stdout] 81 |             let _ = self.syncrhonize(processed_vertex);
[INFO] [stdout]    |             +++++++
[INFO] [stdout] 
[INFO] [stdout] 
[INFO] [stderr]    Compiling louvain v0.1.0 (/opt/rustwide/workdir)
[INFO] [stdout] warning: unused imports: `DistributedGraph` and `Edge`
[INFO] [stdout]  --> src/main.rs:1:27
[INFO] [stdout]   |
[INFO] [stdout] 1 | use distributed_louvain::{DistributedGraph, Edge};
[INFO] [stdout]   |                           ^^^^^^^^^^^^^^^^  ^^^^
[INFO] [stdout]   |
[INFO] [stdout]   = note: `#[warn(unused_imports)]` on by default
[INFO] [stdout] 
[INFO] [stdout] 
[INFO] [stdout] warning: unused import: `mpi::traits::Communicator`
[INFO] [stdout]  --> src/main.rs:4:5
[INFO] [stdout]   |
[INFO] [stdout] 4 | use mpi::traits::Communicator;
[INFO] [stdout]   |     ^^^^^^^^^^^^^^^^^^^^^^^^^
[INFO] [stdout] 
[INFO] [stdout] 
[INFO] [stdout] warning: unused imports: `DistributedGraph` and `Edge`
[INFO] [stdout]  --> src/main.rs:1:27
[INFO] [stdout]   |
[INFO] [stdout] 1 | use distributed_louvain::{DistributedGraph, Edge};
[INFO] [stdout]   |                           ^^^^^^^^^^^^^^^^  ^^^^
[INFO] [stdout]   |
[INFO] [stdout]   = note: `#[warn(unused_imports)]` on by default
[INFO] [stdout] 
[INFO] [stdout] 
[INFO] [stdout] warning: unused import: `mpi::traits::Communicator`
[INFO] [stdout]  --> src/main.rs:4:5
[INFO] [stdout]   |
[INFO] [stdout] 4 | use mpi::traits::Communicator;
[INFO] [stdout]   |     ^^^^^^^^^^^^^^^^^^^^^^^^^
[INFO] [stdout] 
[INFO] [stdout] 
[INFO] [stdout] warning: unused import: `mpi::traits::Equivalence`
[INFO] [stdout]  --> src/louvain/communities.rs:7:5
[INFO] [stdout]   |
[INFO] [stdout] 7 | use mpi::traits::Equivalence;
[INFO] [stdout]   |     ^^^^^^^^^^^^^^^^^^^^^^^^
[INFO] [stdout]   |
[INFO] [stdout]   = note: `#[warn(unused_imports)]` on by default
[INFO] [stdout] 
[INFO] [stdout] 
[INFO] [stdout] warning: unused import: `crate::logger`
[INFO] [stdout]    --> src/louvain/communitystate.rs:615:9
[INFO] [stdout]     |
[INFO] [stdout] 615 |     use crate::logger;
[INFO] [stdout]     |         ^^^^^^^^^^^^^
[INFO] [stdout] 
[INFO] [stdout] 
[INFO] [stdout] warning: unused imports: `IntoEdgeReferences` and `IntoNeighbors`
[INFO] [stdout]  --> src/louvain/traits.rs:3:22
[INFO] [stdout]   |
[INFO] [stdout] 3 |     visit::{EdgeRef, IntoEdgeReferences, IntoEdges, IntoNeighbors, IntoNodeReferences},
[INFO] [stdout]   |                      ^^^^^^^^^^^^^^^^^^             ^^^^^^^^^^^^^
[INFO] [stdout] 
[INFO] [stdout] 
[INFO] [stdout] warning: unreachable expression
[INFO] [stdout]    --> src/louvain/messagemanager.rs:434:13
[INFO] [stdout]     |
[INFO] [stdout] 433 |             unimplemented!("Not needed for these tests");
[INFO] [stdout]     |             -------------------------------------------- any code following this expression is unreachable
[INFO] [stdout] 434 |             std::iter::once((CommunityID(0), 0.0))
[INFO] [stdout]     |             ^^^^^^^^^^^^^^^^^^^^^^^^^^^^^^^^^^^^^^ unreachable expression
[INFO] [stdout]     |
[INFO] [stdout]     = note: `#[warn(unreachable_code)]` on by default
[INFO] [stdout] 
[INFO] [stdout] 
[INFO] [stdout] warning: unreachable expression
[INFO] [stdout]    --> src/louvain/messagemanager.rs:447:13
[INFO] [stdout]     |
[INFO] [stdout] 446 |             unimplemented!("Not needed for these tests");
[INFO] [stdout]     |             -------------------------------------------- any code following this expression is unreachable
[INFO] [stdout] 447 |             std::iter::once(&CommunityID(0))
[INFO] [stdout]     |             ^^^^^^^^^^^^^^^^^^^^^^^^^^^^^^^^ unreachable expression
[INFO] [stdout] 
[INFO] [stdout] 
[INFO] [stdout] warning: unreachable expression
[INFO] [stdout]    --> src/louvain/messagemanager.rs:456:13
[INFO] [stdout]     |
[INFO] [stdout] 455 |             unimplemented!("Not needed for these tests");
[INFO] [stdout]     |             -------------------------------------------- any code following this expression is unreachable
[INFO] [stdout] 456 |             std::iter::once(&CommunityID(0))
[INFO] [stdout]     |             ^^^^^^^^^^^^^^^^^^^^^^^^^^^^^^^^ unreachable expression
[INFO] [stdout] 
[INFO] [stdout] 
[INFO] [stdout] warning: unused import: `IntoEdges`
[INFO] [stdout]  --> src/louvain/traits.rs:3:42
[INFO] [stdout]   |
[INFO] [stdout] 3 |     visit::{EdgeRef, IntoEdgeReferences, IntoEdges, IntoNeighbors, IntoNodeReferences},
[INFO] [stdout]   |                                          ^^^^^^^^^
[INFO] [stdout] 
[INFO] [stdout] 
[INFO] [stdout] warning: unused variable: `vtx`
[INFO] [stdout]   --> src/louvain/communities.rs:71:40
[INFO] [stdout]    |
[INFO] [stdout] 71 |                 IterationStep::Process(vtx) => {
[INFO] [stdout]    |                                        ^^^ help: if this is intentional, prefix it with an underscore: `_vtx`
[INFO] [stdout]    |
[INFO] [stdout]    = note: `#[warn(unused_variables)]` on by default
[INFO] [stdout] 
[INFO] [stdout] 
[INFO] [stdout] warning: methods `rank`, `owned_rows`, `row_ownership`, and `global_ecount` are never used
[INFO] [stdout]    --> src/louvain/graph.rs:533:12
[INFO] [stdout]     |
[INFO] [stdout] 528 |     impl MockInfoBuilder {
[INFO] [stdout]     |     -------------------- methods in this implementation
[INFO] [stdout] ...
[INFO] [stdout] 533 |         fn rank(mut self, rank: usize) -> Self {
[INFO] [stdout]     |            ^^^^
[INFO] [stdout] ...
[INFO] [stdout] 543 |         fn owned_rows(mut self, owned_rows: (usize, usize)) -> Self {
[INFO] [stdout]     |            ^^^^^^^^^^
[INFO] [stdout] ...
[INFO] [stdout] 548 |         fn row_ownership(mut self, row_ownership: Vec<(usize, usize)>) -> Self {
[INFO] [stdout]     |            ^^^^^^^^^^^^^
[INFO] [stdout] ...
[INFO] [stdout] 558 |         fn global_ecount(mut self, global_ecount: usize) -> Self {
[INFO] [stdout]     |            ^^^^^^^^^^^^^
[INFO] [stdout]     |
[INFO] [stdout]     = note: `#[warn(dead_code)]` on by default
[INFO] [stdout] 
[INFO] [stdout] 
[INFO] [stdout] warning: unused `Result` that must be used
[INFO] [stdout]   --> src/louvain/communities.rs:81:13
[INFO] [stdout]    |
[INFO] [stdout] 81 |             self.syncrhonize(processed_vertex);
[INFO] [stdout]    |             ^^^^^^^^^^^^^^^^^^^^^^^^^^^^^^^^^^
[INFO] [stdout]    |
[INFO] [stdout]    = note: this `Result` may be an `Err` variant, which should be handled
[INFO] [stdout]    = note: `#[warn(unused_must_use)]` on by default
[INFO] [stdout] help: use `let _ = ...` to ignore the resulting value
[INFO] [stdout]    |
[INFO] [stdout] 81 |             let _ = self.syncrhonize(processed_vertex);
[INFO] [stdout]    |             +++++++
[INFO] [stdout] 
[INFO] [stdout] 
[INFO] [stdout] warning: unused implementer of `Iterator` that must be used
[INFO] [stdout]    --> src/louvain/communitystate.rs:688:13
[INFO] [stdout]     |
[INFO] [stdout] 688 |             state_manager.get_community_members(&CommunityID(10));
[INFO] [stdout]     |             ^^^^^^^^^^^^^^^^^^^^^^^^^^^^^^^^^^^^^^^^^^^^^^^^^^^^^
[INFO] [stdout]     |
[INFO] [stdout]     = note: iterators are lazy and do nothing unless consumed
[INFO] [stdout] 
[INFO] [stdout] 
[INFO] [stdout] warning: the type `&mpi::topology::SimpleCommunicator` does not permit zero-initialization
[INFO] [stdout]    --> src/louvain/graph.rs:580:26
[INFO] [stdout]     |
[INFO] [stdout] 580 |                 unsafe { std::mem::MaybeUninit::zeroed().assume_init() };
[INFO] [stdout]     |                          ^^^^^^^^^^^^^^^^^^^^^^^^^^^^^^^^^^^^^^^^^^^^^
[INFO] [stdout]     |                          |
[INFO] [stdout]     |                          this code causes undefined behavior when executed
[INFO] [stdout]     |                          help: use `MaybeUninit<T>` instead, and only call `assume_init` after initialization is done
[INFO] [stdout]     |
[INFO] [stdout]     = note: references must be non-null
[INFO] [stdout]     = note: `#[warn(invalid_value)]` on by default
[INFO] [stdout] 
[INFO] [stdout] 
[INFO] [stderr]     Finished `test` profile [unoptimized + debuginfo] target(s) in 4.14s
[INFO] running `Command { std: "docker" "inspect" "cc5f24736dc4040d23117da4e663524220acdead4e1f87f017aeccbc7ad6b4ee", kill_on_drop: false }`
[INFO] running `Command { std: "docker" "rm" "-f" "cc5f24736dc4040d23117da4e663524220acdead4e1f87f017aeccbc7ad6b4ee", kill_on_drop: false }`
[INFO] [stdout] cc5f24736dc4040d23117da4e663524220acdead4e1f87f017aeccbc7ad6b4ee
[INFO] running `Command { std: "docker" "create" "-v" "/var/lib/crater-agent-workspace/builds/worker-6-tc1/target:/opt/rustwide/target:rw,Z" "-v" "/var/lib/crater-agent-workspace/builds/worker-6-tc1/source:/opt/rustwide/workdir:ro,Z" "-v" "/var/lib/crater-agent-workspace/cargo-home:/opt/rustwide/cargo-home:ro,Z" "-v" "/var/lib/crater-agent-workspace/rustup-home:/opt/rustwide/rustup-home:ro,Z" "-e" "SOURCE_DIR=/opt/rustwide/workdir" "-e" "CARGO_TARGET_DIR=/opt/rustwide/target" "-e" "CARGO_INCREMENTAL=0" "-e" "RUST_BACKTRACE=full" "-e" "RUSTFLAGS=--cap-lints=warn" "-e" "RUSTDOCFLAGS=--cap-lints=warn" "-e" "CARGO_HOME=/opt/rustwide/cargo-home" "-e" "RUSTUP_HOME=/opt/rustwide/rustup-home" "-w" "/opt/rustwide/workdir" "-m" "1610612736" "--user" "0:0" "--network" "none" "ghcr.io/rust-lang/crates-build-env/linux@sha256:f3a9d4ad9d972b27faf3965f35b62e55ba32bbce8f20bc8fe909558a86702fde" "/opt/rustwide/cargo-home/bin/cargo" "+1.83.0" "test" "--frozen", kill_on_drop: false }`
[INFO] [stdout] 45d43a9c8081c683b1cf58ae089c0fec9ec95c3a7ea5984238ccfd2bf72d7e0e
[INFO] running `Command { std: "docker" "start" "-a" "45d43a9c8081c683b1cf58ae089c0fec9ec95c3a7ea5984238ccfd2bf72d7e0e", kill_on_drop: false }`
[INFO] [stderr] warning: unused import: `mpi::traits::Equivalence`
[INFO] [stderr]  --> src/louvain/communities.rs:7:5
[INFO] [stderr]   |
[INFO] [stderr] 7 | use mpi::traits::Equivalence;
[INFO] [stderr]   |     ^^^^^^^^^^^^^^^^^^^^^^^^
[INFO] [stderr]   |
[INFO] [stderr]   = note: `#[warn(unused_imports)]` on by default
[INFO] [stderr] 
[INFO] [stderr] warning: unused imports: `Directed`, `EdgeRef`, `IntoEdgeReferences`, `IntoEdges`, `IntoNeighbors`, and `IntoNodeReferences`
[INFO] [stderr]  --> src/louvain/traits.rs:3:13
[INFO] [stderr]   |
[INFO] [stderr] 3 |     visit::{EdgeRef, IntoEdgeReferences, IntoEdges, IntoNeighbors, IntoNodeReferences},
[INFO] [stderr]   |             ^^^^^^^  ^^^^^^^^^^^^^^^^^^  ^^^^^^^^^  ^^^^^^^^^^^^^  ^^^^^^^^^^^^^^^^^^
[INFO] [stderr] 4 |     Directed,
[INFO] [stderr]   |     ^^^^^^^^
[INFO] [stderr] 
[INFO] [stderr] warning: unused variable: `vtx`
[INFO] [stderr]   --> src/louvain/communities.rs:71:40
[INFO] [stderr]    |
[INFO] [stderr] 71 |                 IterationStep::Process(vtx) => {
[INFO] [stderr]    |                                        ^^^ help: if this is intentional, prefix it with an underscore: `_vtx`
[INFO] [stderr]    |
[INFO] [stderr]    = note: `#[warn(unused_variables)]` on by default
[INFO] [stderr] 
[INFO] [stderr] warning: unused `Result` that must be used
[INFO] [stderr]   --> src/louvain/communities.rs:81:13
[INFO] [stderr]    |
[INFO] [stderr] 81 |             self.syncrhonize(processed_vertex);
[INFO] [stderr]    |             ^^^^^^^^^^^^^^^^^^^^^^^^^^^^^^^^^^
[INFO] [stderr]    |
[INFO] [stderr]    = note: this `Result` may be an `Err` variant, which should be handled
[INFO] [stderr]    = note: `#[warn(unused_must_use)]` on by default
[INFO] [stderr] help: use `let _ = ...` to ignore the resulting value
[INFO] [stderr]    |
[INFO] [stderr] 81 |             let _ = self.syncrhonize(processed_vertex);
[INFO] [stderr]    |             +++++++
[INFO] [stderr] 
[INFO] [stderr] warning: unused import: `crate::logger`
[INFO] [stderr]    --> src/louvain/communitystate.rs:615:9
[INFO] [stderr]     |
[INFO] [stderr] 615 |     use crate::logger;
[INFO] [stderr]     |         ^^^^^^^^^^^^^
[INFO] [stderr] 
[INFO] [stderr] warning: unused imports: `IntoEdgeReferences` and `IntoNeighbors`
[INFO] [stderr]  --> src/louvain/traits.rs:3:22
[INFO] [stderr]   |
[INFO] [stderr] 3 |     visit::{EdgeRef, IntoEdgeReferences, IntoEdges, IntoNeighbors, IntoNodeReferences},
[INFO] [stderr]   |                      ^^^^^^^^^^^^^^^^^^             ^^^^^^^^^^^^^
[INFO] [stderr] 
[INFO] [stderr] warning: unreachable expression
[INFO] [stderr]    --> src/louvain/messagemanager.rs:434:13
[INFO] [stderr]     |
[INFO] [stderr] 433 |             unimplemented!("Not needed for these tests");
[INFO] [stderr]     |             -------------------------------------------- any code following this expression is unreachable
[INFO] [stderr] 434 |             std::iter::once((CommunityID(0), 0.0))
[INFO] [stderr]     |             ^^^^^^^^^^^^^^^^^^^^^^^^^^^^^^^^^^^^^^ unreachable expression
[INFO] [stderr]     |
[INFO] [stderr]     = note: `#[warn(unreachable_code)]` on by default
[INFO] [stderr] 
[INFO] [stderr] warning: unreachable expression
[INFO] [stderr]    --> src/louvain/messagemanager.rs:447:13
[INFO] [stderr]     |
[INFO] [stderr] 446 |             unimplemented!("Not needed for these tests");
[INFO] [stderr]     |             -------------------------------------------- any code following this expression is unreachable
[INFO] [stderr] 447 |             std::iter::once(&CommunityID(0))
[INFO] [stderr]     |             ^^^^^^^^^^^^^^^^^^^^^^^^^^^^^^^^ unreachable expression
[INFO] [stderr] 
[INFO] [stderr] warning: unreachable expression
[INFO] [stderr]    --> src/louvain/messagemanager.rs:456:13
[INFO] [stderr]     |
[INFO] [stderr] 455 |             unimplemented!("Not needed for these tests");
[INFO] [stderr]     |             -------------------------------------------- any code following this expression is unreachable
[INFO] [stderr] 456 |             std::iter::once(&CommunityID(0))
[INFO] [stderr]     |             ^^^^^^^^^^^^^^^^^^^^^^^^^^^^^^^^ unreachable expression
[INFO] [stderr] 
[INFO] [stderr] warning: unused import: `IntoEdges`
[INFO] [stderr]  --> src/louvain/traits.rs:3:42
[INFO] [stderr]   |
[INFO] [stderr] 3 |     visit::{EdgeRef, IntoEdgeReferences, IntoEdges, IntoNeighbors, IntoNodeReferences},
[INFO] [stderr]   |                                          ^^^^^^^^^
[INFO] [stderr] 
[INFO] [stderr] warning: methods `rank`, `owned_rows`, `row_ownership`, and `global_ecount` are never used
[INFO] [stderr]    --> src/louvain/graph.rs:533:12
[INFO] [stderr]     |
[INFO] [stderr] 528 |     impl MockInfoBuilder {
[INFO] [stderr]     |     -------------------- methods in this implementation
[INFO] [stderr] ...
[INFO] [stderr] 533 |         fn rank(mut self, rank: usize) -> Self {
[INFO] [stderr]     |            ^^^^
[INFO] [stderr] ...
[INFO] [stderr] 543 |         fn owned_rows(mut self, owned_rows: (usize, usize)) -> Self {
[INFO] [stderr]     |            ^^^^^^^^^^
[INFO] [stderr] ...
[INFO] [stderr] 548 |         fn row_ownership(mut self, row_ownership: Vec<(usize, usize)>) -> Self {
[INFO] [stderr]     |            ^^^^^^^^^^^^^
[INFO] [stderr] ...
[INFO] [stderr] 558 |         fn global_ecount(mut self, global_ecount: usize) -> Self {
[INFO] [stderr]     |            ^^^^^^^^^^^^^
[INFO] [stderr]     |
[INFO] [stderr]     = note: `#[warn(dead_code)]` on by default
[INFO] [stderr] 
[INFO] [stderr] warning: unused implementer of `Iterator` that must be used
[INFO] [stderr]    --> src/louvain/communitystate.rs:688:13
[INFO] [stderr]     |
[INFO] [stderr] 688 |             state_manager.get_community_members(&CommunityID(10));
[INFO] [stderr]     |             ^^^^^^^^^^^^^^^^^^^^^^^^^^^^^^^^^^^^^^^^^^^^^^^^^^^^^
[INFO] [stderr]     |
[INFO] [stderr]     = note: iterators are lazy and do nothing unless consumed
[INFO] [stderr] 
[INFO] [stderr] warning: the type `&mpi::topology::SimpleCommunicator` does not permit zero-initialization
[INFO] [stderr]    --> src/louvain/graph.rs:580:26
[INFO] [stderr]     |
[INFO] [stderr] 580 |                 unsafe { std::mem::MaybeUninit::zeroed().assume_init() };
[INFO] [stderr]     |                          ^^^^^^^^^^^^^^^^^^^^^^^^^^^^^^^^^^^^^^^^^^^^^
[INFO] [stderr]     |                          |
[INFO] [stderr]     |                          this code causes undefined behavior when executed
[INFO] [stderr]     |                          help: use `MaybeUninit<T>` instead, and only call `assume_init` after initialization is done
[INFO] [stderr]     |
[INFO] [stderr]     = note: references must be non-null
[INFO] [stderr]     = note: `#[warn(invalid_value)]` on by default
[INFO] [stderr] 
[INFO] [stderr] warning: `louvain` (lib) generated 4 warnings (run `cargo fix --lib -p louvain` to apply 2 suggestions)
[INFO] [stderr] warning: `louvain` (lib test) generated 12 warnings (3 duplicates) (run `cargo fix --lib -p louvain --tests` to apply 2 suggestions)
[INFO] [stderr] warning: unused imports: `DistributedGraph` and `Edge`
[INFO] [stderr]  --> src/main.rs:1:27
[INFO] [stderr]   |
[INFO] [stderr] 1 | use distributed_louvain::{DistributedGraph, Edge};
[INFO] [stderr]   |                           ^^^^^^^^^^^^^^^^  ^^^^
[INFO] [stderr]   |
[INFO] [stderr]   = note: `#[warn(unused_imports)]` on by default
[INFO] [stderr] 
[INFO] [stderr] warning: unused import: `mpi::traits::Communicator`
[INFO] [stderr]  --> src/main.rs:4:5
[INFO] [stderr]   |
[INFO] [stderr] 4 | use mpi::traits::Communicator;
[INFO] [stderr]   |     ^^^^^^^^^^^^^^^^^^^^^^^^^
[INFO] [stderr] 
[INFO] [stderr] warning: `louvain` (bin "louvain") generated 2 warnings (run `cargo fix --bin "louvain"` to apply 2 suggestions)
[INFO] [stderr] warning: `louvain` (bin "louvain" test) generated 2 warnings (2 duplicates)
[INFO] [stderr]     Finished `test` profile [unoptimized + debuginfo] target(s) in 0.06s
[INFO] [stderr]      Running unittests src/lib.rs (/opt/rustwide/target/debug/deps/distributed_louvain-8377f6efa11da0a8)
[INFO] [stdout] 
[INFO] [stdout] running 32 tests
[INFO] [stdout] test louvain::communitystate::tests::test_batch_process_community_update ... ok
[INFO] [stdout] test louvain::communitystate::tests::test_batch_process_neighbor_info ... ok
[INFO] [stdout] test louvain::communitystate::tests::test_batch_process_vertex_movements ... ok
[INFO] [stdout] test louvain::communitystate::tests::test_get_updated_communities ... ok
[INFO] [stdout] test louvain::communitystate::tests::test_move_vertex ... ok
[INFO] [stdout] test louvain::communitystate::tests::test_neighboring_communities ... ok
[INFO] [stdout] test louvain::communitystate::tests::test_state_manager_initialization ... ok
[INFO] [stdout] test louvain::communitystate::tests::test_update_community ... ok
[INFO] [stdout] test louvain::communitystate::tests::test_local_communities ... ok
[INFO] [stdout] test louvain::graph::tests::test_partition_edges_different_ranks ... ok
[INFO] [stdout] test louvain::graph::tests::test_even_distribution ... ok
[INFO] [stdout] test louvain::graph::tests::test_partition_edges_empty_input ... ok
[INFO] [stdout] test louvain::graph::tests::test_partition_edges_with_self_loops ... ok
[INFO] [stdout] test louvain::graph::tests::test_partition_edges_sorted_output ... ok
[INFO] [stdout] test louvain::graph::tests::test_partition_multiple_edges_same_rank ... ok
[INFO] [stdout] test louvain::graph::tests::test_zero_vertices ... ok
[INFO] [stdout] test louvain::messagemanager::tests::test_clear ... ok
[INFO] [stdout] test louvain::messagemanager::tests::test_get_received_messages ... ok
[INFO] [stdout] test louvain::messagemanager::tests::test_global_modularity ... ok
[INFO] [stdout] test louvain::messagemanager::tests::test_get_send_and_recv_counts ... ok
[INFO] [stdout] test louvain::graph::tests::test_partition_single_edge ... ok
[INFO] [stdout] test louvain::graph::tests::test_uneven_distribution ... ok
[INFO] [stdout] test louvain::messagemanager::tests::test_queue_community_update ... ok
[INFO] [stdout] test louvain::messagemanager::tests::test_queue_neighbor_info ... ok
[INFO] [stdout] test louvain::messagemanager::tests::test_queue_vertex_movement ... ok
[INFO] [stdout] test louvain::messagemanager::tests::test_allocate_recv_buf ... ok
[INFO] [stdout] test louvain::graph::tests::test_rank_ownership ... ok
[INFO] [stdout] test louvain::communitystate::tests::test_large_graph ... ok
[INFO] [stdout] test louvain::communitystate::tests::test_community_of ... ok
[INFO] [stdout] test louvain::communitystate::tests::test_get_local_community ... ok
[INFO] [stdout] test louvain::communitystate::tests::test_get_community_members ... ok
[INFO] [stdout] test louvain::graph::tests::test_zero_size ... FAILED
[INFO] [stdout] 
[INFO] [stdout] failures:
[INFO] [stdout] 
[INFO] [stdout] ---- louvain::graph::tests::test_zero_size stdout ----
[INFO] [stdout] thread 'louvain::graph::tests::test_zero_size' panicked at src/louvain/graph.rs:80:33:
[INFO] [stdout] attempt to divide by zero
[INFO] [stdout] stack backtrace:
[INFO] [stdout]    0:     0x6288da5e412a - std::backtrace_rs::backtrace::libunwind::trace::h5a5b8284f2d0c266
[INFO] [stdout]                                at /rustc/90b35a6239c3d8bdabc530a6a0816f7ff89a0aaf/library/std/src/../../backtrace/src/backtrace/libunwind.rs:116:5
[INFO] [stdout]    1:     0x6288da5e412a - std::backtrace_rs::backtrace::trace_unsynchronized::h76d4f1c9b0b875e3
[INFO] [stdout]                                at /rustc/90b35a6239c3d8bdabc530a6a0816f7ff89a0aaf/library/std/src/../../backtrace/src/backtrace/mod.rs:66:5
[INFO] [stdout]    2:     0x6288da5e412a - std::sys::backtrace::_print_fmt::hc4546b8364a537c6
[INFO] [stdout]                                at /rustc/90b35a6239c3d8bdabc530a6a0816f7ff89a0aaf/library/std/src/sys/backtrace.rs:66:9
[INFO] [stdout]    3:     0x6288da5e412a - <std::sys::backtrace::BacktraceLock::print::DisplayBacktrace as core::fmt::Display>::fmt::h5b6bd5631a6d1f6b
[INFO] [stdout]                                at /rustc/90b35a6239c3d8bdabc530a6a0816f7ff89a0aaf/library/std/src/sys/backtrace.rs:39:26
[INFO] [stdout]    4:     0x6288da6099f3 - core::fmt::rt::Argument::fmt::h270f6602a2b96f62
[INFO] [stdout]                                at /rustc/90b35a6239c3d8bdabc530a6a0816f7ff89a0aaf/library/core/src/fmt/rt.rs:177:76
[INFO] [stdout]    5:     0x6288da6099f3 - core::fmt::write::h7550c97b06c86515
[INFO] [stdout]                                at /rustc/90b35a6239c3d8bdabc530a6a0816f7ff89a0aaf/library/core/src/fmt/mod.rs:1186:21
[INFO] [stdout]    6:     0x6288da5e1123 - std::io::Write::write_fmt::h509ff860e5956e5e
[INFO] [stdout]                                at /rustc/90b35a6239c3d8bdabc530a6a0816f7ff89a0aaf/library/std/src/io/mod.rs:1839:15
[INFO] [stdout]    7:     0x6288da5e3f72 - std::sys::backtrace::BacktraceLock::print::h2395ccd2c84ba3aa
[INFO] [stdout]                                at /rustc/90b35a6239c3d8bdabc530a6a0816f7ff89a0aaf/library/std/src/sys/backtrace.rs:42:9
[INFO] [stdout]    8:     0x6288da5e558a - std::panicking::default_hook::{{closure}}::he19d4c7230e07961
[INFO] [stdout]                                at /rustc/90b35a6239c3d8bdabc530a6a0816f7ff89a0aaf/library/std/src/panicking.rs:268:22
[INFO] [stdout]    9:     0x6288da5e5394 - std::panicking::default_hook::hf614597d3c67bbdb
[INFO] [stdout]                                at /rustc/90b35a6239c3d8bdabc530a6a0816f7ff89a0aaf/library/std/src/panicking.rs:292:9
[INFO] [stdout]   10:     0x6288da59c5c9 - <alloc::boxed::Box<F,A> as core::ops::function::Fn<Args>>::call::h39b51ce4599c23d1
[INFO] [stdout]                                at /rustc/90b35a6239c3d8bdabc530a6a0816f7ff89a0aaf/library/alloc/src/boxed.rs:2468:9
[INFO] [stdout]   11:     0x6288da59c5c9 - test::test_main::{{closure}}::he977ae839a582784
[INFO] [stdout]                                at /rustc/90b35a6239c3d8bdabc530a6a0816f7ff89a0aaf/library/test/src/lib.rs:133:21
[INFO] [stdout]   12:     0x6288da5e5c28 - <alloc::boxed::Box<F,A> as core::ops::function::Fn<Args>>::call::h9455091b6b06f9fb
[INFO] [stdout]                                at /rustc/90b35a6239c3d8bdabc530a6a0816f7ff89a0aaf/library/alloc/src/boxed.rs:2468:9
[INFO] [stdout]   13:     0x6288da5e5c28 - std::panicking::rust_panic_with_hook::h8942133a8b252070
[INFO] [stdout]                                at /rustc/90b35a6239c3d8bdabc530a6a0816f7ff89a0aaf/library/std/src/panicking.rs:809:13
[INFO] [stdout]   14:     0x6288da5e59b6 - std::panicking::begin_panic_handler::{{closure}}::hb5f5963570096b29
[INFO] [stdout]                                at /rustc/90b35a6239c3d8bdabc530a6a0816f7ff89a0aaf/library/std/src/panicking.rs:667:13
[INFO] [stdout]   15:     0x6288da5e4609 - std::sys::backtrace::__rust_end_short_backtrace::h6208cedc1922feda
[INFO] [stdout]                                at /rustc/90b35a6239c3d8bdabc530a6a0816f7ff89a0aaf/library/std/src/sys/backtrace.rs:170:18
[INFO] [stdout]   16:     0x6288da5e567c - rust_begin_unwind
[INFO] [stdout]                                at /rustc/90b35a6239c3d8bdabc530a6a0816f7ff89a0aaf/library/std/src/panicking.rs:665:5
[INFO] [stdout]   17:     0x6288da501b00 - core::panicking::panic_fmt::h0c3082644d1bf418
[INFO] [stdout]                                at /rustc/90b35a6239c3d8bdabc530a6a0816f7ff89a0aaf/library/core/src/panicking.rs:74:14
[INFO] [stdout]   18:     0x6288da5023d7 - core::panicking::panic_const::panic_const_div_by_zero::h80fc355940c12604
[INFO] [stdout]                                at /rustc/90b35a6239c3d8bdabc530a6a0816f7ff89a0aaf/library/core/src/panicking.rs:181:21
[INFO] [stdout]   19:     0x6288da5268c3 - distributed_louvain::louvain::graph::DistributedInfo::compute_vertex_distribution::hdd791861566355d9
[INFO] [stdout]                                at /opt/rustwide/workdir/src/louvain/graph.rs:80:33
[INFO] [stdout]   20:     0x6288da553f2f - distributed_louvain::louvain::graph::tests::test_zero_size::h73b568018cf4232a
[INFO] [stdout]                                at /opt/rustwide/workdir/src/louvain/graph.rs:623:28
[INFO] [stdout]   21:     0x6288da553ee7 - distributed_louvain::louvain::graph::tests::test_zero_size::{{closure}}::hb6f492ef783fe7dc
[INFO] [stdout]                                at /opt/rustwide/workdir/src/louvain/graph.rs:620:24
[INFO] [stdout]   22:     0x6288da54c576 - core::ops::function::FnOnce::call_once::h0c8fcb1fa2fcdb3d
[INFO] [stdout]                                at /rustc/90b35a6239c3d8bdabc530a6a0816f7ff89a0aaf/library/core/src/ops/function.rs:250:5
[INFO] [stdout]   23:     0x6288da5a0f8b - core::ops::function::FnOnce::call_once::h109cf8051a59b34e
[INFO] [stdout]                                at /rustc/90b35a6239c3d8bdabc530a6a0816f7ff89a0aaf/library/core/src/ops/function.rs:250:5
[INFO] [stdout]   24:     0x6288da5a0f8b - test::__rust_begin_short_backtrace::hf4fff89d377446ba
[INFO] [stdout]                                at /rustc/90b35a6239c3d8bdabc530a6a0816f7ff89a0aaf/library/test/src/lib.rs:621:18
[INFO] [stdout]   25:     0x6288da5a07c7 - test::run_test_in_process::{{closure}}::h0e39181dd7ee5a43
[INFO] [stdout]                                at /rustc/90b35a6239c3d8bdabc530a6a0816f7ff89a0aaf/library/test/src/lib.rs:644:60
[INFO] [stdout]   26:     0x6288da5a07c7 - <core::panic::unwind_safe::AssertUnwindSafe<F> as core::ops::function::FnOnce<()>>::call_once::hc5a66a30f0bdfd1f
[INFO] [stdout]                                at /rustc/90b35a6239c3d8bdabc530a6a0816f7ff89a0aaf/library/core/src/panic/unwind_safe.rs:272:9
[INFO] [stdout]   27:     0x6288da5a07c7 - std::panicking::try::do_call::h873b7cf639554a5e
[INFO] [stdout]                                at /rustc/90b35a6239c3d8bdabc530a6a0816f7ff89a0aaf/library/std/src/panicking.rs:557:40
[INFO] [stdout]   28:     0x6288da5a07c7 - std::panicking::try::hdb19862fad9c8bd1
[INFO] [stdout]                                at /rustc/90b35a6239c3d8bdabc530a6a0816f7ff89a0aaf/library/std/src/panicking.rs:520:19
[INFO] [stdout]   29:     0x6288da5a07c7 - std::panic::catch_unwind::h281fe732d236d260
[INFO] [stdout]                                at /rustc/90b35a6239c3d8bdabc530a6a0816f7ff89a0aaf/library/std/src/panic.rs:358:14
[INFO] [stdout]   30:     0x6288da5a07c7 - test::run_test_in_process::h949b6df8457ed338
[INFO] [stdout]                                at /rustc/90b35a6239c3d8bdabc530a6a0816f7ff89a0aaf/library/test/src/lib.rs:644:27
[INFO] [stdout]   31:     0x6288da5a07c7 - test::run_test::{{closure}}::h52c556a6d4740e10
[INFO] [stdout]                                at /rustc/90b35a6239c3d8bdabc530a6a0816f7ff89a0aaf/library/test/src/lib.rs:565:43
[INFO] [stdout]   32:     0x6288da565aa4 - test::run_test::{{closure}}::h4237f6381c45ccb9
[INFO] [stdout]                                at /rustc/90b35a6239c3d8bdabc530a6a0816f7ff89a0aaf/library/test/src/lib.rs:595:41
[INFO] [stdout]   33:     0x6288da565aa4 - std::sys::backtrace::__rust_begin_short_backtrace::h505c97a579eca628
[INFO] [stdout]                                at /rustc/90b35a6239c3d8bdabc530a6a0816f7ff89a0aaf/library/std/src/sys/backtrace.rs:154:18
[INFO] [stdout]   34:     0x6288da56916e - std::thread::Builder::spawn_unchecked_::{{closure}}::{{closure}}::h9e86b2e2bc107ea3
[INFO] [stdout]                                at /rustc/90b35a6239c3d8bdabc530a6a0816f7ff89a0aaf/library/std/src/thread/mod.rs:538:17
[INFO] [stdout]   35:     0x6288da56916e - <core::panic::unwind_safe::AssertUnwindSafe<F> as core::ops::function::FnOnce<()>>::call_once::h8b06ddb275ff4a25
[INFO] [stdout]                                at /rustc/90b35a6239c3d8bdabc530a6a0816f7ff89a0aaf/library/core/src/panic/unwind_safe.rs:272:9
[INFO] [stdout]   36:     0x6288da56916e - std::panicking::try::do_call::hb26ecd7cd9a9355d
[INFO] [stdout]                                at /rustc/90b35a6239c3d8bdabc530a6a0816f7ff89a0aaf/library/std/src/panicking.rs:557:40
[INFO] [stdout]   37:     0x6288da56916e - std::panicking::try::h8ddeca9d705f9069
[INFO] [stdout]                                at /rustc/90b35a6239c3d8bdabc530a6a0816f7ff89a0aaf/library/std/src/panicking.rs:520:19
[INFO] [stdout]   38:     0x6288da56916e - std::panic::catch_unwind::h49e1c33078844c46
[INFO] [stdout]                                at /rustc/90b35a6239c3d8bdabc530a6a0816f7ff89a0aaf/library/std/src/panic.rs:358:14
[INFO] [stdout]   39:     0x6288da56916e - std::thread::Builder::spawn_unchecked_::{{closure}}::h6073db6ff56ad35d
[INFO] [stdout]                                at /rustc/90b35a6239c3d8bdabc530a6a0816f7ff89a0aaf/library/std/src/thread/mod.rs:537:30
[INFO] [stdout]   40:     0x6288da56916e - core::ops::function::FnOnce::call_once{{vtable.shim}}::h2c5a5f3779c774f1
[INFO] [stdout]                                at /rustc/90b35a6239c3d8bdabc530a6a0816f7ff89a0aaf/library/core/src/ops/function.rs:250:5
[INFO] [stdout]   41:     0x6288da5e997b - <alloc::boxed::Box<F,A> as core::ops::function::FnOnce<Args>>::call_once::hf75717d9f28faebf
[INFO] [stdout]                                at /rustc/90b35a6239c3d8bdabc530a6a0816f7ff89a0aaf/library/alloc/src/boxed.rs:2454:9
[INFO] [stdout]   42:     0x6288da5e997b - <alloc::boxed::Box<F,A> as core::ops::function::FnOnce<Args>>::call_once::h7bd883a5f3c5f3c1
[INFO] [stdout]                                at /rustc/90b35a6239c3d8bdabc530a6a0816f7ff89a0aaf/library/alloc/src/boxed.rs:2454:9
[INFO] [stdout]   43:     0x6288da5e997b - std::sys::pal::unix::thread::Thread::new::thread_start::hcc78f3943333fa94
[INFO] [stdout]                                at /rustc/90b35a6239c3d8bdabc530a6a0816f7ff89a0aaf/library/std/src/sys/pal/unix/thread.rs:105:17
[INFO] [stdout]   44:     0x7f657870dac3 - <unknown>
[INFO] [stdout]   45:     0x7f657879ea04 - clone
[INFO] [stdout]   46:                0x0 - <unknown>
[INFO] [stdout] 
[INFO] [stdout] 
[INFO] [stdout] failures:
[INFO] [stdout]     louvain::graph::tests::test_zero_size
[INFO] [stdout] 
[INFO] [stdout] test result: FAILED. 31 passed; 1 failed; 0 ignored; 0 measured; 0 filtered out; finished in 0.02s
[INFO] [stdout] 
[INFO] [stderr] error: test failed, to rerun pass `--lib`
[INFO] running `Command { std: "docker" "inspect" "45d43a9c8081c683b1cf58ae089c0fec9ec95c3a7ea5984238ccfd2bf72d7e0e", kill_on_drop: false }`
[INFO] running `Command { std: "docker" "rm" "-f" "45d43a9c8081c683b1cf58ae089c0fec9ec95c3a7ea5984238ccfd2bf72d7e0e", kill_on_drop: false }`
[INFO] [stdout] 45d43a9c8081c683b1cf58ae089c0fec9ec95c3a7ea5984238ccfd2bf72d7e0e
