[INFO] cloning repository https://github.com/nklyy/multi-nodes
[INFO] running `Command { std: "git" "-c" "credential.helper=" "-c" "credential.helper=/workspace/cargo-home/bin/git-credential-null" "clone" "--bare" "https://github.com/nklyy/multi-nodes" "/workspace/cache/git-repos/https%3A%2F%2Fgithub.com%2Fnklyy%2Fmulti-nodes", kill_on_drop: false }`
[INFO] [stderr] Cloning into bare repository '/workspace/cache/git-repos/https%3A%2F%2Fgithub.com%2Fnklyy%2Fmulti-nodes'...
[INFO] running `Command { std: "git" "rev-parse" "HEAD", kill_on_drop: false }`
[INFO] [stdout] e926597b9fbe398b9ba39721a285c2405651590c
[INFO] testing nklyy/multi-nodes against 1.83.0 for beta-1.84.0-4-retry
[INFO] running `Command { std: "git" "clone" "/workspace/cache/git-repos/https%3A%2F%2Fgithub.com%2Fnklyy%2Fmulti-nodes" "/workspace/builds/worker-6-tc1/source", kill_on_drop: false }`
[INFO] [stderr] Cloning into '/workspace/builds/worker-6-tc1/source'...
[INFO] [stderr] done.
[INFO] validating manifest of git repo https://github.com/nklyy/multi-nodes on toolchain 1.83.0
[INFO] running `Command { std: CARGO_HOME="/workspace/cargo-home" RUSTUP_HOME="/workspace/rustup-home" "/workspace/cargo-home/bin/cargo" "+1.83.0" "metadata" "--manifest-path" "Cargo.toml" "--no-deps", kill_on_drop: false }`
[INFO] started tweaking git repo https://github.com/nklyy/multi-nodes
[INFO] finished tweaking git repo https://github.com/nklyy/multi-nodes
[INFO] tweaked toml for git repo https://github.com/nklyy/multi-nodes written to /workspace/builds/worker-6-tc1/source/Cargo.toml
[INFO] crate git repo https://github.com/nklyy/multi-nodes already has a lockfile, it will not be regenerated
[INFO] running `Command { std: CARGO_HOME="/workspace/cargo-home" RUSTUP_HOME="/workspace/rustup-home" "/workspace/cargo-home/bin/cargo" "+1.83.0" "fetch" "--manifest-path" "Cargo.toml", kill_on_drop: false }`
[INFO] [stderr]  Downloading crates ...
[INFO] [stderr]   Downloaded primitive-types v0.12.0
[INFO] [stderr]   Downloaded bitcoin v0.29.1
[INFO] running `Command { std: "docker" "create" "-v" "/var/lib/crater-agent-workspace/builds/worker-6-tc1/target:/opt/rustwide/target:rw,Z" "-v" "/var/lib/crater-agent-workspace/builds/worker-6-tc1/source:/opt/rustwide/workdir:ro,Z" "-v" "/var/lib/crater-agent-workspace/cargo-home:/opt/rustwide/cargo-home:ro,Z" "-v" "/var/lib/crater-agent-workspace/rustup-home:/opt/rustwide/rustup-home:ro,Z" "-e" "SOURCE_DIR=/opt/rustwide/workdir" "-e" "CARGO_TARGET_DIR=/opt/rustwide/target" "-e" "CARGO_HOME=/opt/rustwide/cargo-home" "-e" "RUSTUP_HOME=/opt/rustwide/rustup-home" "-w" "/opt/rustwide/workdir" "-m" "1610612736" "--user" "0:0" "--network" "none" "ghcr.io/rust-lang/crates-build-env/linux@sha256:f3a9d4ad9d972b27faf3965f35b62e55ba32bbce8f20bc8fe909558a86702fde" "/opt/rustwide/cargo-home/bin/cargo" "+1.83.0" "metadata" "--no-deps" "--format-version=1", kill_on_drop: false }`
[INFO] [stdout] 55480ac57c0881b96b8313b1aad084b4c45dc3b2c35ddae1e4c91da415bee165
[INFO] running `Command { std: "docker" "start" "-a" "55480ac57c0881b96b8313b1aad084b4c45dc3b2c35ddae1e4c91da415bee165", kill_on_drop: false }`
[INFO] running `Command { std: "docker" "inspect" "55480ac57c0881b96b8313b1aad084b4c45dc3b2c35ddae1e4c91da415bee165", kill_on_drop: false }`
[INFO] running `Command { std: "docker" "rm" "-f" "55480ac57c0881b96b8313b1aad084b4c45dc3b2c35ddae1e4c91da415bee165", kill_on_drop: false }`
[INFO] [stdout] 55480ac57c0881b96b8313b1aad084b4c45dc3b2c35ddae1e4c91da415bee165
[INFO] running `Command { std: "docker" "create" "-v" "/var/lib/crater-agent-workspace/builds/worker-6-tc1/target:/opt/rustwide/target:rw,Z" "-v" "/var/lib/crater-agent-workspace/builds/worker-6-tc1/source:/opt/rustwide/workdir:ro,Z" "-v" "/var/lib/crater-agent-workspace/cargo-home:/opt/rustwide/cargo-home:ro,Z" "-v" "/var/lib/crater-agent-workspace/rustup-home:/opt/rustwide/rustup-home:ro,Z" "-e" "SOURCE_DIR=/opt/rustwide/workdir" "-e" "CARGO_TARGET_DIR=/opt/rustwide/target" "-e" "CARGO_INCREMENTAL=0" "-e" "RUST_BACKTRACE=full" "-e" "RUSTFLAGS=--cap-lints=warn" "-e" "RUSTDOCFLAGS=--cap-lints=warn" "-e" "CARGO_HOME=/opt/rustwide/cargo-home" "-e" "RUSTUP_HOME=/opt/rustwide/rustup-home" "-w" "/opt/rustwide/workdir" "-m" "1610612736" "--user" "0:0" "--network" "none" "ghcr.io/rust-lang/crates-build-env/linux@sha256:f3a9d4ad9d972b27faf3965f35b62e55ba32bbce8f20bc8fe909558a86702fde" "/opt/rustwide/cargo-home/bin/cargo" "+1.83.0" "build" "--frozen" "--message-format=json", kill_on_drop: false }`
[INFO] [stdout] e07c6d0b9ed83d56f6f2be165d6e195bbccbd183678796ad93a829860f2c10c2
[INFO] running `Command { std: "docker" "start" "-a" "e07c6d0b9ed83d56f6f2be165d6e195bbccbd183678796ad93a829860f2c10c2", kill_on_drop: false }`
[INFO] [stderr]    Compiling libc v0.2.132
[INFO] [stderr]    Compiling cfg-if v1.0.0
[INFO] [stderr]    Compiling autocfg v1.1.0
[INFO] [stderr]    Compiling proc-macro2 v1.0.43
[INFO] [stderr]    Compiling quote v1.0.21
[INFO] [stderr]    Compiling unicode-ident v1.0.3
[INFO] [stderr]    Compiling version_check v0.9.4
[INFO] [stderr]    Compiling syn v1.0.99
[INFO] [stderr]    Compiling memchr v2.5.0
[INFO] [stderr]    Compiling log v0.4.17
[INFO] [stderr]    Compiling bytes v1.2.1
[INFO] [stderr]    Compiling pin-project-lite v0.2.9
[INFO] [stderr]    Compiling once_cell v1.13.1
[INFO] [stderr]    Compiling futures-core v0.3.23
[INFO] [stderr]    Compiling itoa v1.0.3
[INFO] [stderr]    Compiling lock_api v0.4.7
[INFO] [stderr]    Compiling parking_lot_core v0.9.3
[INFO] [stderr]    Compiling smallvec v1.9.0
[INFO] [stderr]    Compiling scopeguard v1.1.0
[INFO] [stderr]    Compiling tokio v1.20.1
[INFO] [stderr]    Compiling futures-task v0.3.23
[INFO] [stderr]    Compiling fnv v1.0.7
[INFO] [stderr]    Compiling jobserver v0.1.24
[INFO] [stderr]    Compiling mio v0.8.4
[INFO] [stderr]    Compiling socket2 v0.4.4
[INFO] [stderr]    Compiling signal-hook-registry v1.4.0
[INFO] [stderr]    Compiling http v0.2.8
[INFO] [stderr]    Compiling tracing-core v0.1.29
[INFO] [stderr]    Compiling cc v1.0.73
[INFO] [stderr]    Compiling parking_lot v0.12.1
[INFO] [stderr]    Compiling pkg-config v0.3.25
[INFO] [stderr]    Compiling futures-util v0.3.23
[INFO] [stderr]    Compiling tracing v0.1.36
[INFO] [stderr]    Compiling pin-utils v0.1.0
[INFO] [stderr]    Compiling typenum v1.15.0
[INFO] [stderr]    Compiling futures-sink v0.3.23
[INFO] [stderr]    Compiling serde_derive v1.0.144
[INFO] [stderr]    Compiling getrandom v0.2.7
[INFO] [stderr]    Compiling openssl-sys v0.9.75
[INFO] [stderr]    Compiling aho-corasick v0.7.18
[INFO] [stderr]    Compiling indexmap v1.9.1
[INFO] [stderr]    Compiling slab v0.4.7
[INFO] [stderr]    Compiling generic-array v0.14.6
[INFO] [stderr]    Compiling bitflags v1.3.2
[INFO] [stderr]    Compiling percent-encoding v2.1.0
[INFO] [stderr]    Compiling regex-syntax v0.6.27
[INFO] [stderr]    Compiling serde v1.0.144
[INFO] [stderr]    Compiling zstd-sys v2.0.1+zstd.1.5.2
[INFO] [stderr]    Compiling httparse v1.7.1
[INFO] [stderr]    Compiling hashbrown v0.12.3
[INFO] [stderr]    Compiling matches v0.1.9
[INFO] [stderr]    Compiling tinyvec_macros v0.1.0
[INFO] [stderr]    Compiling tinyvec v1.6.0
[INFO] [stderr]    Compiling rand_core v0.6.3
[INFO] [stderr]    Compiling ppv-lite86 v0.2.16
[INFO] [stderr]    Compiling foreign-types-shared v0.1.1
[INFO] [stderr]    Compiling openssl v0.10.41
[INFO] [stderr]    Compiling foreign-types v0.3.2
[INFO] [stderr]    Compiling unicode-normalization v0.1.21
[INFO] [stderr]    Compiling form_urlencoded v1.0.1
[INFO] [stderr]    Compiling bytestring v1.1.0
[INFO] [stderr]    Compiling rand_chacha v0.3.1
[INFO] [stderr]    Compiling proc-macro-error-attr v1.0.4
[INFO] [stderr]    Compiling ryu v1.0.11
[INFO] [stderr]    Compiling zstd-safe v5.0.2+zstd.1.5.2
[INFO] [stderr]    Compiling native-tls v0.2.10
[INFO] [stderr]    Compiling regex v1.6.0
[INFO] [stderr]    Compiling encoding_rs v0.8.31
[INFO] [stderr]    Compiling httpdate v1.0.2
[INFO] [stderr]    Compiling tokio-util v0.7.3
[INFO] [stderr]    Compiling unicode-bidi v0.3.8
[INFO] [stderr]    Compiling serde_json v1.0.85
[INFO] [stderr]    Compiling futures-channel v0.3.23
[INFO] [stderr]    Compiling h2 v0.3.14
[INFO] [stderr]    Compiling local-waker v0.1.3
[INFO] [stderr]    Compiling alloc-no-stdlib v2.0.3
[INFO] [stderr]    Compiling crc32fast v1.3.2
[INFO] [stderr]    Compiling alloc-stdlib v0.2.1
[INFO] [stderr]    Compiling idna v0.2.3
[INFO] [stderr]    Compiling rand v0.8.5
[INFO] [stderr]    Compiling block-buffer v0.10.2
[INFO] [stderr]    Compiling openssl-macros v0.1.0
[INFO] [stderr]    Compiling crypto-common v0.1.6
[INFO] [stderr]    Compiling secp256k1-sys v0.6.0
[INFO] [stderr]    Compiling ahash v0.7.6
[INFO] [stderr]    Compiling proc-macro-error v1.0.4
[INFO] [stderr]    Compiling try-lock v0.2.3
[INFO] [stderr]    Compiling adler v1.0.2
[INFO] [stderr]    Compiling firestorm v0.5.1
[INFO] [stderr]    Compiling openssl-probe v0.1.5
[INFO] [stderr]    Compiling crunchy v0.2.2
[INFO] [stderr]    Compiling paste v1.0.8
[INFO] [stderr]    Compiling miniz_oxide v0.5.3
[INFO] [stderr]    Compiling want v0.3.0
[INFO] [stderr]    Compiling digest v0.10.3
[INFO] [stderr]    Compiling actix-service v2.0.2
[INFO] [stderr]    Compiling url v2.2.2
[INFO] [stderr]    Compiling brotli-decompressor v2.3.2
[INFO] [stderr]    Compiling actix-utils v3.0.0
[INFO] [stderr]    Compiling actix-rt v2.7.0
[INFO] [stderr]    Compiling http-body v0.4.5
[INFO] [stderr]    Compiling cookie v0.16.0
[INFO] [stderr]    Compiling base64 v0.13.0
[INFO] [stderr]    Compiling static_assertions v1.1.0
[INFO] [stderr]    Compiling tower-service v0.3.2
[INFO] [stderr]    Compiling convert_case v0.4.0
[INFO] [stderr]    Compiling byteorder v1.4.3
[INFO] [stderr]    Compiling mime v0.3.16
[INFO] [stderr]    Compiling num_threads v0.1.6
[INFO] [stderr]    Compiling cpufeatures v0.2.4
[INFO] [stderr]    Compiling time-macros v0.2.4
[INFO] [stderr]    Compiling lazy_static v1.4.0
[INFO] [stderr]    Compiling sha1 v0.10.1
[INFO] [stderr]    Compiling derive_more v0.99.17
[INFO] [stderr]    Compiling tokio-native-tls v0.3.0
[INFO] [stderr]    Compiling brotli v3.3.4
[INFO] [stderr]    Compiling hyper v0.14.20
[INFO] [stderr]    Compiling flate2 v1.0.24
[INFO] [stderr]    Compiling actix-router v0.5.0
[INFO] [stderr]    Compiling local-channel v0.1.3
[INFO] [stderr]    Compiling actix-codec v0.5.0
[INFO] [stderr]    Compiling time v0.3.13
[INFO] [stderr]    Compiling validator_types v0.16.0
[INFO] [stderr]    Compiling num_cpus v1.13.1
[INFO] [stderr]    Compiling language-tags v0.3.2
[INFO] [stderr]    Compiling rustc-hex v2.1.0
[INFO] [stderr]    Compiling bitcoin_hashes v0.11.0
[INFO] [stderr]    Compiling if_chain v1.0.2
[INFO] [stderr]    Compiling hex v0.4.3
[INFO] [stderr]    Compiling uint v0.9.3
[INFO] [stderr]    Compiling validator_derive v0.16.0
[INFO] [stderr]    Compiling fixed-hash v0.8.0
[INFO] [stderr]    Compiling actix-web-codegen v4.0.1
[INFO] [stderr]    Compiling actix-server v2.1.1
[INFO] [stderr]    Compiling actix-macros v0.2.3
[INFO] [stderr]    Compiling serde_urlencoded v0.7.1
[INFO] [stderr]    Compiling hyper-tls v0.5.0
[INFO] [stderr]    Compiling atty v0.2.14
[INFO] [stderr]    Compiling humantime v2.1.0
[INFO] [stderr]    Compiling termcolor v1.1.3
[INFO] [stderr]    Compiling ipnet v2.5.0
[INFO] [stderr]    Compiling bech32 v0.9.1
[INFO] [stderr]    Compiling reqwest v0.11.11
[INFO] [stderr]    Compiling validator v0.16.0
[INFO] [stderr]    Compiling env_logger v0.9.0
[INFO] [stderr]    Compiling primitive-types v0.12.0
[INFO] [stderr]    Compiling dotenv v0.15.0
[INFO] [stderr]    Compiling secp256k1 v0.24.0
[INFO] [stderr]    Compiling bitcoin v0.29.1
[INFO] [stderr]    Compiling zstd v0.11.2+zstd.1.5.2
[INFO] [stderr]    Compiling actix-http v3.2.1
[INFO] [stderr]    Compiling actix-web v4.1.0
[INFO] [stderr]    Compiling multi-nodes v0.1.0 (/opt/rustwide/workdir)
[INFO] [stderr]     Finished `dev` profile [unoptimized + debuginfo] target(s) in 3m 28s
[INFO] running `Command { std: "docker" "inspect" "e07c6d0b9ed83d56f6f2be165d6e195bbccbd183678796ad93a829860f2c10c2", kill_on_drop: false }`
[INFO] running `Command { std: "docker" "rm" "-f" "e07c6d0b9ed83d56f6f2be165d6e195bbccbd183678796ad93a829860f2c10c2", kill_on_drop: false }`
[INFO] [stdout] e07c6d0b9ed83d56f6f2be165d6e195bbccbd183678796ad93a829860f2c10c2
[INFO] running `Command { std: "docker" "create" "-v" "/var/lib/crater-agent-workspace/builds/worker-6-tc1/target:/opt/rustwide/target:rw,Z" "-v" "/var/lib/crater-agent-workspace/builds/worker-6-tc1/source:/opt/rustwide/workdir:ro,Z" "-v" "/var/lib/crater-agent-workspace/cargo-home:/opt/rustwide/cargo-home:ro,Z" "-v" "/var/lib/crater-agent-workspace/rustup-home:/opt/rustwide/rustup-home:ro,Z" "-e" "SOURCE_DIR=/opt/rustwide/workdir" "-e" "CARGO_TARGET_DIR=/opt/rustwide/target" "-e" "CARGO_INCREMENTAL=0" "-e" "RUST_BACKTRACE=full" "-e" "RUSTFLAGS=--cap-lints=warn" "-e" "RUSTDOCFLAGS=--cap-lints=warn" "-e" "CARGO_HOME=/opt/rustwide/cargo-home" "-e" "RUSTUP_HOME=/opt/rustwide/rustup-home" "-w" "/opt/rustwide/workdir" "-m" "1610612736" "--user" "0:0" "--network" "none" "ghcr.io/rust-lang/crates-build-env/linux@sha256:f3a9d4ad9d972b27faf3965f35b62e55ba32bbce8f20bc8fe909558a86702fde" "/opt/rustwide/cargo-home/bin/cargo" "+1.83.0" "test" "--frozen" "--no-run" "--message-format=json", kill_on_drop: false }`
[INFO] [stdout] 96ba74afc549c70f174bdd3a550885ac049c481adc83d176945119933139fc74
[INFO] running `Command { std: "docker" "start" "-a" "96ba74afc549c70f174bdd3a550885ac049c481adc83d176945119933139fc74", kill_on_drop: false }`
[INFO] [stderr]    Compiling multi-nodes v0.1.0 (/opt/rustwide/workdir)
[INFO] [stderr]     Finished `test` profile [unoptimized + debuginfo] target(s) in 11.15s
[INFO] running `Command { std: "docker" "inspect" "96ba74afc549c70f174bdd3a550885ac049c481adc83d176945119933139fc74", kill_on_drop: false }`
[INFO] running `Command { std: "docker" "rm" "-f" "96ba74afc549c70f174bdd3a550885ac049c481adc83d176945119933139fc74", kill_on_drop: false }`
[INFO] [stdout] 96ba74afc549c70f174bdd3a550885ac049c481adc83d176945119933139fc74
[INFO] running `Command { std: "docker" "create" "-v" "/var/lib/crater-agent-workspace/builds/worker-6-tc1/target:/opt/rustwide/target:rw,Z" "-v" "/var/lib/crater-agent-workspace/builds/worker-6-tc1/source:/opt/rustwide/workdir:ro,Z" "-v" "/var/lib/crater-agent-workspace/cargo-home:/opt/rustwide/cargo-home:ro,Z" "-v" "/var/lib/crater-agent-workspace/rustup-home:/opt/rustwide/rustup-home:ro,Z" "-e" "SOURCE_DIR=/opt/rustwide/workdir" "-e" "CARGO_TARGET_DIR=/opt/rustwide/target" "-e" "CARGO_INCREMENTAL=0" "-e" "RUST_BACKTRACE=full" "-e" "RUSTFLAGS=--cap-lints=warn" "-e" "RUSTDOCFLAGS=--cap-lints=warn" "-e" "CARGO_HOME=/opt/rustwide/cargo-home" "-e" "RUSTUP_HOME=/opt/rustwide/rustup-home" "-w" "/opt/rustwide/workdir" "-m" "1610612736" "--user" "0:0" "--network" "none" "ghcr.io/rust-lang/crates-build-env/linux@sha256:f3a9d4ad9d972b27faf3965f35b62e55ba32bbce8f20bc8fe909558a86702fde" "/opt/rustwide/cargo-home/bin/cargo" "+1.83.0" "test" "--frozen", kill_on_drop: false }`
[INFO] [stdout] 2718d2e3ef89794ad9028350630b20179b862d3de09113ede562d2d2f588d055
[INFO] running `Command { std: "docker" "start" "-a" "2718d2e3ef89794ad9028350630b20179b862d3de09113ede562d2d2f588d055", kill_on_drop: false }`
[INFO] [stderr]     Finished `test` profile [unoptimized + debuginfo] target(s) in 0.22s
[INFO] [stderr]      Running unittests src/lib.rs (/opt/rustwide/target/debug/deps/multi_nodes-9da426c03aefb0cb)
[INFO] [stdout] 
[INFO] [stdout] running 2 tests
[INFO] [stdout] test api::tests::test_not_found_ok ... ok
[INFO] [stdout] test config::tests::create_config ... FAILED
[INFO] [stdout] 
[INFO] [stdout] failures:
[INFO] [stdout] 
[INFO] [stdout] ---- config::tests::create_config stdout ----
[INFO] [stdout] thread 'config::tests::create_config' panicked at src/config/mod.rs:25:23:
[INFO] [stdout] incorrect port
[INFO] [stdout] stack backtrace:
[INFO] [stdout]    0:     0x6188d051ec8a - std::backtrace_rs::backtrace::libunwind::trace::h5a5b8284f2d0c266
[INFO] [stdout]                                at /rustc/90b35a6239c3d8bdabc530a6a0816f7ff89a0aaf/library/std/src/../../backtrace/src/backtrace/libunwind.rs:116:5
[INFO] [stdout]    1:     0x6188d051ec8a - std::backtrace_rs::backtrace::trace_unsynchronized::h76d4f1c9b0b875e3
[INFO] [stdout]                                at /rustc/90b35a6239c3d8bdabc530a6a0816f7ff89a0aaf/library/std/src/../../backtrace/src/backtrace/mod.rs:66:5
[INFO] [stdout]    2:     0x6188d051ec8a - std::sys::backtrace::_print_fmt::hc4546b8364a537c6
[INFO] [stdout]                                at /rustc/90b35a6239c3d8bdabc530a6a0816f7ff89a0aaf/library/std/src/sys/backtrace.rs:66:9
[INFO] [stdout]    3:     0x6188d051ec8a - <std::sys::backtrace::BacktraceLock::print::DisplayBacktrace as core::fmt::Display>::fmt::h5b6bd5631a6d1f6b
[INFO] [stdout]                                at /rustc/90b35a6239c3d8bdabc530a6a0816f7ff89a0aaf/library/std/src/sys/backtrace.rs:39:26
[INFO] [stdout]    4:     0x6188d0544643 - core::fmt::rt::Argument::fmt::h270f6602a2b96f62
[INFO] [stdout]                                at /rustc/90b35a6239c3d8bdabc530a6a0816f7ff89a0aaf/library/core/src/fmt/rt.rs:177:76
[INFO] [stdout]    5:     0x6188d0544643 - core::fmt::write::h7550c97b06c86515
[INFO] [stdout]                                at /rustc/90b35a6239c3d8bdabc530a6a0816f7ff89a0aaf/library/core/src/fmt/mod.rs:1186:21
[INFO] [stdout]    6:     0x6188d051bba3 - std::io::Write::write_fmt::h509ff860e5956e5e
[INFO] [stdout]                                at /rustc/90b35a6239c3d8bdabc530a6a0816f7ff89a0aaf/library/std/src/io/mod.rs:1839:15
[INFO] [stdout]    7:     0x6188d051ead2 - std::sys::backtrace::BacktraceLock::print::h2395ccd2c84ba3aa
[INFO] [stdout]                                at /rustc/90b35a6239c3d8bdabc530a6a0816f7ff89a0aaf/library/std/src/sys/backtrace.rs:42:9
[INFO] [stdout]    8:     0x6188d05200ea - std::panicking::default_hook::{{closure}}::he19d4c7230e07961
[INFO] [stdout]                                at /rustc/90b35a6239c3d8bdabc530a6a0816f7ff89a0aaf/library/std/src/panicking.rs:268:22
[INFO] [stdout]    9:     0x6188d051fef4 - std::panicking::default_hook::hf614597d3c67bbdb
[INFO] [stdout]                                at /rustc/90b35a6239c3d8bdabc530a6a0816f7ff89a0aaf/library/std/src/panicking.rs:292:9
[INFO] [stdout]   10:     0x6188d04214b9 - <alloc::boxed::Box<F,A> as core::ops::function::Fn<Args>>::call::h39b51ce4599c23d1
[INFO] [stdout]                                at /rustc/90b35a6239c3d8bdabc530a6a0816f7ff89a0aaf/library/alloc/src/boxed.rs:2468:9
[INFO] [stdout]   11:     0x6188d04214b9 - test::test_main::{{closure}}::he977ae839a582784
[INFO] [stdout]                                at /rustc/90b35a6239c3d8bdabc530a6a0816f7ff89a0aaf/library/test/src/lib.rs:133:21
[INFO] [stdout]   12:     0x6188d0520788 - <alloc::boxed::Box<F,A> as core::ops::function::Fn<Args>>::call::h9455091b6b06f9fb
[INFO] [stdout]                                at /rustc/90b35a6239c3d8bdabc530a6a0816f7ff89a0aaf/library/alloc/src/boxed.rs:2468:9
[INFO] [stdout]   13:     0x6188d0520788 - std::panicking::rust_panic_with_hook::h8942133a8b252070
[INFO] [stdout]                                at /rustc/90b35a6239c3d8bdabc530a6a0816f7ff89a0aaf/library/std/src/panicking.rs:809:13
[INFO] [stdout]   14:     0x6188d0520516 - std::panicking::begin_panic_handler::{{closure}}::hb5f5963570096b29
[INFO] [stdout]                                at /rustc/90b35a6239c3d8bdabc530a6a0816f7ff89a0aaf/library/std/src/panicking.rs:667:13
[INFO] [stdout]   15:     0x6188d051f169 - std::sys::backtrace::__rust_end_short_backtrace::h6208cedc1922feda
[INFO] [stdout]                                at /rustc/90b35a6239c3d8bdabc530a6a0816f7ff89a0aaf/library/std/src/sys/backtrace.rs:170:18
[INFO] [stdout]   16:     0x6188d05201dc - rust_begin_unwind
[INFO] [stdout]                                at /rustc/90b35a6239c3d8bdabc530a6a0816f7ff89a0aaf/library/std/src/panicking.rs:665:5
[INFO] [stdout]   17:     0x6188d03deb50 - core::panicking::panic_fmt::h0c3082644d1bf418
[INFO] [stdout]                                at /rustc/90b35a6239c3d8bdabc530a6a0816f7ff89a0aaf/library/core/src/panicking.rs:74:14
[INFO] [stdout]   18:     0x6188d03e805c - multi_nodes::config::Config::init::h798f7a8b6aec990f
[INFO] [stdout]                                at /opt/rustwide/workdir/src/config/mod.rs:25:23
[INFO] [stdout]   19:     0x6188d03e8644 - multi_nodes::config::tests::create_config::h077315013149e621
[INFO] [stdout]                                at /opt/rustwide/workdir/src/config/mod.rs:68:17
[INFO] [stdout]   20:     0x6188d03e8617 - multi_nodes::config::tests::create_config::{{closure}}::he83304c37f04c80d
[INFO] [stdout]                                at /opt/rustwide/workdir/src/config/mod.rs:67:23
[INFO] [stdout]   21:     0x6188d03e12e6 - core::ops::function::FnOnce::call_once::hcbe8f891a5bf0b4d
[INFO] [stdout]                                at /rustc/90b35a6239c3d8bdabc530a6a0816f7ff89a0aaf/library/core/src/ops/function.rs:250:5
[INFO] [stdout]   22:     0x6188d0425e7b - core::ops::function::FnOnce::call_once::h109cf8051a59b34e
[INFO] [stdout]                                at /rustc/90b35a6239c3d8bdabc530a6a0816f7ff89a0aaf/library/core/src/ops/function.rs:250:5
[INFO] [stdout]   23:     0x6188d0425e7b - test::__rust_begin_short_backtrace::hf4fff89d377446ba
[INFO] [stdout]                                at /rustc/90b35a6239c3d8bdabc530a6a0816f7ff89a0aaf/library/test/src/lib.rs:621:18
[INFO] [stdout]   24:     0x6188d04256b7 - test::run_test_in_process::{{closure}}::h0e39181dd7ee5a43
[INFO] [stdout]                                at /rustc/90b35a6239c3d8bdabc530a6a0816f7ff89a0aaf/library/test/src/lib.rs:644:60
[INFO] [stdout]   25:     0x6188d04256b7 - <core::panic::unwind_safe::AssertUnwindSafe<F> as core::ops::function::FnOnce<()>>::call_once::hc5a66a30f0bdfd1f
[INFO] [stdout]                                at /rustc/90b35a6239c3d8bdabc530a6a0816f7ff89a0aaf/library/core/src/panic/unwind_safe.rs:272:9
[INFO] [stdout]   26:     0x6188d04256b7 - std::panicking::try::do_call::h873b7cf639554a5e
[INFO] [stdout]                                at /rustc/90b35a6239c3d8bdabc530a6a0816f7ff89a0aaf/library/std/src/panicking.rs:557:40
[INFO] [stdout]   27:     0x6188d04256b7 - std::panicking::try::hdb19862fad9c8bd1
[INFO] [stdout]                                at /rustc/90b35a6239c3d8bdabc530a6a0816f7ff89a0aaf/library/std/src/panicking.rs:520:19
[INFO] [stdout]   28:     0x6188d04256b7 - std::panic::catch_unwind::h281fe732d236d260
[INFO] [stdout]                                at /rustc/90b35a6239c3d8bdabc530a6a0816f7ff89a0aaf/library/std/src/panic.rs:358:14
[INFO] [stdout]   29:     0x6188d04256b7 - test::run_test_in_process::h949b6df8457ed338
[INFO] [stdout]                                at /rustc/90b35a6239c3d8bdabc530a6a0816f7ff89a0aaf/library/test/src/lib.rs:644:27
[INFO] [stdout]   30:     0x6188d04256b7 - test::run_test::{{closure}}::h52c556a6d4740e10
[INFO] [stdout]                                at /rustc/90b35a6239c3d8bdabc530a6a0816f7ff89a0aaf/library/test/src/lib.rs:565:43
[INFO] [stdout]   31:     0x6188d03ea994 - test::run_test::{{closure}}::h4237f6381c45ccb9
[INFO] [stdout]                                at /rustc/90b35a6239c3d8bdabc530a6a0816f7ff89a0aaf/library/test/src/lib.rs:595:41
[INFO] [stdout]   32:     0x6188d03ea994 - std::sys::backtrace::__rust_begin_short_backtrace::h505c97a579eca628
[INFO] [stdout]                                at /rustc/90b35a6239c3d8bdabc530a6a0816f7ff89a0aaf/library/std/src/sys/backtrace.rs:154:18
[INFO] [stdout]   33:     0x6188d03ee05e - std::thread::Builder::spawn_unchecked_::{{closure}}::{{closure}}::h9e86b2e2bc107ea3
[INFO] [stdout]                                at /rustc/90b35a6239c3d8bdabc530a6a0816f7ff89a0aaf/library/std/src/thread/mod.rs:538:17
[INFO] [stdout]   34:     0x6188d03ee05e - <core::panic::unwind_safe::AssertUnwindSafe<F> as core::ops::function::FnOnce<()>>::call_once::h8b06ddb275ff4a25
[INFO] [stdout]                                at /rustc/90b35a6239c3d8bdabc530a6a0816f7ff89a0aaf/library/core/src/panic/unwind_safe.rs:272:9
[INFO] [stdout]   35:     0x6188d03ee05e - std::panicking::try::do_call::hb26ecd7cd9a9355d
[INFO] [stdout]                                at /rustc/90b35a6239c3d8bdabc530a6a0816f7ff89a0aaf/library/std/src/panicking.rs:557:40
[INFO] [stdout]   36:     0x6188d03ee05e - std::panicking::try::h8ddeca9d705f9069
[INFO] [stdout]                                at /rustc/90b35a6239c3d8bdabc530a6a0816f7ff89a0aaf/library/std/src/panicking.rs:520:19
[INFO] [stdout]   37:     0x6188d03ee05e - std::panic::catch_unwind::h49e1c33078844c46
[INFO] [stdout]                                at /rustc/90b35a6239c3d8bdabc530a6a0816f7ff89a0aaf/library/std/src/panic.rs:358:14
[INFO] [stdout]   38:     0x6188d03ee05e - std::thread::Builder::spawn_unchecked_::{{closure}}::h6073db6ff56ad35d
[INFO] [stdout]                                at /rustc/90b35a6239c3d8bdabc530a6a0816f7ff89a0aaf/library/std/src/thread/mod.rs:537:30
[INFO] [stdout]   39:     0x6188d03ee05e - core::ops::function::FnOnce::call_once{{vtable.shim}}::h2c5a5f3779c774f1
[INFO] [stdout]                                at /rustc/90b35a6239c3d8bdabc530a6a0816f7ff89a0aaf/library/core/src/ops/function.rs:250:5
[INFO] [stdout]   40:     0x6188d052491b - <alloc::boxed::Box<F,A> as core::ops::function::FnOnce<Args>>::call_once::hf75717d9f28faebf
[INFO] [stdout]                                at /rustc/90b35a6239c3d8bdabc530a6a0816f7ff89a0aaf/library/alloc/src/boxed.rs:2454:9
[INFO] [stdout]   41:     0x6188d052491b - <alloc::boxed::Box<F,A> as core::ops::function::FnOnce<Args>>::call_once::h7bd883a5f3c5f3c1
[INFO] [stdout]                                at /rustc/90b35a6239c3d8bdabc530a6a0816f7ff89a0aaf/library/alloc/src/boxed.rs:2454:9
[INFO] [stdout]   42:     0x6188d052491b - std::sys::pal::unix::thread::Thread::new::thread_start::hcc78f3943333fa94
[INFO] [stdout]                                at /rustc/90b35a6239c3d8bdabc530a6a0816f7ff89a0aaf/library/std/src/sys/pal/unix/thread.rs:105:17
[INFO] [stdout]   43:     0x7d063ad05ac3 - <unknown>
[INFO] [stdout]   44:     0x7d063ad96a04 - clone
[INFO] [stdout]   45:                0x0 - <unknown>
[INFO] [stdout] 
[INFO] [stdout] 
[INFO] [stdout] failures:
[INFO] [stdout]     config::tests::create_config
[INFO] [stdout] 
[INFO] [stdout] test result: FAILED. 1 passed; 1 failed; 0 ignored; 0 measured; 0 filtered out; finished in 0.12s
[INFO] [stdout] 
[INFO] [stderr] error: test failed, to rerun pass `--lib`
[INFO] running `Command { std: "docker" "inspect" "2718d2e3ef89794ad9028350630b20179b862d3de09113ede562d2d2f588d055", kill_on_drop: false }`
[INFO] running `Command { std: "docker" "rm" "-f" "2718d2e3ef89794ad9028350630b20179b862d3de09113ede562d2d2f588d055", kill_on_drop: false }`
[INFO] [stdout] 2718d2e3ef89794ad9028350630b20179b862d3de09113ede562d2d2f588d055
