[INFO] cloning repository https://github.com/ninjapiraatti/rustsandbox
[INFO] running `Command { std: "git" "-c" "credential.helper=" "-c" "credential.helper=/workspace/cargo-home/bin/git-credential-null" "clone" "--bare" "https://github.com/ninjapiraatti/rustsandbox" "/workspace/cache/git-repos/https%3A%2F%2Fgithub.com%2Fninjapiraatti%2Frustsandbox", kill_on_drop: false }`
[INFO] [stderr] Cloning into bare repository '/workspace/cache/git-repos/https%3A%2F%2Fgithub.com%2Fninjapiraatti%2Frustsandbox'...
[INFO] running `Command { std: "git" "rev-parse" "HEAD", kill_on_drop: false }`
[INFO] [stdout] 8741f433229eca3f93b5dd90489d4a037d12365f
[INFO] testing ninjapiraatti/rustsandbox against beta-2024-12-08 for beta-1.84.0-4-retry
[INFO] running `Command { std: "git" "clone" "/workspace/cache/git-repos/https%3A%2F%2Fgithub.com%2Fninjapiraatti%2Frustsandbox" "/workspace/builds/worker-2-tc2/source", kill_on_drop: false }`
[INFO] [stderr] Cloning into '/workspace/builds/worker-2-tc2/source'...
[INFO] [stderr] done.
[INFO] validating manifest of git repo https://github.com/ninjapiraatti/rustsandbox on toolchain beta-2024-12-08
[INFO] running `Command { std: CARGO_HOME="/workspace/cargo-home" RUSTUP_HOME="/workspace/rustup-home" "/workspace/cargo-home/bin/cargo" "+beta-2024-12-08" "metadata" "--manifest-path" "Cargo.toml" "--no-deps", kill_on_drop: false }`
[INFO] started tweaking git repo https://github.com/ninjapiraatti/rustsandbox
[INFO] finished tweaking git repo https://github.com/ninjapiraatti/rustsandbox
[INFO] tweaked toml for git repo https://github.com/ninjapiraatti/rustsandbox written to /workspace/builds/worker-2-tc2/source/Cargo.toml
[INFO] crate git repo https://github.com/ninjapiraatti/rustsandbox already has a lockfile, it will not be regenerated
[INFO] running `Command { std: CARGO_HOME="/workspace/cargo-home" RUSTUP_HOME="/workspace/rustup-home" "/workspace/cargo-home/bin/cargo" "+beta-2024-12-08" "fetch" "--manifest-path" "Cargo.toml", kill_on_drop: false }`
[INFO] running `Command { std: "docker" "create" "-v" "/var/lib/crater-agent-workspace/builds/worker-2-tc2/target:/opt/rustwide/target:rw,Z" "-v" "/var/lib/crater-agent-workspace/builds/worker-2-tc2/source:/opt/rustwide/workdir:ro,Z" "-v" "/var/lib/crater-agent-workspace/cargo-home:/opt/rustwide/cargo-home:ro,Z" "-v" "/var/lib/crater-agent-workspace/rustup-home:/opt/rustwide/rustup-home:ro,Z" "-e" "SOURCE_DIR=/opt/rustwide/workdir" "-e" "CARGO_TARGET_DIR=/opt/rustwide/target" "-e" "CARGO_HOME=/opt/rustwide/cargo-home" "-e" "RUSTUP_HOME=/opt/rustwide/rustup-home" "-w" "/opt/rustwide/workdir" "-m" "1610612736" "--user" "0:0" "--network" "none" "ghcr.io/rust-lang/crates-build-env/linux@sha256:f3a9d4ad9d972b27faf3965f35b62e55ba32bbce8f20bc8fe909558a86702fde" "/opt/rustwide/cargo-home/bin/cargo" "+beta-2024-12-08" "metadata" "--no-deps" "--format-version=1", kill_on_drop: false }`
[INFO] [stdout] 9a32ff5badd324362c299a17953f22ee320a0ccb55572622e1d426acbda8dbee
[INFO] running `Command { std: "docker" "start" "-a" "9a32ff5badd324362c299a17953f22ee320a0ccb55572622e1d426acbda8dbee", kill_on_drop: false }`
[INFO] running `Command { std: "docker" "inspect" "9a32ff5badd324362c299a17953f22ee320a0ccb55572622e1d426acbda8dbee", kill_on_drop: false }`
[INFO] running `Command { std: "docker" "rm" "-f" "9a32ff5badd324362c299a17953f22ee320a0ccb55572622e1d426acbda8dbee", kill_on_drop: false }`
[INFO] [stdout] 9a32ff5badd324362c299a17953f22ee320a0ccb55572622e1d426acbda8dbee
[INFO] running `Command { std: "docker" "create" "-v" "/var/lib/crater-agent-workspace/builds/worker-2-tc2/target:/opt/rustwide/target:rw,Z" "-v" "/var/lib/crater-agent-workspace/builds/worker-2-tc2/source:/opt/rustwide/workdir:ro,Z" "-v" "/var/lib/crater-agent-workspace/cargo-home:/opt/rustwide/cargo-home:ro,Z" "-v" "/var/lib/crater-agent-workspace/rustup-home:/opt/rustwide/rustup-home:ro,Z" "-e" "SOURCE_DIR=/opt/rustwide/workdir" "-e" "CARGO_TARGET_DIR=/opt/rustwide/target" "-e" "CARGO_INCREMENTAL=0" "-e" "RUST_BACKTRACE=full" "-e" "RUSTFLAGS=--cap-lints=warn" "-e" "RUSTDOCFLAGS=--cap-lints=warn" "-e" "CARGO_HOME=/opt/rustwide/cargo-home" "-e" "RUSTUP_HOME=/opt/rustwide/rustup-home" "-w" "/opt/rustwide/workdir" "-m" "1610612736" "--user" "0:0" "--network" "none" "ghcr.io/rust-lang/crates-build-env/linux@sha256:f3a9d4ad9d972b27faf3965f35b62e55ba32bbce8f20bc8fe909558a86702fde" "/opt/rustwide/cargo-home/bin/cargo" "+beta-2024-12-08" "build" "--frozen" "--message-format=json", kill_on_drop: false }`
[INFO] [stdout] d48212985d5fd611699589c39b36daa7fdce68bad1647488ff89488731324c4e
[INFO] running `Command { std: "docker" "start" "-a" "d48212985d5fd611699589c39b36daa7fdce68bad1647488ff89488731324c4e", kill_on_drop: false }`
[INFO] [stderr]    Compiling utf8parse v0.2.1
[INFO] [stderr]    Compiling colorchoice v1.0.0
[INFO] [stderr]    Compiling anstyle-query v1.0.0
[INFO] [stderr]    Compiling anstyle v1.0.3
[INFO] [stderr]    Compiling clap_lex v0.5.1
[INFO] [stderr]    Compiling anstyle-parse v0.2.1
[INFO] [stderr]    Compiling anstream v0.5.0
[INFO] [stderr]    Compiling clap_builder v4.4.2
[INFO] [stderr]    Compiling clap v4.4.3
[INFO] [stderr]    Compiling helloworld v0.1.0 (/opt/rustwide/workdir)
[INFO] [stdout] warning: unused import: `cmp::min`
[INFO] [stdout]   --> src/codewars/codewars_next_smaller_number.rs:19:26
[INFO] [stdout]    |
[INFO] [stdout] 19 | use std::{time::Instant, cmp::min};
[INFO] [stdout]    |                          ^^^^^^^^
[INFO] [stdout]    |
[INFO] [stdout]    = note: `#[warn(unused_imports)]` on by default
[INFO] [stdout] 
[INFO] [stdout] 
[INFO] [stderr]     Finished `dev` profile [unoptimized + debuginfo] target(s) in 6.75s
[INFO] running `Command { std: "docker" "inspect" "d48212985d5fd611699589c39b36daa7fdce68bad1647488ff89488731324c4e", kill_on_drop: false }`
[INFO] running `Command { std: "docker" "rm" "-f" "d48212985d5fd611699589c39b36daa7fdce68bad1647488ff89488731324c4e", kill_on_drop: false }`
[INFO] [stdout] d48212985d5fd611699589c39b36daa7fdce68bad1647488ff89488731324c4e
[INFO] running `Command { std: "docker" "create" "-v" "/var/lib/crater-agent-workspace/builds/worker-2-tc2/target:/opt/rustwide/target:rw,Z" "-v" "/var/lib/crater-agent-workspace/builds/worker-2-tc2/source:/opt/rustwide/workdir:ro,Z" "-v" "/var/lib/crater-agent-workspace/cargo-home:/opt/rustwide/cargo-home:ro,Z" "-v" "/var/lib/crater-agent-workspace/rustup-home:/opt/rustwide/rustup-home:ro,Z" "-e" "SOURCE_DIR=/opt/rustwide/workdir" "-e" "CARGO_TARGET_DIR=/opt/rustwide/target" "-e" "CARGO_INCREMENTAL=0" "-e" "RUST_BACKTRACE=full" "-e" "RUSTFLAGS=--cap-lints=warn" "-e" "RUSTDOCFLAGS=--cap-lints=warn" "-e" "CARGO_HOME=/opt/rustwide/cargo-home" "-e" "RUSTUP_HOME=/opt/rustwide/rustup-home" "-w" "/opt/rustwide/workdir" "-m" "1610612736" "--user" "0:0" "--network" "none" "ghcr.io/rust-lang/crates-build-env/linux@sha256:f3a9d4ad9d972b27faf3965f35b62e55ba32bbce8f20bc8fe909558a86702fde" "/opt/rustwide/cargo-home/bin/cargo" "+beta-2024-12-08" "test" "--frozen" "--no-run" "--message-format=json", kill_on_drop: false }`
[INFO] [stdout] 128e6ab7c96319f7c6d1c44780057e50f6e670bad0d072400875ef07ea1f2506
[INFO] running `Command { std: "docker" "start" "-a" "128e6ab7c96319f7c6d1c44780057e50f6e670bad0d072400875ef07ea1f2506", kill_on_drop: false }`
[INFO] [stderr]    Compiling helloworld v0.1.0 (/opt/rustwide/workdir)
[INFO] [stdout] warning: unused import: `cmp::min`
[INFO] [stdout]   --> src/codewars/codewars_next_smaller_number.rs:19:26
[INFO] [stdout]    |
[INFO] [stdout] 19 | use std::{time::Instant, cmp::min};
[INFO] [stdout]    |                          ^^^^^^^^
[INFO] [stdout]    |
[INFO] [stdout]    = note: `#[warn(unused_imports)]` on by default
[INFO] [stdout] 
[INFO] [stdout] 
[INFO] [stderr]     Finished `test` profile [unoptimized + debuginfo] target(s) in 1.47s
[INFO] running `Command { std: "docker" "inspect" "128e6ab7c96319f7c6d1c44780057e50f6e670bad0d072400875ef07ea1f2506", kill_on_drop: false }`
[INFO] running `Command { std: "docker" "rm" "-f" "128e6ab7c96319f7c6d1c44780057e50f6e670bad0d072400875ef07ea1f2506", kill_on_drop: false }`
[INFO] [stdout] 128e6ab7c96319f7c6d1c44780057e50f6e670bad0d072400875ef07ea1f2506
[INFO] running `Command { std: "docker" "create" "-v" "/var/lib/crater-agent-workspace/builds/worker-2-tc2/target:/opt/rustwide/target:rw,Z" "-v" "/var/lib/crater-agent-workspace/builds/worker-2-tc2/source:/opt/rustwide/workdir:ro,Z" "-v" "/var/lib/crater-agent-workspace/cargo-home:/opt/rustwide/cargo-home:ro,Z" "-v" "/var/lib/crater-agent-workspace/rustup-home:/opt/rustwide/rustup-home:ro,Z" "-e" "SOURCE_DIR=/opt/rustwide/workdir" "-e" "CARGO_TARGET_DIR=/opt/rustwide/target" "-e" "CARGO_INCREMENTAL=0" "-e" "RUST_BACKTRACE=full" "-e" "RUSTFLAGS=--cap-lints=warn" "-e" "RUSTDOCFLAGS=--cap-lints=warn" "-e" "CARGO_HOME=/opt/rustwide/cargo-home" "-e" "RUSTUP_HOME=/opt/rustwide/rustup-home" "-w" "/opt/rustwide/workdir" "-m" "1610612736" "--user" "0:0" "--network" "none" "ghcr.io/rust-lang/crates-build-env/linux@sha256:f3a9d4ad9d972b27faf3965f35b62e55ba32bbce8f20bc8fe909558a86702fde" "/opt/rustwide/cargo-home/bin/cargo" "+beta-2024-12-08" "test" "--frozen", kill_on_drop: false }`
[INFO] [stdout] add8c3adc183a635b77df034a69b88f8aebc2c19471f887c53a9a993710c84e1
[INFO] running `Command { std: "docker" "start" "-a" "add8c3adc183a635b77df034a69b88f8aebc2c19471f887c53a9a993710c84e1", kill_on_drop: false }`
[INFO] [stderr] warning: unused import: `cmp::min`
[INFO] [stderr]   --> src/codewars/codewars_next_smaller_number.rs:19:26
[INFO] [stderr]    |
[INFO] [stderr] 19 | use std::{time::Instant, cmp::min};
[INFO] [stderr]    |                          ^^^^^^^^
[INFO] [stderr]    |
[INFO] [stderr]    = note: `#[warn(unused_imports)]` on by default
[INFO] [stderr] 
[INFO] [stderr] warning: `helloworld` (bin "helloworld" test) generated 1 warning (run `cargo fix --bin "helloworld" --tests` to apply 1 suggestion)
[INFO] [stderr]     Finished `test` profile [unoptimized + debuginfo] target(s) in 0.03s
[INFO] [stderr]      Running unittests src/main.rs (/opt/rustwide/target/debug/deps/helloworld-2ea7a3e49be7b64c)
[INFO] [stdout] 
[INFO] [stdout] running 21 tests
[INFO] [stdout] test codewars::codewars_breakcamelcase::tests::test_solution ... ok
[INFO] [stdout] test codewars::codewars_casinochips::tests::example_cases ... ok
[INFO] [stdout] test codewars::codewars_elevator::tests::basic ... ok
[INFO] [stdout] test codewars::codewars_interlaced::example_tests::example_test_1 ... ok
[INFO] [stdout] test codewars::codewars_sort_binary_by_levels::sample_tests::complete_tree ... ok
[INFO] [stdout] test codewars::codewars_interlaced::example_tests::example_test_4 ... ok
[INFO] [stdout] test codewars::codewars_mirror::tests::basic ... ok
[INFO] [stdout] test codewars::codewars_moviecard::tests::basic_tests ... ok
[INFO] [stdout] test udemy_hands_on::udemy_ho_quicksort::tests::basic ... ok
[INFO] [stdout] test codewars::codewars_hungarian::tests::sample_tests ... ok
[INFO] [stdout] test codewars::codewars_how_many_numbers::tests::sample_tests ... ok
[INFO] [stdout] test udemy_hands_on::udemy_ho_mergesort::tests::basic ... ok
[INFO] [stdout] test codewars::codewars_interlaced::example_tests::example_test_2 ... ok
[INFO] [stdout] test codewars::codewars_sort_binary_by_levels::sample_tests::root_only ... ok
[INFO] [stdout] test codewars::codewars_sortbybit::tests::basic ... ok
[INFO] [stdout] test codewars::codewars_century::tests::test_basic ... ok
[INFO] [stdout] test codewars::codewars_removep::tests::sample_tests ... ok
[INFO] [stdout] test codewars::codewars_interlaced::example_tests::example_test_3 ... ok
[INFO] [stdout] test codewars::codewars_stones::tests::sample_tests ... ok
[INFO] [stdout] test codewars::codewars_nsmallest::tests::test_basic ... ok
[INFO] [stdout] test codewars::codewars_next_smaller_number::tests::example ... FAILED
[INFO] [stdout] 
[INFO] [stdout] failures:
[INFO] [stdout] 
[INFO] [stdout] ---- codewars::codewars_next_smaller_number::tests::example stdout ----
[INFO] [stdout] temp_min: 21 | fast_index: 0 | slow_index: 1
[INFO] [stdout] temp_min: 12 | fast_index: 0 | slow_index: 1 | res: 12
[INFO] [stdout] Starting new recursion with 12. fi: 0 | si: 1
[INFO] [stdout] Stopping at Some(12)
[INFO] [stdout] Stopping recursion at 12
[INFO] [stdout] [32mResult: 12 | 20.47µs[0m
[INFO] [stdout] temp_min: 907 | fast_index: 1 | slow_index: 2
[INFO] [stdout] fi: 1
[INFO] [stdout] Starting new recursion with 907. fi: 0 | si: 2
[INFO] [stdout] temp_min: 907 | fast_index: 0 | slow_index: 2
[INFO] [stdout] temp_min: 709 | fast_index: 0 | slow_index: 2 | res: 709
[INFO] [stdout] Starting new recursion with 709. fi: 0 | si: 1
[INFO] [stdout] Stopping at Some(709)
[INFO] [stdout] Stopping recursion at 709
[INFO] [stdout] Reached end of line at 907
[INFO] [stdout] No result | 4.56µs
[INFO] [stdout] thread 'codewars::codewars_next_smaller_number::tests::example' panicked at src/codewars/codewars_next_smaller_number.rs:28:9:
[INFO] [stdout] assertion `left == right` failed
[INFO] [stdout]   left: Some(790)
[INFO] [stdout]  right: None
[INFO] [stdout] stack backtrace:
[INFO] [stdout]    0:     0x605956022b6a - std::backtrace_rs::backtrace::libunwind::trace::h8810477743020387
[INFO] [stdout]                                at /rustc/202008a1b8de96d2e5b6bc02d379db03a877d34d/library/std/src/../../backtrace/src/backtrace/libunwind.rs:116:5
[INFO] [stdout]    1:     0x605956022b6a - std::backtrace_rs::backtrace::trace_unsynchronized::h3aa55355dd6c54a6
[INFO] [stdout]                                at /rustc/202008a1b8de96d2e5b6bc02d379db03a877d34d/library/std/src/../../backtrace/src/backtrace/mod.rs:66:5
[INFO] [stdout]    2:     0x605956022b6a - std::sys::backtrace::_print_fmt::h8588b0f62410823f
[INFO] [stdout]                                at /rustc/202008a1b8de96d2e5b6bc02d379db03a877d34d/library/std/src/sys/backtrace.rs:66:9
[INFO] [stdout]    3:     0x605956022b6a - <std::sys::backtrace::BacktraceLock::print::DisplayBacktrace as core::fmt::Display>::fmt::h98c26ac25ffe89bb
[INFO] [stdout]                                at /rustc/202008a1b8de96d2e5b6bc02d379db03a877d34d/library/std/src/sys/backtrace.rs:39:26
[INFO] [stdout]    4:     0x605956048a23 - core::fmt::rt::Argument::fmt::hf95377f4aebd453b
[INFO] [stdout]                                at /rustc/202008a1b8de96d2e5b6bc02d379db03a877d34d/library/core/src/fmt/rt.rs:177:76
[INFO] [stdout]    5:     0x605956048a23 - core::fmt::write::h0dd5f6e2238c7982
[INFO] [stdout]                                at /rustc/202008a1b8de96d2e5b6bc02d379db03a877d34d/library/core/src/fmt/mod.rs:1189:21
[INFO] [stdout]    6:     0x60595601fd03 - std::io::Write::write_fmt::h03bb0ca26e6faf8c
[INFO] [stdout]                                at /rustc/202008a1b8de96d2e5b6bc02d379db03a877d34d/library/std/src/io/mod.rs:1884:15
[INFO] [stdout]    7:     0x6059560229b2 - std::sys::backtrace::BacktraceLock::print::h5c19c1c038ee186d
[INFO] [stdout]                                at /rustc/202008a1b8de96d2e5b6bc02d379db03a877d34d/library/std/src/sys/backtrace.rs:42:9
[INFO] [stdout]    8:     0x605956023fed - std::panicking::default_hook::{{closure}}::h77172f079a1fcb13
[INFO] [stdout]                                at /rustc/202008a1b8de96d2e5b6bc02d379db03a877d34d/library/std/src/panicking.rs:268:22
[INFO] [stdout]    9:     0x605956023df7 - std::panicking::default_hook::he5f8e3b203ccddba
[INFO] [stdout]                                at /rustc/202008a1b8de96d2e5b6bc02d379db03a877d34d/library/std/src/panicking.rs:292:9
[INFO] [stdout]   10:     0x605955fe7507 - <alloc::boxed::Box<F,A> as core::ops::function::Fn<Args>>::call::h7a3c7b4a1ae77f2f
[INFO] [stdout]                                at /rustc/202008a1b8de96d2e5b6bc02d379db03a877d34d/library/alloc/src/boxed.rs:1986:9
[INFO] [stdout]   11:     0x605955fe7507 - test::test_main::{{closure}}::hf0d3b69ae9b353d1
[INFO] [stdout]                                at /rustc/202008a1b8de96d2e5b6bc02d379db03a877d34d/library/test/src/lib.rs:134:21
[INFO] [stdout]   12:     0x605956024698 - <alloc::boxed::Box<F,A> as core::ops::function::Fn<Args>>::call::h6332e82e7b189abd
[INFO] [stdout]                                at /rustc/202008a1b8de96d2e5b6bc02d379db03a877d34d/library/alloc/src/boxed.rs:1986:9
[INFO] [stdout]   13:     0x605956024698 - std::panicking::rust_panic_with_hook::h53863d4e9018df39
[INFO] [stdout]                                at /rustc/202008a1b8de96d2e5b6bc02d379db03a877d34d/library/std/src/panicking.rs:809:13
[INFO] [stdout]   14:     0x60595602445a - std::panicking::begin_panic_handler::{{closure}}::h67280e6fa0757873
[INFO] [stdout]                                at /rustc/202008a1b8de96d2e5b6bc02d379db03a877d34d/library/std/src/panicking.rs:674:13
[INFO] [stdout]   15:     0x605956023049 - std::sys::backtrace::__rust_end_short_backtrace::h1dac3f54d6fbbeb2
[INFO] [stdout]                                at /rustc/202008a1b8de96d2e5b6bc02d379db03a877d34d/library/std/src/sys/backtrace.rs:170:18
[INFO] [stdout]   16:     0x6059560240ec - rust_begin_unwind
[INFO] [stdout]                                at /rustc/202008a1b8de96d2e5b6bc02d379db03a877d34d/library/std/src/panicking.rs:665:5
[INFO] [stdout]   17:     0x605955f7bbb0 - core::panicking::panic_fmt::h6792bd1b2bf01041
[INFO] [stdout]                                at /rustc/202008a1b8de96d2e5b6bc02d379db03a877d34d/library/core/src/panicking.rs:76:14
[INFO] [stdout]   18:     0x605955f7bf7b - core::panicking::assert_failed_inner::hf2c17e6d30928787
[INFO] [stdout]   19:     0x605955f9dbed - core::panicking::assert_failed::h20bb184a3e84426f
[INFO] [stdout]                                at /rustc/202008a1b8de96d2e5b6bc02d379db03a877d34d/library/core/src/panicking.rs:373:5
[INFO] [stdout]   20:     0x605955f9b61a - helloworld::codewars::codewars_next_smaller_number::tests::example::h042fc9ed776c81c5
[INFO] [stdout]                                at /opt/rustwide/workdir/src/codewars/codewars_next_smaller_number.rs:28:9
[INFO] [stdout]   21:     0x605955f9b517 - helloworld::codewars::codewars_next_smaller_number::tests::example::{{closure}}::h181870424f4ea7d6
[INFO] [stdout]                                at /opt/rustwide/workdir/src/codewars/codewars_next_smaller_number.rs:26:17
[INFO] [stdout]   22:     0x605955f970d6 - core::ops::function::FnOnce::call_once::heeb171b3a8fd5636
[INFO] [stdout]                                at /rustc/202008a1b8de96d2e5b6bc02d379db03a877d34d/library/core/src/ops/function.rs:250:5
[INFO] [stdout]   23:     0x605955fec02b - core::ops::function::FnOnce::call_once::h871bf86719ec9aa4
[INFO] [stdout]                                at /rustc/202008a1b8de96d2e5b6bc02d379db03a877d34d/library/core/src/ops/function.rs:250:5
[INFO] [stdout]   24:     0x605955fec02b - test::__rust_begin_short_backtrace::h2167df1e2b7d76fd
[INFO] [stdout]                                at /rustc/202008a1b8de96d2e5b6bc02d379db03a877d34d/library/test/src/lib.rs:632:18
[INFO] [stdout]   25:     0x605955feba18 - test::run_test_in_process::{{closure}}::h15d92f75a3adfb79
[INFO] [stdout]                                at /rustc/202008a1b8de96d2e5b6bc02d379db03a877d34d/library/test/src/lib.rs:655:60
[INFO] [stdout]   26:     0x605955feba18 - <core::panic::unwind_safe::AssertUnwindSafe<F> as core::ops::function::FnOnce<()>>::call_once::hb6c8955835a8dbbb
[INFO] [stdout]                                at /rustc/202008a1b8de96d2e5b6bc02d379db03a877d34d/library/core/src/panic/unwind_safe.rs:272:9
[INFO] [stdout]   27:     0x605955feba18 - std::panicking::try::do_call::hc79d0fc888a0bd30
[INFO] [stdout]                                at /rustc/202008a1b8de96d2e5b6bc02d379db03a877d34d/library/std/src/panicking.rs:557:40
[INFO] [stdout]   28:     0x605955feba18 - std::panicking::try::hb8a7878e3a8589d6
[INFO] [stdout]                                at /rustc/202008a1b8de96d2e5b6bc02d379db03a877d34d/library/std/src/panicking.rs:520:19
[INFO] [stdout]   29:     0x605955feba18 - std::panic::catch_unwind::hb8e4600ff0ff5cfa
[INFO] [stdout]                                at /rustc/202008a1b8de96d2e5b6bc02d379db03a877d34d/library/std/src/panic.rs:358:14
[INFO] [stdout]   30:     0x605955feba18 - test::run_test_in_process::hc2900b0b18688dd6
[INFO] [stdout]                                at /rustc/202008a1b8de96d2e5b6bc02d379db03a877d34d/library/test/src/lib.rs:655:27
[INFO] [stdout]   31:     0x605955feba18 - test::run_test::{{closure}}::hac2a9cb07be3d48d
[INFO] [stdout]                                at /rustc/202008a1b8de96d2e5b6bc02d379db03a877d34d/library/test/src/lib.rs:576:43
[INFO] [stdout]   32:     0x605955faf4ba - test::run_test::{{closure}}::h4a5b729e66a38cd8
[INFO] [stdout]                                at /rustc/202008a1b8de96d2e5b6bc02d379db03a877d34d/library/test/src/lib.rs:606:41
[INFO] [stdout]   33:     0x605955faf4ba - std::sys::backtrace::__rust_begin_short_backtrace::h0496fb742492f573
[INFO] [stdout]                                at /rustc/202008a1b8de96d2e5b6bc02d379db03a877d34d/library/std/src/sys/backtrace.rs:154:18
[INFO] [stdout]   34:     0x605955fb2e34 - std::thread::Builder::spawn_unchecked_::{{closure}}::{{closure}}::hbb6d257c550a54bd
[INFO] [stdout]                                at /rustc/202008a1b8de96d2e5b6bc02d379db03a877d34d/library/std/src/thread/mod.rs:561:17
[INFO] [stdout]   35:     0x605955fb2e34 - <core::panic::unwind_safe::AssertUnwindSafe<F> as core::ops::function::FnOnce<()>>::call_once::h46696fe4a6832328
[INFO] [stdout]                                at /rustc/202008a1b8de96d2e5b6bc02d379db03a877d34d/library/core/src/panic/unwind_safe.rs:272:9
[INFO] [stdout]   36:     0x605955fb2e34 - std::panicking::try::do_call::h2625a51b667bfb64
[INFO] [stdout]                                at /rustc/202008a1b8de96d2e5b6bc02d379db03a877d34d/library/std/src/panicking.rs:557:40
[INFO] [stdout]   37:     0x605955fb2e34 - std::panicking::try::hb956a59a1973aa4c
[INFO] [stdout]                                at /rustc/202008a1b8de96d2e5b6bc02d379db03a877d34d/library/std/src/panicking.rs:520:19
[INFO] [stdout]   38:     0x605955fb2e34 - std::panic::catch_unwind::h64f3b9d1067ef6a0
[INFO] [stdout]                                at /rustc/202008a1b8de96d2e5b6bc02d379db03a877d34d/library/std/src/panic.rs:358:14
[INFO] [stdout]   39:     0x605955fb2e34 - std::thread::Builder::spawn_unchecked_::{{closure}}::h42b2841295b6c0b2
[INFO] [stdout]                                at /rustc/202008a1b8de96d2e5b6bc02d379db03a877d34d/library/std/src/thread/mod.rs:559:30
[INFO] [stdout]   40:     0x605955fb2e34 - core::ops::function::FnOnce::call_once{{vtable.shim}}::h6127de71b8124639
[INFO] [stdout]                                at /rustc/202008a1b8de96d2e5b6bc02d379db03a877d34d/library/core/src/ops/function.rs:250:5
[INFO] [stdout]   41:     0x6059560285db - <alloc::boxed::Box<F,A> as core::ops::function::FnOnce<Args>>::call_once::h42f0ba71002a1b2c
[INFO] [stdout]                                at /rustc/202008a1b8de96d2e5b6bc02d379db03a877d34d/library/alloc/src/boxed.rs:1972:9
[INFO] [stdout]   42:     0x6059560285db - <alloc::boxed::Box<F,A> as core::ops::function::FnOnce<Args>>::call_once::had9e47d7a3dcecb8
[INFO] [stdout]                                at /rustc/202008a1b8de96d2e5b6bc02d379db03a877d34d/library/alloc/src/boxed.rs:1972:9
[INFO] [stdout]   43:     0x6059560285db - std::sys::pal::unix::thread::Thread::new::thread_start::h48cf765408f6f5f2
[INFO] [stdout]                                at /rustc/202008a1b8de96d2e5b6bc02d379db03a877d34d/library/std/src/sys/pal/unix/thread.rs:105:17
[INFO] [stdout]   44:     0x72c17233aac3 - <unknown>
[INFO] [stdout]   45:     0x72c1723cba04 - clone
[INFO] [stdout]   46:                0x0 - <unknown>
[INFO] [stdout] 
[INFO] [stdout] 
[INFO] [stdout] failures:
[INFO] [stdout]     codewars::codewars_next_smaller_number::tests::example
[INFO] [stdout] 
[INFO] [stdout] test result: FAILED. 20 passed; 1 failed; 0 ignored; 0 measured; 0 filtered out; finished in 0.08s
[INFO] [stdout] 
[INFO] [stderr] error: test failed, to rerun pass `--bin helloworld`
[INFO] running `Command { std: "docker" "inspect" "add8c3adc183a635b77df034a69b88f8aebc2c19471f887c53a9a993710c84e1", kill_on_drop: false }`
[INFO] running `Command { std: "docker" "rm" "-f" "add8c3adc183a635b77df034a69b88f8aebc2c19471f887c53a9a993710c84e1", kill_on_drop: false }`
[INFO] [stdout] add8c3adc183a635b77df034a69b88f8aebc2c19471f887c53a9a993710c84e1
