[INFO] cloning repository https://github.com/nikita-skobov/byte-visualizer
[INFO] running `Command { std: "git" "-c" "credential.helper=" "-c" "credential.helper=/workspace/cargo-home/bin/git-credential-null" "clone" "--bare" "https://github.com/nikita-skobov/byte-visualizer" "/workspace/cache/git-repos/https%3A%2F%2Fgithub.com%2Fnikita-skobov%2Fbyte-visualizer", kill_on_drop: false }`
[INFO] [stderr] Cloning into bare repository '/workspace/cache/git-repos/https%3A%2F%2Fgithub.com%2Fnikita-skobov%2Fbyte-visualizer'...
[INFO] running `Command { std: "git" "rev-parse" "HEAD", kill_on_drop: false }`
[INFO] [stdout] 8c35c3d1490662078142587d50c08bfd74807b23
[INFO] testing nikita-skobov/byte-visualizer against 1.83.0 for beta-1.84.0-4-retry
[INFO] running `Command { std: "git" "clone" "/workspace/cache/git-repos/https%3A%2F%2Fgithub.com%2Fnikita-skobov%2Fbyte-visualizer" "/workspace/builds/worker-1-tc1/source", kill_on_drop: false }`
[INFO] [stderr] Cloning into '/workspace/builds/worker-1-tc1/source'...
[INFO] [stderr] done.
[INFO] validating manifest of git repo https://github.com/nikita-skobov/byte-visualizer on toolchain 1.83.0
[INFO] running `Command { std: CARGO_HOME="/workspace/cargo-home" RUSTUP_HOME="/workspace/rustup-home" "/workspace/cargo-home/bin/cargo" "+1.83.0" "metadata" "--manifest-path" "Cargo.toml" "--no-deps", kill_on_drop: false }`
[INFO] started tweaking git repo https://github.com/nikita-skobov/byte-visualizer
[INFO] finished tweaking git repo https://github.com/nikita-skobov/byte-visualizer
[INFO] tweaked toml for git repo https://github.com/nikita-skobov/byte-visualizer written to /workspace/builds/worker-1-tc1/source/Cargo.toml
[INFO] crate git repo https://github.com/nikita-skobov/byte-visualizer already has a lockfile, it will not be regenerated
[INFO] running `Command { std: CARGO_HOME="/workspace/cargo-home" RUSTUP_HOME="/workspace/rustup-home" "/workspace/cargo-home/bin/cargo" "+1.83.0" "fetch" "--manifest-path" "Cargo.toml", kill_on_drop: false }`
[INFO] running `Command { std: "docker" "create" "-v" "/var/lib/crater-agent-workspace/builds/worker-1-tc1/target:/opt/rustwide/target:rw,Z" "-v" "/var/lib/crater-agent-workspace/builds/worker-1-tc1/source:/opt/rustwide/workdir:ro,Z" "-v" "/var/lib/crater-agent-workspace/cargo-home:/opt/rustwide/cargo-home:ro,Z" "-v" "/var/lib/crater-agent-workspace/rustup-home:/opt/rustwide/rustup-home:ro,Z" "-e" "SOURCE_DIR=/opt/rustwide/workdir" "-e" "CARGO_TARGET_DIR=/opt/rustwide/target" "-e" "CARGO_HOME=/opt/rustwide/cargo-home" "-e" "RUSTUP_HOME=/opt/rustwide/rustup-home" "-w" "/opt/rustwide/workdir" "-m" "1610612736" "--user" "0:0" "--network" "none" "ghcr.io/rust-lang/crates-build-env/linux@sha256:f3a9d4ad9d972b27faf3965f35b62e55ba32bbce8f20bc8fe909558a86702fde" "/opt/rustwide/cargo-home/bin/cargo" "+1.83.0" "metadata" "--no-deps" "--format-version=1", kill_on_drop: false }`
[INFO] [stdout] 98a6ad46d06ec912bf88ac0c901c1d01b04787d1ce4511051571ee3032c498b2
[INFO] running `Command { std: "docker" "start" "-a" "98a6ad46d06ec912bf88ac0c901c1d01b04787d1ce4511051571ee3032c498b2", kill_on_drop: false }`
[INFO] running `Command { std: "docker" "inspect" "98a6ad46d06ec912bf88ac0c901c1d01b04787d1ce4511051571ee3032c498b2", kill_on_drop: false }`
[INFO] running `Command { std: "docker" "rm" "-f" "98a6ad46d06ec912bf88ac0c901c1d01b04787d1ce4511051571ee3032c498b2", kill_on_drop: false }`
[INFO] [stdout] 98a6ad46d06ec912bf88ac0c901c1d01b04787d1ce4511051571ee3032c498b2
[INFO] running `Command { std: "docker" "create" "-v" "/var/lib/crater-agent-workspace/builds/worker-1-tc1/target:/opt/rustwide/target:rw,Z" "-v" "/var/lib/crater-agent-workspace/builds/worker-1-tc1/source:/opt/rustwide/workdir:ro,Z" "-v" "/var/lib/crater-agent-workspace/cargo-home:/opt/rustwide/cargo-home:ro,Z" "-v" "/var/lib/crater-agent-workspace/rustup-home:/opt/rustwide/rustup-home:ro,Z" "-e" "SOURCE_DIR=/opt/rustwide/workdir" "-e" "CARGO_TARGET_DIR=/opt/rustwide/target" "-e" "CARGO_INCREMENTAL=0" "-e" "RUST_BACKTRACE=full" "-e" "RUSTFLAGS=--cap-lints=warn" "-e" "RUSTDOCFLAGS=--cap-lints=warn" "-e" "CARGO_HOME=/opt/rustwide/cargo-home" "-e" "RUSTUP_HOME=/opt/rustwide/rustup-home" "-w" "/opt/rustwide/workdir" "-m" "1610612736" "--user" "0:0" "--network" "none" "ghcr.io/rust-lang/crates-build-env/linux@sha256:f3a9d4ad9d972b27faf3965f35b62e55ba32bbce8f20bc8fe909558a86702fde" "/opt/rustwide/cargo-home/bin/cargo" "+1.83.0" "build" "--frozen" "--message-format=json", kill_on_drop: false }`
[INFO] [stdout] ba242fa51b0136ccd37a46030cba2d025c8b374bd10d29a1604f02b8f5f9c815
[INFO] running `Command { std: "docker" "start" "-a" "ba242fa51b0136ccd37a46030cba2d025c8b374bd10d29a1604f02b8f5f9c815", kill_on_drop: false }`
[INFO] [stderr]    Compiling byte-visualizer v0.1.0 (/opt/rustwide/workdir)
[INFO] [stdout] warning: unnecessary parentheses around block return value
[INFO] [stdout]    --> src/image_data/png.rs:129:17
[INFO] [stdout]     |
[INFO] [stdout] 129 |                 (n + {if data.len() == n * CHUNK_SIZE && data.len() != 0 { 0 } else { 1 }})
[INFO] [stdout]     |                 ^                                                                         ^
[INFO] [stdout]     |
[INFO] [stdout]     = note: `#[warn(unused_parens)]` on by default
[INFO] [stdout] help: remove these parentheses
[INFO] [stdout]     |
[INFO] [stdout] 129 -                 (n + {if data.len() == n * CHUNK_SIZE && data.len() != 0 { 0 } else { 1 }})
[INFO] [stdout] 129 +                 n + {if data.len() == n * CHUNK_SIZE && data.len() != 0 { 0 } else { 1 }}
[INFO] [stdout]     |
[INFO] [stdout] 
[INFO] [stdout] 
[INFO] [stdout] warning: unused import: `get_image_data::get_image_data`
[INFO] [stdout]  --> src/image_data/mod.rs:6:9
[INFO] [stdout]   |
[INFO] [stdout] 6 | pub use get_image_data::get_image_data;
[INFO] [stdout]   |         ^^^^^^^^^^^^^^^^^^^^^^^^^^^^^^
[INFO] [stdout]   |
[INFO] [stdout]   = note: `#[warn(unused_imports)]` on by default
[INFO] [stdout] 
[INFO] [stdout] 
[INFO] [stdout] warning: unused import: `png::crc32`
[INFO] [stdout]  --> src/image_data/mod.rs:9:9
[INFO] [stdout]   |
[INFO] [stdout] 9 | pub use png::crc32;
[INFO] [stdout]   |         ^^^^^^^^^^
[INFO] [stdout] 
[INFO] [stdout] 
[INFO] [stdout] warning: unused import: `Duration`
[INFO] [stdout]  --> src/main.rs:7:21
[INFO] [stdout]   |
[INFO] [stdout] 7 |     use std::time::{Duration, Instant};
[INFO] [stdout]   |                     ^^^^^^^^
[INFO] [stdout] 
[INFO] [stdout] 
[INFO] [stdout] warning: function `get_image_data` is never used
[INFO] [stdout]  --> src/image_data/get_image_data.rs:1:8
[INFO] [stdout]   |
[INFO] [stdout] 1 | pub fn get_image_data(
[INFO] [stdout]   |        ^^^^^^^^^^^^^^
[INFO] [stdout]   |
[INFO] [stdout]   = note: `#[warn(dead_code)]` on by default
[INFO] [stdout] 
[INFO] [stdout] 
[INFO] [stdout] warning: associated function `get_blended_pixel` is never used
[INFO] [stdout]   --> src/image_data/pixels.rs:52:12
[INFO] [stdout]    |
[INFO] [stdout] 9  | impl Pixel {
[INFO] [stdout]    | ---------- associated function in this implementation
[INFO] [stdout] ...
[INFO] [stdout] 52 |     pub fn get_blended_pixel(bottom: Pixel, top: Pixel) -> Pixel {
[INFO] [stdout]    |            ^^^^^^^^^^^^^^^^^
[INFO] [stdout] 
[INFO] [stdout] 
[INFO] [stdout] warning: field `height` is never read
[INFO] [stdout]  --> src/image_data/sprite.rs:7:9
[INFO] [stdout]   |
[INFO] [stdout] 3 | pub struct Sprite {
[INFO] [stdout]   |            ------ field in this struct
[INFO] [stdout] ...
[INFO] [stdout] 7 |     pub height: i32,
[INFO] [stdout]   |         ^^^^^^
[INFO] [stdout] 
[INFO] [stdout] 
[INFO] [stdout] warning: method `set_pixel_data` is never used
[INFO] [stdout]   --> src/image_data/sprite.rs:35:12
[INFO] [stdout]    |
[INFO] [stdout] 12 | impl Sprite {
[INFO] [stdout]    | ----------- method in this implementation
[INFO] [stdout] ...
[INFO] [stdout] 35 |     pub fn set_pixel_data(&mut self, data: Vec<pixels::Pixel>) {
[INFO] [stdout]    |            ^^^^^^^^^^^^^^
[INFO] [stdout] 
[INFO] [stdout] 
[INFO] [stderr]     Finished `dev` profile [unoptimized + debuginfo] target(s) in 0.56s
[INFO] running `Command { std: "docker" "inspect" "ba242fa51b0136ccd37a46030cba2d025c8b374bd10d29a1604f02b8f5f9c815", kill_on_drop: false }`
[INFO] running `Command { std: "docker" "rm" "-f" "ba242fa51b0136ccd37a46030cba2d025c8b374bd10d29a1604f02b8f5f9c815", kill_on_drop: false }`
[INFO] [stdout] ba242fa51b0136ccd37a46030cba2d025c8b374bd10d29a1604f02b8f5f9c815
[INFO] running `Command { std: "docker" "create" "-v" "/var/lib/crater-agent-workspace/builds/worker-1-tc1/target:/opt/rustwide/target:rw,Z" "-v" "/var/lib/crater-agent-workspace/builds/worker-1-tc1/source:/opt/rustwide/workdir:ro,Z" "-v" "/var/lib/crater-agent-workspace/cargo-home:/opt/rustwide/cargo-home:ro,Z" "-v" "/var/lib/crater-agent-workspace/rustup-home:/opt/rustwide/rustup-home:ro,Z" "-e" "SOURCE_DIR=/opt/rustwide/workdir" "-e" "CARGO_TARGET_DIR=/opt/rustwide/target" "-e" "CARGO_INCREMENTAL=0" "-e" "RUST_BACKTRACE=full" "-e" "RUSTFLAGS=--cap-lints=warn" "-e" "RUSTDOCFLAGS=--cap-lints=warn" "-e" "CARGO_HOME=/opt/rustwide/cargo-home" "-e" "RUSTUP_HOME=/opt/rustwide/rustup-home" "-w" "/opt/rustwide/workdir" "-m" "1610612736" "--user" "0:0" "--network" "none" "ghcr.io/rust-lang/crates-build-env/linux@sha256:f3a9d4ad9d972b27faf3965f35b62e55ba32bbce8f20bc8fe909558a86702fde" "/opt/rustwide/cargo-home/bin/cargo" "+1.83.0" "test" "--frozen" "--no-run" "--message-format=json", kill_on_drop: false }`
[INFO] [stdout] 2a7fb93850fbe308d5cc84177964a11ede1ea387cbd847fb65e574f8af12bf33
[INFO] running `Command { std: "docker" "start" "-a" "2a7fb93850fbe308d5cc84177964a11ede1ea387cbd847fb65e574f8af12bf33", kill_on_drop: false }`
[INFO] [stderr]    Compiling byte-visualizer v0.1.0 (/opt/rustwide/workdir)
[INFO] [stdout] warning: unused import: `std::fs`
[INFO] [stdout]    --> src/image_data/get_image_data.rs:251:13
[INFO] [stdout]     |
[INFO] [stdout] 251 |         use std::fs;
[INFO] [stdout]     |             ^^^^^^^
[INFO] [stdout]     |
[INFO] [stdout]     = note: `#[warn(unused_imports)]` on by default
[INFO] [stdout] 
[INFO] [stdout] 
[INFO] [stdout] warning: unnecessary parentheses around block return value
[INFO] [stdout]    --> src/image_data/png.rs:129:17
[INFO] [stdout]     |
[INFO] [stdout] 129 |                 (n + {if data.len() == n * CHUNK_SIZE && data.len() != 0 { 0 } else { 1 }})
[INFO] [stdout]     |                 ^                                                                         ^
[INFO] [stdout]     |
[INFO] [stdout]     = note: `#[warn(unused_parens)]` on by default
[INFO] [stdout] help: remove these parentheses
[INFO] [stdout]     |
[INFO] [stdout] 129 -                 (n + {if data.len() == n * CHUNK_SIZE && data.len() != 0 { 0 } else { 1 }})
[INFO] [stdout] 129 +                 n + {if data.len() == n * CHUNK_SIZE && data.len() != 0 { 0 } else { 1 }}
[INFO] [stdout]     |
[INFO] [stdout] 
[INFO] [stdout] 
[INFO] [stdout] warning: unused import: `get_image_data::get_image_data`
[INFO] [stdout]  --> src/image_data/mod.rs:6:9
[INFO] [stdout]   |
[INFO] [stdout] 6 | pub use get_image_data::get_image_data;
[INFO] [stdout]   |         ^^^^^^^^^^^^^^^^^^^^^^^^^^^^^^
[INFO] [stdout] 
[INFO] [stdout] 
[INFO] [stdout] warning: unused import: `png::crc32`
[INFO] [stdout]  --> src/image_data/mod.rs:9:9
[INFO] [stdout]   |
[INFO] [stdout] 9 | pub use png::crc32;
[INFO] [stdout]   |         ^^^^^^^^^^
[INFO] [stdout] 
[INFO] [stdout] 
[INFO] [stdout] warning: unused import: `Duration`
[INFO] [stdout]  --> src/main.rs:7:21
[INFO] [stdout]   |
[INFO] [stdout] 7 |     use std::time::{Duration, Instant};
[INFO] [stdout]   |                     ^^^^^^^^
[INFO] [stdout] 
[INFO] [stdout] 
[INFO] [stdout] warning: function `get_image_data` is never used
[INFO] [stdout]  --> src/image_data/get_image_data.rs:1:8
[INFO] [stdout]   |
[INFO] [stdout] 1 | pub fn get_image_data(
[INFO] [stdout]   |        ^^^^^^^^^^^^^^
[INFO] [stdout]   |
[INFO] [stdout]   = note: `#[warn(dead_code)]` on by default
[INFO] [stdout] 
[INFO] [stdout] 
[INFO] [stdout] warning: associated function `get_blended_pixel` is never used
[INFO] [stdout]   --> src/image_data/pixels.rs:52:12
[INFO] [stdout]    |
[INFO] [stdout] 9  | impl Pixel {
[INFO] [stdout]    | ---------- associated function in this implementation
[INFO] [stdout] ...
[INFO] [stdout] 52 |     pub fn get_blended_pixel(bottom: Pixel, top: Pixel) -> Pixel {
[INFO] [stdout]    |            ^^^^^^^^^^^^^^^^^
[INFO] [stdout] 
[INFO] [stdout] 
[INFO] [stdout] warning: field `height` is never read
[INFO] [stdout]  --> src/image_data/sprite.rs:7:9
[INFO] [stdout]   |
[INFO] [stdout] 3 | pub struct Sprite {
[INFO] [stdout]   |            ------ field in this struct
[INFO] [stdout] ...
[INFO] [stdout] 7 |     pub height: i32,
[INFO] [stdout]   |         ^^^^^^
[INFO] [stdout] 
[INFO] [stdout] 
[INFO] [stderr]     Finished `test` profile [unoptimized + debuginfo] target(s) in 0.54s
[INFO] running `Command { std: "docker" "inspect" "2a7fb93850fbe308d5cc84177964a11ede1ea387cbd847fb65e574f8af12bf33", kill_on_drop: false }`
[INFO] running `Command { std: "docker" "rm" "-f" "2a7fb93850fbe308d5cc84177964a11ede1ea387cbd847fb65e574f8af12bf33", kill_on_drop: false }`
[INFO] [stdout] 2a7fb93850fbe308d5cc84177964a11ede1ea387cbd847fb65e574f8af12bf33
[INFO] running `Command { std: "docker" "create" "-v" "/var/lib/crater-agent-workspace/builds/worker-1-tc1/target:/opt/rustwide/target:rw,Z" "-v" "/var/lib/crater-agent-workspace/builds/worker-1-tc1/source:/opt/rustwide/workdir:ro,Z" "-v" "/var/lib/crater-agent-workspace/cargo-home:/opt/rustwide/cargo-home:ro,Z" "-v" "/var/lib/crater-agent-workspace/rustup-home:/opt/rustwide/rustup-home:ro,Z" "-e" "SOURCE_DIR=/opt/rustwide/workdir" "-e" "CARGO_TARGET_DIR=/opt/rustwide/target" "-e" "CARGO_INCREMENTAL=0" "-e" "RUST_BACKTRACE=full" "-e" "RUSTFLAGS=--cap-lints=warn" "-e" "RUSTDOCFLAGS=--cap-lints=warn" "-e" "CARGO_HOME=/opt/rustwide/cargo-home" "-e" "RUSTUP_HOME=/opt/rustwide/rustup-home" "-w" "/opt/rustwide/workdir" "-m" "1610612736" "--user" "0:0" "--network" "none" "ghcr.io/rust-lang/crates-build-env/linux@sha256:f3a9d4ad9d972b27faf3965f35b62e55ba32bbce8f20bc8fe909558a86702fde" "/opt/rustwide/cargo-home/bin/cargo" "+1.83.0" "test" "--frozen", kill_on_drop: false }`
[INFO] [stdout] 76ff50f553e625d48c937fb8c6cce661f09853902779dc3e114e9be8b6f64251
[INFO] running `Command { std: "docker" "start" "-a" "76ff50f553e625d48c937fb8c6cce661f09853902779dc3e114e9be8b6f64251", kill_on_drop: false }`
[INFO] [stderr] warning: unused import: `std::fs`
[INFO] [stderr]    --> src/image_data/get_image_data.rs:251:13
[INFO] [stderr]     |
[INFO] [stderr] 251 |         use std::fs;
[INFO] [stderr]     |             ^^^^^^^
[INFO] [stderr]     |
[INFO] [stderr]     = note: `#[warn(unused_imports)]` on by default
[INFO] [stderr] 
[INFO] [stderr] warning: unnecessary parentheses around block return value
[INFO] [stderr]    --> src/image_data/png.rs:129:17
[INFO] [stderr]     |
[INFO] [stderr] 129 |                 (n + {if data.len() == n * CHUNK_SIZE && data.len() != 0 { 0 } else { 1 }})
[INFO] [stderr]     |                 ^                                                                         ^
[INFO] [stderr]     |
[INFO] [stderr]     = note: `#[warn(unused_parens)]` on by default
[INFO] [stderr] help: remove these parentheses
[INFO] [stderr]     |
[INFO] [stderr] 129 -                 (n + {if data.len() == n * CHUNK_SIZE && data.len() != 0 { 0 } else { 1 }})
[INFO] [stderr] 129 +                 n + {if data.len() == n * CHUNK_SIZE && data.len() != 0 { 0 } else { 1 }}
[INFO] [stderr]     |
[INFO] [stderr] 
[INFO] [stderr] warning: unused import: `get_image_data::get_image_data`
[INFO] [stderr]  --> src/image_data/mod.rs:6:9
[INFO] [stderr]   |
[INFO] [stderr] 6 | pub use get_image_data::get_image_data;
[INFO] [stderr]   |         ^^^^^^^^^^^^^^^^^^^^^^^^^^^^^^
[INFO] [stderr] 
[INFO] [stderr] warning: unused import: `png::crc32`
[INFO] [stderr]  --> src/image_data/mod.rs:9:9
[INFO] [stderr]   |
[INFO] [stderr] 9 | pub use png::crc32;
[INFO] [stderr]   |         ^^^^^^^^^^
[INFO] [stderr] 
[INFO] [stderr] warning: unused import: `Duration`
[INFO] [stderr]  --> src/main.rs:7:21
[INFO] [stderr]   |
[INFO] [stderr] 7 |     use std::time::{Duration, Instant};
[INFO] [stderr]   |                     ^^^^^^^^
[INFO] [stderr] 
[INFO] [stderr] warning: function `get_image_data` is never used
[INFO] [stderr]  --> src/image_data/get_image_data.rs:1:8
[INFO] [stderr]   |
[INFO] [stderr] 1 | pub fn get_image_data(
[INFO] [stderr]   |        ^^^^^^^^^^^^^^
[INFO] [stderr]   |
[INFO] [stderr]   = note: `#[warn(dead_code)]` on by default
[INFO] [stderr] 
[INFO] [stderr] warning: associated function `get_blended_pixel` is never used
[INFO] [stderr]   --> src/image_data/pixels.rs:52:12
[INFO] [stderr]    |
[INFO] [stderr] 9  | impl Pixel {
[INFO] [stderr]    | ---------- associated function in this implementation
[INFO] [stderr] ...
[INFO] [stderr] 52 |     pub fn get_blended_pixel(bottom: Pixel, top: Pixel) -> Pixel {
[INFO] [stderr]    |            ^^^^^^^^^^^^^^^^^
[INFO] [stderr] 
[INFO] [stderr] warning: field `height` is never read
[INFO] [stderr]  --> src/image_data/sprite.rs:7:9
[INFO] [stderr]   |
[INFO] [stderr] 3 | pub struct Sprite {
[INFO] [stderr]   |            ------ field in this struct
[INFO] [stderr] ...
[INFO] [stderr] 7 |     pub height: i32,
[INFO] [stderr]   |         ^^^^^^
[INFO] [stderr] 
[INFO] [stderr] warning: `byte-visualizer` (bin "byte-visualizer" test) generated 8 warnings (run `cargo fix --bin "byte-visualizer" --tests` to apply 5 suggestions)
[INFO] [stderr]     Finished `test` profile [unoptimized + debuginfo] target(s) in 0.01s
[INFO] [stderr]      Running unittests src/main.rs (/opt/rustwide/target/debug/deps/byte_visualizer-36cd294327650e7c)
[INFO] [stdout] 
[INFO] [stdout] running 5 tests
[INFO] [stdout] test image_data::sprite::tests::new_works ... ok
[INFO] [stdout] test image_data::sprite::tests::set_pixel_data_sets_len_to_max ... ok
[INFO] [stdout] test image_data::sprite::tests::set_pixel_data_doesnt_error_if_data_is_larger_than_pixel_data_max_len ... ok
[INFO] [stdout] test image_data::sprite::tests::only_has_one_pixel_value ... ok
[INFO] [stdout] test image_data::get_image_data::tests::get_image_data_from_sprites_works ... FAILED
[INFO] [stdout] 
[INFO] [stdout] failures:
[INFO] [stdout] 
[INFO] [stdout] ---- image_data::get_image_data::tests::get_image_data_from_sprites_works stdout ----
[INFO] [stdout] thread 'image_data::get_image_data::tests::get_image_data_from_sprites_works' panicked at src/image_data/get_image_data.rs:268:9:
[INFO] [stdout] assertion `left == right` failed
[INFO] [stdout]   left: [0, 0, 0, 255, 255, 0, 0, 255, 255, 0, 0, 255, 255, 0, 0, 0, 255, 255, 255, 255, 0, 125, 0, 0, 255, 255, 0, 0, 0, 255, 255, 0, 0, 255, 255, 0, 0, 255, 255]
[INFO] [stdout]  right: [0, 0, 255, 255, 0, 0, 255, 255, 0, 0, 255, 255, 0, 0, 255, 255, 125, 125, 129, 255, 0, 0, 255, 255, 0, 0, 255, 255, 0, 0, 255, 255, 0, 0, 255, 255]
[INFO] [stdout] stack backtrace:
[INFO] [stdout]    0:     0x62dc65e8959a - std::backtrace_rs::backtrace::libunwind::trace::h5a5b8284f2d0c266
[INFO] [stdout]                                at /rustc/90b35a6239c3d8bdabc530a6a0816f7ff89a0aaf/library/std/src/../../backtrace/src/backtrace/libunwind.rs:116:5
[INFO] [stdout]    1:     0x62dc65e8959a - std::backtrace_rs::backtrace::trace_unsynchronized::h76d4f1c9b0b875e3
[INFO] [stdout]                                at /rustc/90b35a6239c3d8bdabc530a6a0816f7ff89a0aaf/library/std/src/../../backtrace/src/backtrace/mod.rs:66:5
[INFO] [stdout]    2:     0x62dc65e8959a - std::sys::backtrace::_print_fmt::hc4546b8364a537c6
[INFO] [stdout]                                at /rustc/90b35a6239c3d8bdabc530a6a0816f7ff89a0aaf/library/std/src/sys/backtrace.rs:66:9
[INFO] [stdout]    3:     0x62dc65e8959a - <std::sys::backtrace::BacktraceLock::print::DisplayBacktrace as core::fmt::Display>::fmt::h5b6bd5631a6d1f6b
[INFO] [stdout]                                at /rustc/90b35a6239c3d8bdabc530a6a0816f7ff89a0aaf/library/std/src/sys/backtrace.rs:39:26
[INFO] [stdout]    4:     0x62dc65eae853 - core::fmt::rt::Argument::fmt::h270f6602a2b96f62
[INFO] [stdout]                                at /rustc/90b35a6239c3d8bdabc530a6a0816f7ff89a0aaf/library/core/src/fmt/rt.rs:177:76
[INFO] [stdout]    5:     0x62dc65eae853 - core::fmt::write::h7550c97b06c86515
[INFO] [stdout]                                at /rustc/90b35a6239c3d8bdabc530a6a0816f7ff89a0aaf/library/core/src/fmt/mod.rs:1186:21
[INFO] [stdout]    6:     0x62dc65e86763 - std::io::Write::write_fmt::h509ff860e5956e5e
[INFO] [stdout]                                at /rustc/90b35a6239c3d8bdabc530a6a0816f7ff89a0aaf/library/std/src/io/mod.rs:1839:15
[INFO] [stdout]    7:     0x62dc65e893e2 - std::sys::backtrace::BacktraceLock::print::h2395ccd2c84ba3aa
[INFO] [stdout]                                at /rustc/90b35a6239c3d8bdabc530a6a0816f7ff89a0aaf/library/std/src/sys/backtrace.rs:42:9
[INFO] [stdout]    8:     0x62dc65e8a9fa - std::panicking::default_hook::{{closure}}::he19d4c7230e07961
[INFO] [stdout]                                at /rustc/90b35a6239c3d8bdabc530a6a0816f7ff89a0aaf/library/std/src/panicking.rs:268:22
[INFO] [stdout]    9:     0x62dc65e8a804 - std::panicking::default_hook::hf614597d3c67bbdb
[INFO] [stdout]                                at /rustc/90b35a6239c3d8bdabc530a6a0816f7ff89a0aaf/library/std/src/panicking.rs:292:9
[INFO] [stdout]   10:     0x62dc65e560e9 - <alloc::boxed::Box<F,A> as core::ops::function::Fn<Args>>::call::h39b51ce4599c23d1
[INFO] [stdout]                                at /rustc/90b35a6239c3d8bdabc530a6a0816f7ff89a0aaf/library/alloc/src/boxed.rs:2468:9
[INFO] [stdout]   11:     0x62dc65e560e9 - test::test_main::{{closure}}::he977ae839a582784
[INFO] [stdout]                                at /rustc/90b35a6239c3d8bdabc530a6a0816f7ff89a0aaf/library/test/src/lib.rs:133:21
[INFO] [stdout]   12:     0x62dc65e8b098 - <alloc::boxed::Box<F,A> as core::ops::function::Fn<Args>>::call::h9455091b6b06f9fb
[INFO] [stdout]                                at /rustc/90b35a6239c3d8bdabc530a6a0816f7ff89a0aaf/library/alloc/src/boxed.rs:2468:9
[INFO] [stdout]   13:     0x62dc65e8b098 - std::panicking::rust_panic_with_hook::h8942133a8b252070
[INFO] [stdout]                                at /rustc/90b35a6239c3d8bdabc530a6a0816f7ff89a0aaf/library/std/src/panicking.rs:809:13
[INFO] [stdout]   14:     0x62dc65e8ae5a - std::panicking::begin_panic_handler::{{closure}}::hb5f5963570096b29
[INFO] [stdout]                                at /rustc/90b35a6239c3d8bdabc530a6a0816f7ff89a0aaf/library/std/src/panicking.rs:674:13
[INFO] [stdout]   15:     0x62dc65e89a79 - std::sys::backtrace::__rust_end_short_backtrace::h6208cedc1922feda
[INFO] [stdout]                                at /rustc/90b35a6239c3d8bdabc530a6a0816f7ff89a0aaf/library/std/src/sys/backtrace.rs:170:18
[INFO] [stdout]   16:     0x62dc65e8aaec - rust_begin_unwind
[INFO] [stdout]                                at /rustc/90b35a6239c3d8bdabc530a6a0816f7ff89a0aaf/library/std/src/panicking.rs:665:5
[INFO] [stdout]   17:     0x62dc65e17a60 - core::panicking::panic_fmt::h0c3082644d1bf418
[INFO] [stdout]                                at /rustc/90b35a6239c3d8bdabc530a6a0816f7ff89a0aaf/library/core/src/panicking.rs:74:14
[INFO] [stdout]   18:     0x62dc65e17e2b - core::panicking::assert_failed_inner::h2ddf1fcc067fa858
[INFO] [stdout]   19:     0x62dc65e19ee2 - core::panicking::assert_failed::h97e625b5ce1d0847
[INFO] [stdout]                                at /rustc/90b35a6239c3d8bdabc530a6a0816f7ff89a0aaf/library/core/src/panicking.rs:367:5
[INFO] [stdout]   20:     0x62dc65e1d872 - byte_visualizer::image_data::get_image_data::tests::get_image_data_from_sprites_works::h9c3c7cb10dce2053
[INFO] [stdout]                                at /opt/rustwide/workdir/src/image_data/get_image_data.rs:268:9
[INFO] [stdout]   21:     0x62dc65e1d4d7 - byte_visualizer::image_data::get_image_data::tests::get_image_data_from_sprites_works::{{closure}}::h2a3a03003dc779f6
[INFO] [stdout]                                at /opt/rustwide/workdir/src/image_data/get_image_data.rs:250:43
[INFO] [stdout]   22:     0x62dc65e19296 - core::ops::function::FnOnce::call_once::h9a0ad9e7cdbf224a
[INFO] [stdout]                                at /rustc/90b35a6239c3d8bdabc530a6a0816f7ff89a0aaf/library/core/src/ops/function.rs:250:5
[INFO] [stdout]   23:     0x62dc65e5aaab - core::ops::function::FnOnce::call_once::h109cf8051a59b34e
[INFO] [stdout]                                at /rustc/90b35a6239c3d8bdabc530a6a0816f7ff89a0aaf/library/core/src/ops/function.rs:250:5
[INFO] [stdout]   24:     0x62dc65e5aaab - test::__rust_begin_short_backtrace::hf4fff89d377446ba
[INFO] [stdout]                                at /rustc/90b35a6239c3d8bdabc530a6a0816f7ff89a0aaf/library/test/src/lib.rs:621:18
[INFO] [stdout]   25:     0x62dc65e5a2e7 - test::run_test_in_process::{{closure}}::h0e39181dd7ee5a43
[INFO] [stdout]                                at /rustc/90b35a6239c3d8bdabc530a6a0816f7ff89a0aaf/library/test/src/lib.rs:644:60
[INFO] [stdout]   26:     0x62dc65e5a2e7 - <core::panic::unwind_safe::AssertUnwindSafe<F> as core::ops::function::FnOnce<()>>::call_once::hc5a66a30f0bdfd1f
[INFO] [stdout]                                at /rustc/90b35a6239c3d8bdabc530a6a0816f7ff89a0aaf/library/core/src/panic/unwind_safe.rs:272:9
[INFO] [stdout]   27:     0x62dc65e5a2e7 - std::panicking::try::do_call::h873b7cf639554a5e
[INFO] [stdout]                                at /rustc/90b35a6239c3d8bdabc530a6a0816f7ff89a0aaf/library/std/src/panicking.rs:557:40
[INFO] [stdout]   28:     0x62dc65e5a2e7 - std::panicking::try::hdb19862fad9c8bd1
[INFO] [stdout]                                at /rustc/90b35a6239c3d8bdabc530a6a0816f7ff89a0aaf/library/std/src/panicking.rs:520:19
[INFO] [stdout]   29:     0x62dc65e5a2e7 - std::panic::catch_unwind::h281fe732d236d260
[INFO] [stdout]                                at /rustc/90b35a6239c3d8bdabc530a6a0816f7ff89a0aaf/library/std/src/panic.rs:358:14
[INFO] [stdout]   30:     0x62dc65e5a2e7 - test::run_test_in_process::h949b6df8457ed338
[INFO] [stdout]                                at /rustc/90b35a6239c3d8bdabc530a6a0816f7ff89a0aaf/library/test/src/lib.rs:644:27
[INFO] [stdout]   31:     0x62dc65e5a2e7 - test::run_test::{{closure}}::h52c556a6d4740e10
[INFO] [stdout]                                at /rustc/90b35a6239c3d8bdabc530a6a0816f7ff89a0aaf/library/test/src/lib.rs:565:43
[INFO] [stdout]   32:     0x62dc65e1f5c4 - test::run_test::{{closure}}::h4237f6381c45ccb9
[INFO] [stdout]                                at /rustc/90b35a6239c3d8bdabc530a6a0816f7ff89a0aaf/library/test/src/lib.rs:595:41
[INFO] [stdout]   33:     0x62dc65e1f5c4 - std::sys::backtrace::__rust_begin_short_backtrace::h505c97a579eca628
[INFO] [stdout]                                at /rustc/90b35a6239c3d8bdabc530a6a0816f7ff89a0aaf/library/std/src/sys/backtrace.rs:154:18
[INFO] [stdout]   34:     0x62dc65e22c8e - std::thread::Builder::spawn_unchecked_::{{closure}}::{{closure}}::h9e86b2e2bc107ea3
[INFO] [stdout]                                at /rustc/90b35a6239c3d8bdabc530a6a0816f7ff89a0aaf/library/std/src/thread/mod.rs:538:17
[INFO] [stdout]   35:     0x62dc65e22c8e - <core::panic::unwind_safe::AssertUnwindSafe<F> as core::ops::function::FnOnce<()>>::call_once::h8b06ddb275ff4a25
[INFO] [stdout]                                at /rustc/90b35a6239c3d8bdabc530a6a0816f7ff89a0aaf/library/core/src/panic/unwind_safe.rs:272:9
[INFO] [stdout]   36:     0x62dc65e22c8e - std::panicking::try::do_call::hb26ecd7cd9a9355d
[INFO] [stdout]                                at /rustc/90b35a6239c3d8bdabc530a6a0816f7ff89a0aaf/library/std/src/panicking.rs:557:40
[INFO] [stdout]   37:     0x62dc65e22c8e - std::panicking::try::h8ddeca9d705f9069
[INFO] [stdout]                                at /rustc/90b35a6239c3d8bdabc530a6a0816f7ff89a0aaf/library/std/src/panicking.rs:520:19
[INFO] [stdout]   38:     0x62dc65e22c8e - std::panic::catch_unwind::h49e1c33078844c46
[INFO] [stdout]                                at /rustc/90b35a6239c3d8bdabc530a6a0816f7ff89a0aaf/library/std/src/panic.rs:358:14
[INFO] [stdout]   39:     0x62dc65e22c8e - std::thread::Builder::spawn_unchecked_::{{closure}}::h6073db6ff56ad35d
[INFO] [stdout]                                at /rustc/90b35a6239c3d8bdabc530a6a0816f7ff89a0aaf/library/std/src/thread/mod.rs:537:30
[INFO] [stdout]   40:     0x62dc65e22c8e - core::ops::function::FnOnce::call_once{{vtable.shim}}::h2c5a5f3779c774f1
[INFO] [stdout]                                at /rustc/90b35a6239c3d8bdabc530a6a0816f7ff89a0aaf/library/core/src/ops/function.rs:250:5
[INFO] [stdout]   41:     0x62dc65e8edeb - <alloc::boxed::Box<F,A> as core::ops::function::FnOnce<Args>>::call_once::hf75717d9f28faebf
[INFO] [stdout]                                at /rustc/90b35a6239c3d8bdabc530a6a0816f7ff89a0aaf/library/alloc/src/boxed.rs:2454:9
[INFO] [stdout]   42:     0x62dc65e8edeb - <alloc::boxed::Box<F,A> as core::ops::function::FnOnce<Args>>::call_once::h7bd883a5f3c5f3c1
[INFO] [stdout]                                at /rustc/90b35a6239c3d8bdabc530a6a0816f7ff89a0aaf/library/alloc/src/boxed.rs:2454:9
[INFO] [stdout]   43:     0x62dc65e8edeb - std::sys::pal::unix::thread::Thread::new::thread_start::hcc78f3943333fa94
[INFO] [stdout]                                at /rustc/90b35a6239c3d8bdabc530a6a0816f7ff89a0aaf/library/std/src/sys/pal/unix/thread.rs:105:17
[INFO] [stdout]   44:     0x790b820c8ac3 - <unknown>
[INFO] [stdout]   45:     0x790b82159a04 - clone
[INFO] [stdout]   46:                0x0 - <unknown>
[INFO] [stdout] 
[INFO] [stdout] 
[INFO] [stdout] failures:
[INFO] [stdout]     image_data::get_image_data::tests::get_image_data_from_sprites_works
[INFO] [stdout] 
[INFO] [stdout] test result: FAILED. 4 passed; 1 failed; 0 ignored; 0 measured; 0 filtered out; finished in 0.03s
[INFO] [stdout] 
[INFO] [stderr] error: test failed, to rerun pass `--bin byte-visualizer`
[INFO] running `Command { std: "docker" "inspect" "76ff50f553e625d48c937fb8c6cce661f09853902779dc3e114e9be8b6f64251", kill_on_drop: false }`
[INFO] running `Command { std: "docker" "rm" "-f" "76ff50f553e625d48c937fb8c6cce661f09853902779dc3e114e9be8b6f64251", kill_on_drop: false }`
[INFO] [stdout] 76ff50f553e625d48c937fb8c6cce661f09853902779dc3e114e9be8b6f64251
