[INFO] cloning repository https://github.com/nightmarelie/digital-garden
[INFO] running `Command { std: "git" "-c" "credential.helper=" "-c" "credential.helper=/workspace/cargo-home/bin/git-credential-null" "clone" "--bare" "https://github.com/nightmarelie/digital-garden" "/workspace/cache/git-repos/https%3A%2F%2Fgithub.com%2Fnightmarelie%2Fdigital-garden", kill_on_drop: false }`
[INFO] [stderr] Cloning into bare repository '/workspace/cache/git-repos/https%3A%2F%2Fgithub.com%2Fnightmarelie%2Fdigital-garden'...
[INFO] running `Command { std: "git" "rev-parse" "HEAD", kill_on_drop: false }`
[INFO] [stdout] ab3f74ae9c169356f784945383e44d7c1493280b
[INFO] testing nightmarelie/digital-garden against 1.83.0 for beta-1.84.0-4-retry
[INFO] running `Command { std: "git" "clone" "/workspace/cache/git-repos/https%3A%2F%2Fgithub.com%2Fnightmarelie%2Fdigital-garden" "/workspace/builds/worker-0-tc1/source", kill_on_drop: false }`
[INFO] [stderr] Cloning into '/workspace/builds/worker-0-tc1/source'...
[INFO] [stderr] done.
[INFO] validating manifest of git repo https://github.com/nightmarelie/digital-garden on toolchain 1.83.0
[INFO] running `Command { std: CARGO_HOME="/workspace/cargo-home" RUSTUP_HOME="/workspace/rustup-home" "/workspace/cargo-home/bin/cargo" "+1.83.0" "metadata" "--manifest-path" "Cargo.toml" "--no-deps", kill_on_drop: false }`
[INFO] started tweaking git repo https://github.com/nightmarelie/digital-garden
[INFO] finished tweaking git repo https://github.com/nightmarelie/digital-garden
[INFO] tweaked toml for git repo https://github.com/nightmarelie/digital-garden written to /workspace/builds/worker-0-tc1/source/Cargo.toml
[INFO] crate git repo https://github.com/nightmarelie/digital-garden already has a lockfile, it will not be regenerated
[INFO] running `Command { std: CARGO_HOME="/workspace/cargo-home" RUSTUP_HOME="/workspace/rustup-home" "/workspace/cargo-home/bin/cargo" "+1.83.0" "fetch" "--manifest-path" "Cargo.toml", kill_on_drop: false }`
[INFO] [stderr]     Updating crates.io index
[INFO] [stderr]  Downloading crates ...
[INFO] [stderr]   Downloaded assert_fs v1.1.1
[INFO] [stderr]   Downloaded cc v1.0.92
[INFO] [stderr]   Downloaded edit v0.1.5
[INFO] [stderr]   Downloaded rprompt v1.0.5
[INFO] running `Command { std: "docker" "create" "-v" "/var/lib/crater-agent-workspace/builds/worker-0-tc1/target:/opt/rustwide/target:rw,Z" "-v" "/var/lib/crater-agent-workspace/builds/worker-0-tc1/source:/opt/rustwide/workdir:ro,Z" "-v" "/var/lib/crater-agent-workspace/cargo-home:/opt/rustwide/cargo-home:ro,Z" "-v" "/var/lib/crater-agent-workspace/rustup-home:/opt/rustwide/rustup-home:ro,Z" "-e" "SOURCE_DIR=/opt/rustwide/workdir" "-e" "CARGO_TARGET_DIR=/opt/rustwide/target" "-e" "CARGO_HOME=/opt/rustwide/cargo-home" "-e" "RUSTUP_HOME=/opt/rustwide/rustup-home" "-w" "/opt/rustwide/workdir" "-m" "1610612736" "--user" "0:0" "--network" "none" "ghcr.io/rust-lang/crates-build-env/linux@sha256:f3a9d4ad9d972b27faf3965f35b62e55ba32bbce8f20bc8fe909558a86702fde" "/opt/rustwide/cargo-home/bin/cargo" "+1.83.0" "metadata" "--no-deps" "--format-version=1", kill_on_drop: false }`
[INFO] [stdout] 533c10e117de7063dd4eca9764d95fb4624e571f59b522b5c10f1bef02aeed57
[INFO] running `Command { std: "docker" "start" "-a" "533c10e117de7063dd4eca9764d95fb4624e571f59b522b5c10f1bef02aeed57", kill_on_drop: false }`
[INFO] running `Command { std: "docker" "inspect" "533c10e117de7063dd4eca9764d95fb4624e571f59b522b5c10f1bef02aeed57", kill_on_drop: false }`
[INFO] running `Command { std: "docker" "rm" "-f" "533c10e117de7063dd4eca9764d95fb4624e571f59b522b5c10f1bef02aeed57", kill_on_drop: false }`
[INFO] [stdout] 533c10e117de7063dd4eca9764d95fb4624e571f59b522b5c10f1bef02aeed57
[INFO] running `Command { std: "docker" "create" "-v" "/var/lib/crater-agent-workspace/builds/worker-0-tc1/target:/opt/rustwide/target:rw,Z" "-v" "/var/lib/crater-agent-workspace/builds/worker-0-tc1/source:/opt/rustwide/workdir:ro,Z" "-v" "/var/lib/crater-agent-workspace/cargo-home:/opt/rustwide/cargo-home:ro,Z" "-v" "/var/lib/crater-agent-workspace/rustup-home:/opt/rustwide/rustup-home:ro,Z" "-e" "SOURCE_DIR=/opt/rustwide/workdir" "-e" "CARGO_TARGET_DIR=/opt/rustwide/target" "-e" "CARGO_INCREMENTAL=0" "-e" "RUST_BACKTRACE=full" "-e" "RUSTFLAGS=--cap-lints=warn" "-e" "RUSTDOCFLAGS=--cap-lints=warn" "-e" "CARGO_HOME=/opt/rustwide/cargo-home" "-e" "RUSTUP_HOME=/opt/rustwide/rustup-home" "-w" "/opt/rustwide/workdir" "-m" "1610612736" "--user" "0:0" "--network" "none" "ghcr.io/rust-lang/crates-build-env/linux@sha256:f3a9d4ad9d972b27faf3965f35b62e55ba32bbce8f20bc8fe909558a86702fde" "/opt/rustwide/cargo-home/bin/cargo" "+1.83.0" "build" "--frozen" "--message-format=json", kill_on_drop: false }`
[INFO] [stdout] 6d1ef90588307e3412e39acadd09917186929161939d2ce7e6bcbc81709f9c0c
[INFO] running `Command { std: "docker" "start" "-a" "6d1ef90588307e3412e39acadd09917186929161939d2ce7e6bcbc81709f9c0c", kill_on_drop: false }`
[INFO] [stderr]    Compiling proc-macro2 v1.0.79
[INFO] [stderr]    Compiling libc v0.2.153
[INFO] [stderr]    Compiling once_cell v1.19.0
[INFO] [stderr]    Compiling rustix v0.38.32
[INFO] [stderr]    Compiling linux-raw-sys v0.4.13
[INFO] [stderr]    Compiling pin-project-lite v0.2.14
[INFO] [stderr]    Compiling bitflags v2.5.0
[INFO] [stderr]    Compiling cc v1.0.92
[INFO] [stderr]    Compiling adler v1.0.2
[INFO] [stderr]    Compiling eyre v0.6.12
[INFO] [stderr]    Compiling memchr v2.7.2
[INFO] [stderr]    Compiling unicode-segmentation v1.11.0
[INFO] [stderr]    Compiling sharded-slab v0.1.7
[INFO] [stderr]    Compiling unicode-width v0.1.11
[INFO] [stderr]    Compiling gimli v0.28.1
[INFO] [stderr]    Compiling paw-raw v1.0.0
[INFO] [stderr]    Compiling home v0.5.9
[INFO] [stderr]    Compiling ansi_term v0.12.1
[INFO] [stderr]    Compiling textwrap v0.11.0
[INFO] [stderr]    Compiling miniz_oxide v0.7.2
[INFO] [stderr]    Compiling tracing-core v0.1.32
[INFO] [stderr]    Compiling thread_local v1.1.8
[INFO] [stderr]    Compiling either v1.11.0
[INFO] [stderr]    Compiling rustc-demangle v0.1.23
[INFO] [stderr]    Compiling vec_map v0.8.2
[INFO] [stderr]    Compiling option-ext v0.2.0
[INFO] [stderr]    Compiling owo-colors v3.5.0
[INFO] [stderr]    Compiling fastrand v2.0.2
[INFO] [stderr]    Compiling indenter v0.3.3
[INFO] [stderr]    Compiling deunicode v1.4.4
[INFO] [stderr]    Compiling rprompt v1.0.5
[INFO] [stderr]    Compiling heck v0.3.3
[INFO] [stderr]    Compiling slug v0.1.5
[INFO] [stderr]    Compiling tracing v0.1.40
[INFO] [stderr]    Compiling object v0.32.2
[INFO] [stderr]    Compiling tracing-subscriber v0.3.18
[INFO] [stderr]    Compiling quote v1.0.36
[INFO] [stderr]    Compiling syn v1.0.109
[INFO] [stderr]    Compiling proc-macro-error-attr v1.0.4
[INFO] [stderr]    Compiling backtrace v0.3.71
[INFO] [stderr]    Compiling atty v0.2.14
[INFO] [stderr]    Compiling dirs-sys v0.4.1
[INFO] [stderr]    Compiling clap v2.34.0
[INFO] [stderr]    Compiling directories v5.0.1
[INFO] [stderr]    Compiling tracing-error v0.2.0
[INFO] [stderr]    Compiling color-spantrace v0.2.1
[INFO] [stderr]    Compiling tempfile v3.10.1
[INFO] [stderr]    Compiling which v4.4.2
[INFO] [stderr]    Compiling addr2line v0.21.0
[INFO] [stderr]    Compiling edit v0.1.5
[INFO] [stderr]    Compiling proc-macro-error v1.0.4
[INFO] [stderr]    Compiling color-eyre v0.6.3
[INFO] [stderr]    Compiling paw-attributes v1.0.2
[INFO] [stderr]    Compiling structopt-derive v0.4.18
[INFO] [stderr]    Compiling paw v1.0.0
[INFO] [stderr]    Compiling structopt v0.3.26
[INFO] [stderr]    Compiling digital-garden v0.1.0 (/opt/rustwide/workdir)
[INFO] [stderr]     Finished `dev` profile [unoptimized + debuginfo] target(s) in 29.96s
[INFO] running `Command { std: "docker" "inspect" "6d1ef90588307e3412e39acadd09917186929161939d2ce7e6bcbc81709f9c0c", kill_on_drop: false }`
[INFO] running `Command { std: "docker" "rm" "-f" "6d1ef90588307e3412e39acadd09917186929161939d2ce7e6bcbc81709f9c0c", kill_on_drop: false }`
[INFO] [stdout] 6d1ef90588307e3412e39acadd09917186929161939d2ce7e6bcbc81709f9c0c
[INFO] running `Command { std: "docker" "create" "-v" "/var/lib/crater-agent-workspace/builds/worker-0-tc1/target:/opt/rustwide/target:rw,Z" "-v" "/var/lib/crater-agent-workspace/builds/worker-0-tc1/source:/opt/rustwide/workdir:ro,Z" "-v" "/var/lib/crater-agent-workspace/cargo-home:/opt/rustwide/cargo-home:ro,Z" "-v" "/var/lib/crater-agent-workspace/rustup-home:/opt/rustwide/rustup-home:ro,Z" "-e" "SOURCE_DIR=/opt/rustwide/workdir" "-e" "CARGO_TARGET_DIR=/opt/rustwide/target" "-e" "CARGO_INCREMENTAL=0" "-e" "RUST_BACKTRACE=full" "-e" "RUSTFLAGS=--cap-lints=warn" "-e" "RUSTDOCFLAGS=--cap-lints=warn" "-e" "CARGO_HOME=/opt/rustwide/cargo-home" "-e" "RUSTUP_HOME=/opt/rustwide/rustup-home" "-w" "/opt/rustwide/workdir" "-m" "1610612736" "--user" "0:0" "--network" "none" "ghcr.io/rust-lang/crates-build-env/linux@sha256:f3a9d4ad9d972b27faf3965f35b62e55ba32bbce8f20bc8fe909558a86702fde" "/opt/rustwide/cargo-home/bin/cargo" "+1.83.0" "test" "--frozen" "--no-run" "--message-format=json", kill_on_drop: false }`
[INFO] [stdout] e625024b5cab0015dbf8bb6cc8821f684c710490ede1a3adf7af77b79dfe3ece
[INFO] running `Command { std: "docker" "start" "-a" "e625024b5cab0015dbf8bb6cc8821f684c710490ede1a3adf7af77b79dfe3ece", kill_on_drop: false }`
[INFO] [stderr]    Compiling memchr v2.7.2
[INFO] [stderr]    Compiling regex-syntax v0.8.3
[INFO] [stderr]    Compiling crossbeam-utils v0.8.19
[INFO] [stderr]    Compiling autocfg v1.2.0
[INFO] [stderr]    Compiling log v0.4.21
[INFO] [stderr]    Compiling predicates-core v1.0.6
[INFO] [stderr]    Compiling doc-comment v0.3.3
[INFO] [stderr]    Compiling difflib v0.4.0
[INFO] [stderr]    Compiling assert_cmd v2.0.14
[INFO] [stderr]    Compiling wait-timeout v0.2.0
[INFO] [stderr]    Compiling predicates-tree v1.0.9
[INFO] [stderr]    Compiling num-traits v0.2.18
[INFO] [stderr]    Compiling aho-corasick v1.1.3
[INFO] [stderr]    Compiling object v0.32.2
[INFO] [stderr]    Compiling crossbeam-epoch v0.9.18
[INFO] [stderr]    Compiling crossbeam-deque v0.8.5
[INFO] [stderr]    Compiling float-cmp v0.9.0
[INFO] [stderr]    Compiling regex-automata v0.4.6
[INFO] [stderr]    Compiling backtrace v0.3.71
[INFO] [stderr]    Compiling color-eyre v0.6.3
[INFO] [stderr]    Compiling bstr v1.9.1
[INFO] [stderr]    Compiling regex v1.10.4
[INFO] [stderr]    Compiling digital-garden v0.1.0 (/opt/rustwide/workdir)
[INFO] [stderr]    Compiling predicates v3.1.0
[INFO] [stderr]    Compiling globset v0.4.14
[INFO] [stderr]    Compiling ignore v0.4.22
[INFO] [stderr]    Compiling globwalk v0.9.1
[INFO] [stderr]    Compiling assert_fs v1.1.1
[INFO] [stderr]     Finished `test` profile [unoptimized + debuginfo] target(s) in 17.35s
[INFO] running `Command { std: "docker" "inspect" "e625024b5cab0015dbf8bb6cc8821f684c710490ede1a3adf7af77b79dfe3ece", kill_on_drop: false }`
[INFO] running `Command { std: "docker" "rm" "-f" "e625024b5cab0015dbf8bb6cc8821f684c710490ede1a3adf7af77b79dfe3ece", kill_on_drop: false }`
[INFO] [stdout] e625024b5cab0015dbf8bb6cc8821f684c710490ede1a3adf7af77b79dfe3ece
[INFO] running `Command { std: "docker" "create" "-v" "/var/lib/crater-agent-workspace/builds/worker-0-tc1/target:/opt/rustwide/target:rw,Z" "-v" "/var/lib/crater-agent-workspace/builds/worker-0-tc1/source:/opt/rustwide/workdir:ro,Z" "-v" "/var/lib/crater-agent-workspace/cargo-home:/opt/rustwide/cargo-home:ro,Z" "-v" "/var/lib/crater-agent-workspace/rustup-home:/opt/rustwide/rustup-home:ro,Z" "-e" "SOURCE_DIR=/opt/rustwide/workdir" "-e" "CARGO_TARGET_DIR=/opt/rustwide/target" "-e" "CARGO_INCREMENTAL=0" "-e" "RUST_BACKTRACE=full" "-e" "RUSTFLAGS=--cap-lints=warn" "-e" "RUSTDOCFLAGS=--cap-lints=warn" "-e" "CARGO_HOME=/opt/rustwide/cargo-home" "-e" "RUSTUP_HOME=/opt/rustwide/rustup-home" "-w" "/opt/rustwide/workdir" "-m" "1610612736" "--user" "0:0" "--network" "none" "ghcr.io/rust-lang/crates-build-env/linux@sha256:f3a9d4ad9d972b27faf3965f35b62e55ba32bbce8f20bc8fe909558a86702fde" "/opt/rustwide/cargo-home/bin/cargo" "+1.83.0" "test" "--frozen", kill_on_drop: false }`
[INFO] [stdout] 766cac04744ebb762786888265e083ba3fb046f8e7f575aa1e7090caf0bb53e6
[INFO] running `Command { std: "docker" "start" "-a" "766cac04744ebb762786888265e083ba3fb046f8e7f575aa1e7090caf0bb53e6", kill_on_drop: false }`
[INFO] [stderr]     Finished `test` profile [unoptimized + debuginfo] target(s) in 0.13s
[INFO] [stderr]      Running unittests src/lib.rs (/opt/rustwide/target/debug/deps/digital_garden-beaf6c55e76ffedf)
[INFO] [stderr]      Running unittests src/main.rs (/opt/rustwide/target/debug/deps/garden-2765cc1dfe179331)
[INFO] [stdout] 
[INFO] [stdout] running 0 tests
[INFO] [stdout] 
[INFO] [stdout] test result: ok. 0 passed; 0 failed; 0 ignored; 0 measured; 0 filtered out; finished in 0.00s
[INFO] [stdout] 
[INFO] [stdout] 
[INFO] [stdout] running 0 tests
[INFO] [stdout] 
[INFO] [stderr]      Running tests/integration.rs (/opt/rustwide/target/debug/deps/integration-2faf9e29ca602c8a)
[INFO] [stdout] test result: ok. 0 passed; 0 failed; 0 ignored; 0 measured; 0 filtered out; finished in 0.00s
[INFO] [stdout] 
[INFO] [stdout] 
[INFO] [stdout] running 3 tests
[INFO] [stdout] test test_help ... ok
[INFO] [stdout] test test_write_help ... ok
[INFO] [stdout] test test_write_with_title ... FAILED
[INFO] [stdout] 
[INFO] [stdout] failures:
[INFO] [stdout] 
[INFO] [stdout] ---- test_write_with_title stdout ----
[INFO] [stdout] thread 'test_write_with_title' panicked at /rustc/90b35a6239c3d8bdabc530a6a0816f7ff89a0aaf/library/core/src/ops/function.rs:250:5:
[INFO] [stdout] Unexpected failure.
[INFO] [stdout] code=1
[INFO] [stdout] stderr=``````
[INFO] [stdout] Error: 
[INFO] [stdout]    0: \u{1b}[91mExec format error (os error 8)\u{1b}[0m
[INFO] [stdout] 
[INFO] [stdout] Location:
[INFO] [stdout]    \u{1b}[35msrc/write.rs\u{1b}[0m:\u{1b}[35m21\u{1b}[0m
[INFO] [stdout] 
[INFO] [stdout]   ━━━━━━━━━━━━━━━━━━━━━━━━━━━━━━━━━━ BACKTRACE ━━━━━━━━━━━━━━━━━━━━━━━━━━━━━━━━━━━
[INFO] [stdout]   \u{1b}[96m                              ⋮ 5 frames hidden ⋮                               \u{1b}[0m
[INFO] [stdout]    6: \u{1b}[32m<core::result::Result<T,F> as core::ops::try_trait::FromResidual<core::result::Result<core::convert::Infallible,E>>>::from_residual\u{1b}[0m\u{1b}[90m::h89860f113bacb728\u{1b}[0m
[INFO] [stdout]       at \u{1b}[35m/rustc/90b35a6239c3d8bdabc530a6a0816f7ff89a0aaf/library/core/src/result.rs\u{1b}[0m:\u{1b}[35m2010\u{1b}[0m
[INFO] [stdout]    7: \u{1b}[91mdigital_garden::write::write\u{1b}[0m\u{1b}[90m::haa0e5b39a2dbb74b\u{1b}[0m
[INFO] [stdout]       at \u{1b}[35m/opt/rustwide/workdir/src/write.rs\u{1b}[0m:\u{1b}[35m21\u{1b}[0m
[INFO] [stdout]         19 │     // let the user write whatever they want in their favorite editor
[INFO] [stdout]         20 │     // before returning to the cli and finishing up
[INFO] [stdout]   \u{1b}[37;1m      21\u{1b}[0m \u{1b}[37;1m>\u{1b}[0m \u{1b}[37;1m    edit_file(&filepath)?;\u{1b}[0m
[INFO] [stdout]         22 │     // Read the user\'s changes back from the file into a string
[INFO] [stdout]         23 │     let mut contents = String::new();
[INFO] [stdout]    8: \u{1b}[91mgarden::main\u{1b}[0m\u{1b}[90m::h2ce92e6599405487\u{1b}[0m
[INFO] [stdout]       at \u{1b}[35m/opt/rustwide/workdir/src/main.rs\u{1b}[0m:\u{1b}[35m52\u{1b}[0m
[INFO] [stdout]         50 │ 
[INFO] [stdout]         51 │     match opt.cmd {
[INFO] [stdout]   \u{1b}[37;1m      52\u{1b}[0m \u{1b}[37;1m>\u{1b}[0m \u{1b}[37;1m        Command::Write { title } => write(garden_path, title)\u{1b}[0m
[INFO] [stdout]         53 │     }
[INFO] [stdout]         54 │ }
[INFO] [stdout]    9: \u{1b}[32mcore::ops::function::FnOnce::call_once\u{1b}[0m\u{1b}[90m::h666c326bd40bac9d\u{1b}[0m
[INFO] [stdout]       at \u{1b}[35m/rustc/90b35a6239c3d8bdabc530a6a0816f7ff89a0aaf/library/core/src/ops/function.rs\u{1b}[0m:\u{1b}[35m250\u{1b}[0m
[INFO] [stdout]   10: \u{1b}[32mstd::sys::backtrace::__rust_begin_short_backtrace\u{1b}[0m\u{1b}[90m::h75b13c1e8be552c1\u{1b}[0m
[INFO] [stdout]       at \u{1b}[35m/rustc/90b35a6239c3d8bdabc530a6a0816f7ff89a0aaf/library/std/src/sys/backtrace.rs\u{1b}[0m:\u{1b}[35m154\u{1b}[0m
[INFO] [stdout]   \u{1b}[96m                              ⋮ 14 frames hidden ⋮                              \u{1b}[0m
[INFO] [stdout] 
[INFO] [stdout] Run with COLORBT_SHOW_HIDDEN=1 environment variable to disable frame filtering.
[INFO] [stdout] ```
[INFO] [stdout] ```
[INFO] [stdout] command=`EDITOR="/opt/rustwide/workdir/tests/fake-editor.sh" GARDEN_PATH="/tmp/.tmpuL3Jlq" "/opt/rustwide/target/debug/garden" "write" "-t" "atitle"`
[INFO] [stdout] stdin=`"N\n"`
[INFO] [stdout] code=1
[INFO] [stdout] stdout=""
[INFO] [stdout] stderr=```
[INFO] [stdout] Error: 
[INFO] [stdout]    0: \u{1b}[91mExec format error (os error 8)\u{1b}[0m
[INFO] [stdout] 
[INFO] [stdout] Location:
[INFO] [stdout]    \u{1b}[35msrc/write.rs\u{1b}[0m:\u{1b}[35m21\u{1b}[0m
[INFO] [stdout] 
[INFO] [stdout]   ━━━━━━━━━━━━━━━━━━━━━━━━━━━━━━━━━━ BACKTRACE ━━━━━━━━━━━━━━━━━━━━━━━━━━━━━━━━━━━
[INFO] [stdout]   \u{1b}[96m                              ⋮ 5 frames hidden ⋮                               \u{1b}[0m
[INFO] [stdout]    6: \u{1b}[32m<core::result::Result<T,F> as core::ops::try_trait::FromResidual<core::result::Result<core::convert::Infallible,E>>>::from_residual\u{1b}[0m\u{1b}[90m::h89860f113bacb728\u{1b}[0m
[INFO] [stdout]       at \u{1b}[35m/rustc/90b35a6239c3d8bdabc530a6a0816f7ff89a0aaf/library/core/src/result.rs\u{1b}[0m:\u{1b}[35m2010\u{1b}[0m
[INFO] [stdout]    7: \u{1b}[91mdigital_garden::write::write\u{1b}[0m\u{1b}[90m::haa0e5b39a2dbb74b\u{1b}[0m
[INFO] [stdout]       at \u{1b}[35m/opt/rustwide/workdir/src/write.rs\u{1b}[0m:\u{1b}[35m21\u{1b}[0m
[INFO] [stdout]         19 │     // let the user write whatever they want in their favorite editor
[INFO] [stdout]         20 │     // before returning to the cli and finishing up
[INFO] [stdout]   \u{1b}[37;1m      21\u{1b}[0m \u{1b}[37;1m>\u{1b}[0m \u{1b}[37;1m    edit_file(&filepath)?;\u{1b}[0m
[INFO] [stdout]         22 │     // Read the user\'s changes back from the file into a string
[INFO] [stdout]         23 │     let mut contents = String::new();
[INFO] [stdout]    8: \u{1b}[91mgarden::main\u{1b}[0m\u{1b}[90m::h2ce92e6599405487\u{1b}[0m
[INFO] [stdout]       at \u{1b}[35m/opt/rustwide/workdir/src/main.rs\u{1b}[0m:\u{1b}[35m52\u{1b}[0m
[INFO] [stdout]         50 │ 
[INFO] [stdout]         51 │     match opt.cmd {
[INFO] [stdout]   \u{1b}[37;1m      52\u{1b}[0m \u{1b}[37;1m>\u{1b}[0m \u{1b}[37;1m        Command::Write { title } => write(garden_path, title)\u{1b}[0m
[INFO] [stdout]         53 │     }
[INFO] [stdout]         54 │ }
[INFO] [stdout]    9: \u{1b}[32mcore::ops::function::FnOnce::call_once\u{1b}[0m\u{1b}[90m::h666c326bd40bac9d\u{1b}[0m
[INFO] [stdout]       at \u{1b}[35m/rustc/90b35a6239c3d8bdabc530a6a0816f7ff89a0aaf/library/core/src/ops/function.rs\u{1b}[0m:\u{1b}[35m250\u{1b}[0m
[INFO] [stdout]   10: \u{1b}[32mstd::sys::backtrace::__rust_begin_short_backtrace\u{1b}[0m\u{1b}[90m::h75b13c1e8be552c1\u{1b}[0m
[INFO] [stdout]       at \u{1b}[35m/rustc/90b35a6239c3d8bdabc530a6a0816f7ff89a0aaf/library/std/src/sys/backtrace.rs\u{1b}[0m:\u{1b}[35m154\u{1b}[0m
[INFO] [stdout]   \u{1b}[96m                              ⋮ 14 frames hidden ⋮                              \u{1b}[0m
[INFO] [stdout] 
[INFO] [stdout] Run with COLORBT_SHOW_HIDDEN=1 environment variable to disable frame filtering.
[INFO] [stdout] ```
[INFO] [stdout] 
[INFO] [stdout] 
[INFO] [stdout] stack backtrace:
[INFO] [stdout]    0:     0x60b3282fd68a - std::backtrace_rs::backtrace::libunwind::trace::h5a5b8284f2d0c266
[INFO] [stdout]                                at /rustc/90b35a6239c3d8bdabc530a6a0816f7ff89a0aaf/library/std/src/../../backtrace/src/backtrace/libunwind.rs:116:5
[INFO] [stdout]    1:     0x60b3282fd68a - std::backtrace_rs::backtrace::trace_unsynchronized::h76d4f1c9b0b875e3
[INFO] [stdout]                                at /rustc/90b35a6239c3d8bdabc530a6a0816f7ff89a0aaf/library/std/src/../../backtrace/src/backtrace/mod.rs:66:5
[INFO] [stdout]    2:     0x60b3282fd68a - std::sys::backtrace::_print_fmt::hc4546b8364a537c6
[INFO] [stdout]                                at /rustc/90b35a6239c3d8bdabc530a6a0816f7ff89a0aaf/library/std/src/sys/backtrace.rs:66:9
[INFO] [stdout]    3:     0x60b3282fd68a - <std::sys::backtrace::BacktraceLock::print::DisplayBacktrace as core::fmt::Display>::fmt::h5b6bd5631a6d1f6b
[INFO] [stdout]                                at /rustc/90b35a6239c3d8bdabc530a6a0816f7ff89a0aaf/library/std/src/sys/backtrace.rs:39:26
[INFO] [stdout]    4:     0x60b328324e83 - core::fmt::rt::Argument::fmt::h270f6602a2b96f62
[INFO] [stdout]                                at /rustc/90b35a6239c3d8bdabc530a6a0816f7ff89a0aaf/library/core/src/fmt/rt.rs:177:76
[INFO] [stdout]    5:     0x60b328324e83 - core::fmt::write::h7550c97b06c86515
[INFO] [stdout]                                at /rustc/90b35a6239c3d8bdabc530a6a0816f7ff89a0aaf/library/core/src/fmt/mod.rs:1186:21
[INFO] [stdout]    6:     0x60b3282fa183 - std::io::Write::write_fmt::h509ff860e5956e5e
[INFO] [stdout]                                at /rustc/90b35a6239c3d8bdabc530a6a0816f7ff89a0aaf/library/std/src/io/mod.rs:1839:15
[INFO] [stdout]    7:     0x60b3282fd4d2 - std::sys::backtrace::BacktraceLock::print::h2395ccd2c84ba3aa
[INFO] [stdout]                                at /rustc/90b35a6239c3d8bdabc530a6a0816f7ff89a0aaf/library/std/src/sys/backtrace.rs:42:9
[INFO] [stdout]    8:     0x60b3282feb6a - std::panicking::default_hook::{{closure}}::he19d4c7230e07961
[INFO] [stdout]                                at /rustc/90b35a6239c3d8bdabc530a6a0816f7ff89a0aaf/library/std/src/panicking.rs:268:22
[INFO] [stdout]    9:     0x60b3282fe974 - std::panicking::default_hook::hf614597d3c67bbdb
[INFO] [stdout]                                at /rustc/90b35a6239c3d8bdabc530a6a0816f7ff89a0aaf/library/std/src/panicking.rs:292:9
[INFO] [stdout]   10:     0x60b32824b069 - <alloc::boxed::Box<F,A> as core::ops::function::Fn<Args>>::call::h39b51ce4599c23d1
[INFO] [stdout]                                at /rustc/90b35a6239c3d8bdabc530a6a0816f7ff89a0aaf/library/alloc/src/boxed.rs:2468:9
[INFO] [stdout]   11:     0x60b32824b069 - test::test_main::{{closure}}::he977ae839a582784
[INFO] [stdout]                                at /rustc/90b35a6239c3d8bdabc530a6a0816f7ff89a0aaf/library/test/src/lib.rs:133:21
[INFO] [stdout]   12:     0x60b3282ff208 - <alloc::boxed::Box<F,A> as core::ops::function::Fn<Args>>::call::h9455091b6b06f9fb
[INFO] [stdout]                                at /rustc/90b35a6239c3d8bdabc530a6a0816f7ff89a0aaf/library/alloc/src/boxed.rs:2468:9
[INFO] [stdout]   13:     0x60b3282ff208 - std::panicking::rust_panic_with_hook::h8942133a8b252070
[INFO] [stdout]                                at /rustc/90b35a6239c3d8bdabc530a6a0816f7ff89a0aaf/library/std/src/panicking.rs:809:13
[INFO] [stdout]   14:     0x60b3282fefca - std::panicking::begin_panic_handler::{{closure}}::hb5f5963570096b29
[INFO] [stdout]                                at /rustc/90b35a6239c3d8bdabc530a6a0816f7ff89a0aaf/library/std/src/panicking.rs:674:13
[INFO] [stdout]   15:     0x60b3282fdb69 - std::sys::backtrace::__rust_end_short_backtrace::h6208cedc1922feda
[INFO] [stdout]                                at /rustc/90b35a6239c3d8bdabc530a6a0816f7ff89a0aaf/library/std/src/sys/backtrace.rs:170:18
[INFO] [stdout]   16:     0x60b3282fec5c - rust_begin_unwind
[INFO] [stdout]                                at /rustc/90b35a6239c3d8bdabc530a6a0816f7ff89a0aaf/library/std/src/panicking.rs:665:5
[INFO] [stdout]   17:     0x60b32820d120 - core::panicking::panic_fmt::h0c3082644d1bf418
[INFO] [stdout]                                at /rustc/90b35a6239c3d8bdabc530a6a0816f7ff89a0aaf/library/core/src/panicking.rs:74:14
[INFO] [stdout]   18:     0x60b32826fb03 - core::panicking::panic_display::hefefcff9ae366611
[INFO] [stdout]                                at /rustc/90b35a6239c3d8bdabc530a6a0816f7ff89a0aaf/library/core/src/panicking.rs:264:5
[INFO] [stdout]   19:     0x60b328280f3e - assert_cmd::assert::AssertError::panic::panic_cold_display::he44c4edb414896e0
[INFO] [stdout]                                at /rustc/90b35a6239c3d8bdabc530a6a0816f7ff89a0aaf/library/core/src/panic.rs:100:13
[INFO] [stdout]   20:     0x60b32827f317 - assert_cmd::assert::AssertError::panic::ha11aa25d3800267c
[INFO] [stdout]                                at /opt/rustwide/cargo-home/registry/src/index.crates.io-6f17d22bba15001f/assert_cmd-2.0.14/src/assert.rs:1033:9
[INFO] [stdout]   21:     0x60b3282721a7 - core::ops::function::FnOnce::call_once::hef73b777e4c3a7f7
[INFO] [stdout]                                at /rustc/90b35a6239c3d8bdabc530a6a0816f7ff89a0aaf/library/core/src/ops/function.rs:250:5
[INFO] [stdout]   22:     0x60b328266890 - core::result::Result<T,E>::unwrap_or_else::h2cf0a675371c62c8
[INFO] [stdout]                                at /rustc/90b35a6239c3d8bdabc530a6a0816f7ff89a0aaf/library/core/src/result.rs:1458:23
[INFO] [stdout]   23:     0x60b32827e7d6 - assert_cmd::assert::Assert::success::h04fada8db2942e44
[INFO] [stdout]                                at /opt/rustwide/cargo-home/registry/src/index.crates.io-6f17d22bba15001f/assert_cmd-2.0.14/src/assert.rs:158:9
[INFO] [stdout]   24:     0x60b328212c4b - integration::test_write_with_title::he0f2f9a5e6a734a9
[INFO] [stdout]                                at /opt/rustwide/workdir/tests/integration.rs:48:5
[INFO] [stdout]   25:     0x60b328212667 - integration::test_write_with_title::{{closure}}::hb078f5cea18bf71f
[INFO] [stdout]                                at /opt/rustwide/workdir/tests/integration.rs:25:27
[INFO] [stdout]   26:     0x60b32820f256 - core::ops::function::FnOnce::call_once::ha2636ba1c051b441
[INFO] [stdout]                                at /rustc/90b35a6239c3d8bdabc530a6a0816f7ff89a0aaf/library/core/src/ops/function.rs:250:5
[INFO] [stdout]   27:     0x60b32824fa2b - core::ops::function::FnOnce::call_once::h109cf8051a59b34e
[INFO] [stdout]                                at /rustc/90b35a6239c3d8bdabc530a6a0816f7ff89a0aaf/library/core/src/ops/function.rs:250:5
[INFO] [stdout]   28:     0x60b32824fa2b - test::__rust_begin_short_backtrace::hf4fff89d377446ba
[INFO] [stdout]                                at /rustc/90b35a6239c3d8bdabc530a6a0816f7ff89a0aaf/library/test/src/lib.rs:621:18
[INFO] [stdout]   29:     0x60b32824f267 - test::run_test_in_process::{{closure}}::h0e39181dd7ee5a43
[INFO] [stdout]                                at /rustc/90b35a6239c3d8bdabc530a6a0816f7ff89a0aaf/library/test/src/lib.rs:644:60
[INFO] [stdout]   30:     0x60b32824f267 - <core::panic::unwind_safe::AssertUnwindSafe<F> as core::ops::function::FnOnce<()>>::call_once::hc5a66a30f0bdfd1f
[INFO] [stdout]                                at /rustc/90b35a6239c3d8bdabc530a6a0816f7ff89a0aaf/library/core/src/panic/unwind_safe.rs:272:9
[INFO] [stdout]   31:     0x60b32824f267 - std::panicking::try::do_call::h873b7cf639554a5e
[INFO] [stdout]                                at /rustc/90b35a6239c3d8bdabc530a6a0816f7ff89a0aaf/library/std/src/panicking.rs:557:40
[INFO] [stdout]   32:     0x60b32824f267 - std::panicking::try::hdb19862fad9c8bd1
[INFO] [stdout]                                at /rustc/90b35a6239c3d8bdabc530a6a0816f7ff89a0aaf/library/std/src/panicking.rs:520:19
[INFO] [stdout]   33:     0x60b32824f267 - std::panic::catch_unwind::h281fe732d236d260
[INFO] [stdout]                                at /rustc/90b35a6239c3d8bdabc530a6a0816f7ff89a0aaf/library/std/src/panic.rs:358:14
[INFO] [stdout]   34:     0x60b32824f267 - test::run_test_in_process::h949b6df8457ed338
[INFO] [stdout]                                at /rustc/90b35a6239c3d8bdabc530a6a0816f7ff89a0aaf/library/test/src/lib.rs:644:27
[INFO] [stdout]   35:     0x60b32824f267 - test::run_test::{{closure}}::h52c556a6d4740e10
[INFO] [stdout]                                at /rustc/90b35a6239c3d8bdabc530a6a0816f7ff89a0aaf/library/test/src/lib.rs:565:43
[INFO] [stdout]   36:     0x60b328214544 - test::run_test::{{closure}}::h4237f6381c45ccb9
[INFO] [stdout]                                at /rustc/90b35a6239c3d8bdabc530a6a0816f7ff89a0aaf/library/test/src/lib.rs:595:41
[INFO] [stdout]   37:     0x60b328214544 - std::sys::backtrace::__rust_begin_short_backtrace::h505c97a579eca628
[INFO] [stdout]                                at /rustc/90b35a6239c3d8bdabc530a6a0816f7ff89a0aaf/library/std/src/sys/backtrace.rs:154:18
[INFO] [stdout]   38:     0x60b328217c0e - std::thread::Builder::spawn_unchecked_::{{closure}}::{{closure}}::h9e86b2e2bc107ea3
[INFO] [stdout]                                at /rustc/90b35a6239c3d8bdabc530a6a0816f7ff89a0aaf/library/std/src/thread/mod.rs:538:17
[INFO] [stdout]   39:     0x60b328217c0e - <core::panic::unwind_safe::AssertUnwindSafe<F> as core::ops::function::FnOnce<()>>::call_once::h8b06ddb275ff4a25
[INFO] [stdout]                                at /rustc/90b35a6239c3d8bdabc530a6a0816f7ff89a0aaf/library/core/src/panic/unwind_safe.rs:272:9
[INFO] [stdout]   40:     0x60b328217c0e - std::panicking::try::do_call::hb26ecd7cd9a9355d
[INFO] [stdout]                                at /rustc/90b35a6239c3d8bdabc530a6a0816f7ff89a0aaf/library/std/src/panicking.rs:557:40
[INFO] [stdout]   41:     0x60b328217c0e - std::panicking::try::h8ddeca9d705f9069
[INFO] [stdout]                                at /rustc/90b35a6239c3d8bdabc530a6a0816f7ff89a0aaf/library/std/src/panicking.rs:520:19
[INFO] [stdout]   42:     0x60b328217c0e - std::panic::catch_unwind::h49e1c33078844c46
[INFO] [stdout]                                at /rustc/90b35a6239c3d8bdabc530a6a0816f7ff89a0aaf/library/std/src/panic.rs:358:14
[INFO] [stdout]   43:     0x60b328217c0e - std::thread::Builder::spawn_unchecked_::{{closure}}::h6073db6ff56ad35d
[INFO] [stdout]                                at /rustc/90b35a6239c3d8bdabc530a6a0816f7ff89a0aaf/library/std/src/thread/mod.rs:537:30
[INFO] [stdout]   44:     0x60b328217c0e - core::ops::function::FnOnce::call_once{{vtable.shim}}::h2c5a5f3779c774f1
[INFO] [stdout]                                at /rustc/90b35a6239c3d8bdabc530a6a0816f7ff89a0aaf/library/core/src/ops/function.rs:250:5
[INFO] [stdout]   45:     0x60b3283044ab - <alloc::boxed::Box<F,A> as core::ops::function::FnOnce<Args>>::call_once::hf75717d9f28faebf
[INFO] [stdout]                                at /rustc/90b35a6239c3d8bdabc530a6a0816f7ff89a0aaf/library/alloc/src/boxed.rs:2454:9
[INFO] [stdout]   46:     0x60b3283044ab - <alloc::boxed::Box<F,A> as core::ops::function::FnOnce<Args>>::call_once::h7bd883a5f3c5f3c1
[INFO] [stdout]                                at /rustc/90b35a6239c3d8bdabc530a6a0816f7ff89a0aaf/library/alloc/src/boxed.rs:2454:9
[INFO] [stdout]   47:     0x60b3283044ab - std::sys::pal::unix::thread::Thread::new::thread_start::hcc78f3943333fa94
[INFO] [stdout]                                at /rustc/90b35a6239c3d8bdabc530a6a0816f7ff89a0aaf/library/std/src/sys/pal/unix/thread.rs:105:17
[INFO] [stdout]   48:     0x781bc5decac3 - <unknown>
[INFO] [stdout]   49:     0x781bc5e7da04 - clone
[INFO] [stdout]   50:                0x0 - <unknown>
[INFO] [stdout] 
[INFO] [stdout] 
[INFO] [stdout] failures:
[INFO] [stdout]     test_write_with_title
[INFO] [stdout] 
[INFO] [stdout] test result: FAILED. 2 passed; 1 failed; 0 ignored; 0 measured; 0 filtered out; finished in 0.30s
[INFO] [stdout] 
[INFO] [stderr] error: test failed, to rerun pass `--test integration`
[INFO] running `Command { std: "docker" "inspect" "766cac04744ebb762786888265e083ba3fb046f8e7f575aa1e7090caf0bb53e6", kill_on_drop: false }`
[INFO] running `Command { std: "docker" "rm" "-f" "766cac04744ebb762786888265e083ba3fb046f8e7f575aa1e7090caf0bb53e6", kill_on_drop: false }`
[INFO] [stdout] 766cac04744ebb762786888265e083ba3fb046f8e7f575aa1e7090caf0bb53e6
