[INFO] cloning repository https://github.com/nickspring/charset-normalizer-rs
[INFO] running `Command { std: "git" "-c" "credential.helper=" "-c" "credential.helper=/workspace/cargo-home/bin/git-credential-null" "clone" "--bare" "https://github.com/nickspring/charset-normalizer-rs" "/workspace/cache/git-repos/https%3A%2F%2Fgithub.com%2Fnickspring%2Fcharset-normalizer-rs", kill_on_drop: false }`
[INFO] [stderr] Cloning into bare repository '/workspace/cache/git-repos/https%3A%2F%2Fgithub.com%2Fnickspring%2Fcharset-normalizer-rs'...
[INFO] running `Command { std: "git" "rev-parse" "HEAD", kill_on_drop: false }`
[INFO] [stdout] c426e168ebc8cb780e79f3856ca8707e2efa6961
[INFO] testing nickspring/charset-normalizer-rs against 1.83.0 for beta-1.84.0-4-retry
[INFO] running `Command { std: "git" "clone" "/workspace/cache/git-repos/https%3A%2F%2Fgithub.com%2Fnickspring%2Fcharset-normalizer-rs" "/workspace/builds/worker-5-tc1/source", kill_on_drop: false }`
[INFO] [stderr] Cloning into '/workspace/builds/worker-5-tc1/source'...
[INFO] [stderr] done.
[INFO] validating manifest of git repo https://github.com/nickspring/charset-normalizer-rs on toolchain 1.83.0
[INFO] running `Command { std: CARGO_HOME="/workspace/cargo-home" RUSTUP_HOME="/workspace/rustup-home" "/workspace/cargo-home/bin/cargo" "+1.83.0" "metadata" "--manifest-path" "Cargo.toml" "--no-deps", kill_on_drop: false }`
[INFO] started tweaking git repo https://github.com/nickspring/charset-normalizer-rs
[INFO] finished tweaking git repo https://github.com/nickspring/charset-normalizer-rs
[INFO] tweaked toml for git repo https://github.com/nickspring/charset-normalizer-rs written to /workspace/builds/worker-5-tc1/source/Cargo.toml
[INFO] crate git repo https://github.com/nickspring/charset-normalizer-rs already has a lockfile, it will not be regenerated
[INFO] running `Command { std: CARGO_HOME="/workspace/cargo-home" RUSTUP_HOME="/workspace/rustup-home" "/workspace/cargo-home/bin/cargo" "+1.83.0" "fetch" "--manifest-path" "Cargo.toml", kill_on_drop: false }`
[INFO] [stderr]     Updating crates.io index
[INFO] [stderr]  Downloading crates ...
[INFO] [stderr]   Downloaded zerovec-derive v0.10.0
[INFO] [stderr]   Downloaded yoke-derive v0.7.2
[INFO] [stderr]   Downloaded yoke v0.7.2
[INFO] [stderr]   Downloaded icu_provider_macros v1.3.2
[INFO] [stderr]   Downloaded tinystr v0.7.4
[INFO] [stderr]   Downloaded cached_proc_macro v0.18.0
[INFO] [stderr]   Downloaded utf16_iter v1.0.4
[INFO] [stderr]   Downloaded unicode_names2_generator v1.1.0
[INFO] [stderr]   Downloaded icu_locid_transform v1.3.2
[INFO] [stderr]   Downloaded cached v0.46.0
[INFO] [stderr]   Downloaded icu_provider v1.3.2
[INFO] [stderr]   Downloaded zerovec v0.10.0
[INFO] [stderr]   Downloaded icu_properties v1.3.2
[INFO] [stderr]   Downloaded icu_normalizer_data v1.3.2
[INFO] [stderr]   Downloaded icu_normalizer v1.3.2
[INFO] [stderr]   Downloaded icu_collections v1.3.2
[INFO] [stderr]   Downloaded icu_properties_data v1.3.2
[INFO] [stderr]   Downloaded icu_locid_transform_data v1.3.2
[INFO] [stderr]   Downloaded unicode_names2 v1.1.0
[INFO] [stderr]   Downloaded icu_locid v1.3.2
[INFO] [stderr]   Downloaded litemap v0.7.1
[INFO] [stderr]   Downloaded utf8_iter v1.0.3
[INFO] [stderr]   Downloaded writeable v0.5.3
[INFO] [stderr]   Downloaded rustix v0.38.12
[INFO] [stderr]   Downloaded chardet v0.2.4
[INFO] running `Command { std: "docker" "create" "-v" "/var/lib/crater-agent-workspace/builds/worker-5-tc1/target:/opt/rustwide/target:rw,Z" "-v" "/var/lib/crater-agent-workspace/builds/worker-5-tc1/source:/opt/rustwide/workdir:ro,Z" "-v" "/var/lib/crater-agent-workspace/cargo-home:/opt/rustwide/cargo-home:ro,Z" "-v" "/var/lib/crater-agent-workspace/rustup-home:/opt/rustwide/rustup-home:ro,Z" "-e" "SOURCE_DIR=/opt/rustwide/workdir" "-e" "CARGO_TARGET_DIR=/opt/rustwide/target" "-e" "CARGO_HOME=/opt/rustwide/cargo-home" "-e" "RUSTUP_HOME=/opt/rustwide/rustup-home" "-w" "/opt/rustwide/workdir" "-m" "1610612736" "--user" "0:0" "--network" "none" "ghcr.io/rust-lang/crates-build-env/linux@sha256:f3a9d4ad9d972b27faf3965f35b62e55ba32bbce8f20bc8fe909558a86702fde" "/opt/rustwide/cargo-home/bin/cargo" "+1.83.0" "metadata" "--no-deps" "--format-version=1", kill_on_drop: false }`
[INFO] [stdout] 0c7eb303c92900841e85cdbbe49b927fe5530fca9f746646c7165eb01f1dec0a
[INFO] running `Command { std: "docker" "start" "-a" "0c7eb303c92900841e85cdbbe49b927fe5530fca9f746646c7165eb01f1dec0a", kill_on_drop: false }`
[INFO] running `Command { std: "docker" "inspect" "0c7eb303c92900841e85cdbbe49b927fe5530fca9f746646c7165eb01f1dec0a", kill_on_drop: false }`
[INFO] running `Command { std: "docker" "rm" "-f" "0c7eb303c92900841e85cdbbe49b927fe5530fca9f746646c7165eb01f1dec0a", kill_on_drop: false }`
[INFO] [stdout] 0c7eb303c92900841e85cdbbe49b927fe5530fca9f746646c7165eb01f1dec0a
[INFO] running `Command { std: "docker" "create" "-v" "/var/lib/crater-agent-workspace/builds/worker-5-tc1/target:/opt/rustwide/target:rw,Z" "-v" "/var/lib/crater-agent-workspace/builds/worker-5-tc1/source:/opt/rustwide/workdir:ro,Z" "-v" "/var/lib/crater-agent-workspace/cargo-home:/opt/rustwide/cargo-home:ro,Z" "-v" "/var/lib/crater-agent-workspace/rustup-home:/opt/rustwide/rustup-home:ro,Z" "-e" "SOURCE_DIR=/opt/rustwide/workdir" "-e" "CARGO_TARGET_DIR=/opt/rustwide/target" "-e" "CARGO_INCREMENTAL=0" "-e" "RUST_BACKTRACE=full" "-e" "RUSTFLAGS=--cap-lints=warn" "-e" "RUSTDOCFLAGS=--cap-lints=warn" "-e" "CARGO_HOME=/opt/rustwide/cargo-home" "-e" "RUSTUP_HOME=/opt/rustwide/rustup-home" "-w" "/opt/rustwide/workdir" "-m" "1610612736" "--user" "0:0" "--network" "none" "ghcr.io/rust-lang/crates-build-env/linux@sha256:f3a9d4ad9d972b27faf3965f35b62e55ba32bbce8f20bc8fe909558a86702fde" "/opt/rustwide/cargo-home/bin/cargo" "+1.83.0" "build" "--frozen" "--message-format=json", kill_on_drop: false }`
[INFO] [stdout] 906a411f5dee22c5c3d49c28844fee997062bf343b2148fc8550ffdeecad0e1e
[INFO] running `Command { std: "docker" "start" "-a" "906a411f5dee22c5c3d49c28844fee997062bf343b2148fc8550ffdeecad0e1e", kill_on_drop: false }`
[INFO] [stderr]    Compiling proc-macro2 v1.0.66
[INFO] [stderr]    Compiling unicode-ident v1.0.11
[INFO] [stderr]    Compiling cfg-if v1.0.0
[INFO] [stderr]    Compiling unicode-xid v0.2.4
[INFO] [stderr]    Compiling libc v0.2.147
[INFO] [stderr]    Compiling stable_deref_trait v1.2.0
[INFO] [stderr]    Compiling siphasher v0.3.11
[INFO] [stderr]    Compiling ppv-lite86 v0.2.17
[INFO] [stderr]    Compiling syn v1.0.109
[INFO] [stderr]    Compiling strsim v0.10.0
[INFO] [stderr]    Compiling unicode-width v0.1.10
[INFO] [stderr]    Compiling encoding_index_tests v0.1.4
[INFO] [stderr]    Compiling rustix v0.38.12
[INFO] [stderr]    Compiling phf_shared v0.11.2
[INFO] [stderr]    Compiling linux-raw-sys v0.4.7
[INFO] [stderr]    Compiling time-core v0.1.0
[INFO] [stderr]    Compiling bitflags v2.4.0
[INFO] [stderr]    Compiling litemap v0.7.1
[INFO] [stderr]    Compiling fnv v1.0.7
[INFO] [stderr]    Compiling writeable v0.5.3
[INFO] [stderr]    Compiling ident_case v1.0.1
[INFO] [stderr]    Compiling autocfg v1.1.0
[INFO] [stderr]    Compiling version_check v0.9.4
[INFO] [stderr]    Compiling time v0.3.20
[INFO] [stderr]    Compiling getopts v0.2.21
[INFO] [stderr]    Compiling log v0.4.20
[INFO] [stderr]    Compiling quote v1.0.33
[INFO] [stderr]    Compiling num-traits v0.2.16
[INFO] [stderr]    Compiling getrandom v0.2.10
[INFO] [stderr]    Compiling ahash v0.8.3
[INFO] [stderr]    Compiling utf8parse v0.2.1
[INFO] [stderr]    Compiling memchr v2.6.3
[INFO] [stderr]    Compiling syn v2.0.31
[INFO] [stderr]    Compiling rand_core v0.6.4
[INFO] [stderr]    Compiling anstyle-parse v0.2.1
[INFO] [stderr]    Compiling rand_chacha v0.3.1
[INFO] [stderr]    Compiling once_cell v1.18.0
[INFO] [stderr]    Compiling thiserror v1.0.49
[INFO] [stderr]    Compiling anstyle-query v1.0.0
[INFO] [stderr]    Compiling aho-corasick v1.0.5
[INFO] [stderr]    Compiling rand v0.8.5
[INFO] [stderr]    Compiling icu_locid_transform_data v1.3.2
[INFO] [stderr]    Compiling colorchoice v1.0.0
[INFO] [stderr]    Compiling anstyle v1.0.2
[INFO] [stderr]    Compiling serde v1.0.188
[INFO] [stderr]    Compiling regex-syntax v0.7.5
[INFO] [stderr]    Compiling anstream v0.5.0
[INFO] [stderr]    Compiling phf_generator v0.11.2
[INFO] [stderr]    Compiling phf_codegen v0.11.2
[INFO] [stderr]    Compiling unicode_names2_generator v1.1.0
[INFO] [stderr]    Compiling serde_json v1.0.107
[INFO] [stderr]    Compiling clap_lex v0.5.1
[INFO] [stderr]    Compiling fastrand v2.0.0
[INFO] [stderr]    Compiling lazy_static v1.4.0
[INFO] [stderr]    Compiling allocator-api2 v0.2.16
[INFO] [stderr]    Compiling heck v0.4.1
[INFO] [stderr]    Compiling unicode_names2 v1.1.0
[INFO] [stderr]    Compiling icu_properties_data v1.3.2
[INFO] [stderr]    Compiling console v0.15.7
[INFO] [stderr]    Compiling hashbrown v0.14.0
[INFO] [stderr]    Compiling tempfile v3.8.0
[INFO] [stderr]    Compiling darling_core v0.14.4
[INFO] [stderr]    Compiling regex-automata v0.3.8
[INFO] [stderr]    Compiling is-terminal v0.4.9
[INFO] [stderr]    Compiling clap_builder v4.4.2
[INFO] [stderr]    Compiling phf v0.11.2
[INFO] [stderr]    Compiling encoding-index-korean v1.20141219.5
[INFO] [stderr]    Compiling encoding-index-singlebyte v1.20141219.5
[INFO] [stderr]    Compiling encoding-index-simpchinese v1.20141219.5
[INFO] [stderr]    Compiling encoding-index-japanese v1.20141219.5
[INFO] [stderr]    Compiling encoding-index-tradchinese v1.20141219.5
[INFO] [stderr]    Compiling instant v0.1.12
[INFO] [stderr]    Compiling synstructure v0.13.0
[INFO] [stderr]    Compiling humantime v2.1.0
[INFO] [stderr]    Compiling ryu v1.0.15
[INFO] [stderr]    Compiling termcolor v1.2.0
[INFO] [stderr]    Compiling icu_normalizer_data v1.3.2
[INFO] [stderr]    Compiling smallvec v1.11.1
[INFO] [stderr]    Compiling shell-words v1.1.0
[INFO] [stderr]    Compiling utf8_iter v1.0.3
[INFO] [stderr]    Compiling itoa v1.0.9
[INFO] [stderr]    Compiling zeroize v1.6.0
[INFO] [stderr]    Compiling darling_macro v0.14.4
[INFO] [stderr]    Compiling utf16_iter v1.0.4
[INFO] [stderr]    Compiling write16 v1.0.0
[INFO] [stderr]    Compiling cached_proc_macro_types v0.1.0
[INFO] [stderr]    Compiling dialoguer v0.10.4
[INFO] [stderr]    Compiling encoding v0.2.33
[INFO] [stderr]    Compiling regex v1.9.5
[INFO] [stderr]    Compiling darling v0.14.4
[INFO] [stderr]    Compiling env_logger v0.10.0
[INFO] [stderr]    Compiling cached_proc_macro v0.18.0
[INFO] [stderr]    Compiling counter v0.5.7
[INFO] [stderr]    Compiling ordered-float v3.9.1
[INFO] [stderr]    Compiling zerofrom-derive v0.1.3
[INFO] [stderr]    Compiling yoke-derive v0.7.2
[INFO] [stderr]    Compiling zerovec-derive v0.10.0
[INFO] [stderr]    Compiling displaydoc v0.2.4
[INFO] [stderr]    Compiling icu_provider_macros v1.3.2
[INFO] [stderr]    Compiling thiserror-impl v1.0.49
[INFO] [stderr]    Compiling serde_derive v1.0.188
[INFO] [stderr]    Compiling clap_derive v4.4.2
[INFO] [stderr]    Compiling cached v0.46.0
[INFO] [stderr]    Compiling clap v4.4.2
[INFO] [stderr]    Compiling zerofrom v0.1.3
[INFO] [stderr]    Compiling yoke v0.7.2
[INFO] [stderr]    Compiling zerovec v0.10.0
[INFO] [stderr]    Compiling tinystr v0.7.4
[INFO] [stderr]    Compiling icu_collections v1.3.2
[INFO] [stderr]    Compiling icu_locid v1.3.2
[INFO] [stderr]    Compiling icu_provider v1.3.2
[INFO] [stderr]    Compiling icu_locid_transform v1.3.2
[INFO] [stderr]    Compiling icu_properties v1.3.2
[INFO] [stderr]    Compiling icu_normalizer v1.3.2
[INFO] [stderr]    Compiling charset-normalizer-rs v1.0.6 (/opt/rustwide/workdir)
[INFO] [stderr]     Finished `dev` profile [unoptimized + debuginfo] target(s) in 1m 39s
[INFO] running `Command { std: "docker" "inspect" "906a411f5dee22c5c3d49c28844fee997062bf343b2148fc8550ffdeecad0e1e", kill_on_drop: false }`
[INFO] running `Command { std: "docker" "rm" "-f" "906a411f5dee22c5c3d49c28844fee997062bf343b2148fc8550ffdeecad0e1e", kill_on_drop: false }`
[INFO] [stdout] 906a411f5dee22c5c3d49c28844fee997062bf343b2148fc8550ffdeecad0e1e
[INFO] running `Command { std: "docker" "create" "-v" "/var/lib/crater-agent-workspace/builds/worker-5-tc1/target:/opt/rustwide/target:rw,Z" "-v" "/var/lib/crater-agent-workspace/builds/worker-5-tc1/source:/opt/rustwide/workdir:ro,Z" "-v" "/var/lib/crater-agent-workspace/cargo-home:/opt/rustwide/cargo-home:ro,Z" "-v" "/var/lib/crater-agent-workspace/rustup-home:/opt/rustwide/rustup-home:ro,Z" "-e" "SOURCE_DIR=/opt/rustwide/workdir" "-e" "CARGO_TARGET_DIR=/opt/rustwide/target" "-e" "CARGO_INCREMENTAL=0" "-e" "RUST_BACKTRACE=full" "-e" "RUSTFLAGS=--cap-lints=warn" "-e" "RUSTDOCFLAGS=--cap-lints=warn" "-e" "CARGO_HOME=/opt/rustwide/cargo-home" "-e" "RUSTUP_HOME=/opt/rustwide/rustup-home" "-w" "/opt/rustwide/workdir" "-m" "1610612736" "--user" "0:0" "--network" "none" "ghcr.io/rust-lang/crates-build-env/linux@sha256:f3a9d4ad9d972b27faf3965f35b62e55ba32bbce8f20bc8fe909558a86702fde" "/opt/rustwide/cargo-home/bin/cargo" "+1.83.0" "test" "--frozen" "--no-run" "--message-format=json", kill_on_drop: false }`
[INFO] [stdout] 1b1ebde04c79ccef7198f7a7606554cf6b3b9abfc2dab3668415934eed5ecac5
[INFO] running `Command { std: "docker" "start" "-a" "1b1ebde04c79ccef7198f7a7606554cf6b3b9abfc2dab3668415934eed5ecac5", kill_on_drop: false }`
[INFO] [stderr]    Compiling regex-automata v0.3.8
[INFO] [stderr]    Compiling crossbeam-utils v0.8.16
[INFO] [stderr]    Compiling memoffset v0.9.0
[INFO] [stderr]    Compiling crossbeam-epoch v0.9.15
[INFO] [stderr]    Compiling either v1.9.0
[INFO] [stderr]    Compiling scopeguard v1.2.0
[INFO] [stderr]    Compiling rayon-core v1.11.0
[INFO] [stderr]    Compiling num_cpus v1.16.0
[INFO] [stderr]    Compiling predicates-core v1.0.6
[INFO] [stderr]    Compiling itertools v0.10.5
[INFO] [stderr]    Compiling doc-comment v0.3.3
[INFO] [stderr]    Compiling plotters-backend v0.3.5
[INFO] [stderr]    Compiling float-cmp v0.9.0
[INFO] [stderr]    Compiling textwrap v0.11.0
[INFO] [stderr]    Compiling csv-core v0.1.10
[INFO] [stderr]    Compiling same-file v1.0.6
[INFO] [stderr]    Compiling plotters-svg v0.3.5
[INFO] [stderr]    Compiling half v1.8.2
[INFO] [stderr]    Compiling normalize-line-endings v0.3.0
[INFO] [stderr]    Compiling difflib v0.4.0
[INFO] [stderr]    Compiling cast v0.3.0
[INFO] [stderr]    Compiling bitflags v1.3.2
[INFO] [stderr]    Compiling crossbeam-channel v0.5.8
[INFO] [stderr]    Compiling termtree v0.4.1
[INFO] [stderr]    Compiling predicates-tree v1.0.9
[INFO] [stderr]    Compiling serde_cbor v0.11.2
[INFO] [stderr]    Compiling crossbeam-deque v0.8.3
[INFO] [stderr]    Compiling clap v2.34.0
[INFO] [stderr]    Compiling plotters v0.3.5
[INFO] [stderr]    Compiling csv v1.2.2
[INFO] [stderr]    Compiling walkdir v2.4.0
[INFO] [stderr]    Compiling tinytemplate v1.2.1
[INFO] [stderr]    Compiling rayon v1.7.0
[INFO] [stderr]    Compiling criterion-plot v0.4.5
[INFO] [stderr]    Compiling atty v0.2.14
[INFO] [stderr]    Compiling wait-timeout v0.2.0
[INFO] [stderr]    Compiling oorandom v11.1.3
[INFO] [stderr]    Compiling regex v1.9.5
[INFO] [stderr]    Compiling bstr v1.6.2
[INFO] [stderr]    Compiling env_logger v0.10.0
[INFO] [stderr]    Compiling predicates v3.0.3
[INFO] [stderr]    Compiling charset-normalizer-rs v1.0.6 (/opt/rustwide/workdir)
[INFO] [stderr]    Compiling criterion v0.3.6
[INFO] [stderr]    Compiling assert_cmd v2.0.12
[INFO] [stderr]     Finished `test` profile [unoptimized + debuginfo] target(s) in 55.05s
[INFO] running `Command { std: "docker" "inspect" "1b1ebde04c79ccef7198f7a7606554cf6b3b9abfc2dab3668415934eed5ecac5", kill_on_drop: false }`
[INFO] running `Command { std: "docker" "rm" "-f" "1b1ebde04c79ccef7198f7a7606554cf6b3b9abfc2dab3668415934eed5ecac5", kill_on_drop: false }`
[INFO] [stdout] 1b1ebde04c79ccef7198f7a7606554cf6b3b9abfc2dab3668415934eed5ecac5
[INFO] running `Command { std: "docker" "create" "-v" "/var/lib/crater-agent-workspace/builds/worker-5-tc1/target:/opt/rustwide/target:rw,Z" "-v" "/var/lib/crater-agent-workspace/builds/worker-5-tc1/source:/opt/rustwide/workdir:ro,Z" "-v" "/var/lib/crater-agent-workspace/cargo-home:/opt/rustwide/cargo-home:ro,Z" "-v" "/var/lib/crater-agent-workspace/rustup-home:/opt/rustwide/rustup-home:ro,Z" "-e" "SOURCE_DIR=/opt/rustwide/workdir" "-e" "CARGO_TARGET_DIR=/opt/rustwide/target" "-e" "CARGO_INCREMENTAL=0" "-e" "RUST_BACKTRACE=full" "-e" "RUSTFLAGS=--cap-lints=warn" "-e" "RUSTDOCFLAGS=--cap-lints=warn" "-e" "CARGO_HOME=/opt/rustwide/cargo-home" "-e" "RUSTUP_HOME=/opt/rustwide/rustup-home" "-w" "/opt/rustwide/workdir" "-m" "1610612736" "--user" "0:0" "--network" "none" "ghcr.io/rust-lang/crates-build-env/linux@sha256:f3a9d4ad9d972b27faf3965f35b62e55ba32bbce8f20bc8fe909558a86702fde" "/opt/rustwide/cargo-home/bin/cargo" "+1.83.0" "test" "--frozen", kill_on_drop: false }`
[INFO] [stdout] f6098781c084b204b1907613f62433b67fca5229fec433e51edc03df2011ae5a
[INFO] running `Command { std: "docker" "start" "-a" "f6098781c084b204b1907613f62433b67fca5229fec433e51edc03df2011ae5a", kill_on_drop: false }`
[INFO] [stderr]     Finished `test` profile [unoptimized + debuginfo] target(s) in 1.72s
[INFO] [stderr]      Running unittests src/lib.rs (/opt/rustwide/target/debug/deps/charset_normalizer_rs-1cd019d834c631c5)
[INFO] [stdout] 
[INFO] [stdout] running 52 tests
[INFO] [stdout] test tests::cd::test_alphabet_languages ... ok
[INFO] [stdout] test tests::cd::test_characters_popularity_compare ... ok
[INFO] [stdout] test tests::cd::test_filter_alt_coherence_matches ... ok
[INFO] [stdout] test tests::cd::test_alpha_unicode_split ... ok
[INFO] [stdout] test tests::cd::test_encoding_unicode_range ... ok
[INFO] [stdout] test tests::detection_base::test_empty ... ok
[INFO] [stdout] test tests::cd::test_merge_coherence_ratios ... ok
[INFO] [stdout] test tests::detection_base::test_empty_but_with_bom_or_sig ... ok
[INFO] [stdout] test tests::cd::test_encoding_languages ... ok
[INFO] [stdout] test tests::detection_base::test_content_with_bom_or_sig ... ok
[INFO] [stdout] test tests::cd::test_unicode_range_languages ... ok
[INFO] [stdout] test tests::detection_base::test_obviously_ascii_content ... ok
[INFO] [stdout] test tests::cd::test_coherence_ratio ... ok
[INFO] [stdout] test tests::detection_edge_case::test_undefined_unicode_ranges ... ok
[INFO] [stdout] test tests::detection_base::test_unicode_ranges_property ... ok
[INFO] [stdout] test tests::detection_base::test_obviously_utf8_content ... ok
[INFO] [stdout] test tests::entity::test_charset_matches ... ok
[INFO] [stdout] test tests::detection_base::test_mb_cutting_chk ... ok
[INFO] [stdout] test tests::md::test_is_accentuated ... ok
[INFO] [stdout] test tests::md::test_is_case_variable ... ok
[INFO] [stdout] test tests::md::test_is_cjk ... ok
[INFO] [stdout] test tests::md::test_is_hangul ... ok
[INFO] [stdout] test tests::md::test_is_hiragana ... ok
[INFO] [stdout] test tests::md::test_is_katakana ... ok
[INFO] [stdout] test tests::md::test_is_latin ... ok
[INFO] [stdout] test tests::md::test_is_emoticon ... ok
[INFO] [stdout] test tests::md::test_is_punctuation ... ok
[INFO] [stdout] test tests::md::test_is_separator ... ok
[INFO] [stdout] test tests::md::test_is_thai ... ok
[INFO] [stdout] test tests::md::test_is_symbol ... ok
[INFO] [stdout] test tests::md::test_is_unprintable ... ok
[INFO] [stdout] test tests::utils::test_any_specified_encoding ... ok
[INFO] [stdout] test tests::utils::test_cp_similarity ... ok
[INFO] [stdout] test tests::utils::test_decode_test ... ok
[INFO] [stdout] test tests::utils::test_decode_wrong_chunks ... ok
[INFO] [stdout] test tests::utils::test_iana_name ... ok
[INFO] [stdout] test tests::utils::test_identify_sig_or_bom ... ok
[INFO] [stdout] test tests::utils::test_is_ascii ... ok
[INFO] [stdout] test tests::md::test_mess_ratio ... ok
[INFO] [stdout] test tests::utils::test_is_multi_byte_encoding ... ok
[INFO] [stdout] test tests::utils::test_is_suspiciously_successive_range ... ok
[INFO] [stdout] test tests::utils::test_is_unicode_range_secondary ... ok
[INFO] [stdout] test tests::utils::test_range_scan ... ok
[INFO] [stdout] test tests::utils::test_remove_accent ... ok
[INFO] [stdout] test tests::utils::test_unicode_range ... ok
[INFO] [stdout] test tests::utils::test_is_cp_similar ... ok
[INFO] [stdout] test tests::detection_large_payload::test_large_payload_ascii_sig_basic_entry ... ok
[INFO] [stdout] test tests::detection_large_payload::test_large_payload_utf8_sig_basic_entry ... ok
[INFO] [stdout] test tests::detection_full::test_elementary_detection ... ok
[INFO] [stdout] test tests::detection_large_payload::test_misleading_large_sequence ... ok
[INFO] [stdout] test tests::detection_full::test_largesets ... ok
[INFO] [stdout] test tests::md::test_datasets_mess_ratio ... ok
[INFO] [stdout] 
[INFO] [stdout] test result: ok. 52 passed; 0 failed; 0 ignored; 0 measured; 0 filtered out; finished in 55.73s
[INFO] [stdout] 
[INFO] [stderr]      Running unittests src/normalizer.rs (/opt/rustwide/target/debug/deps/normalizer-27cd980798e153f9)
[INFO] [stdout] 
[INFO] [stdout] running 0 tests
[INFO] [stdout] 
[INFO] [stdout] test result: ok. 0 passed; 0 failed; 0 ignored; 0 measured; 0 filtered out; finished in 0.00s
[INFO] [stdout] 
[INFO] [stderr]      Running tests/normalizer.rs (/opt/rustwide/target/debug/deps/normalizer-609a7bddb29ab32b)
[INFO] [stdout] 
[INFO] [stdout] running 10 tests
[INFO] [stdout] test test_cli_single_file ... ok
[INFO] [stdout] test test_cli_multiple_files_with_alternative ... ok
[INFO] [stdout] test test_cli_multiple_files ... ok
[INFO] [stdout] test test_cli_version_output_success ... ok
[INFO] [stdout] test test_cli_multiple_files_with_minimal_output ... ok
[INFO] [stdout] test test_cli_single_verbose_file ... ok
[INFO] [stdout] test test_cli_non_existent_file ... ok
[INFO] [stdout] test test_cli_replace_without_normalize ... ok
[INFO] [stdout] test test_cli_force_replace_without_replace ... ok
[INFO] [stdout] test test_cli_single_file_normalize ... FAILED
[INFO] [stdout] 
[INFO] [stdout] failures:
[INFO] [stdout] 
[INFO] [stdout] ---- test_cli_single_file_normalize stdout ----
[INFO] [stdout] thread 'test_cli_single_file_normalize' panicked at /rustc/90b35a6239c3d8bdabc530a6a0816f7ff89a0aaf/library/core/src/ops/function.rs:250:5:
[INFO] [stdout] Unexpected failure.
[INFO] [stdout] code=101
[INFO] [stdout] stderr=``````
[INFO] [stdout] thread \'main\' panicked at src/normalizer.rs:168:19:
[INFO] [stdout] Read-only file system (os error 30)
[INFO] [stdout] stack backtrace:
[INFO] [stdout]    0:     0x5f9a395bdb4a - std::backtrace_rs::backtrace::libunwind::trace::h5a5b8284f2d0c266
[INFO] [stdout]                                at /rustc/90b35a6239c3d8bdabc530a6a0816f7ff89a0aaf/library/std/src/../../backtrace/src/backtrace/libunwind.rs:116:5
[INFO] [stdout]    1:     0x5f9a395bdb4a - std::backtrace_rs::backtrace::trace_unsynchronized::h76d4f1c9b0b875e3
[INFO] [stdout]                                at /rustc/90b35a6239c3d8bdabc530a6a0816f7ff89a0aaf/library/std/src/../../backtrace/src/backtrace/mod.rs:66:5
[INFO] [stdout]    2:     0x5f9a395bdb4a - std::sys::backtrace::_print_fmt::hc4546b8364a537c6
[INFO] [stdout]                                at /rustc/90b35a6239c3d8bdabc530a6a0816f7ff89a0aaf/library/std/src/sys/backtrace.rs:66:9
[INFO] [stdout]    3:     0x5f9a395bdb4a - <std::sys::backtrace::BacktraceLock::print::DisplayBacktrace as core::fmt::Display>::fmt::h5b6bd5631a6d1f6b
[INFO] [stdout]                                at /rustc/90b35a6239c3d8bdabc530a6a0816f7ff89a0aaf/library/std/src/sys/backtrace.rs:39:26
[INFO] [stdout]    4:     0x5f9a395dfe13 - core::fmt::rt::Argument::fmt::h270f6602a2b96f62
[INFO] [stdout]                                at /rustc/90b35a6239c3d8bdabc530a6a0816f7ff89a0aaf/library/core/src/fmt/rt.rs:177:76
[INFO] [stdout]    5:     0x5f9a395dfe13 - core::fmt::write::h7550c97b06c86515
[INFO] [stdout]                                at /rustc/90b35a6239c3d8bdabc530a6a0816f7ff89a0aaf/library/core/src/fmt/mod.rs:1186:21
[INFO] [stdout]    6:     0x5f9a395bb353 - std::io::Write::write_fmt::h7b09c64fe0be9c84
[INFO] [stdout]                                at /rustc/90b35a6239c3d8bdabc530a6a0816f7ff89a0aaf/library/std/src/io/mod.rs:1839:15
[INFO] [stdout]    7:     0x5f9a395bd992 - std::sys::backtrace::BacktraceLock::print::h2395ccd2c84ba3aa
[INFO] [stdout]                                at /rustc/90b35a6239c3d8bdabc530a6a0816f7ff89a0aaf/library/std/src/sys/backtrace.rs:42:9
[INFO] [stdout]    8:     0x5f9a395be93c - std::panicking::default_hook::{{closure}}::he19d4c7230e07961
[INFO] [stdout]                                at /rustc/90b35a6239c3d8bdabc530a6a0816f7ff89a0aaf/library/std/src/panicking.rs:268:22
[INFO] [stdout]    9:     0x5f9a395be782 - std::panicking::default_hook::hf614597d3c67bbdb
[INFO] [stdout]                                at /rustc/90b35a6239c3d8bdabc530a6a0816f7ff89a0aaf/library/std/src/panicking.rs:295:9
[INFO] [stdout]   10:     0x5f9a395bef17 - std::panicking::rust_panic_with_hook::h8942133a8b252070
[INFO] [stdout]                                at /rustc/90b35a6239c3d8bdabc530a6a0816f7ff89a0aaf/library/std/src/panicking.rs:801:13
[INFO] [stdout]   11:     0x5f9a395bedaa - std::panicking::begin_panic_handler::{{closure}}::hb5f5963570096b29
[INFO] [stdout]                                at /rustc/90b35a6239c3d8bdabc530a6a0816f7ff89a0aaf/library/std/src/panicking.rs:674:13
[INFO] [stdout]   12:     0x5f9a395be029 - std::sys::backtrace::__rust_end_short_backtrace::h6208cedc1922feda
[INFO] [stdout]                                at /rustc/90b35a6239c3d8bdabc530a6a0816f7ff89a0aaf/library/std/src/sys/backtrace.rs:170:18
[INFO] [stdout]   13:     0x5f9a395bea3c - rust_begin_unwind
[INFO] [stdout]                                at /rustc/90b35a6239c3d8bdabc530a6a0816f7ff89a0aaf/library/std/src/panicking.rs:665:5
[INFO] [stdout]   14:     0x5f9a390f0b20 - core::panicking::panic_fmt::h0c3082644d1bf418
[INFO] [stdout]                                at /rustc/90b35a6239c3d8bdabc530a6a0816f7ff89a0aaf/library/core/src/panicking.rs:74:14
[INFO] [stdout]   15:     0x5f9a390f948c - normalizer::main::h251c386e0b0ca095
[INFO] [stdout]                                at /opt/rustwide/workdir/src/normalizer.rs:168:19
[INFO] [stdout]   16:     0x5f9a390fdafb - core::ops::function::FnOnce::call_once::h194822107cac3aa8
[INFO] [stdout]                                at /rustc/90b35a6239c3d8bdabc530a6a0816f7ff89a0aaf/library/core/src/ops/function.rs:250:5
[INFO] [stdout]   17:     0x5f9a390f30ae - std::sys::backtrace::__rust_begin_short_backtrace::hada45802a7489e90
[INFO] [stdout]                                at /rustc/90b35a6239c3d8bdabc530a6a0816f7ff89a0aaf/library/std/src/sys/backtrace.rs:154:18
[INFO] [stdout]   18:     0x5f9a390fd7d1 - std::rt::lang_start::{{closure}}::h8a2ff2fd239940b4
[INFO] [stdout]                                at /rustc/90b35a6239c3d8bdabc530a6a0816f7ff89a0aaf/library/std/src/rt.rs:195:18
[INFO] [stdout]   19:     0x5f9a395b69ee - core::ops::function::impls::<impl core::ops::function::FnOnce<A> for &F>::call_once::hfdb85f4ee94732d3
[INFO] [stdout]                                at /rustc/90b35a6239c3d8bdabc530a6a0816f7ff89a0aaf/library/core/src/ops/function.rs:284:13
[INFO] [stdout]   20:     0x5f9a395b69ee - std::panicking::try::do_call::h6e577310f330cbef
[INFO] [stdout]                                at /rustc/90b35a6239c3d8bdabc530a6a0816f7ff89a0aaf/library/std/src/panicking.rs:557:40
[INFO] [stdout]   21:     0x5f9a395b69ee - std::panicking::try::ha588d438267d2645
[INFO] [stdout]                                at /rustc/90b35a6239c3d8bdabc530a6a0816f7ff89a0aaf/library/std/src/panicking.rs:520:19
[INFO] [stdout]   22:     0x5f9a395b69ee - std::panic::catch_unwind::h429fda1e025f26d9
[INFO] [stdout]                                at /rustc/90b35a6239c3d8bdabc530a6a0816f7ff89a0aaf/library/std/src/panic.rs:358:14
[INFO] [stdout]   23:     0x5f9a395b69ee - std::rt::lang_start_internal::{{closure}}::h7b731265e841c4bf
[INFO] [stdout]                                at /rustc/90b35a6239c3d8bdabc530a6a0816f7ff89a0aaf/library/std/src/rt.rs:174:48
[INFO] [stdout]   24:     0x5f9a395b69ee - std::panicking::try::do_call::hc0f6a675b7ae5a36
[INFO] [stdout]                                at /rustc/90b35a6239c3d8bdabc530a6a0816f7ff89a0aaf/library/std/src/panicking.rs:557:40
[INFO] [stdout]   25:     0x5f9a395b69ee - std::panicking::try::h4c93b7ff0671f1ff
[INFO] [stdout]                                at /rustc/90b35a6239c3d8bdabc530a6a0816f7ff89a0aaf/library/std/src/panicking.rs:520:19
[INFO] [stdout]   26:     0x5f9a395b69ee - std::panic::catch_unwind::hcc1e154961d16ce6
[INFO] [stdout]                                at /rustc/90b35a6239c3d8bdabc530a6a0816f7ff89a0aaf/library/std/src/panic.rs:358:14
[INFO] [stdout]   27:     0x5f9a395b69ee - std::rt::lang_start_internal::h1c66660c99c8424c
[INFO] [stdout]                                at /rustc/90b35a6239c3d8bdabc530a6a0816f7ff89a0aaf/library/std/src/rt.rs:174:20
[INFO] [stdout]   28:     0x5f9a390fd7aa - std::rt::lang_start::h5312a4633a409507
[INFO] [stdout]                                at /rustc/90b35a6239c3d8bdabc530a6a0816f7ff89a0aaf/library/std/src/rt.rs:194:17
[INFO] [stdout]   29:     0x5f9a390f95ce - main
[INFO] [stdout]   30:     0x7ae9ed6b5d90 - <unknown>
[INFO] [stdout]   31:     0x7ae9ed6b5e40 - __libc_start_main
[INFO] [stdout]   32:     0x5f9a390f14e5 - _start
[INFO] [stdout]   33:                0x0 - <unknown>
[INFO] [stdout] ```
[INFO] [stdout] ```
[INFO] [stdout] command=`"/opt/rustwide/target/debug/normalizer" "/opt/rustwide/workdir/src/tests/data/samples/sample-arabic-1.txt" "--normalize"`
[INFO] [stdout] code=101
[INFO] [stdout] stdout=""
[INFO] [stdout] stderr=```
[INFO] [stdout] thread \'main\' panicked at src/normalizer.rs:168:19:
[INFO] [stdout] Read-only file system (os error 30)
[INFO] [stdout] stack backtrace:
[INFO] [stdout]    0:     0x5f9a395bdb4a - std::backtrace_rs::backtrace::libunwind::trace::h5a5b8284f2d0c266
[INFO] [stdout]                                at /rustc/90b35a6239c3d8bdabc530a6a0816f7ff89a0aaf/library/std/src/../../backtrace/src/backtrace/libunwind.rs:116:5
[INFO] [stdout]    1:     0x5f9a395bdb4a - std::backtrace_rs::backtrace::trace_unsynchronized::h76d4f1c9b0b875e3
[INFO] [stdout]                                at /rustc/90b35a6239c3d8bdabc530a6a0816f7ff89a0aaf/library/std/src/../../backtrace/src/backtrace/mod.rs:66:5
[INFO] [stdout]    2:     0x5f9a395bdb4a - std::sys::backtrace::_print_fmt::hc4546b8364a537c6
[INFO] [stdout]                                at /rustc/90b35a6239c3d8bdabc530a6a0816f7ff89a0aaf/library/std/src/sys/backtrace.rs:66:9
[INFO] [stdout]    3:     0x5f9a395bdb4a - <std::sys::backtrace::BacktraceLock::print::DisplayBacktrace as core::fmt::Display>::fmt::h5b6bd5631a6d1f6b
[INFO] [stdout]                                at /rustc/90b35a6239c3d8bdabc530a6a0816f7ff89a0aaf/library/std/src/sys/backtrace.rs:39:26
[INFO] [stdout]    4:     0x5f9a395dfe13 - core::fmt::rt::Argument::fmt::h270f6602a2b96f62
[INFO] [stdout]                                at /rustc/90b35a6239c3d8bdabc530a6a0816f7ff89a0aaf/library/core/src/fmt/rt.rs:177:76
[INFO] [stdout]    5:     0x5f9a395dfe13 - core::fmt::write::h7550c97b06c86515
[INFO] [stdout]                                at /rustc/90b35a6239c3d8bdabc530a6a0816f7ff89a0aaf/library/core/src/fmt/mod.rs:1186:21
[INFO] [stdout]    6:     0x5f9a395bb353 - std::io::Write::write_fmt::h7b09c64fe0be9c84
[INFO] [stdout]                                at /rustc/90b35a6239c3d8bdabc530a6a0816f7ff89a0aaf/library/std/src/io/mod.rs:1839:15
[INFO] [stdout]    7:     0x5f9a395bd992 - std::sys::backtrace::BacktraceLock::print::h2395ccd2c84ba3aa
[INFO] [stdout]                                at /rustc/90b35a6239c3d8bdabc530a6a0816f7ff89a0aaf/library/std/src/sys/backtrace.rs:42:9
[INFO] [stdout]    8:     0x5f9a395be93c - std::panicking::default_hook::{{closure}}::he19d4c7230e07961
[INFO] [stdout]                                at /rustc/90b35a6239c3d8bdabc530a6a0816f7ff89a0aaf/library/std/src/panicking.rs:268:22
[INFO] [stdout]    9:     0x5f9a395be782 - std::panicking::default_hook::hf614597d3c67bbdb
[INFO] [stdout]                                at /rustc/90b35a6239c3d8bdabc530a6a0816f7ff89a0aaf/library/std/src/panicking.rs:295:9
[INFO] [stdout]   10:     0x5f9a395bef17 - std::panicking::rust_panic_with_hook::h8942133a8b252070
[INFO] [stdout]                                at /rustc/90b35a6239c3d8bdabc530a6a0816f7ff89a0aaf/library/std/src/panicking.rs:801:13
[INFO] [stdout]   11:     0x5f9a395bedaa - std::panicking::begin_panic_handler::{{closure}}::hb5f5963570096b29
[INFO] [stdout]                                at /rustc/90b35a6239c3d8bdabc530a6a0816f7ff89a0aaf/library/std/src/panicking.rs:674:13
[INFO] [stdout]   12:     0x5f9a395be029 - std::sys::backtrace::__rust_end_short_backtrace::h6208cedc1922feda
[INFO] [stdout]                                at /rustc/90b35a6239c3d8bdabc530a6a0816f7ff89a0aaf/library/std/src/sys/backtrace.rs:170:18
[INFO] [stdout]   13:     0x5f9a395bea3c - rust_begin_unwind
[INFO] [stdout]                                at /rustc/90b35a6239c3d8bdabc530a6a0816f7ff89a0aaf/library/std/src/panicking.rs:665:5
[INFO] [stdout]   14:     0x5f9a390f0b20 - core::panicking::panic_fmt::h0c3082644d1bf418
[INFO] [stdout]                                at /rustc/90b35a6239c3d8bdabc530a6a0816f7ff89a0aaf/library/core/src/panicking.rs:74:14
[INFO] [stdout]   15:     0x5f9a390f948c - normalizer::main::h251c386e0b0ca095
[INFO] [stdout]                                at /opt/rustwide/workdir/src/normalizer.rs:168:19
[INFO] [stdout]   16:     0x5f9a390fdafb - core::ops::function::FnOnce::call_once::h194822107cac3aa8
[INFO] [stdout]                                at /rustc/90b35a6239c3d8bdabc530a6a0816f7ff89a0aaf/library/core/src/ops/function.rs:250:5
[INFO] [stdout]   17:     0x5f9a390f30ae - std::sys::backtrace::__rust_begin_short_backtrace::hada45802a7489e90
[INFO] [stdout]                                at /rustc/90b35a6239c3d8bdabc530a6a0816f7ff89a0aaf/library/std/src/sys/backtrace.rs:154:18
[INFO] [stdout]   18:     0x5f9a390fd7d1 - std::rt::lang_start::{{closure}}::h8a2ff2fd239940b4
[INFO] [stdout]                                at /rustc/90b35a6239c3d8bdabc530a6a0816f7ff89a0aaf/library/std/src/rt.rs:195:18
[INFO] [stdout]   19:     0x5f9a395b69ee - core::ops::function::impls::<impl core::ops::function::FnOnce<A> for &F>::call_once::hfdb85f4ee94732d3
[INFO] [stdout]                                at /rustc/90b35a6239c3d8bdabc530a6a0816f7ff89a0aaf/library/core/src/ops/function.rs:284:13
[INFO] [stdout]   20:     0x5f9a395b69ee - std::panicking::try::do_call::h6e577310f330cbef
[INFO] [stdout]                                at /rustc/90b35a6239c3d8bdabc530a6a0816f7ff89a0aaf/library/std/src/panicking.rs:557:40
[INFO] [stdout]   21:     0x5f9a395b69ee - std::panicking::try::ha588d438267d2645
[INFO] [stdout]                                at /rustc/90b35a6239c3d8bdabc530a6a0816f7ff89a0aaf/library/std/src/panicking.rs:520:19
[INFO] [stdout]   22:     0x5f9a395b69ee - std::panic::catch_unwind::h429fda1e025f26d9
[INFO] [stdout]                                at /rustc/90b35a6239c3d8bdabc530a6a0816f7ff89a0aaf/library/std/src/panic.rs:358:14
[INFO] [stdout]   23:     0x5f9a395b69ee - std::rt::lang_start_internal::{{closure}}::h7b731265e841c4bf
[INFO] [stdout]                                at /rustc/90b35a6239c3d8bdabc530a6a0816f7ff89a0aaf/library/std/src/rt.rs:174:48
[INFO] [stdout]   24:     0x5f9a395b69ee - std::panicking::try::do_call::hc0f6a675b7ae5a36
[INFO] [stdout]                                at /rustc/90b35a6239c3d8bdabc530a6a0816f7ff89a0aaf/library/std/src/panicking.rs:557:40
[INFO] [stdout]   25:     0x5f9a395b69ee - std::panicking::try::h4c93b7ff0671f1ff
[INFO] [stdout]                                at /rustc/90b35a6239c3d8bdabc530a6a0816f7ff89a0aaf/library/std/src/panicking.rs:520:19
[INFO] [stdout]   26:     0x5f9a395b69ee - std::panic::catch_unwind::hcc1e154961d16ce6
[INFO] [stdout]                                at /rustc/90b35a6239c3d8bdabc530a6a0816f7ff89a0aaf/library/std/src/panic.rs:358:14
[INFO] [stdout]   27:     0x5f9a395b69ee - std::rt::lang_start_internal::h1c66660c99c8424c
[INFO] [stdout]                                at /rustc/90b35a6239c3d8bdabc530a6a0816f7ff89a0aaf/library/std/src/rt.rs:174:20
[INFO] [stdout]   28:     0x5f9a390fd7aa - std::rt::lang_start::h5312a4633a409507
[INFO] [stdout]                                at /rustc/90b35a6239c3d8bdabc530a6a0816f7ff89a0aaf/library/std/src/rt.rs:194:17
[INFO] [stdout]   29:     0x5f9a390f95ce - main
[INFO] [stdout]   30:     0x7ae9ed6b5d90 - <unknown>
[INFO] [stdout]   31:     0x7ae9ed6b5e40 - __libc_start_main
[INFO] [stdout]   32:     0x5f9a390f14e5 - _start
[INFO] [stdout]   33:                0x0 - <unknown>
[INFO] [stdout] ```
[INFO] [stdout] 
[INFO] [stdout] 
[INFO] [stdout] stack backtrace:
[INFO] [stdout]    0:     0x5d8ee66dddaa - std::backtrace_rs::backtrace::libunwind::trace::h5a5b8284f2d0c266
[INFO] [stdout]                                at /rustc/90b35a6239c3d8bdabc530a6a0816f7ff89a0aaf/library/std/src/../../backtrace/src/backtrace/libunwind.rs:116:5
[INFO] [stdout]    1:     0x5d8ee66dddaa - std::backtrace_rs::backtrace::trace_unsynchronized::h76d4f1c9b0b875e3
[INFO] [stdout]                                at /rustc/90b35a6239c3d8bdabc530a6a0816f7ff89a0aaf/library/std/src/../../backtrace/src/backtrace/mod.rs:66:5
[INFO] [stdout]    2:     0x5d8ee66dddaa - std::sys::backtrace::_print_fmt::hc4546b8364a537c6
[INFO] [stdout]                                at /rustc/90b35a6239c3d8bdabc530a6a0816f7ff89a0aaf/library/std/src/sys/backtrace.rs:66:9
[INFO] [stdout]    3:     0x5d8ee66dddaa - <std::sys::backtrace::BacktraceLock::print::DisplayBacktrace as core::fmt::Display>::fmt::h5b6bd5631a6d1f6b
[INFO] [stdout]                                at /rustc/90b35a6239c3d8bdabc530a6a0816f7ff89a0aaf/library/std/src/sys/backtrace.rs:39:26
[INFO] [stdout]    4:     0x5d8ee6704343 - core::fmt::rt::Argument::fmt::h270f6602a2b96f62
[INFO] [stdout]                                at /rustc/90b35a6239c3d8bdabc530a6a0816f7ff89a0aaf/library/core/src/fmt/rt.rs:177:76
[INFO] [stdout]    5:     0x5d8ee6704343 - core::fmt::write::h7550c97b06c86515
[INFO] [stdout]                                at /rustc/90b35a6239c3d8bdabc530a6a0816f7ff89a0aaf/library/core/src/fmt/mod.rs:1186:21
[INFO] [stdout]    6:     0x5d8ee66da8c3 - std::io::Write::write_fmt::h509ff860e5956e5e
[INFO] [stdout]                                at /rustc/90b35a6239c3d8bdabc530a6a0816f7ff89a0aaf/library/std/src/io/mod.rs:1839:15
[INFO] [stdout]    7:     0x5d8ee66ddbf2 - std::sys::backtrace::BacktraceLock::print::h2395ccd2c84ba3aa
[INFO] [stdout]                                at /rustc/90b35a6239c3d8bdabc530a6a0816f7ff89a0aaf/library/std/src/sys/backtrace.rs:42:9
[INFO] [stdout]    8:     0x5d8ee66df28a - std::panicking::default_hook::{{closure}}::he19d4c7230e07961
[INFO] [stdout]                                at /rustc/90b35a6239c3d8bdabc530a6a0816f7ff89a0aaf/library/std/src/panicking.rs:268:22
[INFO] [stdout]    9:     0x5d8ee66df094 - std::panicking::default_hook::hf614597d3c67bbdb
[INFO] [stdout]                                at /rustc/90b35a6239c3d8bdabc530a6a0816f7ff89a0aaf/library/std/src/panicking.rs:292:9
[INFO] [stdout]   10:     0x5d8ee6660d89 - <alloc::boxed::Box<F,A> as core::ops::function::Fn<Args>>::call::h39b51ce4599c23d1
[INFO] [stdout]                                at /rustc/90b35a6239c3d8bdabc530a6a0816f7ff89a0aaf/library/alloc/src/boxed.rs:2468:9
[INFO] [stdout]   11:     0x5d8ee6660d89 - test::test_main::{{closure}}::he977ae839a582784
[INFO] [stdout]                                at /rustc/90b35a6239c3d8bdabc530a6a0816f7ff89a0aaf/library/test/src/lib.rs:133:21
[INFO] [stdout]   12:     0x5d8ee66df928 - <alloc::boxed::Box<F,A> as core::ops::function::Fn<Args>>::call::h9455091b6b06f9fb
[INFO] [stdout]                                at /rustc/90b35a6239c3d8bdabc530a6a0816f7ff89a0aaf/library/alloc/src/boxed.rs:2468:9
[INFO] [stdout]   13:     0x5d8ee66df928 - std::panicking::rust_panic_with_hook::h8942133a8b252070
[INFO] [stdout]                                at /rustc/90b35a6239c3d8bdabc530a6a0816f7ff89a0aaf/library/std/src/panicking.rs:809:13
[INFO] [stdout]   14:     0x5d8ee66df6ea - std::panicking::begin_panic_handler::{{closure}}::hb5f5963570096b29
[INFO] [stdout]                                at /rustc/90b35a6239c3d8bdabc530a6a0816f7ff89a0aaf/library/std/src/panicking.rs:674:13
[INFO] [stdout]   15:     0x5d8ee66de289 - std::sys::backtrace::__rust_end_short_backtrace::h6208cedc1922feda
[INFO] [stdout]                                at /rustc/90b35a6239c3d8bdabc530a6a0816f7ff89a0aaf/library/std/src/sys/backtrace.rs:170:18
[INFO] [stdout]   16:     0x5d8ee66df37c - rust_begin_unwind
[INFO] [stdout]                                at /rustc/90b35a6239c3d8bdabc530a6a0816f7ff89a0aaf/library/std/src/panicking.rs:665:5
[INFO] [stdout]   17:     0x5d8ee6621080 - core::panicking::panic_fmt::h0c3082644d1bf418
[INFO] [stdout]                                at /rustc/90b35a6239c3d8bdabc530a6a0816f7ff89a0aaf/library/core/src/panicking.rs:74:14
[INFO] [stdout]   18:     0x5d8ee66700d3 - core::panicking::panic_display::h45a7f4d7a0de6942
[INFO] [stdout]                                at /rustc/90b35a6239c3d8bdabc530a6a0816f7ff89a0aaf/library/core/src/panicking.rs:264:5
[INFO] [stdout]   19:     0x5d8ee66791ae - assert_cmd::assert::AssertError::panic::panic_cold_display::h8dea58608bbd91ac
[INFO] [stdout]                                at /rustc/90b35a6239c3d8bdabc530a6a0816f7ff89a0aaf/library/core/src/panic.rs:100:13
[INFO] [stdout]   20:     0x5d8ee6678aa7 - assert_cmd::assert::AssertError::panic::h60dcd99dd0923d71
[INFO] [stdout]                                at /opt/rustwide/cargo-home/registry/src/index.crates.io-6f17d22bba15001f/assert_cmd-2.0.12/src/assert.rs:1033:9
[INFO] [stdout]   21:     0x5d8ee6674777 - core::ops::function::FnOnce::call_once::hce78c9a7f07ee16d
[INFO] [stdout]                                at /rustc/90b35a6239c3d8bdabc530a6a0816f7ff89a0aaf/library/core/src/ops/function.rs:250:5
[INFO] [stdout]   22:     0x5d8ee666bf70 - core::result::Result<T,E>::unwrap_or_else::h43872543e3f45b94
[INFO] [stdout]                                at /rustc/90b35a6239c3d8bdabc530a6a0816f7ff89a0aaf/library/core/src/result.rs:1458:23
[INFO] [stdout]   23:     0x5d8ee6677ae6 - assert_cmd::assert::Assert::success::hd899b813f5a7ca60
[INFO] [stdout]                                at /opt/rustwide/cargo-home/registry/src/index.crates.io-6f17d22bba15001f/assert_cmd-2.0.12/src/assert.rs:158:9
[INFO] [stdout]   24:     0x5d8ee6626e2c - normalizer::test_cli_single_file_normalize::hd7c6162f7d0f5296
[INFO] [stdout]                                at /opt/rustwide/workdir/tests/normalizer.rs:38:5
[INFO] [stdout]   25:     0x5d8ee6626bd7 - normalizer::test_cli_single_file_normalize::{{closure}}::h93f9c3c07a6803e3
[INFO] [stdout]                                at /opt/rustwide/workdir/tests/normalizer.rs:36:36
[INFO] [stdout]   26:     0x5d8ee66240d6 - core::ops::function::FnOnce::call_once::h8fa07a9f76905917
[INFO] [stdout]                                at /rustc/90b35a6239c3d8bdabc530a6a0816f7ff89a0aaf/library/core/src/ops/function.rs:250:5
[INFO] [stdout]   27:     0x5d8ee666574b - core::ops::function::FnOnce::call_once::h109cf8051a59b34e
[INFO] [stdout]                                at /rustc/90b35a6239c3d8bdabc530a6a0816f7ff89a0aaf/library/core/src/ops/function.rs:250:5
[INFO] [stdout]   28:     0x5d8ee666574b - test::__rust_begin_short_backtrace::hf4fff89d377446ba
[INFO] [stdout]                                at /rustc/90b35a6239c3d8bdabc530a6a0816f7ff89a0aaf/library/test/src/lib.rs:621:18
[INFO] [stdout]   29:     0x5d8ee6664f87 - test::run_test_in_process::{{closure}}::h0e39181dd7ee5a43
[INFO] [stdout]                                at /rustc/90b35a6239c3d8bdabc530a6a0816f7ff89a0aaf/library/test/src/lib.rs:644:60
[INFO] [stdout]   30:     0x5d8ee6664f87 - <core::panic::unwind_safe::AssertUnwindSafe<F> as core::ops::function::FnOnce<()>>::call_once::hc5a66a30f0bdfd1f
[INFO] [stdout]                                at /rustc/90b35a6239c3d8bdabc530a6a0816f7ff89a0aaf/library/core/src/panic/unwind_safe.rs:272:9
[INFO] [stdout]   31:     0x5d8ee6664f87 - std::panicking::try::do_call::h873b7cf639554a5e
[INFO] [stdout]                                at /rustc/90b35a6239c3d8bdabc530a6a0816f7ff89a0aaf/library/std/src/panicking.rs:557:40
[INFO] [stdout]   32:     0x5d8ee6664f87 - std::panicking::try::hdb19862fad9c8bd1
[INFO] [stdout]                                at /rustc/90b35a6239c3d8bdabc530a6a0816f7ff89a0aaf/library/std/src/panicking.rs:520:19
[INFO] [stdout]   33:     0x5d8ee6664f87 - std::panic::catch_unwind::h281fe732d236d260
[INFO] [stdout]                                at /rustc/90b35a6239c3d8bdabc530a6a0816f7ff89a0aaf/library/std/src/panic.rs:358:14
[INFO] [stdout]   34:     0x5d8ee6664f87 - test::run_test_in_process::h949b6df8457ed338
[INFO] [stdout]                                at /rustc/90b35a6239c3d8bdabc530a6a0816f7ff89a0aaf/library/test/src/lib.rs:644:27
[INFO] [stdout]   35:     0x5d8ee6664f87 - test::run_test::{{closure}}::h52c556a6d4740e10
[INFO] [stdout]                                at /rustc/90b35a6239c3d8bdabc530a6a0816f7ff89a0aaf/library/test/src/lib.rs:565:43
[INFO] [stdout]   36:     0x5d8ee662a264 - test::run_test::{{closure}}::h4237f6381c45ccb9
[INFO] [stdout]                                at /rustc/90b35a6239c3d8bdabc530a6a0816f7ff89a0aaf/library/test/src/lib.rs:595:41
[INFO] [stdout]   37:     0x5d8ee662a264 - std::sys::backtrace::__rust_begin_short_backtrace::h505c97a579eca628
[INFO] [stdout]                                at /rustc/90b35a6239c3d8bdabc530a6a0816f7ff89a0aaf/library/std/src/sys/backtrace.rs:154:18
[INFO] [stdout]   38:     0x5d8ee662d92e - std::thread::Builder::spawn_unchecked_::{{closure}}::{{closure}}::h9e86b2e2bc107ea3
[INFO] [stdout]                                at /rustc/90b35a6239c3d8bdabc530a6a0816f7ff89a0aaf/library/std/src/thread/mod.rs:538:17
[INFO] [stdout]   39:     0x5d8ee662d92e - <core::panic::unwind_safe::AssertUnwindSafe<F> as core::ops::function::FnOnce<()>>::call_once::h8b06ddb275ff4a25
[INFO] [stdout]                                at /rustc/90b35a6239c3d8bdabc530a6a0816f7ff89a0aaf/library/core/src/panic/unwind_safe.rs:272:9
[INFO] [stdout]   40:     0x5d8ee662d92e - std::panicking::try::do_call::hb26ecd7cd9a9355d
[INFO] [stdout]                                at /rustc/90b35a6239c3d8bdabc530a6a0816f7ff89a0aaf/library/std/src/panicking.rs:557:40
[INFO] [stdout]   41:     0x5d8ee662d92e - std::panicking::try::h8ddeca9d705f9069
[INFO] [stdout]                                at /rustc/90b35a6239c3d8bdabc530a6a0816f7ff89a0aaf/library/std/src/panicking.rs:520:19
[INFO] [stdout]   42:     0x5d8ee662d92e - std::panic::catch_unwind::h49e1c33078844c46
[INFO] [stdout]                                at /rustc/90b35a6239c3d8bdabc530a6a0816f7ff89a0aaf/library/std/src/panic.rs:358:14
[INFO] [stdout]   43:     0x5d8ee662d92e - std::thread::Builder::spawn_unchecked_::{{closure}}::h6073db6ff56ad35d
[INFO] [stdout]                                at /rustc/90b35a6239c3d8bdabc530a6a0816f7ff89a0aaf/library/std/src/thread/mod.rs:537:30
[INFO] [stdout]   44:     0x5d8ee662d92e - core::ops::function::FnOnce::call_once{{vtable.shim}}::h2c5a5f3779c774f1
[INFO] [stdout]                                at /rustc/90b35a6239c3d8bdabc530a6a0816f7ff89a0aaf/library/core/src/ops/function.rs:250:5
[INFO] [stdout]   45:     0x5d8ee66e42ab - <alloc::boxed::Box<F,A> as core::ops::function::FnOnce<Args>>::call_once::hf75717d9f28faebf
[INFO] [stdout]                                at /rustc/90b35a6239c3d8bdabc530a6a0816f7ff89a0aaf/library/alloc/src/boxed.rs:2454:9
[INFO] [stdout]   46:     0x5d8ee66e42ab - <alloc::boxed::Box<F,A> as core::ops::function::FnOnce<Args>>::call_once::h7bd883a5f3c5f3c1
[INFO] [stdout]                                at /rustc/90b35a6239c3d8bdabc530a6a0816f7ff89a0aaf/library/alloc/src/boxed.rs:2454:9
[INFO] [stdout]   47:     0x5d8ee66e42ab - std::sys::pal::unix::thread::Thread::new::thread_start::hcc78f3943333fa94
[INFO] [stdout]                                at /rustc/90b35a6239c3d8bdabc530a6a0816f7ff89a0aaf/library/std/src/sys/pal/unix/thread.rs:105:17
[INFO] [stdout]   48:     0x73cacf889ac3 - <unknown>
[INFO] [stdout]   49:     0x73cacf91aa04 - clone
[INFO] [stdout]   50:                0x0 - <unknown>
[INFO] [stdout] 
[INFO] [stdout] 
[INFO] [stdout] failures:
[INFO] [stdout]     test_cli_single_file_normalize
[INFO] [stdout] 
[INFO] [stdout] test result: FAILED. 9 passed; 1 failed; 0 ignored; 0 measured; 0 filtered out; finished in 2.32s
[INFO] [stdout] 
[INFO] [stderr] error: test failed, to rerun pass `--test normalizer`
[INFO] running `Command { std: "docker" "inspect" "f6098781c084b204b1907613f62433b67fca5229fec433e51edc03df2011ae5a", kill_on_drop: false }`
[INFO] running `Command { std: "docker" "rm" "-f" "f6098781c084b204b1907613f62433b67fca5229fec433e51edc03df2011ae5a", kill_on_drop: false }`
[INFO] [stdout] f6098781c084b204b1907613f62433b67fca5229fec433e51edc03df2011ae5a
