[INFO] cloning repository https://github.com/nicholasccrockett/settlement-generator
[INFO] running `Command { std: "git" "-c" "credential.helper=" "-c" "credential.helper=/workspace/cargo-home/bin/git-credential-null" "clone" "--bare" "https://github.com/nicholasccrockett/settlement-generator" "/workspace/cache/git-repos/https%3A%2F%2Fgithub.com%2Fnicholasccrockett%2Fsettlement-generator", kill_on_drop: false }`
[INFO] [stderr] Cloning into bare repository '/workspace/cache/git-repos/https%3A%2F%2Fgithub.com%2Fnicholasccrockett%2Fsettlement-generator'...
[INFO] running `Command { std: "git" "rev-parse" "HEAD", kill_on_drop: false }`
[INFO] [stdout] 23fe270ce04616b4b8f676235442505f5596f223
[INFO] testing nicholasccrockett/settlement-generator against beta-2024-12-08 for beta-1.84.0-4-retry
[INFO] running `Command { std: "git" "clone" "/workspace/cache/git-repos/https%3A%2F%2Fgithub.com%2Fnicholasccrockett%2Fsettlement-generator" "/workspace/builds/worker-3-tc2/source", kill_on_drop: false }`
[INFO] [stderr] Cloning into '/workspace/builds/worker-3-tc2/source'...
[INFO] [stderr] done.
[INFO] validating manifest of git repo https://github.com/nicholasccrockett/settlement-generator on toolchain beta-2024-12-08
[INFO] running `Command { std: CARGO_HOME="/workspace/cargo-home" RUSTUP_HOME="/workspace/rustup-home" "/workspace/cargo-home/bin/cargo" "+beta-2024-12-08" "metadata" "--manifest-path" "Cargo.toml" "--no-deps", kill_on_drop: false }`
[INFO] started tweaking git repo https://github.com/nicholasccrockett/settlement-generator
[INFO] finished tweaking git repo https://github.com/nicholasccrockett/settlement-generator
[INFO] tweaked toml for git repo https://github.com/nicholasccrockett/settlement-generator written to /workspace/builds/worker-3-tc2/source/Cargo.toml
[INFO] crate git repo https://github.com/nicholasccrockett/settlement-generator already has a lockfile, it will not be regenerated
[INFO] running `Command { std: CARGO_HOME="/workspace/cargo-home" RUSTUP_HOME="/workspace/rustup-home" "/workspace/cargo-home/bin/cargo" "+beta-2024-12-08" "fetch" "--manifest-path" "Cargo.toml", kill_on_drop: false }`
[INFO] running `Command { std: "docker" "create" "-v" "/var/lib/crater-agent-workspace/builds/worker-3-tc2/target:/opt/rustwide/target:rw,Z" "-v" "/var/lib/crater-agent-workspace/builds/worker-3-tc2/source:/opt/rustwide/workdir:ro,Z" "-v" "/var/lib/crater-agent-workspace/cargo-home:/opt/rustwide/cargo-home:ro,Z" "-v" "/var/lib/crater-agent-workspace/rustup-home:/opt/rustwide/rustup-home:ro,Z" "-e" "SOURCE_DIR=/opt/rustwide/workdir" "-e" "CARGO_TARGET_DIR=/opt/rustwide/target" "-e" "CARGO_HOME=/opt/rustwide/cargo-home" "-e" "RUSTUP_HOME=/opt/rustwide/rustup-home" "-w" "/opt/rustwide/workdir" "-m" "1610612736" "--user" "0:0" "--network" "none" "ghcr.io/rust-lang/crates-build-env/linux@sha256:f3a9d4ad9d972b27faf3965f35b62e55ba32bbce8f20bc8fe909558a86702fde" "/opt/rustwide/cargo-home/bin/cargo" "+beta-2024-12-08" "metadata" "--no-deps" "--format-version=1", kill_on_drop: false }`
[INFO] [stdout] f6b93596f14d230e07634385e1ecbed402b5f56b0f7b6d61e3624f0b5280e5ed
[INFO] running `Command { std: "docker" "start" "-a" "f6b93596f14d230e07634385e1ecbed402b5f56b0f7b6d61e3624f0b5280e5ed", kill_on_drop: false }`
[INFO] running `Command { std: "docker" "inspect" "f6b93596f14d230e07634385e1ecbed402b5f56b0f7b6d61e3624f0b5280e5ed", kill_on_drop: false }`
[INFO] running `Command { std: "docker" "rm" "-f" "f6b93596f14d230e07634385e1ecbed402b5f56b0f7b6d61e3624f0b5280e5ed", kill_on_drop: false }`
[INFO] [stdout] f6b93596f14d230e07634385e1ecbed402b5f56b0f7b6d61e3624f0b5280e5ed
[INFO] running `Command { std: "docker" "create" "-v" "/var/lib/crater-agent-workspace/builds/worker-3-tc2/target:/opt/rustwide/target:rw,Z" "-v" "/var/lib/crater-agent-workspace/builds/worker-3-tc2/source:/opt/rustwide/workdir:ro,Z" "-v" "/var/lib/crater-agent-workspace/cargo-home:/opt/rustwide/cargo-home:ro,Z" "-v" "/var/lib/crater-agent-workspace/rustup-home:/opt/rustwide/rustup-home:ro,Z" "-e" "SOURCE_DIR=/opt/rustwide/workdir" "-e" "CARGO_TARGET_DIR=/opt/rustwide/target" "-e" "CARGO_INCREMENTAL=0" "-e" "RUST_BACKTRACE=full" "-e" "RUSTFLAGS=--cap-lints=warn" "-e" "RUSTDOCFLAGS=--cap-lints=warn" "-e" "CARGO_HOME=/opt/rustwide/cargo-home" "-e" "RUSTUP_HOME=/opt/rustwide/rustup-home" "-w" "/opt/rustwide/workdir" "-m" "1610612736" "--user" "0:0" "--network" "none" "ghcr.io/rust-lang/crates-build-env/linux@sha256:f3a9d4ad9d972b27faf3965f35b62e55ba32bbce8f20bc8fe909558a86702fde" "/opt/rustwide/cargo-home/bin/cargo" "+beta-2024-12-08" "build" "--frozen" "--message-format=json", kill_on_drop: false }`
[INFO] [stdout] 8c3958b688bc3f54b63981a768b49fab6318697ba534e69ef7d362863cf2668a
[INFO] running `Command { std: "docker" "start" "-a" "8c3958b688bc3f54b63981a768b49fab6318697ba534e69ef7d362863cf2668a", kill_on_drop: false }`
[INFO] [stderr]    Compiling proc-macro2 v1.0.78
[INFO] [stderr]    Compiling unicode-ident v1.0.12
[INFO] [stderr]    Compiling libc v0.2.153
[INFO] [stderr]    Compiling cfg-if v1.0.0
[INFO] [stderr]    Compiling unicode-xid v0.0.4
[INFO] [stderr]    Compiling serde v1.0.196
[INFO] [stderr]    Compiling rustversion v1.0.14
[INFO] [stderr]    Compiling quote v0.3.15
[INFO] [stderr]    Compiling ppv-lite86 v0.2.17
[INFO] [stderr]    Compiling synom v0.11.3
[INFO] [stderr]    Compiling serde_json v1.0.113
[INFO] [stderr]    Compiling heck v0.4.1
[INFO] [stderr]    Compiling syn v0.11.11
[INFO] [stderr]    Compiling itoa v1.0.10
[INFO] [stderr]    Compiling ryu v1.0.16
[INFO] [stderr]    Compiling strum v0.26.1
[INFO] [stderr]    Compiling rand_derive v0.5.0
[INFO] [stderr]    Compiling quote v1.0.35
[INFO] [stderr]    Compiling syn v2.0.49
[INFO] [stderr]    Compiling getrandom v0.2.12
[INFO] [stderr]    Compiling rand_core v0.6.4
[INFO] [stderr]    Compiling rand_chacha v0.3.1
[INFO] [stderr]    Compiling rand v0.8.5
[INFO] [stderr]    Compiling serde_derive v1.0.196
[INFO] [stderr]    Compiling strum_macros v0.26.1
[INFO] [stderr]    Compiling spectacular-settlements v0.1.0 (/opt/rustwide/workdir)
[INFO] [stdout] warning: unused imports: `Deserialize` and `Serialize`
[INFO] [stdout]  --> src/main.rs:1:13
[INFO] [stdout]   |
[INFO] [stdout] 1 | use serde::{Serialize,Deserialize};
[INFO] [stdout]   |             ^^^^^^^^^ ^^^^^^^^^^^
[INFO] [stdout]   |
[INFO] [stdout]   = note: `#[warn(unused_imports)]` on by default
[INFO] [stdout] 
[INFO] [stdout] 
[INFO] [stdout] warning: unused imports: `Result`, `Value`, and `json`
[INFO] [stdout]  --> src/main.rs:2:18
[INFO] [stdout]   |
[INFO] [stdout] 2 | use serde_json::{Result,Value,json};
[INFO] [stdout]   |                  ^^^^^^ ^^^^^ ^^^^
[INFO] [stdout] 
[INFO] [stdout] 
[INFO] [stdout] warning: value assigned to `size_modifier` is never read
[INFO] [stdout]    --> src/settlement/trading_post.rs:416:17
[INFO] [stdout]     |
[INFO] [stdout] 416 |         let mut size_modifier = 0;
[INFO] [stdout]     |                 ^^^^^^^^^^^^^
[INFO] [stdout]     |
[INFO] [stdout]     = help: maybe it is overwritten before being read?
[INFO] [stdout]     = note: `#[warn(unused_assignments)]` on by default
[INFO] [stdout] 
[INFO] [stdout] 
[INFO] [stdout] warning: value assigned to `crime_modifier` is never read
[INFO] [stdout]    --> src/settlement/trading_post.rs:417:17
[INFO] [stdout]     |
[INFO] [stdout] 417 |         let mut crime_modifier = 0;
[INFO] [stdout]     |                 ^^^^^^^^^^^^^^
[INFO] [stdout]     |
[INFO] [stdout]     = help: maybe it is overwritten before being read?
[INFO] [stdout] 
[INFO] [stdout] 
[INFO] [stdout] warning: value assigned to `quality_modifier` is never read
[INFO] [stdout]    --> src/settlement/trading_post.rs:499:17
[INFO] [stdout]     |
[INFO] [stdout] 499 |         let mut quality_modifier = 0;
[INFO] [stdout]     |                 ^^^^^^^^^^^^^^^^
[INFO] [stdout]     |
[INFO] [stdout]     = help: maybe it is overwritten before being read?
[INFO] [stdout] 
[INFO] [stdout] 
[INFO] [stdout] warning: associated function `random` is never used
[INFO] [stdout]   --> src/settlement.rs:70:8
[INFO] [stdout]    |
[INFO] [stdout] 69 | impl SettlementType {
[INFO] [stdout]    | ------------------- associated function in this implementation
[INFO] [stdout] 70 |     fn random() -> SettlementType {
[INFO] [stdout]    |        ^^^^^^
[INFO] [stdout]    |
[INFO] [stdout]    = note: `#[warn(dead_code)]` on by default
[INFO] [stdout] 
[INFO] [stdout] 
[INFO] [stdout] warning: associated functions `village_random` and `random` are never used
[INFO] [stdout]    --> src/settlement.rs:131:8
[INFO] [stdout]     |
[INFO] [stdout] 119 | impl Age {
[INFO] [stdout]     | -------- associated functions in this implementation
[INFO] [stdout] ...
[INFO] [stdout] 131 |     fn village_random() -> Age {
[INFO] [stdout]     |        ^^^^^^^^^^^^^^
[INFO] [stdout] ...
[INFO] [stdout] 142 |     fn random() -> Age {
[INFO] [stdout]     |        ^^^^^^
[INFO] [stdout] 
[INFO] [stdout] 
[INFO] [stdout] warning: associated function `roll_crime` is never used
[INFO] [stdout]    --> src/settlement.rs:423:8
[INFO] [stdout]     |
[INFO] [stdout] 422 | impl Crime {
[INFO] [stdout]     | ---------- associated function in this implementation
[INFO] [stdout] 423 |     fn roll_crime(value: i32) -> Crime {
[INFO] [stdout]     |        ^^^^^^^^^^
[INFO] [stdout] 
[INFO] [stdout] 
[INFO] [stdout] warning: associated function `random` is never used
[INFO] [stdout]    --> src/settlement.rs:469:8
[INFO] [stdout]     |
[INFO] [stdout] 468 | impl ShopType {
[INFO] [stdout]     | ------------- associated function in this implementation
[INFO] [stdout] 469 |     fn random(val: i32) -> Shop {
[INFO] [stdout]     |        ^^^^^^
[INFO] [stdout] 
[INFO] [stdout] 
[INFO] [stdout] warning: associated function `roll_num_services` is never used
[INFO] [stdout]    --> src/settlement.rs:612:8
[INFO] [stdout]     |
[INFO] [stdout] 585 | impl Service {
[INFO] [stdout]     | ------------ associated function in this implementation
[INFO] [stdout] ...
[INFO] [stdout] 612 |     fn roll_num_services(size: &Size) -> i32 {
[INFO] [stdout]     |        ^^^^^^^^^^^^^^^^^
[INFO] [stdout] 
[INFO] [stdout] 
[INFO] [stdout] warning: function `roll_num_services` is never used
[INFO] [stdout]   --> src/settlement/trading_post.rs:69:4
[INFO] [stdout]    |
[INFO] [stdout] 69 | fn roll_num_services(size: &Size) -> i32 {
[INFO] [stdout]    |    ^^^^^^^^^^^^^^^^^
[INFO] [stdout] 
[INFO] [stdout] 
[INFO] [stdout] warning: associated function `random` is never used
[INFO] [stdout]    --> src/settlement/trading_post.rs:231:8
[INFO] [stdout]     |
[INFO] [stdout] 230 | impl Weather {
[INFO] [stdout]     | ------------ associated function in this implementation
[INFO] [stdout] 231 |     fn random() -> Weather {
[INFO] [stdout]     |        ^^^^^^
[INFO] [stdout] 
[INFO] [stdout] 
[INFO] [stdout] warning: multiple fields are never read
[INFO] [stdout]   --> src/settlement/village.rs:4:5
[INFO] [stdout]    |
[INFO] [stdout] 3  | pub struct Village {
[INFO] [stdout]    |            ------- fields in this struct
[INFO] [stdout] 4  |     name: String,
[INFO] [stdout]    |     ^^^^
[INFO] [stdout] 5  |     origin: Origin,
[INFO] [stdout]    |     ^^^^^^
[INFO] [stdout] 6  |     specialty: Specialty,
[INFO] [stdout]    |     ^^^^^^^^^
[INFO] [stdout] 7  |     age: Age,
[INFO] [stdout]    |     ^^^
[INFO] [stdout] 8  |     condition: Condition,
[INFO] [stdout]    |     ^^^^^^^^^
[INFO] [stdout] 9  |     visitor_traffic: VisitorTraffic,
[INFO] [stdout]    |     ^^^^^^^^^^^^^^^
[INFO] [stdout] 10 |     size: Size,
[INFO] [stdout]    |     ^^^^
[INFO] [stdout] 11 |     environment: Environment,
[INFO] [stdout]    |     ^^^^^^^^^^^
[INFO] [stdout] 12 |
[INFO] [stdout] 13 |     resident_population: ResidentPopulation,
[INFO] [stdout]    |     ^^^^^^^^^^^^^^^^^^^
[INFO] [stdout] 14 |     demographics: Demographics,
[INFO] [stdout]    |     ^^^^^^^^^^^^
[INFO] [stdout] 15 |     disposition: Disposition,
[INFO] [stdout]    |     ^^^^^^^^^^^
[INFO] [stdout] 16 |     law_enforcement: LawEnforcement,
[INFO] [stdout]    |     ^^^^^^^^^^^^^^^
[INFO] [stdout] 17 |     leadership: Leadership,
[INFO] [stdout]    |     ^^^^^^^^^^
[INFO] [stdout] 18 |     population_wealth: PopulationWealth,
[INFO] [stdout]    |     ^^^^^^^^^^^^^^^^^
[INFO] [stdout] 19 |     crime: Crime,
[INFO] [stdout]    |     ^^^^^
[INFO] [stdout] 20 |
[INFO] [stdout] 21 |     shops: Vec<Shop>,
[INFO] [stdout]    |     ^^^^^
[INFO] [stdout] 22 |     services: Vec<Service>,
[INFO] [stdout]    |     ^^^^^^^^
[INFO] [stdout] 23 |     places_of_worship: Vec<PlaceOfWorship>
[INFO] [stdout]    |     ^^^^^^^^^^^^^^^^^
[INFO] [stdout] 
[INFO] [stdout] 
[INFO] [stderr]     Finished `dev` profile [unoptimized + debuginfo] target(s) in 24.54s
[INFO] running `Command { std: "docker" "inspect" "8c3958b688bc3f54b63981a768b49fab6318697ba534e69ef7d362863cf2668a", kill_on_drop: false }`
[INFO] running `Command { std: "docker" "rm" "-f" "8c3958b688bc3f54b63981a768b49fab6318697ba534e69ef7d362863cf2668a", kill_on_drop: false }`
[INFO] [stdout] 8c3958b688bc3f54b63981a768b49fab6318697ba534e69ef7d362863cf2668a
[INFO] running `Command { std: "docker" "create" "-v" "/var/lib/crater-agent-workspace/builds/worker-3-tc2/target:/opt/rustwide/target:rw,Z" "-v" "/var/lib/crater-agent-workspace/builds/worker-3-tc2/source:/opt/rustwide/workdir:ro,Z" "-v" "/var/lib/crater-agent-workspace/cargo-home:/opt/rustwide/cargo-home:ro,Z" "-v" "/var/lib/crater-agent-workspace/rustup-home:/opt/rustwide/rustup-home:ro,Z" "-e" "SOURCE_DIR=/opt/rustwide/workdir" "-e" "CARGO_TARGET_DIR=/opt/rustwide/target" "-e" "CARGO_INCREMENTAL=0" "-e" "RUST_BACKTRACE=full" "-e" "RUSTFLAGS=--cap-lints=warn" "-e" "RUSTDOCFLAGS=--cap-lints=warn" "-e" "CARGO_HOME=/opt/rustwide/cargo-home" "-e" "RUSTUP_HOME=/opt/rustwide/rustup-home" "-w" "/opt/rustwide/workdir" "-m" "1610612736" "--user" "0:0" "--network" "none" "ghcr.io/rust-lang/crates-build-env/linux@sha256:f3a9d4ad9d972b27faf3965f35b62e55ba32bbce8f20bc8fe909558a86702fde" "/opt/rustwide/cargo-home/bin/cargo" "+beta-2024-12-08" "test" "--frozen" "--no-run" "--message-format=json", kill_on_drop: false }`
[INFO] [stdout] efc06682092fee9d2456206a32d1a296e0bc37cbcfe34757f56c5d88da573823
[INFO] running `Command { std: "docker" "start" "-a" "efc06682092fee9d2456206a32d1a296e0bc37cbcfe34757f56c5d88da573823", kill_on_drop: false }`
[INFO] [stderr]    Compiling spectacular-settlements v0.1.0 (/opt/rustwide/workdir)
[INFO] [stdout] warning: unused imports: `Deserialize` and `Serialize`
[INFO] [stdout]  --> src/main.rs:1:13
[INFO] [stdout]   |
[INFO] [stdout] 1 | use serde::{Serialize,Deserialize};
[INFO] [stdout]   |             ^^^^^^^^^ ^^^^^^^^^^^
[INFO] [stdout]   |
[INFO] [stdout]   = note: `#[warn(unused_imports)]` on by default
[INFO] [stdout] 
[INFO] [stdout] 
[INFO] [stdout] warning: unused imports: `Result`, `Value`, and `json`
[INFO] [stdout]  --> src/main.rs:2:18
[INFO] [stdout]   |
[INFO] [stdout] 2 | use serde_json::{Result,Value,json};
[INFO] [stdout]   |                  ^^^^^^ ^^^^^ ^^^^
[INFO] [stdout] 
[INFO] [stdout] 
[INFO] [stdout] warning: value assigned to `size_modifier` is never read
[INFO] [stdout]    --> src/settlement/trading_post.rs:416:17
[INFO] [stdout]     |
[INFO] [stdout] 416 |         let mut size_modifier = 0;
[INFO] [stdout]     |                 ^^^^^^^^^^^^^
[INFO] [stdout]     |
[INFO] [stdout]     = help: maybe it is overwritten before being read?
[INFO] [stdout]     = note: `#[warn(unused_assignments)]` on by default
[INFO] [stdout] 
[INFO] [stdout] 
[INFO] [stdout] warning: value assigned to `crime_modifier` is never read
[INFO] [stdout]    --> src/settlement/trading_post.rs:417:17
[INFO] [stdout]     |
[INFO] [stdout] 417 |         let mut crime_modifier = 0;
[INFO] [stdout]     |                 ^^^^^^^^^^^^^^
[INFO] [stdout]     |
[INFO] [stdout]     = help: maybe it is overwritten before being read?
[INFO] [stdout] 
[INFO] [stdout] 
[INFO] [stdout] warning: value assigned to `quality_modifier` is never read
[INFO] [stdout]    --> src/settlement/trading_post.rs:499:17
[INFO] [stdout]     |
[INFO] [stdout] 499 |         let mut quality_modifier = 0;
[INFO] [stdout]     |                 ^^^^^^^^^^^^^^^^
[INFO] [stdout]     |
[INFO] [stdout]     = help: maybe it is overwritten before being read?
[INFO] [stdout] 
[INFO] [stdout] 
[INFO] [stdout] warning: associated function `random` is never used
[INFO] [stdout]   --> src/settlement.rs:70:8
[INFO] [stdout]    |
[INFO] [stdout] 69 | impl SettlementType {
[INFO] [stdout]    | ------------------- associated function in this implementation
[INFO] [stdout] 70 |     fn random() -> SettlementType {
[INFO] [stdout]    |        ^^^^^^
[INFO] [stdout]    |
[INFO] [stdout]    = note: `#[warn(dead_code)]` on by default
[INFO] [stdout] 
[INFO] [stdout] 
[INFO] [stdout] warning: associated functions `village_random` and `random` are never used
[INFO] [stdout]    --> src/settlement.rs:131:8
[INFO] [stdout]     |
[INFO] [stdout] 119 | impl Age {
[INFO] [stdout]     | -------- associated functions in this implementation
[INFO] [stdout] ...
[INFO] [stdout] 131 |     fn village_random() -> Age {
[INFO] [stdout]     |        ^^^^^^^^^^^^^^
[INFO] [stdout] ...
[INFO] [stdout] 142 |     fn random() -> Age {
[INFO] [stdout]     |        ^^^^^^
[INFO] [stdout] 
[INFO] [stdout] 
[INFO] [stdout] warning: associated function `roll_crime` is never used
[INFO] [stdout]    --> src/settlement.rs:423:8
[INFO] [stdout]     |
[INFO] [stdout] 422 | impl Crime {
[INFO] [stdout]     | ---------- associated function in this implementation
[INFO] [stdout] 423 |     fn roll_crime(value: i32) -> Crime {
[INFO] [stdout]     |        ^^^^^^^^^^
[INFO] [stdout] 
[INFO] [stdout] 
[INFO] [stdout] warning: associated function `random` is never used
[INFO] [stdout]    --> src/settlement.rs:469:8
[INFO] [stdout]     |
[INFO] [stdout] 468 | impl ShopType {
[INFO] [stdout]     | ------------- associated function in this implementation
[INFO] [stdout] 469 |     fn random(val: i32) -> Shop {
[INFO] [stdout]     |        ^^^^^^
[INFO] [stdout] 
[INFO] [stdout] 
[INFO] [stdout] warning: associated function `roll_num_services` is never used
[INFO] [stdout]    --> src/settlement.rs:612:8
[INFO] [stdout]     |
[INFO] [stdout] 585 | impl Service {
[INFO] [stdout]     | ------------ associated function in this implementation
[INFO] [stdout] ...
[INFO] [stdout] 612 |     fn roll_num_services(size: &Size) -> i32 {
[INFO] [stdout]     |        ^^^^^^^^^^^^^^^^^
[INFO] [stdout] 
[INFO] [stdout] 
[INFO] [stdout] warning: function `roll_num_services` is never used
[INFO] [stdout]   --> src/settlement/trading_post.rs:69:4
[INFO] [stdout]    |
[INFO] [stdout] 69 | fn roll_num_services(size: &Size) -> i32 {
[INFO] [stdout]    |    ^^^^^^^^^^^^^^^^^
[INFO] [stdout] 
[INFO] [stdout] 
[INFO] [stdout] warning: associated function `random` is never used
[INFO] [stdout]    --> src/settlement/trading_post.rs:231:8
[INFO] [stdout]     |
[INFO] [stdout] 230 | impl Weather {
[INFO] [stdout]     | ------------ associated function in this implementation
[INFO] [stdout] 231 |     fn random() -> Weather {
[INFO] [stdout]     |        ^^^^^^
[INFO] [stdout] 
[INFO] [stdout] 
[INFO] [stdout] warning: multiple fields are never read
[INFO] [stdout]   --> src/settlement/village.rs:4:5
[INFO] [stdout]    |
[INFO] [stdout] 3  | pub struct Village {
[INFO] [stdout]    |            ------- fields in this struct
[INFO] [stdout] 4  |     name: String,
[INFO] [stdout]    |     ^^^^
[INFO] [stdout] 5  |     origin: Origin,
[INFO] [stdout]    |     ^^^^^^
[INFO] [stdout] 6  |     specialty: Specialty,
[INFO] [stdout]    |     ^^^^^^^^^
[INFO] [stdout] 7  |     age: Age,
[INFO] [stdout]    |     ^^^
[INFO] [stdout] 8  |     condition: Condition,
[INFO] [stdout]    |     ^^^^^^^^^
[INFO] [stdout] 9  |     visitor_traffic: VisitorTraffic,
[INFO] [stdout]    |     ^^^^^^^^^^^^^^^
[INFO] [stdout] 10 |     size: Size,
[INFO] [stdout]    |     ^^^^
[INFO] [stdout] 11 |     environment: Environment,
[INFO] [stdout]    |     ^^^^^^^^^^^
[INFO] [stdout] 12 |
[INFO] [stdout] 13 |     resident_population: ResidentPopulation,
[INFO] [stdout]    |     ^^^^^^^^^^^^^^^^^^^
[INFO] [stdout] 14 |     demographics: Demographics,
[INFO] [stdout]    |     ^^^^^^^^^^^^
[INFO] [stdout] 15 |     disposition: Disposition,
[INFO] [stdout]    |     ^^^^^^^^^^^
[INFO] [stdout] 16 |     law_enforcement: LawEnforcement,
[INFO] [stdout]    |     ^^^^^^^^^^^^^^^
[INFO] [stdout] 17 |     leadership: Leadership,
[INFO] [stdout]    |     ^^^^^^^^^^
[INFO] [stdout] 18 |     population_wealth: PopulationWealth,
[INFO] [stdout]    |     ^^^^^^^^^^^^^^^^^
[INFO] [stdout] 19 |     crime: Crime,
[INFO] [stdout]    |     ^^^^^
[INFO] [stdout] 20 |
[INFO] [stdout] 21 |     shops: Vec<Shop>,
[INFO] [stdout]    |     ^^^^^
[INFO] [stdout] 22 |     services: Vec<Service>,
[INFO] [stdout]    |     ^^^^^^^^
[INFO] [stdout] 23 |     places_of_worship: Vec<PlaceOfWorship>
[INFO] [stdout]    |     ^^^^^^^^^^^^^^^^^
[INFO] [stdout] 
[INFO] [stdout] 
[INFO] [stderr]     Finished `test` profile [unoptimized + debuginfo] target(s) in 1.90s
[INFO] running `Command { std: "docker" "inspect" "efc06682092fee9d2456206a32d1a296e0bc37cbcfe34757f56c5d88da573823", kill_on_drop: false }`
[INFO] running `Command { std: "docker" "rm" "-f" "efc06682092fee9d2456206a32d1a296e0bc37cbcfe34757f56c5d88da573823", kill_on_drop: false }`
[INFO] [stdout] efc06682092fee9d2456206a32d1a296e0bc37cbcfe34757f56c5d88da573823
[INFO] running `Command { std: "docker" "create" "-v" "/var/lib/crater-agent-workspace/builds/worker-3-tc2/target:/opt/rustwide/target:rw,Z" "-v" "/var/lib/crater-agent-workspace/builds/worker-3-tc2/source:/opt/rustwide/workdir:ro,Z" "-v" "/var/lib/crater-agent-workspace/cargo-home:/opt/rustwide/cargo-home:ro,Z" "-v" "/var/lib/crater-agent-workspace/rustup-home:/opt/rustwide/rustup-home:ro,Z" "-e" "SOURCE_DIR=/opt/rustwide/workdir" "-e" "CARGO_TARGET_DIR=/opt/rustwide/target" "-e" "CARGO_INCREMENTAL=0" "-e" "RUST_BACKTRACE=full" "-e" "RUSTFLAGS=--cap-lints=warn" "-e" "RUSTDOCFLAGS=--cap-lints=warn" "-e" "CARGO_HOME=/opt/rustwide/cargo-home" "-e" "RUSTUP_HOME=/opt/rustwide/rustup-home" "-w" "/opt/rustwide/workdir" "-m" "1610612736" "--user" "0:0" "--network" "none" "ghcr.io/rust-lang/crates-build-env/linux@sha256:f3a9d4ad9d972b27faf3965f35b62e55ba32bbce8f20bc8fe909558a86702fde" "/opt/rustwide/cargo-home/bin/cargo" "+beta-2024-12-08" "test" "--frozen", kill_on_drop: false }`
[INFO] [stdout] 605f13069c0eb06733ca4373aa2f69e2a7d093bcc49c6cf9855aed5a1caae0fd
[INFO] running `Command { std: "docker" "start" "-a" "605f13069c0eb06733ca4373aa2f69e2a7d093bcc49c6cf9855aed5a1caae0fd", kill_on_drop: false }`
[INFO] [stderr] warning: unused imports: `Deserialize` and `Serialize`
[INFO] [stderr]  --> src/main.rs:1:13
[INFO] [stderr]   |
[INFO] [stderr] 1 | use serde::{Serialize,Deserialize};
[INFO] [stderr]   |             ^^^^^^^^^ ^^^^^^^^^^^
[INFO] [stderr]   |
[INFO] [stderr]   = note: `#[warn(unused_imports)]` on by default
[INFO] [stderr] 
[INFO] [stderr] warning: unused imports: `Result`, `Value`, and `json`
[INFO] [stderr]  --> src/main.rs:2:18
[INFO] [stderr]   |
[INFO] [stderr] 2 | use serde_json::{Result,Value,json};
[INFO] [stderr]   |                  ^^^^^^ ^^^^^ ^^^^
[INFO] [stderr] 
[INFO] [stderr] warning: value assigned to `size_modifier` is never read
[INFO] [stderr]    --> src/settlement/trading_post.rs:416:17
[INFO] [stderr]     |
[INFO] [stderr] 416 |         let mut size_modifier = 0;
[INFO] [stderr]     |                 ^^^^^^^^^^^^^
[INFO] [stderr]     |
[INFO] [stderr]     = help: maybe it is overwritten before being read?
[INFO] [stderr]     = note: `#[warn(unused_assignments)]` on by default
[INFO] [stderr] 
[INFO] [stderr] warning: value assigned to `crime_modifier` is never read
[INFO] [stderr]    --> src/settlement/trading_post.rs:417:17
[INFO] [stderr]     |
[INFO] [stderr] 417 |         let mut crime_modifier = 0;
[INFO] [stderr]     |                 ^^^^^^^^^^^^^^
[INFO] [stderr]     |
[INFO] [stderr]     = help: maybe it is overwritten before being read?
[INFO] [stderr] 
[INFO] [stderr] warning: value assigned to `quality_modifier` is never read
[INFO] [stderr]    --> src/settlement/trading_post.rs:499:17
[INFO] [stderr]     |
[INFO] [stderr] 499 |         let mut quality_modifier = 0;
[INFO] [stderr]     |                 ^^^^^^^^^^^^^^^^
[INFO] [stderr]     |
[INFO] [stderr]     = help: maybe it is overwritten before being read?
[INFO] [stderr] 
[INFO] [stderr] warning: associated function `random` is never used
[INFO] [stderr]   --> src/settlement.rs:70:8
[INFO] [stderr]    |
[INFO] [stderr] 69 | impl SettlementType {
[INFO] [stderr]    | ------------------- associated function in this implementation
[INFO] [stderr] 70 |     fn random() -> SettlementType {
[INFO] [stderr]    |        ^^^^^^
[INFO] [stderr]    |
[INFO] [stderr]    = note: `#[warn(dead_code)]` on by default
[INFO] [stderr] 
[INFO] [stderr] warning: associated functions `village_random` and `random` are never used
[INFO] [stderr]    --> src/settlement.rs:131:8
[INFO] [stderr]     |
[INFO] [stderr] 119 | impl Age {
[INFO] [stderr]     | -------- associated functions in this implementation
[INFO] [stderr] ...
[INFO] [stderr] 131 |     fn village_random() -> Age {
[INFO] [stderr]     |        ^^^^^^^^^^^^^^
[INFO] [stderr] ...
[INFO] [stderr] 142 |     fn random() -> Age {
[INFO] [stderr]     |        ^^^^^^
[INFO] [stderr] 
[INFO] [stderr] warning: associated function `roll_crime` is never used
[INFO] [stderr]    --> src/settlement.rs:423:8
[INFO] [stderr]     |
[INFO] [stderr] 422 | impl Crime {
[INFO] [stderr]     | ---------- associated function in this implementation
[INFO] [stderr] 423 |     fn roll_crime(value: i32) -> Crime {
[INFO] [stderr]     |        ^^^^^^^^^^
[INFO] [stderr] 
[INFO] [stderr] warning: associated function `random` is never used
[INFO] [stderr]    --> src/settlement.rs:469:8
[INFO] [stderr]     |
[INFO] [stderr] 468 | impl ShopType {
[INFO] [stderr]     | ------------- associated function in this implementation
[INFO] [stderr] 469 |     fn random(val: i32) -> Shop {
[INFO] [stderr]     |        ^^^^^^
[INFO] [stderr] 
[INFO] [stderr] warning: associated function `roll_num_services` is never used
[INFO] [stderr]    --> src/settlement.rs:612:8
[INFO] [stderr]     |
[INFO] [stderr] 585 | impl Service {
[INFO] [stderr]     | ------------ associated function in this implementation
[INFO] [stderr] ...
[INFO] [stderr] 612 |     fn roll_num_services(size: &Size) -> i32 {
[INFO] [stderr]     |        ^^^^^^^^^^^^^^^^^
[INFO] [stderr] 
[INFO] [stderr] warning: function `roll_num_services` is never used
[INFO] [stderr]   --> src/settlement/trading_post.rs:69:4
[INFO] [stderr]    |
[INFO] [stderr] 69 | fn roll_num_services(size: &Size) -> i32 {
[INFO] [stderr]    |    ^^^^^^^^^^^^^^^^^
[INFO] [stderr] 
[INFO] [stderr] warning: associated function `random` is never used
[INFO] [stderr]    --> src/settlement/trading_post.rs:231:8
[INFO] [stderr]     |
[INFO] [stderr] 230 | impl Weather {
[INFO] [stderr]     | ------------ associated function in this implementation
[INFO] [stderr] 231 |     fn random() -> Weather {
[INFO] [stderr]     |        ^^^^^^
[INFO] [stderr] 
[INFO] [stderr] warning: multiple fields are never read
[INFO] [stderr]   --> src/settlement/village.rs:4:5
[INFO] [stderr]    |
[INFO] [stderr] 3  | pub struct Village {
[INFO] [stderr]    |            ------- fields in this struct
[INFO] [stderr] 4  |     name: String,
[INFO] [stderr]    |     ^^^^
[INFO] [stderr] 5  |     origin: Origin,
[INFO] [stderr]    |     ^^^^^^
[INFO] [stderr] 6  |     specialty: Specialty,
[INFO] [stderr]    |     ^^^^^^^^^
[INFO] [stderr] 7  |     age: Age,
[INFO] [stderr]    |     ^^^
[INFO] [stderr] 8  |     condition: Condition,
[INFO] [stderr]    |     ^^^^^^^^^
[INFO] [stderr] 9  |     visitor_traffic: VisitorTraffic,
[INFO] [stderr]    |     ^^^^^^^^^^^^^^^
[INFO] [stderr] 10 |     size: Size,
[INFO] [stderr]    |     ^^^^
[INFO] [stderr] 11 |     environment: Environment,
[INFO] [stderr]    |     ^^^^^^^^^^^
[INFO] [stderr] 12 |
[INFO] [stderr] 13 |     resident_population: ResidentPopulation,
[INFO] [stderr]    |     ^^^^^^^^^^^^^^^^^^^
[INFO] [stderr] 14 |     demographics: Demographics,
[INFO] [stderr]    |     ^^^^^^^^^^^^
[INFO] [stderr] 15 |     disposition: Disposition,
[INFO] [stderr]    |     ^^^^^^^^^^^
[INFO] [stderr] 16 |     law_enforcement: LawEnforcement,
[INFO] [stderr]    |     ^^^^^^^^^^^^^^^
[INFO] [stderr] 17 |     leadership: Leadership,
[INFO] [stderr]    |     ^^^^^^^^^^
[INFO] [stderr] 18 |     population_wealth: PopulationWealth,
[INFO] [stderr]    |     ^^^^^^^^^^^^^^^^^
[INFO] [stderr] 19 |     crime: Crime,
[INFO] [stderr]    |     ^^^^^
[INFO] [stderr] 20 |
[INFO] [stderr] 21 |     shops: Vec<Shop>,
[INFO] [stderr]    |     ^^^^^
[INFO] [stderr] 22 |     services: Vec<Service>,
[INFO] [stderr]    |     ^^^^^^^^
[INFO] [stderr] 23 |     places_of_worship: Vec<PlaceOfWorship>
[INFO] [stderr]    |     ^^^^^^^^^^^^^^^^^
[INFO] [stderr] 
[INFO] [stderr] warning: `spectacular-settlements` (bin "spectacular-settlements" test) generated 13 warnings (run `cargo fix --bin "spectacular-settlements" --tests` to apply 2 suggestions)
[INFO] [stderr]     Finished `test` profile [unoptimized + debuginfo] target(s) in 0.04s
[INFO] [stderr]      Running unittests src/main.rs (/opt/rustwide/target/debug/deps/spectacular_settlements-c9fdf51a15cb0255)
[INFO] [stdout] 
[INFO] [stdout] running 3 tests
[INFO] [stdout] test tests::no_parameters ... ok
[INFO] [stdout] test tests::correct_parameters ... ok
[INFO] [stdout] test tests::incorrect_parameters ... FAILED
[INFO] [stdout] 
[INFO] [stdout] failures:
[INFO] [stdout] 
[INFO] [stdout] ---- tests::incorrect_parameters stdout ----
[INFO] [stdout] thread 'tests::incorrect_parameters' panicked at src/settlement/trading_post.rs:320:49:
[INFO] [stdout] Given value does not match any origin: Wrong: VariantNotFound
[INFO] [stdout] stack backtrace:
[INFO] [stdout]    0:     0x5674ba0ed5ca - std::backtrace_rs::backtrace::libunwind::trace::h8810477743020387
[INFO] [stdout]                                at /rustc/202008a1b8de96d2e5b6bc02d379db03a877d34d/library/std/src/../../backtrace/src/backtrace/libunwind.rs:116:5
[INFO] [stdout]    1:     0x5674ba0ed5ca - std::backtrace_rs::backtrace::trace_unsynchronized::h3aa55355dd6c54a6
[INFO] [stdout]                                at /rustc/202008a1b8de96d2e5b6bc02d379db03a877d34d/library/std/src/../../backtrace/src/backtrace/mod.rs:66:5
[INFO] [stdout]    2:     0x5674ba0ed5ca - std::sys::backtrace::_print_fmt::h8588b0f62410823f
[INFO] [stdout]                                at /rustc/202008a1b8de96d2e5b6bc02d379db03a877d34d/library/std/src/sys/backtrace.rs:66:9
[INFO] [stdout]    3:     0x5674ba0ed5ca - <std::sys::backtrace::BacktraceLock::print::DisplayBacktrace as core::fmt::Display>::fmt::h98c26ac25ffe89bb
[INFO] [stdout]                                at /rustc/202008a1b8de96d2e5b6bc02d379db03a877d34d/library/std/src/sys/backtrace.rs:39:26
[INFO] [stdout]    4:     0x5674ba113073 - core::fmt::rt::Argument::fmt::hf95377f4aebd453b
[INFO] [stdout]                                at /rustc/202008a1b8de96d2e5b6bc02d379db03a877d34d/library/core/src/fmt/rt.rs:177:76
[INFO] [stdout]    5:     0x5674ba113073 - core::fmt::write::h0dd5f6e2238c7982
[INFO] [stdout]                                at /rustc/202008a1b8de96d2e5b6bc02d379db03a877d34d/library/core/src/fmt/mod.rs:1189:21
[INFO] [stdout]    6:     0x5674ba0ea763 - std::io::Write::write_fmt::h03bb0ca26e6faf8c
[INFO] [stdout]                                at /rustc/202008a1b8de96d2e5b6bc02d379db03a877d34d/library/std/src/io/mod.rs:1884:15
[INFO] [stdout]    7:     0x5674ba0ed412 - std::sys::backtrace::BacktraceLock::print::h5c19c1c038ee186d
[INFO] [stdout]                                at /rustc/202008a1b8de96d2e5b6bc02d379db03a877d34d/library/std/src/sys/backtrace.rs:42:9
[INFO] [stdout]    8:     0x5674ba0eea4d - std::panicking::default_hook::{{closure}}::h77172f079a1fcb13
[INFO] [stdout]                                at /rustc/202008a1b8de96d2e5b6bc02d379db03a877d34d/library/std/src/panicking.rs:268:22
[INFO] [stdout]    9:     0x5674ba0ee857 - std::panicking::default_hook::he5f8e3b203ccddba
[INFO] [stdout]                                at /rustc/202008a1b8de96d2e5b6bc02d379db03a877d34d/library/std/src/panicking.rs:292:9
[INFO] [stdout]   10:     0x5674ba07a997 - <alloc::boxed::Box<F,A> as core::ops::function::Fn<Args>>::call::h7a3c7b4a1ae77f2f
[INFO] [stdout]                                at /rustc/202008a1b8de96d2e5b6bc02d379db03a877d34d/library/alloc/src/boxed.rs:1986:9
[INFO] [stdout]   11:     0x5674ba07a997 - test::test_main::{{closure}}::hf0d3b69ae9b353d1
[INFO] [stdout]                                at /rustc/202008a1b8de96d2e5b6bc02d379db03a877d34d/library/test/src/lib.rs:134:21
[INFO] [stdout]   12:     0x5674ba0ef0f8 - <alloc::boxed::Box<F,A> as core::ops::function::Fn<Args>>::call::h6332e82e7b189abd
[INFO] [stdout]                                at /rustc/202008a1b8de96d2e5b6bc02d379db03a877d34d/library/alloc/src/boxed.rs:1986:9
[INFO] [stdout]   13:     0x5674ba0ef0f8 - std::panicking::rust_panic_with_hook::h53863d4e9018df39
[INFO] [stdout]                                at /rustc/202008a1b8de96d2e5b6bc02d379db03a877d34d/library/std/src/panicking.rs:809:13
[INFO] [stdout]   14:     0x5674ba0eeeba - std::panicking::begin_panic_handler::{{closure}}::h67280e6fa0757873
[INFO] [stdout]                                at /rustc/202008a1b8de96d2e5b6bc02d379db03a877d34d/library/std/src/panicking.rs:674:13
[INFO] [stdout]   15:     0x5674ba0edaa9 - std::sys::backtrace::__rust_end_short_backtrace::h1dac3f54d6fbbeb2
[INFO] [stdout]                                at /rustc/202008a1b8de96d2e5b6bc02d379db03a877d34d/library/std/src/sys/backtrace.rs:170:18
[INFO] [stdout]   16:     0x5674ba0eeb4c - rust_begin_unwind
[INFO] [stdout]                                at /rustc/202008a1b8de96d2e5b6bc02d379db03a877d34d/library/std/src/panicking.rs:665:5
[INFO] [stdout]   17:     0x5674ba02b020 - core::panicking::panic_fmt::h6792bd1b2bf01041
[INFO] [stdout]                                at /rustc/202008a1b8de96d2e5b6bc02d379db03a877d34d/library/core/src/panicking.rs:76:14
[INFO] [stdout]   18:     0x5674ba02b4c6 - core::result::unwrap_failed::h05e0602ed34287c5
[INFO] [stdout]                                at /rustc/202008a1b8de96d2e5b6bc02d379db03a877d34d/library/core/src/result.rs:1699:5
[INFO] [stdout]   19:     0x5674ba038a69 - core::result::Result<T,E>::expect::he64eef961d4f05bc
[INFO] [stdout]                                at /rustc/202008a1b8de96d2e5b6bc02d379db03a877d34d/library/core/src/result.rs:1061:23
[INFO] [stdout]   20:     0x5674ba02c6ea - spectacular_settlements::settlement::trading_post::TradingPost::generate::hbed4b4dd769e32d1
[INFO] [stdout]                                at /opt/rustwide/workdir/src/settlement/trading_post.rs:320:26
[INFO] [stdout]   21:     0x5674ba03b89c - spectacular_settlements::tests::incorrect_parameters::hef7621241ae02767
[INFO] [stdout]                                at /opt/rustwide/workdir/src/main.rs:128:29
[INFO] [stdout]   22:     0x5674ba03b177 - spectacular_settlements::tests::incorrect_parameters::{{closure}}::hbced9e993c1c82af
[INFO] [stdout]                                at /opt/rustwide/workdir/src/main.rs:110:30
[INFO] [stdout]   23:     0x5674ba037ed6 - core::ops::function::FnOnce::call_once::ha6e95e0cf581215e
[INFO] [stdout]                                at /rustc/202008a1b8de96d2e5b6bc02d379db03a877d34d/library/core/src/ops/function.rs:250:5
[INFO] [stdout]   24:     0x5674ba07f4bb - core::ops::function::FnOnce::call_once::h871bf86719ec9aa4
[INFO] [stdout]                                at /rustc/202008a1b8de96d2e5b6bc02d379db03a877d34d/library/core/src/ops/function.rs:250:5
[INFO] [stdout]   25:     0x5674ba07f4bb - test::__rust_begin_short_backtrace::h2167df1e2b7d76fd
[INFO] [stdout]                                at /rustc/202008a1b8de96d2e5b6bc02d379db03a877d34d/library/test/src/lib.rs:632:18
[INFO] [stdout]   26:     0x5674ba07eea8 - test::run_test_in_process::{{closure}}::h15d92f75a3adfb79
[INFO] [stdout]                                at /rustc/202008a1b8de96d2e5b6bc02d379db03a877d34d/library/test/src/lib.rs:655:60
[INFO] [stdout]   27:     0x5674ba07eea8 - <core::panic::unwind_safe::AssertUnwindSafe<F> as core::ops::function::FnOnce<()>>::call_once::hb6c8955835a8dbbb
[INFO] [stdout]                                at /rustc/202008a1b8de96d2e5b6bc02d379db03a877d34d/library/core/src/panic/unwind_safe.rs:272:9
[INFO] [stdout]   28:     0x5674ba07eea8 - std::panicking::try::do_call::hc79d0fc888a0bd30
[INFO] [stdout]                                at /rustc/202008a1b8de96d2e5b6bc02d379db03a877d34d/library/std/src/panicking.rs:557:40
[INFO] [stdout]   29:     0x5674ba07eea8 - std::panicking::try::hb8a7878e3a8589d6
[INFO] [stdout]                                at /rustc/202008a1b8de96d2e5b6bc02d379db03a877d34d/library/std/src/panicking.rs:520:19
[INFO] [stdout]   30:     0x5674ba07eea8 - std::panic::catch_unwind::hb8e4600ff0ff5cfa
[INFO] [stdout]                                at /rustc/202008a1b8de96d2e5b6bc02d379db03a877d34d/library/std/src/panic.rs:358:14
[INFO] [stdout]   31:     0x5674ba07eea8 - test::run_test_in_process::hc2900b0b18688dd6
[INFO] [stdout]                                at /rustc/202008a1b8de96d2e5b6bc02d379db03a877d34d/library/test/src/lib.rs:655:27
[INFO] [stdout]   32:     0x5674ba07eea8 - test::run_test::{{closure}}::hac2a9cb07be3d48d
[INFO] [stdout]                                at /rustc/202008a1b8de96d2e5b6bc02d379db03a877d34d/library/test/src/lib.rs:576:43
[INFO] [stdout]   33:     0x5674ba04294a - test::run_test::{{closure}}::h4a5b729e66a38cd8
[INFO] [stdout]                                at /rustc/202008a1b8de96d2e5b6bc02d379db03a877d34d/library/test/src/lib.rs:606:41
[INFO] [stdout]   34:     0x5674ba04294a - std::sys::backtrace::__rust_begin_short_backtrace::h0496fb742492f573
[INFO] [stdout]                                at /rustc/202008a1b8de96d2e5b6bc02d379db03a877d34d/library/std/src/sys/backtrace.rs:154:18
[INFO] [stdout]   35:     0x5674ba0462c4 - std::thread::Builder::spawn_unchecked_::{{closure}}::{{closure}}::hbb6d257c550a54bd
[INFO] [stdout]                                at /rustc/202008a1b8de96d2e5b6bc02d379db03a877d34d/library/std/src/thread/mod.rs:561:17
[INFO] [stdout]   36:     0x5674ba0462c4 - <core::panic::unwind_safe::AssertUnwindSafe<F> as core::ops::function::FnOnce<()>>::call_once::h46696fe4a6832328
[INFO] [stdout]                                at /rustc/202008a1b8de96d2e5b6bc02d379db03a877d34d/library/core/src/panic/unwind_safe.rs:272:9
[INFO] [stdout]   37:     0x5674ba0462c4 - std::panicking::try::do_call::h2625a51b667bfb64
[INFO] [stdout]                                at /rustc/202008a1b8de96d2e5b6bc02d379db03a877d34d/library/std/src/panicking.rs:557:40
[INFO] [stdout]   38:     0x5674ba0462c4 - std::panicking::try::hb956a59a1973aa4c
[INFO] [stdout]                                at /rustc/202008a1b8de96d2e5b6bc02d379db03a877d34d/library/std/src/panicking.rs:520:19
[INFO] [stdout]   39:     0x5674ba0462c4 - std::panic::catch_unwind::h64f3b9d1067ef6a0
[INFO] [stdout]                                at /rustc/202008a1b8de96d2e5b6bc02d379db03a877d34d/library/std/src/panic.rs:358:14
[INFO] [stdout]   40:     0x5674ba0462c4 - std::thread::Builder::spawn_unchecked_::{{closure}}::h42b2841295b6c0b2
[INFO] [stdout]                                at /rustc/202008a1b8de96d2e5b6bc02d379db03a877d34d/library/std/src/thread/mod.rs:559:30
[INFO] [stdout]   41:     0x5674ba0462c4 - core::ops::function::FnOnce::call_once{{vtable.shim}}::h6127de71b8124639
[INFO] [stdout]                                at /rustc/202008a1b8de96d2e5b6bc02d379db03a877d34d/library/core/src/ops/function.rs:250:5
[INFO] [stdout]   42:     0x5674ba0f303b - <alloc::boxed::Box<F,A> as core::ops::function::FnOnce<Args>>::call_once::h42f0ba71002a1b2c
[INFO] [stdout]                                at /rustc/202008a1b8de96d2e5b6bc02d379db03a877d34d/library/alloc/src/boxed.rs:1972:9
[INFO] [stdout]   43:     0x5674ba0f303b - <alloc::boxed::Box<F,A> as core::ops::function::FnOnce<Args>>::call_once::had9e47d7a3dcecb8
[INFO] [stdout]                                at /rustc/202008a1b8de96d2e5b6bc02d379db03a877d34d/library/alloc/src/boxed.rs:1972:9
[INFO] [stdout]   44:     0x5674ba0f303b - std::sys::pal::unix::thread::Thread::new::thread_start::h48cf765408f6f5f2
[INFO] [stdout]                                at /rustc/202008a1b8de96d2e5b6bc02d379db03a877d34d/library/std/src/sys/pal/unix/thread.rs:105:17
[INFO] [stdout]   45:     0x7183c408eac3 - <unknown>
[INFO] [stdout]   46:     0x7183c411fa04 - clone
[INFO] [stdout]   47:                0x0 - <unknown>
[INFO] [stdout] 
[INFO] [stdout] 
[INFO] [stdout] failures:
[INFO] [stdout]     tests::incorrect_parameters
[INFO] [stdout] 
[INFO] [stdout] test result: FAILED. 2 passed; 1 failed; 0 ignored; 0 measured; 0 filtered out; finished in 0.07s
[INFO] [stdout] 
[INFO] [stderr] error: test failed, to rerun pass `--bin spectacular-settlements`
[INFO] running `Command { std: "docker" "inspect" "605f13069c0eb06733ca4373aa2f69e2a7d093bcc49c6cf9855aed5a1caae0fd", kill_on_drop: false }`
[INFO] running `Command { std: "docker" "rm" "-f" "605f13069c0eb06733ca4373aa2f69e2a7d093bcc49c6cf9855aed5a1caae0fd", kill_on_drop: false }`
[INFO] [stdout] 605f13069c0eb06733ca4373aa2f69e2a7d093bcc49c6cf9855aed5a1caae0fd
