[INFO] cloning repository https://github.com/neyaznafiz/system-diskinfo
[INFO] running `Command { std: "git" "-c" "credential.helper=" "-c" "credential.helper=/workspace/cargo-home/bin/git-credential-null" "clone" "--bare" "https://github.com/neyaznafiz/system-diskinfo" "/workspace/cache/git-repos/https%3A%2F%2Fgithub.com%2Fneyaznafiz%2Fsystem-diskinfo", kill_on_drop: false }`
[INFO] [stderr] Cloning into bare repository '/workspace/cache/git-repos/https%3A%2F%2Fgithub.com%2Fneyaznafiz%2Fsystem-diskinfo'...
[INFO] running `Command { std: "git" "rev-parse" "HEAD", kill_on_drop: false }`
[INFO] [stdout] 44a4de68c85174c3bf50505d5e3eec7b7fa2965e
[INFO] testing neyaznafiz/system-diskinfo against 1.83.0 for beta-1.84.0-4-retry
[INFO] running `Command { std: "git" "clone" "/workspace/cache/git-repos/https%3A%2F%2Fgithub.com%2Fneyaznafiz%2Fsystem-diskinfo" "/workspace/builds/worker-0-tc1/source", kill_on_drop: false }`
[INFO] [stderr] Cloning into '/workspace/builds/worker-0-tc1/source'...
[INFO] [stderr] done.
[INFO] validating manifest of git repo https://github.com/neyaznafiz/system-diskinfo on toolchain 1.83.0
[INFO] running `Command { std: CARGO_HOME="/workspace/cargo-home" RUSTUP_HOME="/workspace/rustup-home" "/workspace/cargo-home/bin/cargo" "+1.83.0" "metadata" "--manifest-path" "Cargo.toml" "--no-deps", kill_on_drop: false }`
[INFO] started tweaking git repo https://github.com/neyaznafiz/system-diskinfo
[INFO] finished tweaking git repo https://github.com/neyaznafiz/system-diskinfo
[INFO] tweaked toml for git repo https://github.com/neyaznafiz/system-diskinfo written to /workspace/builds/worker-0-tc1/source/Cargo.toml
[INFO] crate git repo https://github.com/neyaznafiz/system-diskinfo already has a lockfile, it will not be regenerated
[INFO] running `Command { std: CARGO_HOME="/workspace/cargo-home" RUSTUP_HOME="/workspace/rustup-home" "/workspace/cargo-home/bin/cargo" "+1.83.0" "fetch" "--manifest-path" "Cargo.toml", kill_on_drop: false }`
[INFO] [stderr]     Blocking waiting for file lock on package cache
[INFO] [stderr]     Blocking waiting for file lock on package cache
[INFO] running `Command { std: "docker" "create" "-v" "/var/lib/crater-agent-workspace/builds/worker-0-tc1/target:/opt/rustwide/target:rw,Z" "-v" "/var/lib/crater-agent-workspace/builds/worker-0-tc1/source:/opt/rustwide/workdir:ro,Z" "-v" "/var/lib/crater-agent-workspace/cargo-home:/opt/rustwide/cargo-home:ro,Z" "-v" "/var/lib/crater-agent-workspace/rustup-home:/opt/rustwide/rustup-home:ro,Z" "-e" "SOURCE_DIR=/opt/rustwide/workdir" "-e" "CARGO_TARGET_DIR=/opt/rustwide/target" "-e" "CARGO_HOME=/opt/rustwide/cargo-home" "-e" "RUSTUP_HOME=/opt/rustwide/rustup-home" "-w" "/opt/rustwide/workdir" "-m" "1610612736" "--user" "0:0" "--network" "none" "ghcr.io/rust-lang/crates-build-env/linux@sha256:f3a9d4ad9d972b27faf3965f35b62e55ba32bbce8f20bc8fe909558a86702fde" "/opt/rustwide/cargo-home/bin/cargo" "+1.83.0" "metadata" "--no-deps" "--format-version=1", kill_on_drop: false }`
[INFO] [stdout] b2946dd26132f4d24e444aae0a78469d42a5cd0c5e23b5aa77e380e3331a63d3
[INFO] running `Command { std: "docker" "start" "-a" "b2946dd26132f4d24e444aae0a78469d42a5cd0c5e23b5aa77e380e3331a63d3", kill_on_drop: false }`
[INFO] running `Command { std: "docker" "inspect" "b2946dd26132f4d24e444aae0a78469d42a5cd0c5e23b5aa77e380e3331a63d3", kill_on_drop: false }`
[INFO] running `Command { std: "docker" "rm" "-f" "b2946dd26132f4d24e444aae0a78469d42a5cd0c5e23b5aa77e380e3331a63d3", kill_on_drop: false }`
[INFO] [stdout] b2946dd26132f4d24e444aae0a78469d42a5cd0c5e23b5aa77e380e3331a63d3
[INFO] running `Command { std: "docker" "create" "-v" "/var/lib/crater-agent-workspace/builds/worker-0-tc1/target:/opt/rustwide/target:rw,Z" "-v" "/var/lib/crater-agent-workspace/builds/worker-0-tc1/source:/opt/rustwide/workdir:ro,Z" "-v" "/var/lib/crater-agent-workspace/cargo-home:/opt/rustwide/cargo-home:ro,Z" "-v" "/var/lib/crater-agent-workspace/rustup-home:/opt/rustwide/rustup-home:ro,Z" "-e" "SOURCE_DIR=/opt/rustwide/workdir" "-e" "CARGO_TARGET_DIR=/opt/rustwide/target" "-e" "CARGO_INCREMENTAL=0" "-e" "RUST_BACKTRACE=full" "-e" "RUSTFLAGS=--cap-lints=warn" "-e" "RUSTDOCFLAGS=--cap-lints=warn" "-e" "CARGO_HOME=/opt/rustwide/cargo-home" "-e" "RUSTUP_HOME=/opt/rustwide/rustup-home" "-w" "/opt/rustwide/workdir" "-m" "1610612736" "--user" "0:0" "--network" "none" "ghcr.io/rust-lang/crates-build-env/linux@sha256:f3a9d4ad9d972b27faf3965f35b62e55ba32bbce8f20bc8fe909558a86702fde" "/opt/rustwide/cargo-home/bin/cargo" "+1.83.0" "build" "--frozen" "--message-format=json", kill_on_drop: false }`
[INFO] [stdout] bf3e49f91025e6cd70b5bde64bd423097885d5b67c3dc08ac2267e15e8c555e3
[INFO] running `Command { std: "docker" "start" "-a" "bf3e49f91025e6cd70b5bde64bd423097885d5b67c3dc08ac2267e15e8c555e3", kill_on_drop: false }`
[INFO] [stderr]    Compiling system_diskinfo v0.2.2 (/opt/rustwide/workdir)
[INFO] [stderr]     Finished `dev` profile [optimized + debuginfo] target(s) in 1.09s
[INFO] running `Command { std: "docker" "inspect" "bf3e49f91025e6cd70b5bde64bd423097885d5b67c3dc08ac2267e15e8c555e3", kill_on_drop: false }`
[INFO] running `Command { std: "docker" "rm" "-f" "bf3e49f91025e6cd70b5bde64bd423097885d5b67c3dc08ac2267e15e8c555e3", kill_on_drop: false }`
[INFO] [stdout] bf3e49f91025e6cd70b5bde64bd423097885d5b67c3dc08ac2267e15e8c555e3
[INFO] running `Command { std: "docker" "create" "-v" "/var/lib/crater-agent-workspace/builds/worker-0-tc1/target:/opt/rustwide/target:rw,Z" "-v" "/var/lib/crater-agent-workspace/builds/worker-0-tc1/source:/opt/rustwide/workdir:ro,Z" "-v" "/var/lib/crater-agent-workspace/cargo-home:/opt/rustwide/cargo-home:ro,Z" "-v" "/var/lib/crater-agent-workspace/rustup-home:/opt/rustwide/rustup-home:ro,Z" "-e" "SOURCE_DIR=/opt/rustwide/workdir" "-e" "CARGO_TARGET_DIR=/opt/rustwide/target" "-e" "CARGO_INCREMENTAL=0" "-e" "RUST_BACKTRACE=full" "-e" "RUSTFLAGS=--cap-lints=warn" "-e" "RUSTDOCFLAGS=--cap-lints=warn" "-e" "CARGO_HOME=/opt/rustwide/cargo-home" "-e" "RUSTUP_HOME=/opt/rustwide/rustup-home" "-w" "/opt/rustwide/workdir" "-m" "1610612736" "--user" "0:0" "--network" "none" "ghcr.io/rust-lang/crates-build-env/linux@sha256:f3a9d4ad9d972b27faf3965f35b62e55ba32bbce8f20bc8fe909558a86702fde" "/opt/rustwide/cargo-home/bin/cargo" "+1.83.0" "test" "--frozen" "--no-run" "--message-format=json", kill_on_drop: false }`
[INFO] [stdout] 37010ea1be4b961bb8a474ebc8673aacb9a7a155e7d58a30d57322596774dcbf
[INFO] running `Command { std: "docker" "start" "-a" "37010ea1be4b961bb8a474ebc8673aacb9a7a155e7d58a30d57322596774dcbf", kill_on_drop: false }`
[INFO] [stderr]    Compiling system_diskinfo v0.2.2 (/opt/rustwide/workdir)
[INFO] [stderr]     Finished `test` profile [optimized + debuginfo] target(s) in 0.43s
[INFO] running `Command { std: "docker" "inspect" "37010ea1be4b961bb8a474ebc8673aacb9a7a155e7d58a30d57322596774dcbf", kill_on_drop: false }`
[INFO] running `Command { std: "docker" "rm" "-f" "37010ea1be4b961bb8a474ebc8673aacb9a7a155e7d58a30d57322596774dcbf", kill_on_drop: false }`
[INFO] [stdout] 37010ea1be4b961bb8a474ebc8673aacb9a7a155e7d58a30d57322596774dcbf
[INFO] running `Command { std: "docker" "create" "-v" "/var/lib/crater-agent-workspace/builds/worker-0-tc1/target:/opt/rustwide/target:rw,Z" "-v" "/var/lib/crater-agent-workspace/builds/worker-0-tc1/source:/opt/rustwide/workdir:ro,Z" "-v" "/var/lib/crater-agent-workspace/cargo-home:/opt/rustwide/cargo-home:ro,Z" "-v" "/var/lib/crater-agent-workspace/rustup-home:/opt/rustwide/rustup-home:ro,Z" "-e" "SOURCE_DIR=/opt/rustwide/workdir" "-e" "CARGO_TARGET_DIR=/opt/rustwide/target" "-e" "CARGO_INCREMENTAL=0" "-e" "RUST_BACKTRACE=full" "-e" "RUSTFLAGS=--cap-lints=warn" "-e" "RUSTDOCFLAGS=--cap-lints=warn" "-e" "CARGO_HOME=/opt/rustwide/cargo-home" "-e" "RUSTUP_HOME=/opt/rustwide/rustup-home" "-w" "/opt/rustwide/workdir" "-m" "1610612736" "--user" "0:0" "--network" "none" "ghcr.io/rust-lang/crates-build-env/linux@sha256:f3a9d4ad9d972b27faf3965f35b62e55ba32bbce8f20bc8fe909558a86702fde" "/opt/rustwide/cargo-home/bin/cargo" "+1.83.0" "test" "--frozen", kill_on_drop: false }`
[INFO] [stdout] 3d7a73cc6ca0c1832063664e30620aaabae42ad47dfb05a25e49214997a291f1
[INFO] running `Command { std: "docker" "start" "-a" "3d7a73cc6ca0c1832063664e30620aaabae42ad47dfb05a25e49214997a291f1", kill_on_drop: false }`
[INFO] [stderr]     Finished `test` profile [optimized + debuginfo] target(s) in 0.01s
[INFO] [stderr]      Running unittests src/lib.rs (/opt/rustwide/target/debug/deps/system_diskinfo-67e3163659860d1d)
[INFO] [stdout] 
[INFO] [stderr]      Running unittests src/main.rs (/opt/rustwide/target/debug/deps/system_diskinfo-f48db1a1e4c3a2f8)
[INFO] [stdout] running 0 tests
[INFO] [stdout] 
[INFO] [stdout] test result: ok. 0 passed; 0 failed; 0 ignored; 0 measured; 0 filtered out; finished in 0.00s
[INFO] [stdout] 
[INFO] [stdout] 
[INFO] [stdout] running 0 tests
[INFO] [stdout] 
[INFO] [stdout] test result: ok. 0 passed; 0 failed; 0 ignored; 0 measured; 0 filtered out; finished in 0.00s
[INFO] [stdout] 
[INFO] [stderr]    Doc-tests system_diskinfo
[INFO] [stdout] 
[INFO] [stdout] running 2 tests
[INFO] [stdout] test src/lib.rs - read_doc (line 29) ... FAILED
[INFO] [stdout] test src/lib.rs - read_doc (line 17) ... FAILED
[INFO] [stdout] 
[INFO] [stdout] failures:
[INFO] [stdout] 
[INFO] [stdout] ---- src/lib.rs - read_doc (line 29) stdout ----
[INFO] [stdout] error: expected one of `!`, `.`, `::`, `;`, `?`, `{`, `}`, or an operator, found `Size`
[INFO] [stdout]  --> src/lib.rs:32:8
[INFO] [stdout]   |
[INFO] [stdout] 5 | **Disk Size 512105932800**
[INFO] [stdout]   |        ^^^^ expected one of 8 possible tokens
[INFO] [stdout] 
[INFO] [stdout] error: aborting due to 1 previous error
[INFO] [stdout] 
[INFO] [stdout] Couldn't compile the test.
[INFO] [stdout] ---- src/lib.rs - read_doc (line 17) stdout ----
[INFO] [stdout] error: expected expression, found keyword `mod`
[INFO] [stdout]  --> src/lib.rs:22:1
[INFO] [stdout]   |
[INFO] [stdout] 8 | mod system_diskinfo;
[INFO] [stdout]   | ^^^ expected expression
[INFO] [stdout] 
[INFO] [stdout] error: aborting due to 1 previous error
[INFO] [stdout] 
[INFO] [stdout] Couldn't compile the test.
[INFO] [stdout] 
[INFO] [stdout] failures:
[INFO] [stdout]     src/lib.rs - read_doc (line 17)
[INFO] [stdout]     src/lib.rs - read_doc (line 29)
[INFO] [stdout] 
[INFO] [stdout] test result: FAILED. 0 passed; 2 failed; 0 ignored; 0 measured; 0 filtered out; finished in 0.05s
[INFO] [stdout] 
[INFO] [stderr] error: doctest failed, to rerun pass `--doc`
[INFO] running `Command { std: "docker" "inspect" "3d7a73cc6ca0c1832063664e30620aaabae42ad47dfb05a25e49214997a291f1", kill_on_drop: false }`
[INFO] running `Command { std: "docker" "rm" "-f" "3d7a73cc6ca0c1832063664e30620aaabae42ad47dfb05a25e49214997a291f1", kill_on_drop: false }`
[INFO] [stdout] 3d7a73cc6ca0c1832063664e30620aaabae42ad47dfb05a25e49214997a291f1
