[INFO] cloning repository https://github.com/nerdo/advent-of-code-2023
[INFO] running `Command { std: "git" "-c" "credential.helper=" "-c" "credential.helper=/workspace/cargo-home/bin/git-credential-null" "clone" "--bare" "https://github.com/nerdo/advent-of-code-2023" "/workspace/cache/git-repos/https%3A%2F%2Fgithub.com%2Fnerdo%2Fadvent-of-code-2023", kill_on_drop: false }`
[INFO] [stderr] Cloning into bare repository '/workspace/cache/git-repos/https%3A%2F%2Fgithub.com%2Fnerdo%2Fadvent-of-code-2023'...
[INFO] running `Command { std: "git" "rev-parse" "HEAD", kill_on_drop: false }`
[INFO] [stdout] c1ebff5529303dfcced50b61b33850d34ab1cdfc
[INFO] testing nerdo/advent-of-code-2023 against 1.83.0 for beta-1.84.0-4-retry
[INFO] running `Command { std: "git" "clone" "/workspace/cache/git-repos/https%3A%2F%2Fgithub.com%2Fnerdo%2Fadvent-of-code-2023" "/workspace/builds/worker-1-tc1/source", kill_on_drop: false }`
[INFO] [stderr] Cloning into '/workspace/builds/worker-1-tc1/source'...
[INFO] [stderr] done.
[INFO] validating manifest of git repo https://github.com/nerdo/advent-of-code-2023 on toolchain 1.83.0
[INFO] running `Command { std: CARGO_HOME="/workspace/cargo-home" RUSTUP_HOME="/workspace/rustup-home" "/workspace/cargo-home/bin/cargo" "+1.83.0" "metadata" "--manifest-path" "Cargo.toml" "--no-deps", kill_on_drop: false }`
[INFO] started tweaking git repo https://github.com/nerdo/advent-of-code-2023
[INFO] finished tweaking git repo https://github.com/nerdo/advent-of-code-2023
[INFO] tweaked toml for git repo https://github.com/nerdo/advent-of-code-2023 written to /workspace/builds/worker-1-tc1/source/Cargo.toml
[INFO] crate git repo https://github.com/nerdo/advent-of-code-2023 already has a lockfile, it will not be regenerated
[INFO] running `Command { std: CARGO_HOME="/workspace/cargo-home" RUSTUP_HOME="/workspace/rustup-home" "/workspace/cargo-home/bin/cargo" "+1.83.0" "fetch" "--manifest-path" "Cargo.toml", kill_on_drop: false }`
[INFO] running `Command { std: "docker" "create" "-v" "/var/lib/crater-agent-workspace/builds/worker-1-tc1/target:/opt/rustwide/target:rw,Z" "-v" "/var/lib/crater-agent-workspace/builds/worker-1-tc1/source:/opt/rustwide/workdir:ro,Z" "-v" "/var/lib/crater-agent-workspace/cargo-home:/opt/rustwide/cargo-home:ro,Z" "-v" "/var/lib/crater-agent-workspace/rustup-home:/opt/rustwide/rustup-home:ro,Z" "-e" "SOURCE_DIR=/opt/rustwide/workdir" "-e" "CARGO_TARGET_DIR=/opt/rustwide/target" "-e" "CARGO_HOME=/opt/rustwide/cargo-home" "-e" "RUSTUP_HOME=/opt/rustwide/rustup-home" "-w" "/opt/rustwide/workdir" "-m" "1610612736" "--user" "0:0" "--network" "none" "ghcr.io/rust-lang/crates-build-env/linux@sha256:f3a9d4ad9d972b27faf3965f35b62e55ba32bbce8f20bc8fe909558a86702fde" "/opt/rustwide/cargo-home/bin/cargo" "+1.83.0" "metadata" "--no-deps" "--format-version=1", kill_on_drop: false }`
[INFO] [stdout] e8b917d2816b3fa93981ce7852d6160579fc7dab6e26feb1481f4673b5aa39f0
[INFO] running `Command { std: "docker" "start" "-a" "e8b917d2816b3fa93981ce7852d6160579fc7dab6e26feb1481f4673b5aa39f0", kill_on_drop: false }`
[INFO] running `Command { std: "docker" "inspect" "e8b917d2816b3fa93981ce7852d6160579fc7dab6e26feb1481f4673b5aa39f0", kill_on_drop: false }`
[INFO] running `Command { std: "docker" "rm" "-f" "e8b917d2816b3fa93981ce7852d6160579fc7dab6e26feb1481f4673b5aa39f0", kill_on_drop: false }`
[INFO] [stdout] e8b917d2816b3fa93981ce7852d6160579fc7dab6e26feb1481f4673b5aa39f0
[INFO] running `Command { std: "docker" "create" "-v" "/var/lib/crater-agent-workspace/builds/worker-1-tc1/target:/opt/rustwide/target:rw,Z" "-v" "/var/lib/crater-agent-workspace/builds/worker-1-tc1/source:/opt/rustwide/workdir:ro,Z" "-v" "/var/lib/crater-agent-workspace/cargo-home:/opt/rustwide/cargo-home:ro,Z" "-v" "/var/lib/crater-agent-workspace/rustup-home:/opt/rustwide/rustup-home:ro,Z" "-e" "SOURCE_DIR=/opt/rustwide/workdir" "-e" "CARGO_TARGET_DIR=/opt/rustwide/target" "-e" "CARGO_INCREMENTAL=0" "-e" "RUST_BACKTRACE=full" "-e" "RUSTFLAGS=--cap-lints=warn" "-e" "RUSTDOCFLAGS=--cap-lints=warn" "-e" "CARGO_HOME=/opt/rustwide/cargo-home" "-e" "RUSTUP_HOME=/opt/rustwide/rustup-home" "-w" "/opt/rustwide/workdir" "-m" "1610612736" "--user" "0:0" "--network" "none" "ghcr.io/rust-lang/crates-build-env/linux@sha256:f3a9d4ad9d972b27faf3965f35b62e55ba32bbce8f20bc8fe909558a86702fde" "/opt/rustwide/cargo-home/bin/cargo" "+1.83.0" "build" "--frozen" "--message-format=json", kill_on_drop: false }`
[INFO] [stdout] 0a97988a283ec7f2cc71dcc705a013b7d4a87f720e10eb39bf4a66afc3e9d3bf
[INFO] running `Command { std: "docker" "start" "-a" "0a97988a283ec7f2cc71dcc705a013b7d4a87f720e10eb39bf4a66afc3e9d3bf", kill_on_drop: false }`
[INFO] [stderr]    Compiling day2 v0.1.0 (/opt/rustwide/workdir/day2)
[INFO] [stderr]    Compiling day3 v0.1.0 (/opt/rustwide/workdir/day3)
[INFO] [stderr]    Compiling day4 v0.1.0 (/opt/rustwide/workdir/day4)
[INFO] [stderr]    Compiling day1 v0.1.0 (/opt/rustwide/workdir/day1)
[INFO] [stderr]    Compiling day5 v0.1.0 (/opt/rustwide/workdir/day5)
[INFO] [stdout] warning: enum `Position` is never used
[INFO] [stdout]   --> day1/src/trebuchet_calibration.rs:37:6
[INFO] [stdout]    |
[INFO] [stdout] 37 | enum Position {
[INFO] [stdout]    |      ^^^^^^^^
[INFO] [stdout]    |
[INFO] [stdout]    = note: `#[warn(dead_code)]` on by default
[INFO] [stdout] 
[INFO] [stdout] 
[INFO] [stdout] warning: function `get_digit` is never used
[INFO] [stdout]   --> day1/src/trebuchet_calibration.rs:42:4
[INFO] [stdout]    |
[INFO] [stdout] 42 | fn get_digit(line: &str, starting_from: Position) -> &str {
[INFO] [stdout]    |    ^^^^^^^^^
[INFO] [stdout] 
[INFO] [stdout] 
[INFO] [stdout] warning: function `get_calibration_sum_from_spelled_out_digits` is never used
[INFO] [stdout]    --> day1/src/trebuchet_calibration.rs:100:8
[INFO] [stdout]     |
[INFO] [stdout] 100 | pub fn get_calibration_sum_from_spelled_out_digits(calibration_document: &str) -> i32 {
[INFO] [stdout]     |        ^^^^^^^^^^^^^^^^^^^^^^^^^^^^^^^^^^^^^^^^^^^
[INFO] [stdout] 
[INFO] [stdout] 
[INFO] [stdout] warning: function `get_possible_game_ids_sum` is never used
[INFO] [stdout]   --> day2/src/cube_game.rs:77:8
[INFO] [stdout]    |
[INFO] [stdout] 77 | pub fn get_possible_game_ids_sum(game_records: &str, max_cubes: CubeSet) -> u32 {
[INFO] [stdout]    |        ^^^^^^^^^^^^^^^^^^^^^^^^^
[INFO] [stdout]    |
[INFO] [stdout]    = note: `#[warn(dead_code)]` on by default
[INFO] [stdout] 
[INFO] [stdout] 
[INFO] [stdout] warning: field `id` is never read
[INFO] [stdout]   --> day2/src/cube_game.rs:94:5
[INFO] [stdout]    |
[INFO] [stdout] 92 | struct Game {
[INFO] [stdout]    |        ---- field in this struct
[INFO] [stdout] 93 |     /// ID of the game.
[INFO] [stdout] 94 |     id: u32,
[INFO] [stdout]    |     ^^
[INFO] [stdout]    |
[INFO] [stdout]    = note: `Game` has derived impls for the traits `Debug` and `Clone`, but these are intentionally ignored during dead code analysis
[INFO] [stdout] 
[INFO] [stdout] 
[INFO] [stdout] warning: method `get_power` is never used
[INFO] [stdout]   --> day2/src/cube_game.rs:61:12
[INFO] [stdout]    |
[INFO] [stdout] 60 | impl CubeSet {
[INFO] [stdout]    | ------------ method in this implementation
[INFO] [stdout] 61 |     pub fn get_power(&self) -> u32 {
[INFO] [stdout]    |            ^^^^^^^^^
[INFO] [stdout]    |
[INFO] [stdout]    = note: `#[warn(dead_code)]` on by default
[INFO] [stdout] 
[INFO] [stdout] 
[INFO] [stdout] warning: method `get_minimum_cube_set` is never used
[INFO] [stdout]    --> day2/src/cube_game.rs:101:12
[INFO] [stdout]     |
[INFO] [stdout] 100 | impl Game {
[INFO] [stdout]     | --------- method in this implementation
[INFO] [stdout] 101 |     pub fn get_minimum_cube_set(&self) -> CubeSet {
[INFO] [stdout]     |            ^^^^^^^^^^^^^^^^^^^^
[INFO] [stdout] 
[INFO] [stdout] 
[INFO] [stdout] warning: function `get_sum_of_power_of_minimum_cube_sets` is never used
[INFO] [stdout]    --> day2/src/cube_game.rs:238:8
[INFO] [stdout]     |
[INFO] [stdout] 238 | pub fn get_sum_of_power_of_minimum_cube_sets(game_records: &str) -> u32 {
[INFO] [stdout]     |        ^^^^^^^^^^^^^^^^^^^^^^^^^^^^^^^^^^^^^
[INFO] [stdout] 
[INFO] [stdout] 
[INFO] [stdout] warning: method `get_possible_with_cubes` is never used
[INFO] [stdout]    --> day2/src/cube_game.rs:149:12
[INFO] [stdout]     |
[INFO] [stdout] 147 | impl Games {
[INFO] [stdout]     | ---------- method in this implementation
[INFO] [stdout] 148 |     /// Returns the possible games if the bag contained only the given cubes.
[INFO] [stdout] 149 |     pub fn get_possible_with_cubes(&self, max_cubes: CubeSet) -> Self {
[INFO] [stdout]     |            ^^^^^^^^^^^^^^^^^^^^^^^
[INFO] [stdout] 
[INFO] [stdout] 
[INFO] [stdout] warning: field `0` is never read
[INFO] [stdout]    --> day4/src/scratch_cards.rs:128:12
[INFO] [stdout]     |
[INFO] [stdout] 128 |     Header(String),
[INFO] [stdout]     |     ------ ^^^^^^
[INFO] [stdout]     |     |
[INFO] [stdout]     |     field in this variant
[INFO] [stdout]     |
[INFO] [stdout]     = note: `ParseError` has a derived impl for the trait `Debug`, but this is intentionally ignored during dead code analysis
[INFO] [stdout]     = note: `#[warn(dead_code)]` on by default
[INFO] [stdout] help: consider changing the field to be of unit type to suppress this warning while preserving the field numbering, or remove the field
[INFO] [stdout]     |
[INFO] [stdout] 128 |     Header(()),
[INFO] [stdout]     |            ~~
[INFO] [stdout] 
[INFO] [stdout] 
[INFO] [stdout] warning: field `0` is never read
[INFO] [stdout]    --> day4/src/scratch_cards.rs:129:14
[INFO] [stdout]     |
[INFO] [stdout] 129 |     Contents(String),
[INFO] [stdout]     |     -------- ^^^^^^
[INFO] [stdout]     |     |
[INFO] [stdout]     |     field in this variant
[INFO] [stdout]     |
[INFO] [stdout]     = note: `ParseError` has a derived impl for the trait `Debug`, but this is intentionally ignored during dead code analysis
[INFO] [stdout] help: consider changing the field to be of unit type to suppress this warning while preserving the field numbering, or remove the field
[INFO] [stdout]     |
[INFO] [stdout] 129 |     Contents(()),
[INFO] [stdout]     |              ~~
[INFO] [stdout] 
[INFO] [stdout] 
[INFO] [stdout] warning: function `get_sum_of_all_engine_gear_ratios` is never used
[INFO] [stdout]   --> day3/src/gondola_lift_engine.rs:51:8
[INFO] [stdout]    |
[INFO] [stdout] 51 | pub fn get_sum_of_all_engine_gear_ratios(lift_engine_schematic: &str) -> u64 {
[INFO] [stdout]    |        ^^^^^^^^^^^^^^^^^^^^^^^^^^^^^^^^^
[INFO] [stdout]    |
[INFO] [stdout]    = note: `#[warn(dead_code)]` on by default
[INFO] [stdout] 
[INFO] [stdout] 
[INFO] [stdout] warning: fields `width`, `height`, and `buffer` are never read
[INFO] [stdout]   --> day3/src/gondola_lift_engine.rs:59:5
[INFO] [stdout]    |
[INFO] [stdout] 57 | struct EngineSchematics {
[INFO] [stdout]    |        ---------------- fields in this struct
[INFO] [stdout] 58 |     /// Width of the schematic.
[INFO] [stdout] 59 |     width: usize,
[INFO] [stdout]    |     ^^^^^
[INFO] [stdout] ...
[INFO] [stdout] 62 |     height: usize,
[INFO] [stdout]    |     ^^^^^^
[INFO] [stdout] ...
[INFO] [stdout] 65 |     buffer: String,
[INFO] [stdout]    |     ^^^^^^
[INFO] [stdout] 
[INFO] [stdout] 
[INFO] [stdout] warning: methods `get_thing`, `get_start`, `get_numbers_adjacent_to`, and `get_number` are never used
[INFO] [stdout]    --> day3/src/gondola_lift_engine.rs:69:8
[INFO] [stdout]     |
[INFO] [stdout] 68  | impl EngineSchematics {
[INFO] [stdout]     | --------------------- methods in this implementation
[INFO] [stdout] 69  |     fn get_thing(&self, x: usize, y: usize) -> Option<&str> {
[INFO] [stdout]     |        ^^^^^^^^^
[INFO] [stdout] ...
[INFO] [stdout] 76  |     fn get_start(&self, x: usize, y: usize) -> Option<usize> {
[INFO] [stdout]     |        ^^^^^^^^^
[INFO] [stdout] ...
[INFO] [stdout] 84  |     fn get_numbers_adjacent_to(&self, x: usize, y: usize) -> Vec<u64> {
[INFO] [stdout]     |        ^^^^^^^^^^^^^^^^^^^^^^^
[INFO] [stdout] ...
[INFO] [stdout] 142 |     fn get_number(&self, x: usize, y: usize) -> Option<Number> {
[INFO] [stdout]     |        ^^^^^^^^^^
[INFO] [stdout] 
[INFO] [stdout] 
[INFO] [stdout] warning: struct `Number` is never constructed
[INFO] [stdout]    --> day3/src/gondola_lift_engine.rs:191:8
[INFO] [stdout]     |
[INFO] [stdout] 191 | struct Number {
[INFO] [stdout]     |        ^^^^^^
[INFO] [stdout] 
[INFO] [stdout] 
[INFO] [stdout] warning: function `get_gear_ratios` is never used
[INFO] [stdout]    --> day3/src/gondola_lift_engine.rs:216:4
[INFO] [stdout]     |
[INFO] [stdout] 216 | fn get_gear_ratios(schematics: &EngineSchematics) -> Vec<u64> {
[INFO] [stdout]     |    ^^^^^^^^^^^^^^^
[INFO] [stdout] 
[INFO] [stdout] 
[INFO] [stdout] warning: function `get_sum_of_all_engine_part_numbers` is never used
[INFO] [stdout]    --> day3/src/gondola_lift_engine.rs:237:8
[INFO] [stdout]     |
[INFO] [stdout] 237 | pub fn get_sum_of_all_engine_part_numbers(lift_engine_schematic: &str) -> u64 {
[INFO] [stdout]     |        ^^^^^^^^^^^^^^^^^^^^^^^^^^^^^^^^^^
[INFO] [stdout]     |
[INFO] [stdout]     = note: `#[warn(dead_code)]` on by default
[INFO] [stdout] 
[INFO] [stdout] 
[INFO] [stdout] warning: field `possible_parts` is never read
[INFO] [stdout]    --> day3/src/gondola_lift_engine.rs:267:5
[INFO] [stdout]     |
[INFO] [stdout] 265 | struct GondolaLiftEngine {
[INFO] [stdout]     |        ----------------- field in this struct
[INFO] [stdout] 266 |     /// All the parts in the engine.
[INFO] [stdout] 267 |     possible_parts: Vec<Part>,
[INFO] [stdout]     |     ^^^^^^^^^^^^^^
[INFO] [stdout] 
[INFO] [stdout] 
[INFO] [stdout] warning: method `get_possible_parts` is never used
[INFO] [stdout]    --> day3/src/gondola_lift_engine.rs:272:8
[INFO] [stdout]     |
[INFO] [stdout] 270 | impl GondolaLiftEngine {
[INFO] [stdout]     | ---------------------- method in this implementation
[INFO] [stdout] 271 |     /// Gets possible parts.
[INFO] [stdout] 272 |     fn get_possible_parts(&self) -> &Vec<Part> {
[INFO] [stdout]     |        ^^^^^^^^^^^^^^^^^^
[INFO] [stdout] 
[INFO] [stdout] 
[INFO] [stdout] warning: fields `number` and `adjacent_things` are never read
[INFO] [stdout]    --> day3/src/gondola_lift_engine.rs:417:5
[INFO] [stdout]     |
[INFO] [stdout] 415 | struct Part {
[INFO] [stdout]     |        ---- fields in this struct
[INFO] [stdout] 416 |     /// The part number.
[INFO] [stdout] 417 |     number: u64,
[INFO] [stdout]     |     ^^^^^^
[INFO] [stdout] ...
[INFO] [stdout] 420 |     adjacent_things: Vec<Option<String>>,
[INFO] [stdout]     |     ^^^^^^^^^^^^^^^
[INFO] [stdout]     |
[INFO] [stdout]     = note: `Part` has a derived impl for the trait `Debug`, but this is intentionally ignored during dead code analysis
[INFO] [stdout] 
[INFO] [stdout] 
[INFO] [stdout] warning: method `get_adjacent_symbols` is never used
[INFO] [stdout]    --> day3/src/gondola_lift_engine.rs:425:8
[INFO] [stdout]     |
[INFO] [stdout] 423 | impl Part {
[INFO] [stdout]     | --------- method in this implementation
[INFO] [stdout] 424 |     /// Gets adjacent symbols for the possible part.
[INFO] [stdout] 425 |     fn get_adjacent_symbols(&self) -> Vec<&str> {
[INFO] [stdout]     |        ^^^^^^^^^^^^^^^^^^^^
[INFO] [stdout] 
[INFO] [stdout] 
[INFO] [stdout] warning: function `get_total_scratch_card_points` is never used
[INFO] [stdout]   --> day4/src/scratch_cards.rs:51:8
[INFO] [stdout]    |
[INFO] [stdout] 51 | pub fn get_total_scratch_card_points(scratch_card_table: &str) -> u64 {
[INFO] [stdout]    |        ^^^^^^^^^^^^^^^^^^^^^^^^^^^^^
[INFO] [stdout]    |
[INFO] [stdout]    = note: `#[warn(dead_code)]` on by default
[INFO] [stdout] 
[INFO] [stdout] 
[INFO] [stdout] warning: method `get_total_points` is never used
[INFO] [stdout]   --> day4/src/scratch_cards.rs:61:8
[INFO] [stdout]    |
[INFO] [stdout] 60 | impl ScratchCardData {
[INFO] [stdout]    | -------------------- method in this implementation
[INFO] [stdout] 61 |     fn get_total_points(&self) -> u64 {
[INFO] [stdout]    |        ^^^^^^^^^^^^^^^^
[INFO] [stdout] 
[INFO] [stdout] 
[INFO] [stdout] warning: method `get_points` is never used
[INFO] [stdout]    --> day4/src/scratch_cards.rs:116:8
[INFO] [stdout]     |
[INFO] [stdout] 108 | impl CardData {
[INFO] [stdout]     | ------------- method in this implementation
[INFO] [stdout] ...
[INFO] [stdout] 116 |     fn get_points(&self) -> u64 {
[INFO] [stdout]     |        ^^^^^^^^^^
[INFO] [stdout] 
[INFO] [stdout] 
[INFO] [stdout] warning: field `0` is never read
[INFO] [stdout]    --> day4/src/scratch_cards.rs:128:12
[INFO] [stdout]     |
[INFO] [stdout] 128 |     Header(String),
[INFO] [stdout]     |     ------ ^^^^^^
[INFO] [stdout]     |     |
[INFO] [stdout]     |     field in this variant
[INFO] [stdout]     |
[INFO] [stdout]     = note: `ParseError` has a derived impl for the trait `Debug`, but this is intentionally ignored during dead code analysis
[INFO] [stdout] help: consider changing the field to be of unit type to suppress this warning while preserving the field numbering, or remove the field
[INFO] [stdout]     |
[INFO] [stdout] 128 |     Header(()),
[INFO] [stdout]     |            ~~
[INFO] [stdout] 
[INFO] [stdout] 
[INFO] [stdout] warning: field `0` is never read
[INFO] [stdout]    --> day4/src/scratch_cards.rs:129:14
[INFO] [stdout]     |
[INFO] [stdout] 129 |     Contents(String),
[INFO] [stdout]     |     -------- ^^^^^^
[INFO] [stdout]     |     |
[INFO] [stdout]     |     field in this variant
[INFO] [stdout]     |
[INFO] [stdout]     = note: `ParseError` has a derived impl for the trait `Debug`, but this is intentionally ignored during dead code analysis
[INFO] [stdout] help: consider changing the field to be of unit type to suppress this warning while preserving the field numbering, or remove the field
[INFO] [stdout]     |
[INFO] [stdout] 129 |     Contents(()),
[INFO] [stdout]     |              ~~
[INFO] [stdout] 
[INFO] [stdout] 
[INFO] [stderr]     Finished `dev` profile [unoptimized + debuginfo] target(s) in 4.88s
[INFO] running `Command { std: "docker" "inspect" "0a97988a283ec7f2cc71dcc705a013b7d4a87f720e10eb39bf4a66afc3e9d3bf", kill_on_drop: false }`
[INFO] running `Command { std: "docker" "rm" "-f" "0a97988a283ec7f2cc71dcc705a013b7d4a87f720e10eb39bf4a66afc3e9d3bf", kill_on_drop: false }`
[INFO] [stdout] 0a97988a283ec7f2cc71dcc705a013b7d4a87f720e10eb39bf4a66afc3e9d3bf
[INFO] running `Command { std: "docker" "create" "-v" "/var/lib/crater-agent-workspace/builds/worker-1-tc1/target:/opt/rustwide/target:rw,Z" "-v" "/var/lib/crater-agent-workspace/builds/worker-1-tc1/source:/opt/rustwide/workdir:ro,Z" "-v" "/var/lib/crater-agent-workspace/cargo-home:/opt/rustwide/cargo-home:ro,Z" "-v" "/var/lib/crater-agent-workspace/rustup-home:/opt/rustwide/rustup-home:ro,Z" "-e" "SOURCE_DIR=/opt/rustwide/workdir" "-e" "CARGO_TARGET_DIR=/opt/rustwide/target" "-e" "CARGO_INCREMENTAL=0" "-e" "RUST_BACKTRACE=full" "-e" "RUSTFLAGS=--cap-lints=warn" "-e" "RUSTDOCFLAGS=--cap-lints=warn" "-e" "CARGO_HOME=/opt/rustwide/cargo-home" "-e" "RUSTUP_HOME=/opt/rustwide/rustup-home" "-w" "/opt/rustwide/workdir" "-m" "1610612736" "--user" "0:0" "--network" "none" "ghcr.io/rust-lang/crates-build-env/linux@sha256:f3a9d4ad9d972b27faf3965f35b62e55ba32bbce8f20bc8fe909558a86702fde" "/opt/rustwide/cargo-home/bin/cargo" "+1.83.0" "test" "--frozen" "--no-run" "--message-format=json", kill_on_drop: false }`
[INFO] [stdout] 4be019827a6d857fb7d7ca6b3f4eed39283761eecc8248a2b39919c3936c0b02
[INFO] running `Command { std: "docker" "start" "-a" "4be019827a6d857fb7d7ca6b3f4eed39283761eecc8248a2b39919c3936c0b02", kill_on_drop: false }`
[INFO] [stderr]    Compiling day1 v0.1.0 (/opt/rustwide/workdir/day1)
[INFO] [stderr]    Compiling day2 v0.1.0 (/opt/rustwide/workdir/day2)
[INFO] [stderr]    Compiling day3 v0.1.0 (/opt/rustwide/workdir/day3)
[INFO] [stderr]    Compiling day5 v0.1.0 (/opt/rustwide/workdir/day5)
[INFO] [stderr]    Compiling day4 v0.1.0 (/opt/rustwide/workdir/day4)
[INFO] [stdout] warning: field `0` is never read
[INFO] [stdout]    --> day4/src/scratch_cards.rs:128:12
[INFO] [stdout]     |
[INFO] [stdout] 128 |     Header(String),
[INFO] [stdout]     |     ------ ^^^^^^
[INFO] [stdout]     |     |
[INFO] [stdout]     |     field in this variant
[INFO] [stdout]     |
[INFO] [stdout]     = note: `ParseError` has a derived impl for the trait `Debug`, but this is intentionally ignored during dead code analysis
[INFO] [stdout]     = note: `#[warn(dead_code)]` on by default
[INFO] [stdout] help: consider changing the field to be of unit type to suppress this warning while preserving the field numbering, or remove the field
[INFO] [stdout]     |
[INFO] [stdout] 128 |     Header(()),
[INFO] [stdout]     |            ~~
[INFO] [stdout] 
[INFO] [stdout] 
[INFO] [stdout] warning: field `0` is never read
[INFO] [stdout]    --> day4/src/scratch_cards.rs:129:14
[INFO] [stdout]     |
[INFO] [stdout] 129 |     Contents(String),
[INFO] [stdout]     |     -------- ^^^^^^
[INFO] [stdout]     |     |
[INFO] [stdout]     |     field in this variant
[INFO] [stdout]     |
[INFO] [stdout]     = note: `ParseError` has a derived impl for the trait `Debug`, but this is intentionally ignored during dead code analysis
[INFO] [stdout] help: consider changing the field to be of unit type to suppress this warning while preserving the field numbering, or remove the field
[INFO] [stdout]     |
[INFO] [stdout] 129 |     Contents(()),
[INFO] [stdout]     |              ~~
[INFO] [stdout] 
[INFO] [stdout] 
[INFO] [stdout] warning: field `0` is never read
[INFO] [stdout]    --> day4/src/scratch_cards.rs:128:12
[INFO] [stdout]     |
[INFO] [stdout] 128 |     Header(String),
[INFO] [stdout]     |     ------ ^^^^^^
[INFO] [stdout]     |     |
[INFO] [stdout]     |     field in this variant
[INFO] [stdout]     |
[INFO] [stdout]     = note: `ParseError` has a derived impl for the trait `Debug`, but this is intentionally ignored during dead code analysis
[INFO] [stdout]     = note: `#[warn(dead_code)]` on by default
[INFO] [stdout] help: consider changing the field to be of unit type to suppress this warning while preserving the field numbering, or remove the field
[INFO] [stdout]     |
[INFO] [stdout] 128 |     Header(()),
[INFO] [stdout]     |            ~~
[INFO] [stdout] 
[INFO] [stdout] 
[INFO] [stdout] warning: field `0` is never read
[INFO] [stdout]    --> day4/src/scratch_cards.rs:129:14
[INFO] [stdout]     |
[INFO] [stdout] 129 |     Contents(String),
[INFO] [stdout]     |     -------- ^^^^^^
[INFO] [stdout]     |     |
[INFO] [stdout]     |     field in this variant
[INFO] [stdout]     |
[INFO] [stdout]     = note: `ParseError` has a derived impl for the trait `Debug`, but this is intentionally ignored during dead code analysis
[INFO] [stdout] help: consider changing the field to be of unit type to suppress this warning while preserving the field numbering, or remove the field
[INFO] [stdout]     |
[INFO] [stdout] 129 |     Contents(()),
[INFO] [stdout]     |              ~~
[INFO] [stdout] 
[INFO] [stdout] 
[INFO] [stderr]     Finished `test` profile [unoptimized + debuginfo] target(s) in 5.49s
[INFO] running `Command { std: "docker" "inspect" "4be019827a6d857fb7d7ca6b3f4eed39283761eecc8248a2b39919c3936c0b02", kill_on_drop: false }`
[INFO] running `Command { std: "docker" "rm" "-f" "4be019827a6d857fb7d7ca6b3f4eed39283761eecc8248a2b39919c3936c0b02", kill_on_drop: false }`
[INFO] [stdout] 4be019827a6d857fb7d7ca6b3f4eed39283761eecc8248a2b39919c3936c0b02
[INFO] running `Command { std: "docker" "create" "-v" "/var/lib/crater-agent-workspace/builds/worker-1-tc1/target:/opt/rustwide/target:rw,Z" "-v" "/var/lib/crater-agent-workspace/builds/worker-1-tc1/source:/opt/rustwide/workdir:ro,Z" "-v" "/var/lib/crater-agent-workspace/cargo-home:/opt/rustwide/cargo-home:ro,Z" "-v" "/var/lib/crater-agent-workspace/rustup-home:/opt/rustwide/rustup-home:ro,Z" "-e" "SOURCE_DIR=/opt/rustwide/workdir" "-e" "CARGO_TARGET_DIR=/opt/rustwide/target" "-e" "CARGO_INCREMENTAL=0" "-e" "RUST_BACKTRACE=full" "-e" "RUSTFLAGS=--cap-lints=warn" "-e" "RUSTDOCFLAGS=--cap-lints=warn" "-e" "CARGO_HOME=/opt/rustwide/cargo-home" "-e" "RUSTUP_HOME=/opt/rustwide/rustup-home" "-w" "/opt/rustwide/workdir" "-m" "1610612736" "--user" "0:0" "--network" "none" "ghcr.io/rust-lang/crates-build-env/linux@sha256:f3a9d4ad9d972b27faf3965f35b62e55ba32bbce8f20bc8fe909558a86702fde" "/opt/rustwide/cargo-home/bin/cargo" "+1.83.0" "test" "--frozen", kill_on_drop: false }`
[INFO] [stdout] 3e91b3709a32fe8c8e07a73f278a3cfc5a3280cb1c535434d56b4a9fc2a741a5
[INFO] running `Command { std: "docker" "start" "-a" "3e91b3709a32fe8c8e07a73f278a3cfc5a3280cb1c535434d56b4a9fc2a741a5", kill_on_drop: false }`
[INFO] [stderr] warning: field `0` is never read
[INFO] [stderr]    --> day4/src/scratch_cards.rs:128:12
[INFO] [stderr]     |
[INFO] [stderr] 128 |     Header(String),
[INFO] [stderr]     |     ------ ^^^^^^
[INFO] [stderr]     |     |
[INFO] [stderr]     |     field in this variant
[INFO] [stderr]     |
[INFO] [stderr]     = note: `ParseError` has a derived impl for the trait `Debug`, but this is intentionally ignored during dead code analysis
[INFO] [stderr]     = note: `#[warn(dead_code)]` on by default
[INFO] [stderr] help: consider changing the field to be of unit type to suppress this warning while preserving the field numbering, or remove the field
[INFO] [stderr]     |
[INFO] [stderr] 128 |     Header(()),
[INFO] [stderr]     |            ~~
[INFO] [stderr] 
[INFO] [stderr] warning: field `0` is never read
[INFO] [stderr]    --> day4/src/scratch_cards.rs:129:14
[INFO] [stderr]     |
[INFO] [stderr] 129 |     Contents(String),
[INFO] [stderr]     |     -------- ^^^^^^
[INFO] [stderr]     |     |
[INFO] [stderr]     |     field in this variant
[INFO] [stderr]     |
[INFO] [stderr]     = note: `ParseError` has a derived impl for the trait `Debug`, but this is intentionally ignored during dead code analysis
[INFO] [stderr] help: consider changing the field to be of unit type to suppress this warning while preserving the field numbering, or remove the field
[INFO] [stderr]     |
[INFO] [stderr] 129 |     Contents(()),
[INFO] [stderr]     |              ~~
[INFO] [stderr] 
[INFO] [stderr] warning: `day4` (bin "day4_part1" test) generated 2 warnings
[INFO] [stderr] warning: `day4` (bin "day4_part2" test) generated 2 warnings (2 duplicates)
[INFO] [stderr]     Finished `test` profile [unoptimized + debuginfo] target(s) in 0.04s
[INFO] [stderr]      Running unittests src/day1_part1.rs (/opt/rustwide/target/debug/deps/day1_part1-8d5e1fc12e0b1de6)
[INFO] [stdout] 
[INFO] [stdout] running 2 tests
[INFO] [stdout] test trebuchet_calibration::tests::get_calibration_sum_returns_the_correct_value ... ok
[INFO] [stdout] test trebuchet_calibration::tests::get_calibration_sum_from_spelled_out_digits_returns_the_correct_value ... FAILED
[INFO] [stdout] 
[INFO] [stdout] failures:
[INFO] [stdout] 
[INFO] [stdout] ---- trebuchet_calibration::tests::get_calibration_sum_from_spelled_out_digits_returns_the_correct_value stdout ----
[INFO] [stdout] thread 'trebuchet_calibration::tests::get_calibration_sum_from_spelled_out_digits_returns_the_correct_value' panicked at day1/src/trebuchet_calibration.rs:46:43:
[INFO] [stdout] attempt to subtract with overflow
[INFO] [stdout] stack backtrace:
[INFO] [stdout]    0:     0x62b37debdffa - std::backtrace_rs::backtrace::libunwind::trace::h5a5b8284f2d0c266
[INFO] [stdout]                                at /rustc/90b35a6239c3d8bdabc530a6a0816f7ff89a0aaf/library/std/src/../../backtrace/src/backtrace/libunwind.rs:116:5
[INFO] [stdout]    1:     0x62b37debdffa - std::backtrace_rs::backtrace::trace_unsynchronized::h76d4f1c9b0b875e3
[INFO] [stdout]                                at /rustc/90b35a6239c3d8bdabc530a6a0816f7ff89a0aaf/library/std/src/../../backtrace/src/backtrace/mod.rs:66:5
[INFO] [stdout]    2:     0x62b37debdffa - std::sys::backtrace::_print_fmt::hc4546b8364a537c6
[INFO] [stdout]                                at /rustc/90b35a6239c3d8bdabc530a6a0816f7ff89a0aaf/library/std/src/sys/backtrace.rs:66:9
[INFO] [stdout]    3:     0x62b37debdffa - <std::sys::backtrace::BacktraceLock::print::DisplayBacktrace as core::fmt::Display>::fmt::h5b6bd5631a6d1f6b
[INFO] [stdout]                                at /rustc/90b35a6239c3d8bdabc530a6a0816f7ff89a0aaf/library/std/src/sys/backtrace.rs:39:26
[INFO] [stdout]    4:     0x62b37dee3433 - core::fmt::rt::Argument::fmt::h270f6602a2b96f62
[INFO] [stdout]                                at /rustc/90b35a6239c3d8bdabc530a6a0816f7ff89a0aaf/library/core/src/fmt/rt.rs:177:76
[INFO] [stdout]    5:     0x62b37dee3433 - core::fmt::write::h7550c97b06c86515
[INFO] [stdout]                                at /rustc/90b35a6239c3d8bdabc530a6a0816f7ff89a0aaf/library/core/src/fmt/mod.rs:1186:21
[INFO] [stdout]    6:     0x62b37debb1c3 - std::io::Write::write_fmt::h509ff860e5956e5e
[INFO] [stdout]                                at /rustc/90b35a6239c3d8bdabc530a6a0816f7ff89a0aaf/library/std/src/io/mod.rs:1839:15
[INFO] [stdout]    7:     0x62b37debde42 - std::sys::backtrace::BacktraceLock::print::h2395ccd2c84ba3aa
[INFO] [stdout]                                at /rustc/90b35a6239c3d8bdabc530a6a0816f7ff89a0aaf/library/std/src/sys/backtrace.rs:42:9
[INFO] [stdout]    8:     0x62b37debf45a - std::panicking::default_hook::{{closure}}::he19d4c7230e07961
[INFO] [stdout]                                at /rustc/90b35a6239c3d8bdabc530a6a0816f7ff89a0aaf/library/std/src/panicking.rs:268:22
[INFO] [stdout]    9:     0x62b37debf264 - std::panicking::default_hook::hf614597d3c67bbdb
[INFO] [stdout]                                at /rustc/90b35a6239c3d8bdabc530a6a0816f7ff89a0aaf/library/std/src/panicking.rs:292:9
[INFO] [stdout]   10:     0x62b37de8ab49 - <alloc::boxed::Box<F,A> as core::ops::function::Fn<Args>>::call::h39b51ce4599c23d1
[INFO] [stdout]                                at /rustc/90b35a6239c3d8bdabc530a6a0816f7ff89a0aaf/library/alloc/src/boxed.rs:2468:9
[INFO] [stdout]   11:     0x62b37de8ab49 - test::test_main::{{closure}}::he977ae839a582784
[INFO] [stdout]                                at /rustc/90b35a6239c3d8bdabc530a6a0816f7ff89a0aaf/library/test/src/lib.rs:133:21
[INFO] [stdout]   12:     0x62b37debfaf8 - <alloc::boxed::Box<F,A> as core::ops::function::Fn<Args>>::call::h9455091b6b06f9fb
[INFO] [stdout]                                at /rustc/90b35a6239c3d8bdabc530a6a0816f7ff89a0aaf/library/alloc/src/boxed.rs:2468:9
[INFO] [stdout]   13:     0x62b37debfaf8 - std::panicking::rust_panic_with_hook::h8942133a8b252070
[INFO] [stdout]                                at /rustc/90b35a6239c3d8bdabc530a6a0816f7ff89a0aaf/library/std/src/panicking.rs:809:13
[INFO] [stdout]   14:     0x62b37debf886 - std::panicking::begin_panic_handler::{{closure}}::hb5f5963570096b29
[INFO] [stdout]                                at /rustc/90b35a6239c3d8bdabc530a6a0816f7ff89a0aaf/library/std/src/panicking.rs:667:13
[INFO] [stdout]   15:     0x62b37debe4d9 - std::sys::backtrace::__rust_end_short_backtrace::h6208cedc1922feda
[INFO] [stdout]                                at /rustc/90b35a6239c3d8bdabc530a6a0816f7ff89a0aaf/library/std/src/sys/backtrace.rs:170:18
[INFO] [stdout]   16:     0x62b37debf54c - rust_begin_unwind
[INFO] [stdout]                                at /rustc/90b35a6239c3d8bdabc530a6a0816f7ff89a0aaf/library/std/src/panicking.rs:665:5
[INFO] [stdout]   17:     0x62b37de49a60 - core::panicking::panic_fmt::h0c3082644d1bf418
[INFO] [stdout]                                at /rustc/90b35a6239c3d8bdabc530a6a0816f7ff89a0aaf/library/core/src/panicking.rs:74:14
[INFO] [stdout]   18:     0x62b37de4a117 - core::panicking::panic_const::panic_const_sub_overflow::h068bbf8ea6b4f121
[INFO] [stdout]                                at /rustc/90b35a6239c3d8bdabc530a6a0816f7ff89a0aaf/library/core/src/panicking.rs:181:21
[INFO] [stdout]   19:     0x62b37de519fb - day1_part1::trebuchet_calibration::get_digit::h6f68cdf4b448563e
[INFO] [stdout]                                at /opt/rustwide/workdir/day1/src/trebuchet_calibration.rs:46:43
[INFO] [stdout]   20:     0x62b37de522ad - day1_part1::trebuchet_calibration::get_calibration_sum_from_spelled_out_digits::{{closure}}::ha9c18d67ec30e8c2
[INFO] [stdout]                                at /opt/rustwide/workdir/day1/src/trebuchet_calibration.rs:105:30
[INFO] [stdout]   21:     0x62b37de4eafa - core::ops::function::impls::<impl core::ops::function::FnOnce<A> for &mut F>::call_once::h666709e1297996b5
[INFO] [stdout]                                at /rustc/90b35a6239c3d8bdabc530a6a0816f7ff89a0aaf/library/core/src/ops/function.rs:305:13
[INFO] [stdout]   22:     0x62b37de4a471 - core::option::Option<T>::map::hcb7f35f7a49a4259
[INFO] [stdout]                                at /rustc/90b35a6239c3d8bdabc530a6a0816f7ff89a0aaf/library/core/src/option.rs:1113:29
[INFO] [stdout]   23:     0x62b37de4a471 - <core::iter::adapters::map::Map<I,F> as core::iter::traits::iterator::Iterator>::next::hf4d500aa00cc3fab
[INFO] [stdout]                                at /rustc/90b35a6239c3d8bdabc530a6a0816f7ff89a0aaf/library/core/src/iter/adapters/map.rs:107:26
[INFO] [stdout]   24:     0x62b37de4a568 - <alloc::vec::Vec<T> as alloc::vec::spec_from_iter_nested::SpecFromIterNested<T,I>>::from_iter::h8939cf8916e28221
[INFO] [stdout]                                at /rustc/90b35a6239c3d8bdabc530a6a0816f7ff89a0aaf/library/alloc/src/vec/spec_from_iter_nested.rs:24:32
[INFO] [stdout]   25:     0x62b37de4e43d - <alloc::vec::Vec<T> as alloc::vec::spec_from_iter::SpecFromIter<T,I>>::from_iter::hf668edc52b06949d
[INFO] [stdout]                                at /rustc/90b35a6239c3d8bdabc530a6a0816f7ff89a0aaf/library/alloc/src/vec/spec_from_iter.rs:33:9
[INFO] [stdout]   26:     0x62b37de4e335 - <alloc::vec::Vec<T> as core::iter::traits::collect::FromIterator<T>>::from_iter::h14edc171096a0fb5
[INFO] [stdout]                                at /rustc/90b35a6239c3d8bdabc530a6a0816f7ff89a0aaf/library/alloc/src/vec/mod.rs:3388:9
[INFO] [stdout]   27:     0x62b37de4be9d - core::iter::traits::iterator::Iterator::collect::h942d60a017a23e9f
[INFO] [stdout]                                at /rustc/90b35a6239c3d8bdabc530a6a0816f7ff89a0aaf/library/core/src/iter/traits/iterator.rs:2001:9
[INFO] [stdout]   28:     0x62b37de52147 - day1_part1::trebuchet_calibration::get_calibration_sum_from_spelled_out_digits::h13cbf4511f2bbaa7
[INFO] [stdout]                                at /opt/rustwide/workdir/day1/src/trebuchet_calibration.rs:101:44
[INFO] [stdout]   29:     0x62b37de4e59a - day1_part1::trebuchet_calibration::tests::get_calibration_sum_from_spelled_out_digits_returns_the_correct_value::hfa1900c462a84331
[INFO] [stdout]                                at /opt/rustwide/workdir/day1/src/trebuchet_calibration.rs:31:22
[INFO] [stdout]   30:     0x62b37de4e557 - day1_part1::trebuchet_calibration::tests::get_calibration_sum_from_spelled_out_digits_returns_the_correct_value::{{closure}}::h5f7693303d57d907
[INFO] [stdout]                                at /opt/rustwide/workdir/day1/src/trebuchet_calibration.rs:20:79
[INFO] [stdout]   31:     0x62b37de4b046 - core::ops::function::FnOnce::call_once::he78b9e1bd0e27862
[INFO] [stdout]                                at /rustc/90b35a6239c3d8bdabc530a6a0816f7ff89a0aaf/library/core/src/ops/function.rs:250:5
[INFO] [stdout]   32:     0x62b37de8f50b - core::ops::function::FnOnce::call_once::h109cf8051a59b34e
[INFO] [stdout]                                at /rustc/90b35a6239c3d8bdabc530a6a0816f7ff89a0aaf/library/core/src/ops/function.rs:250:5
[INFO] [stdout]   33:     0x62b37de8f50b - test::__rust_begin_short_backtrace::hf4fff89d377446ba
[INFO] [stdout]                                at /rustc/90b35a6239c3d8bdabc530a6a0816f7ff89a0aaf/library/test/src/lib.rs:621:18
[INFO] [stdout]   34:     0x62b37de8ed47 - test::run_test_in_process::{{closure}}::h0e39181dd7ee5a43
[INFO] [stdout]                                at /rustc/90b35a6239c3d8bdabc530a6a0816f7ff89a0aaf/library/test/src/lib.rs:644:60
[INFO] [stdout]   35:     0x62b37de8ed47 - <core::panic::unwind_safe::AssertUnwindSafe<F> as core::ops::function::FnOnce<()>>::call_once::hc5a66a30f0bdfd1f
[INFO] [stdout]                                at /rustc/90b35a6239c3d8bdabc530a6a0816f7ff89a0aaf/library/core/src/panic/unwind_safe.rs:272:9
[INFO] [stdout]   36:     0x62b37de8ed47 - std::panicking::try::do_call::h873b7cf639554a5e
[INFO] [stdout]                                at /rustc/90b35a6239c3d8bdabc530a6a0816f7ff89a0aaf/library/std/src/panicking.rs:557:40
[INFO] [stdout]   37:     0x62b37de8ed47 - std::panicking::try::hdb19862fad9c8bd1
[INFO] [stdout]                                at /rustc/90b35a6239c3d8bdabc530a6a0816f7ff89a0aaf/library/std/src/panicking.rs:520:19
[INFO] [stdout]   38:     0x62b37de8ed47 - std::panic::catch_unwind::h281fe732d236d260
[INFO] [stdout]                                at /rustc/90b35a6239c3d8bdabc530a6a0816f7ff89a0aaf/library/std/src/panic.rs:358:14
[INFO] [stdout]   39:     0x62b37de8ed47 - test::run_test_in_process::h949b6df8457ed338
[INFO] [stdout]                                at /rustc/90b35a6239c3d8bdabc530a6a0816f7ff89a0aaf/library/test/src/lib.rs:644:27
[INFO] [stdout]   40:     0x62b37de8ed47 - test::run_test::{{closure}}::h52c556a6d4740e10
[INFO] [stdout]                                at /rustc/90b35a6239c3d8bdabc530a6a0816f7ff89a0aaf/library/test/src/lib.rs:565:43
[INFO] [stdout]   41:     0x62b37de54024 - test::run_test::{{closure}}::h4237f6381c45ccb9
[INFO] [stdout]                                at /rustc/90b35a6239c3d8bdabc530a6a0816f7ff89a0aaf/library/test/src/lib.rs:595:41
[INFO] [stdout]   42:     0x62b37de54024 - std::sys::backtrace::__rust_begin_short_backtrace::h505c97a579eca628
[INFO] [stdout]                                at /rustc/90b35a6239c3d8bdabc530a6a0816f7ff89a0aaf/library/std/src/sys/backtrace.rs:154:18
[INFO] [stdout]   43:     0x62b37de576ee - std::thread::Builder::spawn_unchecked_::{{closure}}::{{closure}}::h9e86b2e2bc107ea3
[INFO] [stdout]                                at /rustc/90b35a6239c3d8bdabc530a6a0816f7ff89a0aaf/library/std/src/thread/mod.rs:538:17
[INFO] [stdout]   44:     0x62b37de576ee - <core::panic::unwind_safe::AssertUnwindSafe<F> as core::ops::function::FnOnce<()>>::call_once::h8b06ddb275ff4a25
[INFO] [stdout]                                at /rustc/90b35a6239c3d8bdabc530a6a0816f7ff89a0aaf/library/core/src/panic/unwind_safe.rs:272:9
[INFO] [stdout]   45:     0x62b37de576ee - std::panicking::try::do_call::hb26ecd7cd9a9355d
[INFO] [stdout]                                at /rustc/90b35a6239c3d8bdabc530a6a0816f7ff89a0aaf/library/std/src/panicking.rs:557:40
[INFO] [stdout]   46:     0x62b37de576ee - std::panicking::try::h8ddeca9d705f9069
[INFO] [stdout]                                at /rustc/90b35a6239c3d8bdabc530a6a0816f7ff89a0aaf/library/std/src/panicking.rs:520:19
[INFO] [stdout]   47:     0x62b37de576ee - std::panic::catch_unwind::h49e1c33078844c46
[INFO] [stdout]                                at /rustc/90b35a6239c3d8bdabc530a6a0816f7ff89a0aaf/library/std/src/panic.rs:358:14
[INFO] [stdout]   48:     0x62b37de576ee - std::thread::Builder::spawn_unchecked_::{{closure}}::h6073db6ff56ad35d
[INFO] [stdout]                                at /rustc/90b35a6239c3d8bdabc530a6a0816f7ff89a0aaf/library/std/src/thread/mod.rs:537:30
[INFO] [stdout]   49:     0x62b37de576ee - core::ops::function::FnOnce::call_once{{vtable.shim}}::h2c5a5f3779c774f1
[INFO] [stdout]                                at /rustc/90b35a6239c3d8bdabc530a6a0816f7ff89a0aaf/library/core/src/ops/function.rs:250:5
[INFO] [stdout]   50:     0x62b37dec384b - <alloc::boxed::Box<F,A> as core::ops::function::FnOnce<Args>>::call_once::hf75717d9f28faebf
[INFO] [stdout]                                at /rustc/90b35a6239c3d8bdabc530a6a0816f7ff89a0aaf/library/alloc/src/boxed.rs:2454:9
[INFO] [stdout]   51:     0x62b37dec384b - <alloc::boxed::Box<F,A> as core::ops::function::FnOnce<Args>>::call_once::h7bd883a5f3c5f3c1
[INFO] [stdout]                                at /rustc/90b35a6239c3d8bdabc530a6a0816f7ff89a0aaf/library/alloc/src/boxed.rs:2454:9
[INFO] [stdout]   52:     0x62b37dec384b - std::sys::pal::unix::thread::Thread::new::thread_start::hcc78f3943333fa94
[INFO] [stdout]                                at /rustc/90b35a6239c3d8bdabc530a6a0816f7ff89a0aaf/library/std/src/sys/pal/unix/thread.rs:105:17
[INFO] [stdout]   53:     0x70c245331ac3 - <unknown>
[INFO] [stdout]   54:     0x70c2453c2a04 - clone
[INFO] [stdout]   55:                0x0 - <unknown>
[INFO] [stdout] 
[INFO] [stdout] 
[INFO] [stdout] failures:
[INFO] [stdout]     trebuchet_calibration::tests::get_calibration_sum_from_spelled_out_digits_returns_the_correct_value
[INFO] [stdout] 
[INFO] [stdout] test result: FAILED. 1 passed; 1 failed; 0 ignored; 0 measured; 0 filtered out; finished in 0.07s
[INFO] [stdout] 
[INFO] [stderr] error: test failed, to rerun pass `-p day1 --bin day1_part1`
[INFO] running `Command { std: "docker" "inspect" "3e91b3709a32fe8c8e07a73f278a3cfc5a3280cb1c535434d56b4a9fc2a741a5", kill_on_drop: false }`
[INFO] running `Command { std: "docker" "rm" "-f" "3e91b3709a32fe8c8e07a73f278a3cfc5a3280cb1c535434d56b4a9fc2a741a5", kill_on_drop: false }`
[INFO] [stdout] 3e91b3709a32fe8c8e07a73f278a3cfc5a3280cb1c535434d56b4a9fc2a741a5
