[INFO] cloning repository https://github.com/nelsonsteve799/Bolt
[INFO] running `Command { std: "git" "-c" "credential.helper=" "-c" "credential.helper=/workspace/cargo-home/bin/git-credential-null" "clone" "--bare" "https://github.com/nelsonsteve799/Bolt" "/workspace/cache/git-repos/https%3A%2F%2Fgithub.com%2Fnelsonsteve799%2FBolt", kill_on_drop: false }`
[INFO] [stderr] Cloning into bare repository '/workspace/cache/git-repos/https%3A%2F%2Fgithub.com%2Fnelsonsteve799%2FBolt'...
[INFO] running `Command { std: "git" "rev-parse" "HEAD", kill_on_drop: false }`
[INFO] [stdout] ea71eaa0e5512a4a7b03d85c1149341a053820d4
[INFO] testing nelsonsteve799/Bolt against 1.83.0 for beta-1.84.0-4-retry
[INFO] running `Command { std: "git" "clone" "/workspace/cache/git-repos/https%3A%2F%2Fgithub.com%2Fnelsonsteve799%2FBolt" "/workspace/builds/worker-3-tc1/source", kill_on_drop: false }`
[INFO] [stderr] Cloning into '/workspace/builds/worker-3-tc1/source'...
[INFO] [stderr] done.
[INFO] validating manifest of git repo https://github.com/nelsonsteve799/Bolt on toolchain 1.83.0
[INFO] running `Command { std: CARGO_HOME="/workspace/cargo-home" RUSTUP_HOME="/workspace/rustup-home" "/workspace/cargo-home/bin/cargo" "+1.83.0" "metadata" "--manifest-path" "Cargo.toml" "--no-deps", kill_on_drop: false }`
[INFO] started tweaking git repo https://github.com/nelsonsteve799/Bolt
[INFO] finished tweaking git repo https://github.com/nelsonsteve799/Bolt
[INFO] tweaked toml for git repo https://github.com/nelsonsteve799/Bolt written to /workspace/builds/worker-3-tc1/source/Cargo.toml
[INFO] crate git repo https://github.com/nelsonsteve799/Bolt already has a lockfile, it will not be regenerated
[INFO] running `Command { std: CARGO_HOME="/workspace/cargo-home" RUSTUP_HOME="/workspace/rustup-home" "/workspace/cargo-home/bin/cargo" "+1.83.0" "fetch" "--manifest-path" "Cargo.toml", kill_on_drop: false }`
[INFO] running `Command { std: "docker" "create" "-v" "/var/lib/crater-agent-workspace/builds/worker-3-tc1/target:/opt/rustwide/target:rw,Z" "-v" "/var/lib/crater-agent-workspace/builds/worker-3-tc1/source:/opt/rustwide/workdir:ro,Z" "-v" "/var/lib/crater-agent-workspace/cargo-home:/opt/rustwide/cargo-home:ro,Z" "-v" "/var/lib/crater-agent-workspace/rustup-home:/opt/rustwide/rustup-home:ro,Z" "-e" "SOURCE_DIR=/opt/rustwide/workdir" "-e" "CARGO_TARGET_DIR=/opt/rustwide/target" "-e" "CARGO_HOME=/opt/rustwide/cargo-home" "-e" "RUSTUP_HOME=/opt/rustwide/rustup-home" "-w" "/opt/rustwide/workdir" "-m" "1610612736" "--user" "0:0" "--network" "none" "ghcr.io/rust-lang/crates-build-env/linux@sha256:f3a9d4ad9d972b27faf3965f35b62e55ba32bbce8f20bc8fe909558a86702fde" "/opt/rustwide/cargo-home/bin/cargo" "+1.83.0" "metadata" "--no-deps" "--format-version=1", kill_on_drop: false }`
[INFO] [stdout] 1ab53feb4e577e22a7cae8bb5ef4473a850f81d12d8222494d57476e92761f71
[INFO] running `Command { std: "docker" "start" "-a" "1ab53feb4e577e22a7cae8bb5ef4473a850f81d12d8222494d57476e92761f71", kill_on_drop: false }`
[INFO] running `Command { std: "docker" "inspect" "1ab53feb4e577e22a7cae8bb5ef4473a850f81d12d8222494d57476e92761f71", kill_on_drop: false }`
[INFO] running `Command { std: "docker" "rm" "-f" "1ab53feb4e577e22a7cae8bb5ef4473a850f81d12d8222494d57476e92761f71", kill_on_drop: false }`
[INFO] [stdout] 1ab53feb4e577e22a7cae8bb5ef4473a850f81d12d8222494d57476e92761f71
[INFO] running `Command { std: "docker" "create" "-v" "/var/lib/crater-agent-workspace/builds/worker-3-tc1/target:/opt/rustwide/target:rw,Z" "-v" "/var/lib/crater-agent-workspace/builds/worker-3-tc1/source:/opt/rustwide/workdir:ro,Z" "-v" "/var/lib/crater-agent-workspace/cargo-home:/opt/rustwide/cargo-home:ro,Z" "-v" "/var/lib/crater-agent-workspace/rustup-home:/opt/rustwide/rustup-home:ro,Z" "-e" "SOURCE_DIR=/opt/rustwide/workdir" "-e" "CARGO_TARGET_DIR=/opt/rustwide/target" "-e" "CARGO_INCREMENTAL=0" "-e" "RUST_BACKTRACE=full" "-e" "RUSTFLAGS=--cap-lints=warn" "-e" "RUSTDOCFLAGS=--cap-lints=warn" "-e" "CARGO_HOME=/opt/rustwide/cargo-home" "-e" "RUSTUP_HOME=/opt/rustwide/rustup-home" "-w" "/opt/rustwide/workdir" "-m" "1610612736" "--user" "0:0" "--network" "none" "ghcr.io/rust-lang/crates-build-env/linux@sha256:f3a9d4ad9d972b27faf3965f35b62e55ba32bbce8f20bc8fe909558a86702fde" "/opt/rustwide/cargo-home/bin/cargo" "+1.83.0" "build" "--frozen" "--message-format=json", kill_on_drop: false }`
[INFO] [stdout] 3582c9e05acf07a7dd2895841f702442cf41e0f75a0f502e1f4fb57a0efcb016
[INFO] running `Command { std: "docker" "start" "-a" "3582c9e05acf07a7dd2895841f702442cf41e0f75a0f502e1f4fb57a0efcb016", kill_on_drop: false }`
[INFO] [stderr]    Compiling autocfg v1.1.0
[INFO] [stderr]    Compiling substring v1.4.5
[INFO] [stderr]    Compiling bolt v0.1.0 (/opt/rustwide/workdir)
[INFO] [stdout] warning: unreachable pattern
[INFO] [stdout]   --> src/resolver.rs:46:13
[INFO] [stdout]    |
[INFO] [stdout] 46 |             _ => todo!(),
[INFO] [stdout]    |             ^ no value can reach this
[INFO] [stdout]    |
[INFO] [stdout] note: multiple earlier patterns match some of the same values
[INFO] [stdout]   --> src/resolver.rs:46:13
[INFO] [stdout]    |
[INFO] [stdout] 27 |               Stmt::Block { statements: _ } => self.resolve_block(stmt)?,
[INFO] [stdout]    |               ----------------------------- matches some of the same values
[INFO] [stdout] 28 | /             Stmt::Var {
[INFO] [stdout] 29 | |                 name: _,
[INFO] [stdout] 30 | |                 initializer: _,
[INFO] [stdout] 31 | |             } => self.resolve_var(stmt)?,
[INFO] [stdout]    | |_____________- matches some of the same values
[INFO] [stdout] 32 |               Stmt::Function { name: _, params: _, body: _ } => self.resolve_function(stmt)?,
[INFO] [stdout]    |               ---------------------------------------------- matches some of the same values
[INFO] [stdout] 33 |               Stmt::Expression { expression } => self.resolve_expr(expression)?,
[INFO] [stdout]    |               ------------------------------- matches some of the same values
[INFO] [stdout] ...
[INFO] [stdout] 46 |               _ => todo!(),
[INFO] [stdout]    |               ^ ...and 5 other patterns collectively make this unreachable
[INFO] [stdout]    = note: `#[warn(unreachable_patterns)]` on by default
[INFO] [stdout] 
[INFO] [stdout] 
[INFO] [stdout] warning: unreachable pattern
[INFO] [stdout]   --> src/resolver.rs:76:13
[INFO] [stdout]    |
[INFO] [stdout] 76 |             _ => todo!(),
[INFO] [stdout]    |             ^ no value can reach this
[INFO] [stdout]    |
[INFO] [stdout] note: multiple earlier patterns match some of the same values
[INFO] [stdout]   --> src/resolver.rs:76:13
[INFO] [stdout]    |
[INFO] [stdout] 53 |             Expr::Variable { name } => self.resolve_expr_var(expr),
[INFO] [stdout]    |             ----------------------- matches some of the same values
[INFO] [stdout] 54 |             Expr::Assign { name, value } => self.resolve_expr_assign(expr),
[INFO] [stdout]    |             ---------------------------- matches some of the same values
[INFO] [stdout] 55 |             Expr::Binary { left, operator, right } => {
[INFO] [stdout]    |             -------------------------------------- matches some of the same values
[INFO] [stdout] ...
[INFO] [stdout] 59 |             Expr::Call { callee, paren, arguments } => {
[INFO] [stdout]    |             --------------------------------------- matches some of the same values
[INFO] [stdout] ...
[INFO] [stdout] 76 |             _ => todo!(),
[INFO] [stdout]    |             ^ ...and 5 other patterns collectively make this unreachable
[INFO] [stdout] 
[INFO] [stdout] 
[INFO] [stderr]     Finished `dev` profile [unoptimized + debuginfo] target(s) in 2.23s
[INFO] running `Command { std: "docker" "inspect" "3582c9e05acf07a7dd2895841f702442cf41e0f75a0f502e1f4fb57a0efcb016", kill_on_drop: false }`
[INFO] running `Command { std: "docker" "rm" "-f" "3582c9e05acf07a7dd2895841f702442cf41e0f75a0f502e1f4fb57a0efcb016", kill_on_drop: false }`
[INFO] [stdout] 3582c9e05acf07a7dd2895841f702442cf41e0f75a0f502e1f4fb57a0efcb016
[INFO] running `Command { std: "docker" "create" "-v" "/var/lib/crater-agent-workspace/builds/worker-3-tc1/target:/opt/rustwide/target:rw,Z" "-v" "/var/lib/crater-agent-workspace/builds/worker-3-tc1/source:/opt/rustwide/workdir:ro,Z" "-v" "/var/lib/crater-agent-workspace/cargo-home:/opt/rustwide/cargo-home:ro,Z" "-v" "/var/lib/crater-agent-workspace/rustup-home:/opt/rustwide/rustup-home:ro,Z" "-e" "SOURCE_DIR=/opt/rustwide/workdir" "-e" "CARGO_TARGET_DIR=/opt/rustwide/target" "-e" "CARGO_INCREMENTAL=0" "-e" "RUST_BACKTRACE=full" "-e" "RUSTFLAGS=--cap-lints=warn" "-e" "RUSTDOCFLAGS=--cap-lints=warn" "-e" "CARGO_HOME=/opt/rustwide/cargo-home" "-e" "RUSTUP_HOME=/opt/rustwide/rustup-home" "-w" "/opt/rustwide/workdir" "-m" "1610612736" "--user" "0:0" "--network" "none" "ghcr.io/rust-lang/crates-build-env/linux@sha256:f3a9d4ad9d972b27faf3965f35b62e55ba32bbce8f20bc8fe909558a86702fde" "/opt/rustwide/cargo-home/bin/cargo" "+1.83.0" "test" "--frozen" "--no-run" "--message-format=json", kill_on_drop: false }`
[INFO] [stdout] 6feaafcaf2d48c7eede32e13f6e319bd7b4b2ab3bcdbea65a7b65de168a7c682
[INFO] running `Command { std: "docker" "start" "-a" "6feaafcaf2d48c7eede32e13f6e319bd7b4b2ab3bcdbea65a7b65de168a7c682", kill_on_drop: false }`
[INFO] [stderr]    Compiling bolt v0.1.0 (/opt/rustwide/workdir)
[INFO] [stdout] warning: unreachable pattern
[INFO] [stdout]   --> src/resolver.rs:46:13
[INFO] [stdout]    |
[INFO] [stdout] 46 |             _ => todo!(),
[INFO] [stdout]    |             ^ no value can reach this
[INFO] [stdout]    |
[INFO] [stdout] note: multiple earlier patterns match some of the same values
[INFO] [stdout]   --> src/resolver.rs:46:13
[INFO] [stdout]    |
[INFO] [stdout] 27 |               Stmt::Block { statements: _ } => self.resolve_block(stmt)?,
[INFO] [stdout]    |               ----------------------------- matches some of the same values
[INFO] [stdout] 28 | /             Stmt::Var {
[INFO] [stdout] 29 | |                 name: _,
[INFO] [stdout] 30 | |                 initializer: _,
[INFO] [stdout] 31 | |             } => self.resolve_var(stmt)?,
[INFO] [stdout]    | |_____________- matches some of the same values
[INFO] [stdout] 32 |               Stmt::Function { name: _, params: _, body: _ } => self.resolve_function(stmt)?,
[INFO] [stdout]    |               ---------------------------------------------- matches some of the same values
[INFO] [stdout] 33 |               Stmt::Expression { expression } => self.resolve_expr(expression)?,
[INFO] [stdout]    |               ------------------------------- matches some of the same values
[INFO] [stdout] ...
[INFO] [stdout] 46 |               _ => todo!(),
[INFO] [stdout]    |               ^ ...and 5 other patterns collectively make this unreachable
[INFO] [stdout]    = note: `#[warn(unreachable_patterns)]` on by default
[INFO] [stdout] 
[INFO] [stdout] 
[INFO] [stdout] warning: unreachable pattern
[INFO] [stdout]   --> src/resolver.rs:76:13
[INFO] [stdout]    |
[INFO] [stdout] 76 |             _ => todo!(),
[INFO] [stdout]    |             ^ no value can reach this
[INFO] [stdout]    |
[INFO] [stdout] note: multiple earlier patterns match some of the same values
[INFO] [stdout]   --> src/resolver.rs:76:13
[INFO] [stdout]    |
[INFO] [stdout] 53 |             Expr::Variable { name } => self.resolve_expr_var(expr),
[INFO] [stdout]    |             ----------------------- matches some of the same values
[INFO] [stdout] 54 |             Expr::Assign { name, value } => self.resolve_expr_assign(expr),
[INFO] [stdout]    |             ---------------------------- matches some of the same values
[INFO] [stdout] 55 |             Expr::Binary { left, operator, right } => {
[INFO] [stdout]    |             -------------------------------------- matches some of the same values
[INFO] [stdout] ...
[INFO] [stdout] 59 |             Expr::Call { callee, paren, arguments } => {
[INFO] [stdout]    |             --------------------------------------- matches some of the same values
[INFO] [stdout] ...
[INFO] [stdout] 76 |             _ => todo!(),
[INFO] [stdout]    |             ^ ...and 5 other patterns collectively make this unreachable
[INFO] [stdout] 
[INFO] [stdout] 
[INFO] [stdout] warning: unused `Result` that must be used
[INFO] [stdout]    --> src/scanner.rs:455:9
[INFO] [stdout]     |
[INFO] [stdout] 455 |         scanner.scan_tokens();
[INFO] [stdout]     |         ^^^^^^^^^^^^^^^^^^^^^
[INFO] [stdout]     |
[INFO] [stdout]     = note: this `Result` may be an `Err` variant, which should be handled
[INFO] [stdout]     = note: `#[warn(unused_must_use)]` on by default
[INFO] [stdout] help: use `let _ = ...` to ignore the resulting value
[INFO] [stdout]     |
[INFO] [stdout] 455 |         let _ = scanner.scan_tokens();
[INFO] [stdout]     |         +++++++
[INFO] [stdout] 
[INFO] [stdout] 
[INFO] [stdout] warning: unused `Result` that must be used
[INFO] [stdout]    --> src/scanner.rs:486:9
[INFO] [stdout]     |
[INFO] [stdout] 486 |         scanner.scan_tokens();
[INFO] [stdout]     |         ^^^^^^^^^^^^^^^^^^^^^
[INFO] [stdout]     |
[INFO] [stdout]     = note: this `Result` may be an `Err` variant, which should be handled
[INFO] [stdout] help: use `let _ = ...` to ignore the resulting value
[INFO] [stdout]     |
[INFO] [stdout] 486 |         let _ = scanner.scan_tokens();
[INFO] [stdout]     |         +++++++
[INFO] [stdout] 
[INFO] [stdout] 
[INFO] [stderr]     Finished `test` profile [unoptimized + debuginfo] target(s) in 1.72s
[INFO] running `Command { std: "docker" "inspect" "6feaafcaf2d48c7eede32e13f6e319bd7b4b2ab3bcdbea65a7b65de168a7c682", kill_on_drop: false }`
[INFO] running `Command { std: "docker" "rm" "-f" "6feaafcaf2d48c7eede32e13f6e319bd7b4b2ab3bcdbea65a7b65de168a7c682", kill_on_drop: false }`
[INFO] [stdout] 6feaafcaf2d48c7eede32e13f6e319bd7b4b2ab3bcdbea65a7b65de168a7c682
[INFO] running `Command { std: "docker" "create" "-v" "/var/lib/crater-agent-workspace/builds/worker-3-tc1/target:/opt/rustwide/target:rw,Z" "-v" "/var/lib/crater-agent-workspace/builds/worker-3-tc1/source:/opt/rustwide/workdir:ro,Z" "-v" "/var/lib/crater-agent-workspace/cargo-home:/opt/rustwide/cargo-home:ro,Z" "-v" "/var/lib/crater-agent-workspace/rustup-home:/opt/rustwide/rustup-home:ro,Z" "-e" "SOURCE_DIR=/opt/rustwide/workdir" "-e" "CARGO_TARGET_DIR=/opt/rustwide/target" "-e" "CARGO_INCREMENTAL=0" "-e" "RUST_BACKTRACE=full" "-e" "RUSTFLAGS=--cap-lints=warn" "-e" "RUSTDOCFLAGS=--cap-lints=warn" "-e" "CARGO_HOME=/opt/rustwide/cargo-home" "-e" "RUSTUP_HOME=/opt/rustwide/rustup-home" "-w" "/opt/rustwide/workdir" "-m" "1610612736" "--user" "0:0" "--network" "none" "ghcr.io/rust-lang/crates-build-env/linux@sha256:f3a9d4ad9d972b27faf3965f35b62e55ba32bbce8f20bc8fe909558a86702fde" "/opt/rustwide/cargo-home/bin/cargo" "+1.83.0" "test" "--frozen", kill_on_drop: false }`
[INFO] [stdout] e2255edfae3ee4a3a7e22778c60024727f44d976c1103c41c3c3d2bf8bf2004d
[INFO] running `Command { std: "docker" "start" "-a" "e2255edfae3ee4a3a7e22778c60024727f44d976c1103c41c3c3d2bf8bf2004d", kill_on_drop: false }`
[INFO] [stderr] warning: unreachable pattern
[INFO] [stderr]   --> src/resolver.rs:46:13
[INFO] [stderr]    |
[INFO] [stderr] 46 |             _ => todo!(),
[INFO] [stderr]    |             ^ no value can reach this
[INFO] [stderr]    |
[INFO] [stderr] note: multiple earlier patterns match some of the same values
[INFO] [stderr]   --> src/resolver.rs:46:13
[INFO] [stderr]    |
[INFO] [stderr] 27 |               Stmt::Block { statements: _ } => self.resolve_block(stmt)?,
[INFO] [stderr]    |               ----------------------------- matches some of the same values
[INFO] [stderr] 28 | /             Stmt::Var {
[INFO] [stderr] 29 | |                 name: _,
[INFO] [stderr] 30 | |                 initializer: _,
[INFO] [stderr] 31 | |             } => self.resolve_var(stmt)?,
[INFO] [stderr]    | |_____________- matches some of the same values
[INFO] [stderr] 32 |               Stmt::Function { name: _, params: _, body: _ } => self.resolve_function(stmt)?,
[INFO] [stderr]    |               ---------------------------------------------- matches some of the same values
[INFO] [stderr] 33 |               Stmt::Expression { expression } => self.resolve_expr(expression)?,
[INFO] [stderr]    |               ------------------------------- matches some of the same values
[INFO] [stderr] ...
[INFO] [stderr] 46 |               _ => todo!(),
[INFO] [stderr]    |               ^ ...and 5 other patterns collectively make this unreachable
[INFO] [stderr]    = note: `#[warn(unreachable_patterns)]` on by default
[INFO] [stderr] 
[INFO] [stderr] warning: unreachable pattern
[INFO] [stderr]   --> src/resolver.rs:76:13
[INFO] [stderr]    |
[INFO] [stderr] 76 |             _ => todo!(),
[INFO] [stderr]    |             ^ no value can reach this
[INFO] [stderr]    |
[INFO] [stderr] note: multiple earlier patterns match some of the same values
[INFO] [stderr]   --> src/resolver.rs:76:13
[INFO] [stderr]    |
[INFO] [stderr] 53 |             Expr::Variable { name } => self.resolve_expr_var(expr),
[INFO] [stderr]    |             ----------------------- matches some of the same values
[INFO] [stderr] 54 |             Expr::Assign { name, value } => self.resolve_expr_assign(expr),
[INFO] [stderr]    |             ---------------------------- matches some of the same values
[INFO] [stderr] 55 |             Expr::Binary { left, operator, right } => {
[INFO] [stderr]    |             -------------------------------------- matches some of the same values
[INFO] [stderr] ...
[INFO] [stderr] 59 |             Expr::Call { callee, paren, arguments } => {
[INFO] [stderr]    |             --------------------------------------- matches some of the same values
[INFO] [stderr] ...
[INFO] [stderr] 76 |             _ => todo!(),
[INFO] [stderr]    |             ^ ...and 5 other patterns collectively make this unreachable
[INFO] [stderr] 
[INFO] [stderr] warning: unused `Result` that must be used
[INFO] [stderr]    --> src/scanner.rs:455:9
[INFO] [stderr]     |
[INFO] [stderr] 455 |         scanner.scan_tokens();
[INFO] [stderr]     |         ^^^^^^^^^^^^^^^^^^^^^
[INFO] [stderr]     |
[INFO] [stderr]     = note: this `Result` may be an `Err` variant, which should be handled
[INFO] [stderr]     = note: `#[warn(unused_must_use)]` on by default
[INFO] [stderr] help: use `let _ = ...` to ignore the resulting value
[INFO] [stderr]     |
[INFO] [stderr] 455 |         let _ = scanner.scan_tokens();
[INFO] [stderr]     |         +++++++
[INFO] [stderr] 
[INFO] [stderr] warning: unused `Result` that must be used
[INFO] [stderr]    --> src/scanner.rs:486:9
[INFO] [stderr]     |
[INFO] [stderr] 486 |         scanner.scan_tokens();
[INFO] [stderr]     |         ^^^^^^^^^^^^^^^^^^^^^
[INFO] [stderr]     |
[INFO] [stderr]     = note: this `Result` may be an `Err` variant, which should be handled
[INFO] [stderr] help: use `let _ = ...` to ignore the resulting value
[INFO] [stderr]     |
[INFO] [stderr] 486 |         let _ = scanner.scan_tokens();
[INFO] [stderr]     |         +++++++
[INFO] [stderr] 
[INFO] [stderr] warning: `bolt` (bin "bolt" test) generated 4 warnings
[INFO] [stderr]     Finished `test` profile [unoptimized + debuginfo] target(s) in 0.02s
[INFO] [stderr]      Running unittests src/main.rs (/opt/rustwide/target/debug/deps/bolt-b6856d0c540154dc)
[INFO] [stdout] 
[INFO] [stdout] running 25 tests
[INFO] [stdout] test environment::tests::try_init ... ok
[INFO] [stdout] test expr::tests::pretty_print_ast ... ok
[INFO] [stdout] test parser::tests::test_addition ... ok
[INFO] [stdout] test parser::tests::test_comparison ... ok
[INFO] [stdout] test parser::tests::test_eq_with_paren ... ok
[INFO] [stdout] test scanner::tests::handle_one_char_tokens ... ok
[INFO] [stdout] test scanner::tests::get_identifier ... ok
[INFO] [stdout] test scanner::tests::handle_string_lit ... ok
[INFO] [stdout] test scanner::tests::handle_string_lit_multiline ... ok
[INFO] [stdout] test scanner::tests::handle_string_lit_unterminated ... ok
[INFO] [stdout] test scanner::tests::handle_two_char_tokens ... ok
[INFO] [stdout] test scanner::tests::number_literals ... ok
[INFO] [stdout] test tests::tests::interpret_fun_return ... ok
[INFO] [stdout] test tests::tests::interpret_for ... ok
[INFO] [stdout] test tests::tests::interpret_fun_local ... ok
[INFO] [stdout] test tests::tests::interpret_while ... ok
[INFO] [stdout] test tests::tests::interpret_fun_anon2 ... ok
[INFO] [stdout] test tests::tests::interpret_while_math ... ok
[INFO] [stdout] test tests::tests::interpret_fun_noreturn ... ok
[INFO] [stdout] test tests::tests::interpret_fun ... FAILED
[INFO] [stdout] test tests::tests::interpret_fun_condreturn ... ok
[INFO] [stdout] test tests::tests::interpret_block ... ok
[INFO] [stdout] test tests::tests::interpret_fun_verynested ... ok
[INFO] [stdout] test tests::tests::interpret_fun_anon ... ok
[INFO] [stdout] test tests::tests::interpret_fun_closure ... ok
[INFO] [stdout] 
[INFO] [stdout] failures:
[INFO] [stdout] 
[INFO] [stdout] ---- tests::tests::interpret_fun stdout ----
[INFO] [stdout] thread 'tests::tests::interpret_fun' panicked at src/tests/mod.rs:113:9:
[INFO] [stdout] assertion `left == right` failed: Output: ''
[INFO] [stdout]   left: 1
[INFO] [stdout]  right: 4
[INFO] [stdout] stack backtrace:
[INFO] [stdout]    0:     0x5c703669a57a - std::backtrace_rs::backtrace::libunwind::trace::h5a5b8284f2d0c266
[INFO] [stdout]                                at /rustc/90b35a6239c3d8bdabc530a6a0816f7ff89a0aaf/library/std/src/../../backtrace/src/backtrace/libunwind.rs:116:5
[INFO] [stdout]    1:     0x5c703669a57a - std::backtrace_rs::backtrace::trace_unsynchronized::h76d4f1c9b0b875e3
[INFO] [stdout]                                at /rustc/90b35a6239c3d8bdabc530a6a0816f7ff89a0aaf/library/std/src/../../backtrace/src/backtrace/mod.rs:66:5
[INFO] [stdout]    2:     0x5c703669a57a - std::sys::backtrace::_print_fmt::hc4546b8364a537c6
[INFO] [stdout]                                at /rustc/90b35a6239c3d8bdabc530a6a0816f7ff89a0aaf/library/std/src/sys/backtrace.rs:66:9
[INFO] [stdout]    3:     0x5c703669a57a - <std::sys::backtrace::BacktraceLock::print::DisplayBacktrace as core::fmt::Display>::fmt::h5b6bd5631a6d1f6b
[INFO] [stdout]                                at /rustc/90b35a6239c3d8bdabc530a6a0816f7ff89a0aaf/library/std/src/sys/backtrace.rs:39:26
[INFO] [stdout]    4:     0x5c70366c0e03 - core::fmt::rt::Argument::fmt::h270f6602a2b96f62
[INFO] [stdout]                                at /rustc/90b35a6239c3d8bdabc530a6a0816f7ff89a0aaf/library/core/src/fmt/rt.rs:177:76
[INFO] [stdout]    5:     0x5c70366c0e03 - core::fmt::write::h7550c97b06c86515
[INFO] [stdout]                                at /rustc/90b35a6239c3d8bdabc530a6a0816f7ff89a0aaf/library/core/src/fmt/mod.rs:1186:21
[INFO] [stdout]    6:     0x5c7036697743 - std::io::Write::write_fmt::h509ff860e5956e5e
[INFO] [stdout]                                at /rustc/90b35a6239c3d8bdabc530a6a0816f7ff89a0aaf/library/std/src/io/mod.rs:1839:15
[INFO] [stdout]    7:     0x5c703669a3c2 - std::sys::backtrace::BacktraceLock::print::h2395ccd2c84ba3aa
[INFO] [stdout]                                at /rustc/90b35a6239c3d8bdabc530a6a0816f7ff89a0aaf/library/std/src/sys/backtrace.rs:42:9
[INFO] [stdout]    8:     0x5c703669b9da - std::panicking::default_hook::{{closure}}::he19d4c7230e07961
[INFO] [stdout]                                at /rustc/90b35a6239c3d8bdabc530a6a0816f7ff89a0aaf/library/std/src/panicking.rs:268:22
[INFO] [stdout]    9:     0x5c703669b7e4 - std::panicking::default_hook::hf614597d3c67bbdb
[INFO] [stdout]                                at /rustc/90b35a6239c3d8bdabc530a6a0816f7ff89a0aaf/library/std/src/panicking.rs:292:9
[INFO] [stdout]   10:     0x5c70366670c9 - <alloc::boxed::Box<F,A> as core::ops::function::Fn<Args>>::call::h39b51ce4599c23d1
[INFO] [stdout]                                at /rustc/90b35a6239c3d8bdabc530a6a0816f7ff89a0aaf/library/alloc/src/boxed.rs:2468:9
[INFO] [stdout]   11:     0x5c70366670c9 - test::test_main::{{closure}}::he977ae839a582784
[INFO] [stdout]                                at /rustc/90b35a6239c3d8bdabc530a6a0816f7ff89a0aaf/library/test/src/lib.rs:133:21
[INFO] [stdout]   12:     0x5c703669c078 - <alloc::boxed::Box<F,A> as core::ops::function::Fn<Args>>::call::h9455091b6b06f9fb
[INFO] [stdout]                                at /rustc/90b35a6239c3d8bdabc530a6a0816f7ff89a0aaf/library/alloc/src/boxed.rs:2468:9
[INFO] [stdout]   13:     0x5c703669c078 - std::panicking::rust_panic_with_hook::h8942133a8b252070
[INFO] [stdout]                                at /rustc/90b35a6239c3d8bdabc530a6a0816f7ff89a0aaf/library/std/src/panicking.rs:809:13
[INFO] [stdout]   14:     0x5c703669be3a - std::panicking::begin_panic_handler::{{closure}}::hb5f5963570096b29
[INFO] [stdout]                                at /rustc/90b35a6239c3d8bdabc530a6a0816f7ff89a0aaf/library/std/src/panicking.rs:674:13
[INFO] [stdout]   15:     0x5c703669aa59 - std::sys::backtrace::__rust_end_short_backtrace::h6208cedc1922feda
[INFO] [stdout]                                at /rustc/90b35a6239c3d8bdabc530a6a0816f7ff89a0aaf/library/std/src/sys/backtrace.rs:170:18
[INFO] [stdout]   16:     0x5c703669bacc - rust_begin_unwind
[INFO] [stdout]                                at /rustc/90b35a6239c3d8bdabc530a6a0816f7ff89a0aaf/library/std/src/panicking.rs:665:5
[INFO] [stdout]   17:     0x5c70365f8a60 - core::panicking::panic_fmt::h0c3082644d1bf418
[INFO] [stdout]                                at /rustc/90b35a6239c3d8bdabc530a6a0816f7ff89a0aaf/library/core/src/panicking.rs:74:14
[INFO] [stdout]   18:     0x5c70365f8e2b - core::panicking::assert_failed_inner::h2ddf1fcc067fa858
[INFO] [stdout]   19:     0x5c7036618016 - core::panicking::assert_failed::heaf17fdaab6f3719
[INFO] [stdout]                                at /rustc/90b35a6239c3d8bdabc530a6a0816f7ff89a0aaf/library/core/src/panicking.rs:367:5
[INFO] [stdout]   20:     0x5c7036605730 - bolt::tests::tests::interpret_fun::h0077a74aa187a4a0
[INFO] [stdout]                                at /opt/rustwide/workdir/src/tests/mod.rs:113:9
[INFO] [stdout]   21:     0x5c7036605217 - bolt::tests::tests::interpret_fun::{{closure}}::he76cccf1f7b5c48e
[INFO] [stdout]                                at /opt/rustwide/workdir/src/tests/mod.rs:101:23
[INFO] [stdout]   22:     0x5c7036615286 - core::ops::function::FnOnce::call_once::h5ff62ddac1cb18b7
[INFO] [stdout]                                at /rustc/90b35a6239c3d8bdabc530a6a0816f7ff89a0aaf/library/core/src/ops/function.rs:250:5
[INFO] [stdout]   23:     0x5c703666ba8b - core::ops::function::FnOnce::call_once::h109cf8051a59b34e
[INFO] [stdout]                                at /rustc/90b35a6239c3d8bdabc530a6a0816f7ff89a0aaf/library/core/src/ops/function.rs:250:5
[INFO] [stdout]   24:     0x5c703666ba8b - test::__rust_begin_short_backtrace::hf4fff89d377446ba
[INFO] [stdout]                                at /rustc/90b35a6239c3d8bdabc530a6a0816f7ff89a0aaf/library/test/src/lib.rs:621:18
[INFO] [stdout]   25:     0x5c703666b2c7 - test::run_test_in_process::{{closure}}::h0e39181dd7ee5a43
[INFO] [stdout]                                at /rustc/90b35a6239c3d8bdabc530a6a0816f7ff89a0aaf/library/test/src/lib.rs:644:60
[INFO] [stdout]   26:     0x5c703666b2c7 - <core::panic::unwind_safe::AssertUnwindSafe<F> as core::ops::function::FnOnce<()>>::call_once::hc5a66a30f0bdfd1f
[INFO] [stdout]                                at /rustc/90b35a6239c3d8bdabc530a6a0816f7ff89a0aaf/library/core/src/panic/unwind_safe.rs:272:9
[INFO] [stdout]   27:     0x5c703666b2c7 - std::panicking::try::do_call::h873b7cf639554a5e
[INFO] [stdout]                                at /rustc/90b35a6239c3d8bdabc530a6a0816f7ff89a0aaf/library/std/src/panicking.rs:557:40
[INFO] [stdout]   28:     0x5c703666b2c7 - std::panicking::try::hdb19862fad9c8bd1
[INFO] [stdout]                                at /rustc/90b35a6239c3d8bdabc530a6a0816f7ff89a0aaf/library/std/src/panicking.rs:520:19
[INFO] [stdout]   29:     0x5c703666b2c7 - std::panic::catch_unwind::h281fe732d236d260
[INFO] [stdout]                                at /rustc/90b35a6239c3d8bdabc530a6a0816f7ff89a0aaf/library/std/src/panic.rs:358:14
[INFO] [stdout]   30:     0x5c703666b2c7 - test::run_test_in_process::h949b6df8457ed338
[INFO] [stdout]                                at /rustc/90b35a6239c3d8bdabc530a6a0816f7ff89a0aaf/library/test/src/lib.rs:644:27
[INFO] [stdout]   31:     0x5c703666b2c7 - test::run_test::{{closure}}::h52c556a6d4740e10
[INFO] [stdout]                                at /rustc/90b35a6239c3d8bdabc530a6a0816f7ff89a0aaf/library/test/src/lib.rs:565:43
[INFO] [stdout]   32:     0x5c70366305a4 - test::run_test::{{closure}}::h4237f6381c45ccb9
[INFO] [stdout]                                at /rustc/90b35a6239c3d8bdabc530a6a0816f7ff89a0aaf/library/test/src/lib.rs:595:41
[INFO] [stdout]   33:     0x5c70366305a4 - std::sys::backtrace::__rust_begin_short_backtrace::h505c97a579eca628
[INFO] [stdout]                                at /rustc/90b35a6239c3d8bdabc530a6a0816f7ff89a0aaf/library/std/src/sys/backtrace.rs:154:18
[INFO] [stdout]   34:     0x5c7036633c6e - std::thread::Builder::spawn_unchecked_::{{closure}}::{{closure}}::h9e86b2e2bc107ea3
[INFO] [stdout]                                at /rustc/90b35a6239c3d8bdabc530a6a0816f7ff89a0aaf/library/std/src/thread/mod.rs:538:17
[INFO] [stdout]   35:     0x5c7036633c6e - <core::panic::unwind_safe::AssertUnwindSafe<F> as core::ops::function::FnOnce<()>>::call_once::h8b06ddb275ff4a25
[INFO] [stdout]                                at /rustc/90b35a6239c3d8bdabc530a6a0816f7ff89a0aaf/library/core/src/panic/unwind_safe.rs:272:9
[INFO] [stdout]   36:     0x5c7036633c6e - std::panicking::try::do_call::hb26ecd7cd9a9355d
[INFO] [stdout]                                at /rustc/90b35a6239c3d8bdabc530a6a0816f7ff89a0aaf/library/std/src/panicking.rs:557:40
[INFO] [stdout]   37:     0x5c7036633c6e - std::panicking::try::h8ddeca9d705f9069
[INFO] [stdout]                                at /rustc/90b35a6239c3d8bdabc530a6a0816f7ff89a0aaf/library/std/src/panicking.rs:520:19
[INFO] [stdout]   38:     0x5c7036633c6e - std::panic::catch_unwind::h49e1c33078844c46
[INFO] [stdout]                                at /rustc/90b35a6239c3d8bdabc530a6a0816f7ff89a0aaf/library/std/src/panic.rs:358:14
[INFO] [stdout]   39:     0x5c7036633c6e - std::thread::Builder::spawn_unchecked_::{{closure}}::h6073db6ff56ad35d
[INFO] [stdout]                                at /rustc/90b35a6239c3d8bdabc530a6a0816f7ff89a0aaf/library/std/src/thread/mod.rs:537:30
[INFO] [stdout]   40:     0x5c7036633c6e - core::ops::function::FnOnce::call_once{{vtable.shim}}::h2c5a5f3779c774f1
[INFO] [stdout]                                at /rustc/90b35a6239c3d8bdabc530a6a0816f7ff89a0aaf/library/core/src/ops/function.rs:250:5
[INFO] [stdout]   41:     0x5c703669febb - <alloc::boxed::Box<F,A> as core::ops::function::FnOnce<Args>>::call_once::hf75717d9f28faebf
[INFO] [stdout]                                at /rustc/90b35a6239c3d8bdabc530a6a0816f7ff89a0aaf/library/alloc/src/boxed.rs:2454:9
[INFO] [stdout]   42:     0x5c703669febb - <alloc::boxed::Box<F,A> as core::ops::function::FnOnce<Args>>::call_once::h7bd883a5f3c5f3c1
[INFO] [stdout]                                at /rustc/90b35a6239c3d8bdabc530a6a0816f7ff89a0aaf/library/alloc/src/boxed.rs:2454:9
[INFO] [stdout]   43:     0x5c703669febb - std::sys::pal::unix::thread::Thread::new::thread_start::hcc78f3943333fa94
[INFO] [stdout]                                at /rustc/90b35a6239c3d8bdabc530a6a0816f7ff89a0aaf/library/std/src/sys/pal/unix/thread.rs:105:17
[INFO] [stdout]   44:     0x79b093714ac3 - <unknown>
[INFO] [stdout]   45:     0x79b0937a5a04 - clone
[INFO] [stdout]   46:                0x0 - <unknown>
[INFO] [stdout] 
[INFO] [stdout] 
[INFO] [stdout] failures:
[INFO] [stdout]     tests::tests::interpret_fun
[INFO] [stdout] 
[INFO] [stdout] test result: FAILED. 24 passed; 1 failed; 0 ignored; 0 measured; 0 filtered out; finished in 0.61s
[INFO] [stdout] 
[INFO] [stderr] error: test failed, to rerun pass `--bin bolt`
[INFO] running `Command { std: "docker" "inspect" "e2255edfae3ee4a3a7e22778c60024727f44d976c1103c41c3c3d2bf8bf2004d", kill_on_drop: false }`
[INFO] running `Command { std: "docker" "rm" "-f" "e2255edfae3ee4a3a7e22778c60024727f44d976c1103c41c3c3d2bf8bf2004d", kill_on_drop: false }`
[INFO] [stdout] e2255edfae3ee4a3a7e22778c60024727f44d976c1103c41c3c3d2bf8bf2004d
