[INFO] cloning repository https://github.com/necrosovereign/monty_carlos
[INFO] running `Command { std: "git" "-c" "credential.helper=" "-c" "credential.helper=/workspace/cargo-home/bin/git-credential-null" "clone" "--bare" "https://github.com/necrosovereign/monty_carlos" "/workspace/cache/git-repos/https%3A%2F%2Fgithub.com%2Fnecrosovereign%2Fmonty_carlos", kill_on_drop: false }`
[INFO] [stderr] Cloning into bare repository '/workspace/cache/git-repos/https%3A%2F%2Fgithub.com%2Fnecrosovereign%2Fmonty_carlos'...
[INFO] running `Command { std: "git" "rev-parse" "HEAD", kill_on_drop: false }`
[INFO] [stdout] 7514356f9c332b8684d934e06fc225412427735a
[INFO] testing necrosovereign/monty_carlos against 1.83.0 for beta-1.84.0-4-retry
[INFO] running `Command { std: "git" "clone" "/workspace/cache/git-repos/https%3A%2F%2Fgithub.com%2Fnecrosovereign%2Fmonty_carlos" "/workspace/builds/worker-5-tc1/source", kill_on_drop: false }`
[INFO] [stderr] Cloning into '/workspace/builds/worker-5-tc1/source'...
[INFO] [stderr] done.
[INFO] validating manifest of git repo https://github.com/necrosovereign/monty_carlos on toolchain 1.83.0
[INFO] running `Command { std: CARGO_HOME="/workspace/cargo-home" RUSTUP_HOME="/workspace/rustup-home" "/workspace/cargo-home/bin/cargo" "+1.83.0" "metadata" "--manifest-path" "Cargo.toml" "--no-deps", kill_on_drop: false }`
[INFO] started tweaking git repo https://github.com/necrosovereign/monty_carlos
[INFO] finished tweaking git repo https://github.com/necrosovereign/monty_carlos
[INFO] tweaked toml for git repo https://github.com/necrosovereign/monty_carlos written to /workspace/builds/worker-5-tc1/source/Cargo.toml
[INFO] crate git repo https://github.com/necrosovereign/monty_carlos already has a lockfile, it will not be regenerated
[INFO] running `Command { std: CARGO_HOME="/workspace/cargo-home" RUSTUP_HOME="/workspace/rustup-home" "/workspace/cargo-home/bin/cargo" "+1.83.0" "fetch" "--manifest-path" "Cargo.toml", kill_on_drop: false }`
[INFO] running `Command { std: "docker" "create" "-v" "/var/lib/crater-agent-workspace/builds/worker-5-tc1/target:/opt/rustwide/target:rw,Z" "-v" "/var/lib/crater-agent-workspace/builds/worker-5-tc1/source:/opt/rustwide/workdir:ro,Z" "-v" "/var/lib/crater-agent-workspace/cargo-home:/opt/rustwide/cargo-home:ro,Z" "-v" "/var/lib/crater-agent-workspace/rustup-home:/opt/rustwide/rustup-home:ro,Z" "-e" "SOURCE_DIR=/opt/rustwide/workdir" "-e" "CARGO_TARGET_DIR=/opt/rustwide/target" "-e" "CARGO_HOME=/opt/rustwide/cargo-home" "-e" "RUSTUP_HOME=/opt/rustwide/rustup-home" "-w" "/opt/rustwide/workdir" "-m" "1610612736" "--user" "0:0" "--network" "none" "ghcr.io/rust-lang/crates-build-env/linux@sha256:f3a9d4ad9d972b27faf3965f35b62e55ba32bbce8f20bc8fe909558a86702fde" "/opt/rustwide/cargo-home/bin/cargo" "+1.83.0" "metadata" "--no-deps" "--format-version=1", kill_on_drop: false }`
[INFO] [stdout] 60ff60a371c36077e1d96ebb9c01fd621c6649f5f58bbd80464e94f34b293f8f
[INFO] running `Command { std: "docker" "start" "-a" "60ff60a371c36077e1d96ebb9c01fd621c6649f5f58bbd80464e94f34b293f8f", kill_on_drop: false }`
[INFO] running `Command { std: "docker" "inspect" "60ff60a371c36077e1d96ebb9c01fd621c6649f5f58bbd80464e94f34b293f8f", kill_on_drop: false }`
[INFO] running `Command { std: "docker" "rm" "-f" "60ff60a371c36077e1d96ebb9c01fd621c6649f5f58bbd80464e94f34b293f8f", kill_on_drop: false }`
[INFO] [stdout] 60ff60a371c36077e1d96ebb9c01fd621c6649f5f58bbd80464e94f34b293f8f
[INFO] running `Command { std: "docker" "create" "-v" "/var/lib/crater-agent-workspace/builds/worker-5-tc1/target:/opt/rustwide/target:rw,Z" "-v" "/var/lib/crater-agent-workspace/builds/worker-5-tc1/source:/opt/rustwide/workdir:ro,Z" "-v" "/var/lib/crater-agent-workspace/cargo-home:/opt/rustwide/cargo-home:ro,Z" "-v" "/var/lib/crater-agent-workspace/rustup-home:/opt/rustwide/rustup-home:ro,Z" "-e" "SOURCE_DIR=/opt/rustwide/workdir" "-e" "CARGO_TARGET_DIR=/opt/rustwide/target" "-e" "CARGO_INCREMENTAL=0" "-e" "RUST_BACKTRACE=full" "-e" "RUSTFLAGS=--cap-lints=warn" "-e" "RUSTDOCFLAGS=--cap-lints=warn" "-e" "CARGO_HOME=/opt/rustwide/cargo-home" "-e" "RUSTUP_HOME=/opt/rustwide/rustup-home" "-w" "/opt/rustwide/workdir" "-m" "1610612736" "--user" "0:0" "--network" "none" "ghcr.io/rust-lang/crates-build-env/linux@sha256:f3a9d4ad9d972b27faf3965f35b62e55ba32bbce8f20bc8fe909558a86702fde" "/opt/rustwide/cargo-home/bin/cargo" "+1.83.0" "build" "--frozen" "--message-format=json", kill_on_drop: false }`
[INFO] [stdout] d14a635463d756ba8871dc8ff816ec2dbb464e5114248beb7cbedc20f3404448
[INFO] running `Command { std: "docker" "start" "-a" "d14a635463d756ba8871dc8ff816ec2dbb464e5114248beb7cbedc20f3404448", kill_on_drop: false }`
[INFO] [stderr]    Compiling autocfg v1.1.0
[INFO] [stderr]    Compiling libm v0.2.8
[INFO] [stderr]    Compiling libc v0.2.153
[INFO] [stderr]    Compiling cfg-if v1.0.0
[INFO] [stderr]    Compiling proc-macro2 v1.0.78
[INFO] [stderr]    Compiling unicode-ident v1.0.12
[INFO] [stderr]    Compiling paste v1.0.14
[INFO] [stderr]    Compiling bytemuck v1.14.3
[INFO] [stderr]    Compiling ppv-lite86 v0.2.17
[INFO] [stderr]    Compiling syn v1.0.109
[INFO] [stderr]    Compiling safe_arch v0.7.1
[INFO] [stderr]    Compiling num-traits v0.2.18
[INFO] [stderr]    Compiling num-rational v0.4.1
[INFO] [stderr]    Compiling matrixmultiply v0.3.8
[INFO] [stderr]    Compiling typenum v1.17.0
[INFO] [stderr]    Compiling wide v0.7.15
[INFO] [stderr]    Compiling rawpointer v0.2.1
[INFO] [stderr]    Compiling quote v1.0.35
[INFO] [stderr]    Compiling lazy_static v1.4.0
[INFO] [stderr]    Compiling getrandom v0.2.12
[INFO] [stderr]    Compiling rand_core v0.6.4
[INFO] [stderr]    Compiling rand_chacha v0.3.1
[INFO] [stderr]    Compiling rand v0.8.5
[INFO] [stderr]    Compiling approx v0.5.1
[INFO] [stderr]    Compiling num-complex v0.4.5
[INFO] [stderr]    Compiling num-integer v0.1.46
[INFO] [stderr]    Compiling simba v0.6.0
[INFO] [stderr]    Compiling rand_distr v0.4.3
[INFO] [stderr]    Compiling nalgebra-macros v0.1.0
[INFO] [stderr]    Compiling nalgebra v0.29.0
[INFO] [stderr]    Compiling statrs v0.16.0
[INFO] [stderr]    Compiling monty_carlos v0.3.0 (/opt/rustwide/workdir)
[INFO] [stderr]     Finished `dev` profile [unoptimized + debuginfo] target(s) in 33.38s
[INFO] running `Command { std: "docker" "inspect" "d14a635463d756ba8871dc8ff816ec2dbb464e5114248beb7cbedc20f3404448", kill_on_drop: false }`
[INFO] running `Command { std: "docker" "rm" "-f" "d14a635463d756ba8871dc8ff816ec2dbb464e5114248beb7cbedc20f3404448", kill_on_drop: false }`
[INFO] [stdout] d14a635463d756ba8871dc8ff816ec2dbb464e5114248beb7cbedc20f3404448
[INFO] running `Command { std: "docker" "create" "-v" "/var/lib/crater-agent-workspace/builds/worker-5-tc1/target:/opt/rustwide/target:rw,Z" "-v" "/var/lib/crater-agent-workspace/builds/worker-5-tc1/source:/opt/rustwide/workdir:ro,Z" "-v" "/var/lib/crater-agent-workspace/cargo-home:/opt/rustwide/cargo-home:ro,Z" "-v" "/var/lib/crater-agent-workspace/rustup-home:/opt/rustwide/rustup-home:ro,Z" "-e" "SOURCE_DIR=/opt/rustwide/workdir" "-e" "CARGO_TARGET_DIR=/opt/rustwide/target" "-e" "CARGO_INCREMENTAL=0" "-e" "RUST_BACKTRACE=full" "-e" "RUSTFLAGS=--cap-lints=warn" "-e" "RUSTDOCFLAGS=--cap-lints=warn" "-e" "CARGO_HOME=/opt/rustwide/cargo-home" "-e" "RUSTUP_HOME=/opt/rustwide/rustup-home" "-w" "/opt/rustwide/workdir" "-m" "1610612736" "--user" "0:0" "--network" "none" "ghcr.io/rust-lang/crates-build-env/linux@sha256:f3a9d4ad9d972b27faf3965f35b62e55ba32bbce8f20bc8fe909558a86702fde" "/opt/rustwide/cargo-home/bin/cargo" "+1.83.0" "test" "--frozen" "--no-run" "--message-format=json", kill_on_drop: false }`
[INFO] [stdout] 9015ddec5e97665c90ee6c313ee730724d25d2abf3670baedb81ebc43ab1c3f0
[INFO] running `Command { std: "docker" "start" "-a" "9015ddec5e97665c90ee6c313ee730724d25d2abf3670baedb81ebc43ab1c3f0", kill_on_drop: false }`
[INFO] [stderr]    Compiling rand_distr v0.4.3
[INFO] [stderr]    Compiling nalgebra v0.29.0
[INFO] [stderr]    Compiling statrs v0.16.0
[INFO] [stderr]    Compiling monty_carlos v0.3.0 (/opt/rustwide/workdir)
[INFO] [stderr]     Finished `test` profile [unoptimized + debuginfo] target(s) in 11.48s
[INFO] running `Command { std: "docker" "inspect" "9015ddec5e97665c90ee6c313ee730724d25d2abf3670baedb81ebc43ab1c3f0", kill_on_drop: false }`
[INFO] running `Command { std: "docker" "rm" "-f" "9015ddec5e97665c90ee6c313ee730724d25d2abf3670baedb81ebc43ab1c3f0", kill_on_drop: false }`
[INFO] [stdout] 9015ddec5e97665c90ee6c313ee730724d25d2abf3670baedb81ebc43ab1c3f0
[INFO] running `Command { std: "docker" "create" "-v" "/var/lib/crater-agent-workspace/builds/worker-5-tc1/target:/opt/rustwide/target:rw,Z" "-v" "/var/lib/crater-agent-workspace/builds/worker-5-tc1/source:/opt/rustwide/workdir:ro,Z" "-v" "/var/lib/crater-agent-workspace/cargo-home:/opt/rustwide/cargo-home:ro,Z" "-v" "/var/lib/crater-agent-workspace/rustup-home:/opt/rustwide/rustup-home:ro,Z" "-e" "SOURCE_DIR=/opt/rustwide/workdir" "-e" "CARGO_TARGET_DIR=/opt/rustwide/target" "-e" "CARGO_INCREMENTAL=0" "-e" "RUST_BACKTRACE=full" "-e" "RUSTFLAGS=--cap-lints=warn" "-e" "RUSTDOCFLAGS=--cap-lints=warn" "-e" "CARGO_HOME=/opt/rustwide/cargo-home" "-e" "RUSTUP_HOME=/opt/rustwide/rustup-home" "-w" "/opt/rustwide/workdir" "-m" "1610612736" "--user" "0:0" "--network" "none" "ghcr.io/rust-lang/crates-build-env/linux@sha256:f3a9d4ad9d972b27faf3965f35b62e55ba32bbce8f20bc8fe909558a86702fde" "/opt/rustwide/cargo-home/bin/cargo" "+1.83.0" "test" "--frozen", kill_on_drop: false }`
[INFO] [stdout] 0a46cb047e9389915beb550fa38a18fd5e8bdfb26ace9013f97151b07b96d043
[INFO] running `Command { std: "docker" "start" "-a" "0a46cb047e9389915beb550fa38a18fd5e8bdfb26ace9013f97151b07b96d043", kill_on_drop: false }`
[INFO] [stderr]     Finished `test` profile [unoptimized + debuginfo] target(s) in 0.05s
[INFO] [stderr]      Running unittests src/lib.rs (/opt/rustwide/target/debug/deps/monty_carlos-b5f7718f923c80e4)
[INFO] [stdout] 
[INFO] [stdout] running 0 tests
[INFO] [stdout] 
[INFO] [stdout] test result: ok. 0 passed; 0 failed; 0 ignored; 0 measured; 0 filtered out; finished in 0.00s
[INFO] [stdout] 
[INFO] [stderr]    Doc-tests monty_carlos
[INFO] [stdout] 
[INFO] [stdout] running 2 tests
[INFO] [stdout] test src/lib.rs - (line 30) ... FAILED
[INFO] [stdout] test src/lib.rs - (line 100) ... FAILED
[INFO] [stdout] 
[INFO] [stdout] failures:
[INFO] [stdout] 
[INFO] [stdout] ---- src/lib.rs - (line 30) stdout ----
[INFO] [stdout] error[E0049]: method `generate` has 1 type parameter but its trait declaration has 0 type parameters
[INFO] [stdout]   --> src/lib.rs:65:38
[INFO] [stdout]    |
[INFO] [stdout] 38 |     fn generate(&mut self, rng: &mut impl Rng) {
[INFO] [stdout]    |                                      ^^^^^^^^
[INFO] [stdout]    |                                      |
[INFO] [stdout]    |                                      found 1 type parameter
[INFO] [stdout]    |                                      `impl Trait` introduces an implicit type parameter
[INFO] [stdout]    |
[INFO] [stdout]   ::: /opt/rustwide/workdir/src/sample.rs:39:5
[INFO] [stdout]    |
[INFO] [stdout] 39 |     fn generate(&mut self, rng: &mut dyn rand::RngCore);
[INFO] [stdout]    |     ---------------------------------------------------- expected 0 type parameters
[INFO] [stdout] 
[INFO] [stdout] error: aborting due to 1 previous error
[INFO] [stdout] 
[INFO] [stdout] For more information about this error, try `rustc --explain E0049`.
[INFO] [stdout] Couldn't compile the test.
[INFO] [stdout] ---- src/lib.rs - (line 100) stdout ----
[INFO] [stdout] error[E0049]: method `generate` has 1 type parameter but its trait declaration has 0 type parameters
[INFO] [stdout]   --> src/lib.rs:123:38
[INFO] [stdout]    |
[INFO] [stdout] 26 |     fn generate(&mut self, rng: &mut impl Rng) {
[INFO] [stdout]    |                                      ^^^^^^^^
[INFO] [stdout]    |                                      |
[INFO] [stdout]    |                                      found 1 type parameter
[INFO] [stdout]    |                                      `impl Trait` introduces an implicit type parameter
[INFO] [stdout]    |
[INFO] [stdout]   ::: /opt/rustwide/workdir/src/sample.rs:39:5
[INFO] [stdout]    |
[INFO] [stdout] 39 |     fn generate(&mut self, rng: &mut dyn rand::RngCore);
[INFO] [stdout]    |     ---------------------------------------------------- expected 0 type parameters
[INFO] [stdout] 
[INFO] [stdout] error: aborting due to 1 previous error
[INFO] [stdout] 
[INFO] [stdout] For more information about this error, try `rustc --explain E0049`.
[INFO] [stdout] Couldn't compile the test.
[INFO] [stdout] 
[INFO] [stdout] failures:
[INFO] [stdout]     src/lib.rs - (line 100)
[INFO] [stdout]     src/lib.rs - (line 30)
[INFO] [stdout] 
[INFO] [stdout] test result: FAILED. 0 passed; 2 failed; 0 ignored; 0 measured; 0 filtered out; finished in 0.09s
[INFO] [stdout] 
[INFO] [stderr] error: doctest failed, to rerun pass `--doc`
[INFO] running `Command { std: "docker" "inspect" "0a46cb047e9389915beb550fa38a18fd5e8bdfb26ace9013f97151b07b96d043", kill_on_drop: false }`
[INFO] running `Command { std: "docker" "rm" "-f" "0a46cb047e9389915beb550fa38a18fd5e8bdfb26ace9013f97151b07b96d043", kill_on_drop: false }`
[INFO] [stdout] 0a46cb047e9389915beb550fa38a18fd5e8bdfb26ace9013f97151b07b96d043
