[INFO] cloning repository https://github.com/natasria/rusty_themy
[INFO] running `Command { std: "git" "-c" "credential.helper=" "-c" "credential.helper=/workspace/cargo-home/bin/git-credential-null" "clone" "--bare" "https://github.com/natasria/rusty_themy" "/workspace/cache/git-repos/https%3A%2F%2Fgithub.com%2Fnatasria%2Frusty_themy", kill_on_drop: false }`
[INFO] [stderr] Cloning into bare repository '/workspace/cache/git-repos/https%3A%2F%2Fgithub.com%2Fnatasria%2Frusty_themy'...
[INFO] running `Command { std: "git" "rev-parse" "HEAD", kill_on_drop: false }`
[INFO] [stdout] c358537dc2edbc5ee28de0f489f503d95f629269
[INFO] testing natasria/rusty_themy against 1.83.0 for beta-1.84.0-4-retry
[INFO] running `Command { std: "git" "clone" "/workspace/cache/git-repos/https%3A%2F%2Fgithub.com%2Fnatasria%2Frusty_themy" "/workspace/builds/worker-5-tc1/source", kill_on_drop: false }`
[INFO] [stderr] Cloning into '/workspace/builds/worker-5-tc1/source'...
[INFO] [stderr] done.
[INFO] validating manifest of git repo https://github.com/natasria/rusty_themy on toolchain 1.83.0
[INFO] running `Command { std: CARGO_HOME="/workspace/cargo-home" RUSTUP_HOME="/workspace/rustup-home" "/workspace/cargo-home/bin/cargo" "+1.83.0" "metadata" "--manifest-path" "Cargo.toml" "--no-deps", kill_on_drop: false }`
[INFO] started tweaking git repo https://github.com/natasria/rusty_themy
[INFO] finished tweaking git repo https://github.com/natasria/rusty_themy
[INFO] tweaked toml for git repo https://github.com/natasria/rusty_themy written to /workspace/builds/worker-5-tc1/source/Cargo.toml
[INFO] crate git repo https://github.com/natasria/rusty_themy already has a lockfile, it will not be regenerated
[INFO] running `Command { std: CARGO_HOME="/workspace/cargo-home" RUSTUP_HOME="/workspace/rustup-home" "/workspace/cargo-home/bin/cargo" "+1.83.0" "fetch" "--manifest-path" "Cargo.toml", kill_on_drop: false }`
[INFO] [stderr]  Downloading crates ...
[INFO] [stderr]   Downloaded dark-light v1.0.0
[INFO] [stderr]   Downloaded lightningcss-derive v1.0.0-alpha.37
[INFO] [stderr]   Downloaded parcel_selectors v0.25.1
[INFO] [stderr]   Downloaded lightningcss v1.0.0-alpha.40
[INFO] running `Command { std: "docker" "create" "-v" "/var/lib/crater-agent-workspace/builds/worker-5-tc1/target:/opt/rustwide/target:rw,Z" "-v" "/var/lib/crater-agent-workspace/builds/worker-5-tc1/source:/opt/rustwide/workdir:ro,Z" "-v" "/var/lib/crater-agent-workspace/cargo-home:/opt/rustwide/cargo-home:ro,Z" "-v" "/var/lib/crater-agent-workspace/rustup-home:/opt/rustwide/rustup-home:ro,Z" "-e" "SOURCE_DIR=/opt/rustwide/workdir" "-e" "CARGO_TARGET_DIR=/opt/rustwide/target" "-e" "CARGO_HOME=/opt/rustwide/cargo-home" "-e" "RUSTUP_HOME=/opt/rustwide/rustup-home" "-w" "/opt/rustwide/workdir" "-m" "1610612736" "--user" "0:0" "--network" "none" "ghcr.io/rust-lang/crates-build-env/linux@sha256:f3a9d4ad9d972b27faf3965f35b62e55ba32bbce8f20bc8fe909558a86702fde" "/opt/rustwide/cargo-home/bin/cargo" "+1.83.0" "metadata" "--no-deps" "--format-version=1", kill_on_drop: false }`
[INFO] [stdout] ddf056949c2ea1f525b2aa5ea9c6a5f8b86d788ae26da16c2c4cc3cde3140b97
[INFO] running `Command { std: "docker" "start" "-a" "ddf056949c2ea1f525b2aa5ea9c6a5f8b86d788ae26da16c2c4cc3cde3140b97", kill_on_drop: false }`
[INFO] running `Command { std: "docker" "inspect" "ddf056949c2ea1f525b2aa5ea9c6a5f8b86d788ae26da16c2c4cc3cde3140b97", kill_on_drop: false }`
[INFO] running `Command { std: "docker" "rm" "-f" "ddf056949c2ea1f525b2aa5ea9c6a5f8b86d788ae26da16c2c4cc3cde3140b97", kill_on_drop: false }`
[INFO] [stdout] ddf056949c2ea1f525b2aa5ea9c6a5f8b86d788ae26da16c2c4cc3cde3140b97
[INFO] running `Command { std: "docker" "create" "-v" "/var/lib/crater-agent-workspace/builds/worker-5-tc1/target:/opt/rustwide/target:rw,Z" "-v" "/var/lib/crater-agent-workspace/builds/worker-5-tc1/source:/opt/rustwide/workdir:ro,Z" "-v" "/var/lib/crater-agent-workspace/cargo-home:/opt/rustwide/cargo-home:ro,Z" "-v" "/var/lib/crater-agent-workspace/rustup-home:/opt/rustwide/rustup-home:ro,Z" "-e" "SOURCE_DIR=/opt/rustwide/workdir" "-e" "CARGO_TARGET_DIR=/opt/rustwide/target" "-e" "CARGO_INCREMENTAL=0" "-e" "RUST_BACKTRACE=full" "-e" "RUSTFLAGS=--cap-lints=warn" "-e" "RUSTDOCFLAGS=--cap-lints=warn" "-e" "CARGO_HOME=/opt/rustwide/cargo-home" "-e" "RUSTUP_HOME=/opt/rustwide/rustup-home" "-w" "/opt/rustwide/workdir" "-m" "1610612736" "--user" "0:0" "--network" "none" "ghcr.io/rust-lang/crates-build-env/linux@sha256:f3a9d4ad9d972b27faf3965f35b62e55ba32bbce8f20bc8fe909558a86702fde" "/opt/rustwide/cargo-home/bin/cargo" "+1.83.0" "build" "--frozen" "--message-format=json", kill_on_drop: false }`
[INFO] [stdout] b67c6955093cbf65c04ff894a2ca4009f8f74a30c4da5bbb221e6db830629c55
[INFO] running `Command { std: "docker" "start" "-a" "b67c6955093cbf65c04ff894a2ca4009f8f74a30c4da5bbb221e6db830629c55", kill_on_drop: false }`
[INFO] [stderr]    Compiling cfg-if v1.0.0
[INFO] [stderr]    Compiling proc-macro2 v1.0.51
[INFO] [stderr]    Compiling autocfg v1.1.0
[INFO] [stderr]    Compiling quote v1.0.23
[INFO] [stderr]    Compiling unicode-ident v1.0.8
[INFO] [stderr]    Compiling syn v1.0.109
[INFO] [stderr]    Compiling libc v0.2.139
[INFO] [stderr]    Compiling version_check v0.9.4
[INFO] [stderr]    Compiling ppv-lite86 v0.2.17
[INFO] [stderr]    Compiling once_cell v1.17.1
[INFO] [stderr]    Compiling siphasher v0.3.10
[INFO] [stderr]    Compiling crossbeam-utils v0.8.15
[INFO] [stderr]    Compiling getrandom v0.1.16
[INFO] [stderr]    Compiling serde_derive v1.0.152
[INFO] [stderr]    Compiling ahash v0.7.6
[INFO] [stderr]    Compiling indexmap v1.9.2
[INFO] [stderr]    Compiling memchr v2.5.0
[INFO] [stderr]    Compiling serde v1.0.152
[INFO] [stderr]    Compiling futures-core v0.3.26
[INFO] [stderr]    Compiling hashbrown v0.12.3
[INFO] [stderr]    Compiling typenum v1.16.0
[INFO] [stderr]    Compiling getrandom v0.2.8
[INFO] [stderr]    Compiling rand_core v0.5.1
[INFO] [stderr]    Compiling rand_core v0.6.4
[INFO] [stderr]    Compiling generic-array v0.14.6
[INFO] [stderr]    Compiling log v0.4.17
[INFO] [stderr]    Compiling pin-project-lite v0.2.9
[INFO] [stderr]    Compiling winnow v0.3.5
[INFO] [stderr]    Compiling toml_datetime v0.6.1
[INFO] [stderr]    Compiling rand_chacha v0.3.1
[INFO] [stderr]    Compiling rand_pcg v0.2.1
[INFO] [stderr]    Compiling rand_chacha v0.2.2
[INFO] [stderr]    Compiling phf_shared v0.8.0
[INFO] [stderr]    Compiling memoffset v0.8.0
[INFO] [stderr]    Compiling slab v0.4.8
[INFO] [stderr]    Compiling scopeguard v1.1.0
[INFO] [stderr]    Compiling proc-macro-hack v0.5.20+deprecated
[INFO] [stderr]    Compiling byteorder v1.4.3
[INFO] [stderr]    Compiling rand v0.7.3
[INFO] [stderr]    Compiling rand v0.8.5
[INFO] [stderr]    Compiling phf_shared v0.10.0
[INFO] [stderr]    Compiling crossbeam-epoch v0.9.14
[INFO] [stderr]    Compiling bytecheck v0.6.10
[INFO] [stderr]    Compiling event-listener v2.5.3
[INFO] [stderr]    Compiling phf_generator v0.8.0
[INFO] [stderr]    Compiling polling v2.5.2
[INFO] [stderr]    Compiling memoffset v0.6.5
[INFO] [stderr]    Compiling smallvec v1.10.0
[INFO] [stderr]    Compiling bitflags v1.3.2
[INFO] [stderr]    Compiling fastrand v1.9.0
[INFO] [stderr]    Compiling phf_generator v0.10.0
[INFO] [stderr]    Compiling futures-task v0.3.26
[INFO] [stderr]    Compiling simdutf8 v0.1.4
[INFO] [stderr]    Compiling itoa v1.0.6
[INFO] [stderr]    Compiling parking v2.0.0
[INFO] [stderr]    Compiling matches v0.1.10
[INFO] [stderr]    Compiling waker-fn v1.1.0
[INFO] [stderr]    Compiling rend v0.4.0
[INFO] [stderr]    Compiling futures-io v0.3.26
[INFO] [stderr]    Compiling futures-lite v1.12.0
[INFO] [stderr]    Compiling block-buffer v0.10.3
[INFO] [stderr]    Compiling crypto-common v0.1.6
[INFO] [stderr]    Compiling phf_codegen v0.8.0
[INFO] [stderr]    Compiling async-lock v2.7.0
[INFO] [stderr]    Compiling aho-corasick v0.7.20
[INFO] [stderr]    Compiling concurrent-queue v2.1.0
[INFO] [stderr]    Compiling async-io v1.12.0
[INFO] [stderr]    Compiling lock_api v0.4.9
[INFO] [stderr]    Compiling toml_edit v0.19.4
[INFO] [stderr]    Compiling serde_json v1.0.94
[INFO] [stderr]    Compiling outref v0.1.0
[INFO] [stderr]    Compiling dtoa v0.4.8
[INFO] [stderr]    Compiling static_assertions v1.1.0
[INFO] [stderr]    Compiling rkyv v0.7.40
[INFO] [stderr]    Compiling regex-syntax v0.6.28
[INFO] [stderr]    Compiling async-trait v0.1.66
[INFO] [stderr]    Compiling pin-utils v0.1.0
[INFO] [stderr]    Compiling rayon-core v1.11.0
[INFO] [stderr]    Compiling futures-util v0.3.26
[INFO] [stderr]    Compiling parking_lot_core v0.9.7
[INFO] [stderr]    Compiling dtoa-short v0.3.3
[INFO] [stderr]    Compiling simd-abstraction v0.7.1
[INFO] [stderr]    Compiling crossbeam-deque v0.8.3
[INFO] [stderr]    Compiling parcel_selectors v0.25.1
[INFO] [stderr]    Compiling digest v0.10.6
[INFO] [stderr]    Compiling crossbeam-channel v0.5.7
[INFO] [stderr]    Compiling socket2 v0.4.9
[INFO] [stderr]    Compiling num_cpus v1.15.0
[INFO] [stderr]    Compiling dirs-sys v0.3.7
[INFO] [stderr]    Compiling tracing-core v0.1.30
[INFO] [stderr]    Compiling cpufeatures v0.2.5
[INFO] [stderr]    Compiling async-task v4.3.0
[INFO] [stderr]    Compiling seahash v4.1.0
[INFO] [stderr]    Compiling either v1.8.1
[INFO] [stderr]    Compiling dlv-list v0.3.0
[INFO] [stderr]    Compiling ryu v1.0.13
[INFO] [stderr]    Compiling futures-sink v0.3.26
[INFO] [stderr]    Compiling async-executor v1.5.0
[INFO] [stderr]    Compiling ordered-multimap v0.4.3
[INFO] [stderr]    Compiling sha1 v0.10.5
[INFO] [stderr]    Compiling proc-macro-crate v1.3.1
[INFO] [stderr]    Compiling dirs v4.0.0
[INFO] [stderr]    Compiling nix v0.25.1
[INFO] [stderr]    Compiling regex v1.7.1
[INFO] [stderr]    Compiling base64-simd v0.7.0
[INFO] [stderr]    Compiling data-url v0.1.1
[INFO] [stderr]    Compiling async-broadcast v0.5.1
[INFO] [stderr]    Compiling fxhash v0.2.1
[INFO] [stderr]    Compiling phf v0.8.0
[INFO] [stderr]    Compiling ordered-stream v0.2.0
[INFO] [stderr]    Compiling dark-light v1.0.0
[INFO] [stderr]    Compiling precomputed-hash v0.1.1
[INFO] [stderr]    Compiling vlq v0.5.1
[INFO] [stderr]    Compiling hex v0.4.3
[INFO] [stderr]    Compiling dashmap v5.4.0
[INFO] [stderr]    Compiling rayon v1.7.0
[INFO] [stderr]    Compiling rust-ini v0.18.0
[INFO] [stderr]    Compiling itertools v0.10.5
[INFO] [stderr]    Compiling dconf_rs v0.3.0
[INFO] [stderr]    Compiling lazy_static v1.4.0
[INFO] [stderr]    Compiling pathdiff v0.2.1
[INFO] [stderr]    Compiling detect-desktop-environment v0.2.0
[INFO] [stderr]    Compiling data-encoding v2.3.3
[INFO] [stderr]    Compiling ptr_meta_derive v0.1.4
[INFO] [stderr]    Compiling enumflags2_derive v0.7.4
[INFO] [stderr]    Compiling bytecheck_derive v0.6.10
[INFO] [stderr]    Compiling ptr_meta v0.1.4
[INFO] [stderr]    Compiling zvariant_derive v3.11.0
[INFO] [stderr]    Compiling cssparser v0.29.6
[INFO] [stderr]    Compiling phf_macros v0.10.0
[INFO] [stderr]    Compiling cssparser-macros v0.6.0
[INFO] [stderr]    Compiling rkyv_derive v0.7.40
[INFO] [stderr]    Compiling tracing-attributes v0.1.23
[INFO] [stderr]    Compiling zbus_macros v3.10.0
[INFO] [stderr]    Compiling serde_repr v0.1.11
[INFO] [stderr]    Compiling phf v0.10.1
[INFO] [stderr]    Compiling derivative v2.2.0
[INFO] [stderr]    Compiling async-recursion v1.0.2
[INFO] [stderr]    Compiling tracing v0.1.37
[INFO] [stderr]    Compiling const-str-proc-macro v0.3.2
[INFO] [stderr]    Compiling lightningcss-derive v1.0.0-alpha.37
[INFO] [stderr]    Compiling const-str v0.3.2
[INFO] [stderr]    Compiling enumflags2 v0.7.5
[INFO] [stderr]    Compiling zvariant v3.11.0
[INFO] [stderr]    Compiling parcel_sourcemap v2.1.1
[INFO] [stderr]    Compiling lightningcss v1.0.0-alpha.40
[INFO] [stderr]    Compiling zbus_names v2.5.0
[INFO] [stderr]    Compiling zbus v3.10.0
[INFO] [stderr]    Compiling rusty_themy v0.1.0 (/opt/rustwide/workdir)
[INFO] [stdout] warning: struct `DefineColorDirective` is never constructed
[INFO] [stdout]   --> src/gtk/parse.rs:71:8
[INFO] [stdout]    |
[INFO] [stdout] 71 | struct DefineColorDirective {
[INFO] [stdout]    |        ^^^^^^^^^^^^^^^^^^^^
[INFO] [stdout]    |
[INFO] [stdout]    = note: `#[warn(dead_code)]` on by default
[INFO] [stdout] 
[INFO] [stdout] 
[INFO] [stderr]     Finished `dev` profile [unoptimized + debuginfo] target(s) in 2m 48s
[INFO] running `Command { std: "docker" "inspect" "b67c6955093cbf65c04ff894a2ca4009f8f74a30c4da5bbb221e6db830629c55", kill_on_drop: false }`
[INFO] running `Command { std: "docker" "rm" "-f" "b67c6955093cbf65c04ff894a2ca4009f8f74a30c4da5bbb221e6db830629c55", kill_on_drop: false }`
[INFO] [stdout] b67c6955093cbf65c04ff894a2ca4009f8f74a30c4da5bbb221e6db830629c55
[INFO] running `Command { std: "docker" "create" "-v" "/var/lib/crater-agent-workspace/builds/worker-5-tc1/target:/opt/rustwide/target:rw,Z" "-v" "/var/lib/crater-agent-workspace/builds/worker-5-tc1/source:/opt/rustwide/workdir:ro,Z" "-v" "/var/lib/crater-agent-workspace/cargo-home:/opt/rustwide/cargo-home:ro,Z" "-v" "/var/lib/crater-agent-workspace/rustup-home:/opt/rustwide/rustup-home:ro,Z" "-e" "SOURCE_DIR=/opt/rustwide/workdir" "-e" "CARGO_TARGET_DIR=/opt/rustwide/target" "-e" "CARGO_INCREMENTAL=0" "-e" "RUST_BACKTRACE=full" "-e" "RUSTFLAGS=--cap-lints=warn" "-e" "RUSTDOCFLAGS=--cap-lints=warn" "-e" "CARGO_HOME=/opt/rustwide/cargo-home" "-e" "RUSTUP_HOME=/opt/rustwide/rustup-home" "-w" "/opt/rustwide/workdir" "-m" "1610612736" "--user" "0:0" "--network" "none" "ghcr.io/rust-lang/crates-build-env/linux@sha256:f3a9d4ad9d972b27faf3965f35b62e55ba32bbce8f20bc8fe909558a86702fde" "/opt/rustwide/cargo-home/bin/cargo" "+1.83.0" "test" "--frozen" "--no-run" "--message-format=json", kill_on_drop: false }`
[INFO] [stdout] f652168a80ca1dd2a55796028c7a1f8f480f1ed031a41d533d584f6c1f547ec6
[INFO] running `Command { std: "docker" "start" "-a" "f652168a80ca1dd2a55796028c7a1f8f480f1ed031a41d533d584f6c1f547ec6", kill_on_drop: false }`
[INFO] [stdout] warning: struct `DefineColorDirective` is never constructed
[INFO] [stdout]   --> src/gtk/parse.rs:71:8
[INFO] [stdout]    |
[INFO] [stdout] 71 | struct DefineColorDirective {
[INFO] [stdout]    |        ^^^^^^^^^^^^^^^^^^^^
[INFO] [stdout]    |
[INFO] [stdout]    = note: `#[warn(dead_code)]` on by default
[INFO] [stdout] 
[INFO] [stdout] 
[INFO] [stderr]    Compiling rusty_themy v0.1.0 (/opt/rustwide/workdir)
[INFO] [stdout] warning: struct `DefineColorDirective` is never constructed
[INFO] [stdout]   --> src/gtk/parse.rs:71:8
[INFO] [stdout]    |
[INFO] [stdout] 71 | struct DefineColorDirective {
[INFO] [stdout]    |        ^^^^^^^^^^^^^^^^^^^^
[INFO] [stdout]    |
[INFO] [stdout]    = note: `#[warn(dead_code)]` on by default
[INFO] [stdout] 
[INFO] [stdout] 
[INFO] [stderr]     Finished `test` profile [unoptimized + debuginfo] target(s) in 8.32s
[INFO] running `Command { std: "docker" "inspect" "f652168a80ca1dd2a55796028c7a1f8f480f1ed031a41d533d584f6c1f547ec6", kill_on_drop: false }`
[INFO] running `Command { std: "docker" "rm" "-f" "f652168a80ca1dd2a55796028c7a1f8f480f1ed031a41d533d584f6c1f547ec6", kill_on_drop: false }`
[INFO] [stdout] f652168a80ca1dd2a55796028c7a1f8f480f1ed031a41d533d584f6c1f547ec6
[INFO] running `Command { std: "docker" "create" "-v" "/var/lib/crater-agent-workspace/builds/worker-5-tc1/target:/opt/rustwide/target:rw,Z" "-v" "/var/lib/crater-agent-workspace/builds/worker-5-tc1/source:/opt/rustwide/workdir:ro,Z" "-v" "/var/lib/crater-agent-workspace/cargo-home:/opt/rustwide/cargo-home:ro,Z" "-v" "/var/lib/crater-agent-workspace/rustup-home:/opt/rustwide/rustup-home:ro,Z" "-e" "SOURCE_DIR=/opt/rustwide/workdir" "-e" "CARGO_TARGET_DIR=/opt/rustwide/target" "-e" "CARGO_INCREMENTAL=0" "-e" "RUST_BACKTRACE=full" "-e" "RUSTFLAGS=--cap-lints=warn" "-e" "RUSTDOCFLAGS=--cap-lints=warn" "-e" "CARGO_HOME=/opt/rustwide/cargo-home" "-e" "RUSTUP_HOME=/opt/rustwide/rustup-home" "-w" "/opt/rustwide/workdir" "-m" "1610612736" "--user" "0:0" "--network" "none" "ghcr.io/rust-lang/crates-build-env/linux@sha256:f3a9d4ad9d972b27faf3965f35b62e55ba32bbce8f20bc8fe909558a86702fde" "/opt/rustwide/cargo-home/bin/cargo" "+1.83.0" "test" "--frozen", kill_on_drop: false }`
[INFO] [stdout] fec024756995d02fe33699099de9960feeaa2e7bec682a82c346f6037fe99557
[INFO] running `Command { std: "docker" "start" "-a" "fec024756995d02fe33699099de9960feeaa2e7bec682a82c346f6037fe99557", kill_on_drop: false }`
[INFO] [stderr] warning: struct `DefineColorDirective` is never constructed
[INFO] [stderr]   --> src/gtk/parse.rs:71:8
[INFO] [stderr]    |
[INFO] [stderr] 71 | struct DefineColorDirective {
[INFO] [stderr]    |        ^^^^^^^^^^^^^^^^^^^^
[INFO] [stderr]    |
[INFO] [stderr]    = note: `#[warn(dead_code)]` on by default
[INFO] [stderr] 
[INFO] [stderr] warning: `rusty_themy` (lib) generated 1 warning
[INFO] [stderr] warning: `rusty_themy` (lib test) generated 1 warning (1 duplicate)
[INFO] [stderr]     Finished `test` profile [unoptimized + debuginfo] target(s) in 0.38s
[INFO] [stderr]      Running unittests src/lib.rs (/opt/rustwide/target/debug/deps/rusty_themy-5068545fae8c54ac)
[INFO] [stdout] 
[INFO] [stdout] running 1 test
[INFO] [stdout] test gtk::parse::test::test ... FAILED
[INFO] [stdout] 
[INFO] [stdout] failures:
[INFO] [stdout] 
[INFO] [stdout] ---- gtk::parse::test::test stdout ----
[INFO] [stdout] Hiii2
[INFO] [stdout] Hiii3
[INFO] [stdout] Hiii2
[INFO] [stdout] Hiii4
[INFO] [stdout] Hiiii
[INFO] [stdout] Hiii2
[INFO] [stdout] Hiii3
[INFO] [stdout] Hiii2
[INFO] [stdout] Hiii4
[INFO] [stdout] Hiiii
[INFO] [stdout] Hiii
[INFO] [stdout] Hiii
[INFO] [stdout] thread 'gtk::parse::test::test' panicked at src/gtk/parse.rs:195:9:
[INFO] [stdout] assertion `left == right` failed
[INFO] [stdout]   left: DefineColor { ident: "accent_color", color: RGBA(RGBA { red: 233, green: 70, blue: 134, alpha: 255 }), loc: SourceLocation { line: 0, column: 1 } }
[INFO] [stdout]  right: DefineColor { ident: "accent_color", color: RGBA(RGBA { red: 233, green: 70, blue: 134, alpha: 255 }), loc: SourceLocation { line: 2, column: 1 } }
[INFO] [stdout] stack backtrace:
[INFO] [stdout]    0:     0x5ab6b76e846a - std::backtrace_rs::backtrace::libunwind::trace::h5a5b8284f2d0c266
[INFO] [stdout]                                at /rustc/90b35a6239c3d8bdabc530a6a0816f7ff89a0aaf/library/std/src/../../backtrace/src/backtrace/libunwind.rs:116:5
[INFO] [stdout]    1:     0x5ab6b76e846a - std::backtrace_rs::backtrace::trace_unsynchronized::h76d4f1c9b0b875e3
[INFO] [stdout]                                at /rustc/90b35a6239c3d8bdabc530a6a0816f7ff89a0aaf/library/std/src/../../backtrace/src/backtrace/mod.rs:66:5
[INFO] [stdout]    2:     0x5ab6b76e846a - std::sys::backtrace::_print_fmt::hc4546b8364a537c6
[INFO] [stdout]                                at /rustc/90b35a6239c3d8bdabc530a6a0816f7ff89a0aaf/library/std/src/sys/backtrace.rs:66:9
[INFO] [stdout]    3:     0x5ab6b76e846a - <std::sys::backtrace::BacktraceLock::print::DisplayBacktrace as core::fmt::Display>::fmt::h5b6bd5631a6d1f6b
[INFO] [stdout]                                at /rustc/90b35a6239c3d8bdabc530a6a0816f7ff89a0aaf/library/std/src/sys/backtrace.rs:39:26
[INFO] [stdout]    4:     0x5ab6b770e403 - core::fmt::rt::Argument::fmt::h270f6602a2b96f62
[INFO] [stdout]                                at /rustc/90b35a6239c3d8bdabc530a6a0816f7ff89a0aaf/library/core/src/fmt/rt.rs:177:76
[INFO] [stdout]    5:     0x5ab6b770e403 - core::fmt::write::h7550c97b06c86515
[INFO] [stdout]                                at /rustc/90b35a6239c3d8bdabc530a6a0816f7ff89a0aaf/library/core/src/fmt/mod.rs:1186:21
[INFO] [stdout]    6:     0x5ab6b76e5633 - std::io::Write::write_fmt::h509ff860e5956e5e
[INFO] [stdout]                                at /rustc/90b35a6239c3d8bdabc530a6a0816f7ff89a0aaf/library/std/src/io/mod.rs:1839:15
[INFO] [stdout]    7:     0x5ab6b76e82b2 - std::sys::backtrace::BacktraceLock::print::h2395ccd2c84ba3aa
[INFO] [stdout]                                at /rustc/90b35a6239c3d8bdabc530a6a0816f7ff89a0aaf/library/std/src/sys/backtrace.rs:42:9
[INFO] [stdout]    8:     0x5ab6b76e98ca - std::panicking::default_hook::{{closure}}::he19d4c7230e07961
[INFO] [stdout]                                at /rustc/90b35a6239c3d8bdabc530a6a0816f7ff89a0aaf/library/std/src/panicking.rs:268:22
[INFO] [stdout]    9:     0x5ab6b76e96d4 - std::panicking::default_hook::hf614597d3c67bbdb
[INFO] [stdout]                                at /rustc/90b35a6239c3d8bdabc530a6a0816f7ff89a0aaf/library/std/src/panicking.rs:292:9
[INFO] [stdout]   10:     0x5ab6b7244509 - <alloc::boxed::Box<F,A> as core::ops::function::Fn<Args>>::call::h39b51ce4599c23d1
[INFO] [stdout]                                at /rustc/90b35a6239c3d8bdabc530a6a0816f7ff89a0aaf/library/alloc/src/boxed.rs:2468:9
[INFO] [stdout]   11:     0x5ab6b7244509 - test::test_main::{{closure}}::he977ae839a582784
[INFO] [stdout]                                at /rustc/90b35a6239c3d8bdabc530a6a0816f7ff89a0aaf/library/test/src/lib.rs:133:21
[INFO] [stdout]   12:     0x5ab6b76e9f68 - <alloc::boxed::Box<F,A> as core::ops::function::Fn<Args>>::call::h9455091b6b06f9fb
[INFO] [stdout]                                at /rustc/90b35a6239c3d8bdabc530a6a0816f7ff89a0aaf/library/alloc/src/boxed.rs:2468:9
[INFO] [stdout]   13:     0x5ab6b76e9f68 - std::panicking::rust_panic_with_hook::h8942133a8b252070
[INFO] [stdout]                                at /rustc/90b35a6239c3d8bdabc530a6a0816f7ff89a0aaf/library/std/src/panicking.rs:809:13
[INFO] [stdout]   14:     0x5ab6b76e9d2a - std::panicking::begin_panic_handler::{{closure}}::hb5f5963570096b29
[INFO] [stdout]                                at /rustc/90b35a6239c3d8bdabc530a6a0816f7ff89a0aaf/library/std/src/panicking.rs:674:13
[INFO] [stdout]   15:     0x5ab6b76e8949 - std::sys::backtrace::__rust_end_short_backtrace::h6208cedc1922feda
[INFO] [stdout]                                at /rustc/90b35a6239c3d8bdabc530a6a0816f7ff89a0aaf/library/std/src/sys/backtrace.rs:170:18
[INFO] [stdout]   16:     0x5ab6b76e99bc - rust_begin_unwind
[INFO] [stdout]                                at /rustc/90b35a6239c3d8bdabc530a6a0816f7ff89a0aaf/library/std/src/panicking.rs:665:5
[INFO] [stdout]   17:     0x5ab6b71c5ac0 - core::panicking::panic_fmt::h0c3082644d1bf418
[INFO] [stdout]                                at /rustc/90b35a6239c3d8bdabc530a6a0816f7ff89a0aaf/library/core/src/panicking.rs:74:14
[INFO] [stdout]   18:     0x5ab6b71c5e8b - core::panicking::assert_failed_inner::h2ddf1fcc067fa858
[INFO] [stdout]   19:     0x5ab6b71d5f46 - core::panicking::assert_failed::hd6bf6e10ef8b4604
[INFO] [stdout]                                at /rustc/90b35a6239c3d8bdabc530a6a0816f7ff89a0aaf/library/core/src/panicking.rs:367:5
[INFO] [stdout]   20:     0x5ab6b71e89ac - rusty_themy::gtk::parse::test::test::h1b9d98abd0498627
[INFO] [stdout]                                at /opt/rustwide/workdir/src/gtk/parse.rs:195:9
[INFO] [stdout]   21:     0x5ab6b71e86e7 - rusty_themy::gtk::parse::test::test::{{closure}}::hcca97144348ec18c
[INFO] [stdout]                                at /opt/rustwide/workdir/src/gtk/parse.rs:192:18
[INFO] [stdout]   22:     0x5ab6b71d4ea6 - core::ops::function::FnOnce::call_once::h84678e29bb41a084
[INFO] [stdout]                                at /rustc/90b35a6239c3d8bdabc530a6a0816f7ff89a0aaf/library/core/src/ops/function.rs:250:5
[INFO] [stdout]   23:     0x5ab6b7248ecb - core::ops::function::FnOnce::call_once::h109cf8051a59b34e
[INFO] [stdout]                                at /rustc/90b35a6239c3d8bdabc530a6a0816f7ff89a0aaf/library/core/src/ops/function.rs:250:5
[INFO] [stdout]   24:     0x5ab6b7248ecb - test::__rust_begin_short_backtrace::hf4fff89d377446ba
[INFO] [stdout]                                at /rustc/90b35a6239c3d8bdabc530a6a0816f7ff89a0aaf/library/test/src/lib.rs:621:18
[INFO] [stdout]   25:     0x5ab6b7248707 - test::run_test_in_process::{{closure}}::h0e39181dd7ee5a43
[INFO] [stdout]                                at /rustc/90b35a6239c3d8bdabc530a6a0816f7ff89a0aaf/library/test/src/lib.rs:644:60
[INFO] [stdout]   26:     0x5ab6b7248707 - <core::panic::unwind_safe::AssertUnwindSafe<F> as core::ops::function::FnOnce<()>>::call_once::hc5a66a30f0bdfd1f
[INFO] [stdout]                                at /rustc/90b35a6239c3d8bdabc530a6a0816f7ff89a0aaf/library/core/src/panic/unwind_safe.rs:272:9
[INFO] [stdout]   27:     0x5ab6b7248707 - std::panicking::try::do_call::h873b7cf639554a5e
[INFO] [stdout]                                at /rustc/90b35a6239c3d8bdabc530a6a0816f7ff89a0aaf/library/std/src/panicking.rs:557:40
[INFO] [stdout]   28:     0x5ab6b7248707 - std::panicking::try::hdb19862fad9c8bd1
[INFO] [stdout]                                at /rustc/90b35a6239c3d8bdabc530a6a0816f7ff89a0aaf/library/std/src/panicking.rs:520:19
[INFO] [stdout]   29:     0x5ab6b7248707 - std::panic::catch_unwind::h281fe732d236d260
[INFO] [stdout]                                at /rustc/90b35a6239c3d8bdabc530a6a0816f7ff89a0aaf/library/std/src/panic.rs:358:14
[INFO] [stdout]   30:     0x5ab6b7248707 - test::run_test_in_process::h949b6df8457ed338
[INFO] [stdout]                                at /rustc/90b35a6239c3d8bdabc530a6a0816f7ff89a0aaf/library/test/src/lib.rs:644:27
[INFO] [stdout]   31:     0x5ab6b7248707 - test::run_test::{{closure}}::h52c556a6d4740e10
[INFO] [stdout]                                at /rustc/90b35a6239c3d8bdabc530a6a0816f7ff89a0aaf/library/test/src/lib.rs:565:43
[INFO] [stdout]   32:     0x5ab6b720d9e4 - test::run_test::{{closure}}::h4237f6381c45ccb9
[INFO] [stdout]                                at /rustc/90b35a6239c3d8bdabc530a6a0816f7ff89a0aaf/library/test/src/lib.rs:595:41
[INFO] [stdout]   33:     0x5ab6b720d9e4 - std::sys::backtrace::__rust_begin_short_backtrace::h505c97a579eca628
[INFO] [stdout]                                at /rustc/90b35a6239c3d8bdabc530a6a0816f7ff89a0aaf/library/std/src/sys/backtrace.rs:154:18
[INFO] [stdout]   34:     0x5ab6b72110ae - std::thread::Builder::spawn_unchecked_::{{closure}}::{{closure}}::h9e86b2e2bc107ea3
[INFO] [stdout]                                at /rustc/90b35a6239c3d8bdabc530a6a0816f7ff89a0aaf/library/std/src/thread/mod.rs:538:17
[INFO] [stdout]   35:     0x5ab6b72110ae - <core::panic::unwind_safe::AssertUnwindSafe<F> as core::ops::function::FnOnce<()>>::call_once::h8b06ddb275ff4a25
[INFO] [stdout]                                at /rustc/90b35a6239c3d8bdabc530a6a0816f7ff89a0aaf/library/core/src/panic/unwind_safe.rs:272:9
[INFO] [stdout]   36:     0x5ab6b72110ae - std::panicking::try::do_call::hb26ecd7cd9a9355d
[INFO] [stdout]                                at /rustc/90b35a6239c3d8bdabc530a6a0816f7ff89a0aaf/library/std/src/panicking.rs:557:40
[INFO] [stdout]   37:     0x5ab6b72110ae - std::panicking::try::h8ddeca9d705f9069
[INFO] [stdout]                                at /rustc/90b35a6239c3d8bdabc530a6a0816f7ff89a0aaf/library/std/src/panicking.rs:520:19
[INFO] [stdout]   38:     0x5ab6b72110ae - std::panic::catch_unwind::h49e1c33078844c46
[INFO] [stdout]                                at /rustc/90b35a6239c3d8bdabc530a6a0816f7ff89a0aaf/library/std/src/panic.rs:358:14
[INFO] [stdout]   39:     0x5ab6b72110ae - std::thread::Builder::spawn_unchecked_::{{closure}}::h6073db6ff56ad35d
[INFO] [stdout]                                at /rustc/90b35a6239c3d8bdabc530a6a0816f7ff89a0aaf/library/std/src/thread/mod.rs:537:30
[INFO] [stdout]   40:     0x5ab6b72110ae - core::ops::function::FnOnce::call_once{{vtable.shim}}::h2c5a5f3779c774f1
[INFO] [stdout]                                at /rustc/90b35a6239c3d8bdabc530a6a0816f7ff89a0aaf/library/core/src/ops/function.rs:250:5
[INFO] [stdout]   41:     0x5ab6b76edcbb - <alloc::boxed::Box<F,A> as core::ops::function::FnOnce<Args>>::call_once::hf75717d9f28faebf
[INFO] [stdout]                                at /rustc/90b35a6239c3d8bdabc530a6a0816f7ff89a0aaf/library/alloc/src/boxed.rs:2454:9
[INFO] [stdout]   42:     0x5ab6b76edcbb - <alloc::boxed::Box<F,A> as core::ops::function::FnOnce<Args>>::call_once::h7bd883a5f3c5f3c1
[INFO] [stdout]                                at /rustc/90b35a6239c3d8bdabc530a6a0816f7ff89a0aaf/library/alloc/src/boxed.rs:2454:9
[INFO] [stdout]   43:     0x5ab6b76edcbb - std::sys::pal::unix::thread::Thread::new::thread_start::hcc78f3943333fa94
[INFO] [stdout]                                at /rustc/90b35a6239c3d8bdabc530a6a0816f7ff89a0aaf/library/std/src/sys/pal/unix/thread.rs:105:17
[INFO] [stdout]   44:     0x7e8680c86ac3 - <unknown>
[INFO] [stdout]   45:     0x7e8680d17a04 - clone
[INFO] [stdout]   46:                0x0 - <unknown>
[INFO] [stdout] 
[INFO] [stdout] 
[INFO] [stdout] failures:
[INFO] [stdout]     gtk::parse::test::test
[INFO] [stdout] 
[INFO] [stdout] test result: FAILED. 0 passed; 1 failed; 0 ignored; 0 measured; 0 filtered out; finished in 0.09s
[INFO] [stdout] 
[INFO] [stderr] error: test failed, to rerun pass `--lib`
[INFO] running `Command { std: "docker" "inspect" "fec024756995d02fe33699099de9960feeaa2e7bec682a82c346f6037fe99557", kill_on_drop: false }`
[INFO] running `Command { std: "docker" "rm" "-f" "fec024756995d02fe33699099de9960feeaa2e7bec682a82c346f6037fe99557", kill_on_drop: false }`
[INFO] [stdout] fec024756995d02fe33699099de9960feeaa2e7bec682a82c346f6037fe99557
