[INFO] cloning repository https://github.com/nareph/channel-server
[INFO] running `Command { std: "git" "-c" "credential.helper=" "-c" "credential.helper=/workspace/cargo-home/bin/git-credential-null" "clone" "--bare" "https://github.com/nareph/channel-server" "/workspace/cache/git-repos/https%3A%2F%2Fgithub.com%2Fnareph%2Fchannel-server", kill_on_drop: false }`
[INFO] [stderr] Cloning into bare repository '/workspace/cache/git-repos/https%3A%2F%2Fgithub.com%2Fnareph%2Fchannel-server'...
[INFO] running `Command { std: "git" "rev-parse" "HEAD", kill_on_drop: false }`
[INFO] [stdout] a612f7ad3ddfe098e9eb0c96b8bdb118c4956b5f
[INFO] testing nareph/channel-server against beta-2024-12-08 for beta-1.84.0-4-retry
[INFO] running `Command { std: "git" "clone" "/workspace/cache/git-repos/https%3A%2F%2Fgithub.com%2Fnareph%2Fchannel-server" "/workspace/builds/worker-6-tc2/source", kill_on_drop: false }`
[INFO] [stderr] Cloning into '/workspace/builds/worker-6-tc2/source'...
[INFO] [stderr] done.
[INFO] validating manifest of git repo https://github.com/nareph/channel-server on toolchain beta-2024-12-08
[INFO] running `Command { std: CARGO_HOME="/workspace/cargo-home" RUSTUP_HOME="/workspace/rustup-home" "/workspace/cargo-home/bin/cargo" "+beta-2024-12-08" "metadata" "--manifest-path" "Cargo.toml" "--no-deps", kill_on_drop: false }`
[INFO] started tweaking git repo https://github.com/nareph/channel-server
[INFO] finished tweaking git repo https://github.com/nareph/channel-server
[INFO] tweaked toml for git repo https://github.com/nareph/channel-server written to /workspace/builds/worker-6-tc2/source/Cargo.toml
[INFO] crate git repo https://github.com/nareph/channel-server already has a lockfile, it will not be regenerated
[INFO] running `Command { std: CARGO_HOME="/workspace/cargo-home" RUSTUP_HOME="/workspace/rustup-home" "/workspace/cargo-home/bin/cargo" "+beta-2024-12-08" "fetch" "--manifest-path" "Cargo.toml", kill_on_drop: false }`
[INFO] [stderr] error: invalid character `.` in package name: `crypto.js`, characters must be Unicode XID characters (numbers, `-`, `_`, or most letters)
[INFO] [stderr]  --> ../../../cargo-home/git/checkouts/crypto.rs-15dc59503602e2bb/7b9cac4/bindings/crypto.js/native/Cargo.toml:2:8
[INFO] [stderr]   |
[INFO] [stderr] 2 | name = "crypto.js"
[INFO] [stderr]   |        ^^^^^^^^^^^
[INFO] [stderr]   |
[INFO] running `Command { std: "docker" "create" "-v" "/var/lib/crater-agent-workspace/builds/worker-6-tc2/target:/opt/rustwide/target:rw,Z" "-v" "/var/lib/crater-agent-workspace/builds/worker-6-tc2/source:/opt/rustwide/workdir:ro,Z" "-v" "/var/lib/crater-agent-workspace/cargo-home:/opt/rustwide/cargo-home:ro,Z" "-v" "/var/lib/crater-agent-workspace/rustup-home:/opt/rustwide/rustup-home:ro,Z" "-e" "SOURCE_DIR=/opt/rustwide/workdir" "-e" "CARGO_TARGET_DIR=/opt/rustwide/target" "-e" "CARGO_HOME=/opt/rustwide/cargo-home" "-e" "RUSTUP_HOME=/opt/rustwide/rustup-home" "-w" "/opt/rustwide/workdir" "-m" "1610612736" "--user" "0:0" "--network" "none" "ghcr.io/rust-lang/crates-build-env/linux@sha256:f3a9d4ad9d972b27faf3965f35b62e55ba32bbce8f20bc8fe909558a86702fde" "/opt/rustwide/cargo-home/bin/cargo" "+beta-2024-12-08" "metadata" "--no-deps" "--format-version=1", kill_on_drop: false }`
[INFO] [stdout] 7365384b4faa605f1d688d23536bf94caf49b6ff3e4df8fcbbd82341374b8e12
[INFO] running `Command { std: "docker" "start" "-a" "7365384b4faa605f1d688d23536bf94caf49b6ff3e4df8fcbbd82341374b8e12", kill_on_drop: false }`
[INFO] running `Command { std: "docker" "inspect" "7365384b4faa605f1d688d23536bf94caf49b6ff3e4df8fcbbd82341374b8e12", kill_on_drop: false }`
[INFO] running `Command { std: "docker" "rm" "-f" "7365384b4faa605f1d688d23536bf94caf49b6ff3e4df8fcbbd82341374b8e12", kill_on_drop: false }`
[INFO] [stdout] 7365384b4faa605f1d688d23536bf94caf49b6ff3e4df8fcbbd82341374b8e12
[INFO] running `Command { std: "docker" "create" "-v" "/var/lib/crater-agent-workspace/builds/worker-6-tc2/target:/opt/rustwide/target:rw,Z" "-v" "/var/lib/crater-agent-workspace/builds/worker-6-tc2/source:/opt/rustwide/workdir:ro,Z" "-v" "/var/lib/crater-agent-workspace/cargo-home:/opt/rustwide/cargo-home:ro,Z" "-v" "/var/lib/crater-agent-workspace/rustup-home:/opt/rustwide/rustup-home:ro,Z" "-e" "SOURCE_DIR=/opt/rustwide/workdir" "-e" "CARGO_TARGET_DIR=/opt/rustwide/target" "-e" "CARGO_INCREMENTAL=0" "-e" "RUST_BACKTRACE=full" "-e" "RUSTFLAGS=--cap-lints=warn" "-e" "RUSTDOCFLAGS=--cap-lints=warn" "-e" "CARGO_HOME=/opt/rustwide/cargo-home" "-e" "RUSTUP_HOME=/opt/rustwide/rustup-home" "-w" "/opt/rustwide/workdir" "-m" "1610612736" "--user" "0:0" "--network" "none" "ghcr.io/rust-lang/crates-build-env/linux@sha256:f3a9d4ad9d972b27faf3965f35b62e55ba32bbce8f20bc8fe909558a86702fde" "/opt/rustwide/cargo-home/bin/cargo" "+beta-2024-12-08" "build" "--frozen" "--message-format=json", kill_on_drop: false }`
[INFO] [stdout] b36887c33d9087875c5de22f8ee7cada00db5af298501ef4a84cc55a29921997
[INFO] running `Command { std: "docker" "start" "-a" "b36887c33d9087875c5de22f8ee7cada00db5af298501ef4a84cc55a29921997", kill_on_drop: false }`
[INFO] [stderr] error: invalid character `.` in package name: `crypto.js`, characters must be Unicode XID characters (numbers, `-`, `_`, or most letters)
[INFO] [stderr]  --> ../cargo-home/git/checkouts/crypto.rs-15dc59503602e2bb/7b9cac4/bindings/crypto.js/native/Cargo.toml:2:8
[INFO] [stderr]   |
[INFO] [stderr] 2 | name = "crypto.js"
[INFO] [stderr]   |        ^^^^^^^^^^^
[INFO] [stderr]   |
[INFO] [stderr]    Compiling proc-macro2 v1.0.26
[INFO] [stderr]    Compiling unicode-xid v0.2.2
[INFO] [stderr]    Compiling syn v1.0.72
[INFO] [stderr]    Compiling libc v0.2.94
[INFO] [stderr]    Compiling cfg-if v1.0.0
[INFO] [stderr]    Compiling version_check v0.9.3
[INFO] [stderr]    Compiling autocfg v1.0.1
[INFO] [stderr]    Compiling serde_derive v1.0.125
[INFO] [stderr]    Compiling serde v1.0.125
[INFO] [stderr]    Compiling typenum v1.13.0
[INFO] [stderr]    Compiling value-bag v1.0.0-alpha.6
[INFO] [stderr]    Compiling memchr v2.4.0
[INFO] [stderr]    Compiling sval v1.0.0-alpha.5
[INFO] [stderr]    Compiling log v0.4.14
[INFO] [stderr]    Compiling generic-array v0.14.4
[INFO] [stderr]    Compiling subtle v2.4.0
[INFO] [stderr]    Compiling pin-project-lite v0.2.6
[INFO] [stderr]    Compiling lazy_static v1.4.0
[INFO] [stderr]    Compiling opaque-debug v0.3.0
[INFO] [stderr]    Compiling futures-core v0.3.14
[INFO] [stderr]    Compiling getrandom v0.1.16
[INFO] [stderr]    Compiling futures-io v0.3.14
[INFO] [stderr]    Compiling bytes v1.0.1
[INFO] [stderr]    Compiling proc-macro-hack v0.5.19
[INFO] [stderr]    Compiling quote v1.0.9
[INFO] [stderr]    Compiling slab v0.4.3
[INFO] [stderr]    Compiling once_cell v1.7.2
[INFO] [stderr]    Compiling ppv-lite86 v0.2.10
[INFO] [stderr]    Compiling cpuid-bool v0.1.2
[INFO] [stderr]    Compiling num_cpus v1.13.0
[INFO] [stderr]    Compiling anyhow v1.0.40
[INFO] [stderr]    Compiling rand_core v0.5.1
[INFO] [stderr]    Compiling byteorder v1.4.3
[INFO] [stderr]    Compiling pin-utils v0.1.0
[INFO] [stderr]    Compiling cc v1.0.67
[INFO] [stderr]    Compiling num-traits v0.2.14
[INFO] [stderr]    Compiling getrandom v0.2.2
[INFO] [stderr]    Compiling rand_chacha v0.2.2
[INFO] [stderr]    Compiling digest v0.9.0
[INFO] [stderr]    Compiling block-buffer v0.9.0
[INFO] [stderr]    Compiling sha2 v0.9.3
[INFO] [stderr]    Compiling futures-sink v0.3.14
[INFO] [stderr]    Compiling proc-macro-nested v0.1.7
[INFO] [stderr]    Compiling tinyvec_macros v0.1.0
[INFO] [stderr]    Compiling itoa v0.4.7
[INFO] [stderr]    Compiling percent-encoding v2.1.0
[INFO] [stderr]    Compiling matches v0.1.8
[INFO] [stderr]    Compiling tinyvec v1.2.0
[INFO] [stderr]    Compiling rand_core v0.6.2
[INFO] [stderr]    Compiling rand v0.7.3
[INFO] [stderr]    Compiling ryu v1.0.5
[INFO] [stderr]    Compiling futures-channel v0.3.14
[INFO] [stderr]    Compiling rand_chacha v0.3.0
[INFO] [stderr]    Compiling futures-task v0.3.14
[INFO] [stderr]    Compiling unicode-bidi v0.3.5
[INFO] [stderr]    Compiling rand v0.8.3
[INFO] [stderr]    Compiling form_urlencoded v1.0.1
[INFO] [stderr]    Compiling indexmap v1.6.2
[INFO] [stderr]    Compiling unicode-normalization v0.1.17
[INFO] [stderr]    Compiling ring v0.16.20
[INFO] [stderr]    Compiling tokio v1.5.0
[INFO] [stderr]    Compiling either v1.6.1
[INFO] [stderr]    Compiling untrusted v0.7.1
[INFO] [stderr]    Compiling crunchy v0.2.2
[INFO] [stderr]    Compiling spin v0.5.2
[INFO] [stderr]    Compiling hashbrown v0.9.1
[INFO] [stderr]    Compiling serde_json v1.0.64
[INFO] [stderr]    Compiling crypto-mac v0.8.0
[INFO] [stderr]    Compiling generic-array v0.12.4
[INFO] [stderr]    Compiling socket2 v0.4.0
[INFO] [stderr]    Compiling data-encoding v2.3.2
[INFO] [stderr]    Compiling fnv v1.0.7
[INFO] [stderr]    Compiling itertools v0.9.0
[INFO] [stderr]    Compiling idna v0.2.3
[INFO] [stderr]    Compiling proc-macro-error-attr v1.0.4
[INFO] [stderr]    Compiling hex v0.4.3
[INFO] [stderr]    Compiling which v4.1.0
[INFO] [stderr]    Compiling num-integer v0.1.44
[INFO] [stderr]    Compiling proc-macro-error v1.0.4
[INFO] [stderr]    Compiling static_assertions v1.1.0
[INFO] [stderr]    Compiling base64 v0.13.0
[INFO] [stderr]    Compiling arrayref v0.3.6
[INFO] [stderr]    Compiling smallvec v1.6.1
[INFO] [stderr]    Compiling prost-build v0.7.0
[INFO] [stderr]    Compiling digest v0.8.1
[INFO] [stderr]    Compiling instant v0.1.9
[INFO] [stderr]    Compiling subtle v1.0.0
[INFO] [stderr]    Compiling event-listener v2.5.1
[INFO] [stderr]    Compiling fixedbitset v0.2.0
[INFO] [stderr]    Compiling signature v1.3.0
[INFO] [stderr]    Compiling byte-tools v0.3.1
[INFO] [stderr]    Compiling pin-project-internal v0.4.28
[INFO] [stderr]    Compiling unicode-segmentation v1.7.1
[INFO] [stderr]    Compiling scopeguard v1.1.0
[INFO] [stderr]    Compiling remove_dir_all v0.5.3
[INFO] [stderr]    Compiling petgraph v0.5.1
[INFO] [stderr]    Compiling lock_api v0.4.4
[INFO] [stderr]    Compiling tempfile v3.2.0
[INFO] [stderr]    Compiling block-padding v0.1.5
[INFO] [stderr]    Compiling ed25519 v1.1.1
[INFO] [stderr]    Compiling crypto-mac v0.7.0
[INFO] [stderr]    Compiling parking_lot_core v0.8.3
[INFO] [stderr]    Compiling heck v0.3.2
[INFO] [stderr]    Compiling time v0.1.43
[INFO] [stderr]    Compiling multimap v0.8.3
[INFO] [stderr]    Compiling cache-padded v1.1.1
[INFO] [stderr]    Compiling tiny-keccak v2.0.2
[INFO] [stderr]    Compiling concurrent-queue v1.2.2
[INFO] [stderr]    Compiling parking_lot v0.11.1
[INFO] [stderr]    Compiling hmac v0.7.1
[INFO] [stderr]    Compiling block-buffer v0.7.3
[INFO] [stderr]    Compiling blake2 v0.9.1
[INFO] [stderr]    Compiling bee-ternary v0.4.2-alpha
[INFO] [stderr]    Compiling fake-simd v0.1.2
[INFO] [stderr]    Compiling unsigned-varint v0.5.1
[INFO] [stderr]    Compiling waker-fn v1.1.0
[INFO] [stderr]    Compiling parking v2.0.0
[INFO] [stderr]    Compiling fastrand v1.4.1
[INFO] [stderr]    Compiling opaque-debug v0.2.3
[INFO] [stderr]    Compiling unsigned-varint v0.7.0
[INFO] [stderr]    Compiling sha2 v0.8.2
[INFO] [stderr]    Compiling futures-lite v1.11.3
[INFO] [stderr]    Compiling hmac-drbg v0.2.0
[INFO] [stderr]    Compiling atty v0.2.14
[INFO] [stderr]    Compiling bs58 v0.4.0
[INFO] [stderr]    Compiling httparse v1.4.0
[INFO] [stderr]    Compiling colored v1.9.3
[INFO] [stderr]    Compiling webpki v0.21.4
[INFO] [stderr]    Compiling libsecp256k1 v0.3.5
[INFO] [stderr]    Compiling crossbeam-utils v0.8.4
[INFO] [stderr]    Compiling atomic v0.5.0
[INFO] [stderr]    Compiling bee-common v0.4.1
[INFO] [stderr]    Compiling standback v0.2.17
[INFO] [stderr]    Compiling synstructure v0.12.4
[INFO] [stderr]    Compiling void v1.0.2
[INFO] [stderr]    Compiling asn1_der v0.7.4
[INFO] [stderr]    Compiling futures-timer v3.0.2
[INFO] [stderr]    Compiling sct v0.6.1
[INFO] [stderr]    Compiling http v0.2.4
[INFO] [stderr]    Compiling cipher v0.2.5
[INFO] [stderr]    Compiling tracing-core v0.1.18
[INFO] [stderr]    Compiling async-trait v0.1.50
[INFO] [stderr]    Compiling async-task v4.0.3
[INFO] [stderr]    Compiling signal-hook v0.3.8
[INFO] [stderr]    Compiling tracing v0.1.26
[INFO] [stderr]    Compiling async-channel v1.6.1
[INFO] [stderr]    Compiling universal-hash v0.4.0
[INFO] [stderr]    Compiling signal-hook-registry v1.3.0
[INFO] [stderr]    Compiling aho-corasick v0.7.18
[INFO] [stderr]    Compiling hashbrown v0.8.2
[INFO] [stderr]    Compiling bytemuck v1.5.1
[INFO] [stderr]    Compiling const_fn v0.4.7
[INFO] [stderr]    Compiling atomic-waker v1.0.0
[INFO] [stderr]    Compiling bech32 v0.8.0
[INFO] [stderr]    Compiling cpuid-bool v0.2.0
[INFO] [stderr]    Compiling try-lock v0.2.3
[INFO] [stderr]    Compiling regex-syntax v0.6.25
[INFO] [stderr]    Compiling polyval v0.4.5
[INFO] [stderr]    Compiling blocking v1.0.2
[INFO] [stderr]    Compiling aes-soft v0.6.4
[INFO] [stderr]    Compiling async-executor v1.4.1
[INFO] [stderr]    Compiling async-mutex v1.4.0
[INFO] [stderr]    Compiling crypto-mac v0.11.0
[INFO] [stderr]    Compiling crypto-mac v0.10.0
[INFO] [stderr]    Compiling time v0.2.26
[INFO] [stderr]    Compiling ctor v0.1.20
[INFO] [stderr]    Compiling thiserror-impl v1.0.24
[INFO] [stderr]    Compiling zeroize_derive v1.1.0
[INFO] [stderr]    Compiling futures-macro v0.3.14
[INFO] [stderr]    Compiling tokio-macros v1.1.0
[INFO] [stderr]    Compiling pin-project-internal v1.0.7
[INFO] [stderr]    Compiling zeroize v1.3.0
[INFO] [stderr]    Compiling curve25519-dalek v3.1.0
[INFO] [stderr]    Compiling futures-util v0.3.14
[INFO] [stderr]    Compiling prost-derive v0.7.0
[INFO] [stderr]    Compiling thiserror v1.0.24
[INFO] [stderr]    Compiling ed25519-zebra v2.2.0
[INFO] [stderr]    Compiling iota-crypto v0.4.2
[INFO] [stderr]    Compiling libp2p-swarm-derive v0.23.0
[INFO] [stderr]    Compiling regex v1.5.3
[INFO] [stderr]    Compiling http-body v0.4.1
[INFO] [stderr]    Compiling pin-project v1.0.7
[INFO] [stderr]    Compiling time-macros-impl v0.1.1
[INFO] [stderr]    Compiling tower-service v0.3.1
[INFO] [stderr]    Compiling ahash v0.3.8
[INFO] [stderr]    Compiling httpdate v1.0.0
[INFO] [stderr]    Compiling encoding_rs v0.8.28
[INFO] [stderr]    Compiling prost v0.7.0
[INFO] [stderr]    Compiling futures-executor v0.3.14
[INFO] [stderr]    Compiling prost-types v0.7.0
[INFO] [stderr]    Compiling pin-project v0.4.28
[INFO] [stderr]    Compiling futures v0.3.14
[INFO] [stderr]    Compiling time-macros v0.1.1
[INFO] [stderr]    Compiling rw-stream-sink v0.2.1
[INFO] [stderr]    Compiling wasm-timer v0.2.5
[INFO] [stderr]    Compiling displaydoc v0.2.1
[INFO] [stderr]    Compiling async-attributes v1.1.2
[INFO] [stderr]    Compiling hmac v0.10.1
[INFO] [stderr]    Compiling aes v0.6.0
[INFO] [stderr]    Compiling ghash v0.3.1
[INFO] [stderr]    Compiling ctr v0.6.0
[INFO] [stderr]    Compiling webpki-roots v0.21.1
[INFO] [stderr]    Compiling async-lock v2.4.0
[INFO] [stderr]    Compiling aead v0.3.2
[INFO] [stderr]    Compiling cookie v0.14.4
[INFO] [stderr]    Compiling aes-gcm v0.8.0
[INFO] [stderr]    Compiling hkdf v0.10.0
[INFO] [stderr]    Compiling hmac v0.11.0
[INFO] [stderr]    Compiling pbkdf2 v0.8.0
[INFO] [stderr]    Compiling bee-ternary v0.4.2-alpha (https://github.com/iotaledger/bee.git?branch=dev#d239b1bf)
[INFO] [stderr]    Compiling iota-streams-core v0.3.1 (https://github.com/iotaledger/streams?branch=chrysalis-2#2c0e737b)
[INFO] [stderr]    Compiling http-types v2.11.1
[INFO] [stderr]    Compiling ipnet v2.3.0
[INFO] [stderr]    Compiling chunked_transfer v1.4.0
[INFO] [stderr]    Compiling arrayvec v0.5.2
[INFO] [stderr]    Compiling mime v0.3.16
[INFO] [stderr]    Compiling x25519-dalek v1.1.1
[INFO] [stderr]    Compiling bitflags v1.2.1
[INFO] [stderr]    Compiling infer v0.2.3
[INFO] [stderr]    Compiling blake3 v0.3.7
[INFO] [stderr]    Compiling cty v0.2.1
[INFO] [stderr]    Compiling cfg-if v0.1.10
[INFO] [stderr]    Compiling linked-hash-map v0.5.4
[INFO] [stderr]    Compiling lexical-core v0.7.6
[INFO] [stderr]    Compiling serde v0.8.23
[INFO] [stderr]    Compiling yaml-rust v0.4.5
[INFO] [stderr]    Compiling bee-crypto v0.2.1-alpha (https://github.com/iotaledger/bee.git?branch=dev#d239b1bf)
[INFO] [stderr]    Compiling cstr_core v0.2.3
[INFO] [stderr]    Compiling crossbeam-queue v0.3.1
[INFO] [stderr]    Compiling iota-crypto v0.5.1 (https://github.com/iotaledger/crypto.rs?branch=dev#7b9cac4c)
[INFO] [stderr]    Compiling simple-mutex v1.1.5
[INFO] [stderr]    Compiling nom v5.1.2
[INFO] [stderr]    Compiling keccak v0.1.0
[INFO] [stderr]    Compiling stable_deref_trait v1.2.0
[INFO] [stderr]    Compiling constant_time_eq v0.1.5
[INFO] [stderr]    Compiling traitobject v0.1.0
[INFO] [stderr]    Compiling unsafe-any v0.4.2
[INFO] [stderr]    Compiling iota-streams-core-keccak v0.3.1 (https://github.com/iotaledger/streams?branch=chrysalis-2#2c0e737b)
[INFO] [stderr]    Compiling byte-pool v0.2.3
[INFO] [stderr]    Compiling async-dup v1.2.2
[INFO] [stderr]    Compiling hmac v0.8.1
[INFO] [stderr]    Compiling num-traits v0.1.43
[INFO] [stderr]    Compiling ordered-float v2.2.0
[INFO] [stderr]    Compiling dashmap v4.0.2
[INFO] [stderr]    Compiling pin-project-lite v0.1.12
[INFO] [stderr]    Compiling base64 v0.12.3
[INFO] [stderr]    Compiling dtoa v0.4.8
[INFO] [stderr]    Compiling typemap v0.3.3
[INFO] [stderr]    Compiling derivative v2.2.0
[INFO] [stderr]    Compiling thread-id v3.3.0
[INFO] [stderr]    Compiling log-mdc v0.1.0
[INFO] [stderr]    Compiling route-recognizer v0.2.0
[INFO] [stderr]    Compiling url v2.2.1
[INFO] [stderr]    Compiling toml v0.5.8
[INFO] [stderr]    Compiling chrono v0.4.19
[INFO] [stderr]    Compiling mio v0.7.11
[INFO] [stderr]    Compiling proc-macro-crate v0.1.5
[INFO] [stderr]    Compiling ed25519-dalek v1.0.1
[INFO] [stderr]    Compiling libp2p-core v0.28.3
[INFO] [stderr]    Compiling multistream-select v0.10.2
[INFO] [stderr]    Compiling serde_urlencoded v0.7.0
[INFO] [stderr]    Compiling fern v0.6.0
[INFO] [stderr]    Compiling polling v2.0.3
[INFO] [stderr]    Compiling bee-crypto v0.2.1-alpha
[INFO] [stderr]    Compiling rustls v0.19.1
[INFO] [stderr]    Compiling multihash-derive v0.7.1
[INFO] [stderr]    Compiling async-io v1.4.1
[INFO] [stderr]    Compiling want v0.3.0
[INFO] [stderr]    Compiling kv-log-macro v1.0.7
[INFO] [stderr]    Compiling bee-pow v0.1.0
[INFO] [stderr]    Compiling async-process v1.1.0
[INFO] [stderr]    Compiling serde_qs v0.7.2
[INFO] [stderr]    Compiling bee-message v0.1.3
[INFO] [stderr]    Compiling iota-crypto v0.5.1
[INFO] [stderr]    Compiling iota-streams-core-edsig v0.2.1 (https://github.com/iotaledger/streams?branch=chrysalis-2#2c0e737b)
[INFO] [stderr]    Compiling iota-streams-ddml v0.2.3 (https://github.com/iotaledger/streams?branch=chrysalis-2#2c0e737b)
[INFO] [stderr]    Compiling serde_test v0.8.23
[INFO] [stderr]    Compiling multihash v0.13.2
[INFO] [stderr]    Compiling parity-multiaddr v0.11.2
[INFO] [stderr]    Compiling tokio-util v0.6.6
[INFO] [stderr]    Compiling async-global-executor v2.0.2
[INFO] [stderr]    Compiling linked-hash-map v0.3.0
[INFO] [stderr]    Compiling bincode v1.3.3
[INFO] [stderr]    Compiling async-std v1.9.0
[INFO] [stderr]    Compiling h2 v0.3.3
[INFO] [stderr]    Compiling tokio-rustls v0.22.0
[INFO] [stderr]    Compiling bee-ledger v0.1.0
[INFO] [stderr]    Compiling ureq v2.1.1
[INFO] [stderr]    Compiling serde-hjson v0.9.1
[INFO] [stderr]    Compiling femme v2.1.1
[INFO] [stderr]    Compiling libp2p-swarm v0.29.0
[INFO] [stderr]    Compiling serde-value v0.7.0
[INFO] [stderr]    Compiling libp2p v0.37.1
[INFO] [stderr]    Compiling bee-network v0.1.0
[INFO] [stderr]    Compiling bee-protocol v0.1.0
[INFO] [stderr]    Compiling async-session v2.0.1
[INFO] [stderr]    Compiling bee-rest-api v0.1.0
[INFO] [stderr]    Compiling serde_yaml v0.8.17
[INFO] [stderr]    Compiling arc-swap v0.4.8
[INFO] [stderr]    Compiling rust-ini v0.13.0
[INFO] [stderr]    Compiling humantime v2.1.0
[INFO] [stderr]    Compiling config v0.10.1
[INFO] [stderr]    Compiling log4rs v1.0.0
[INFO] [stderr]    Compiling hyper v0.14.7
[INFO] [stderr]    Compiling http-client v6.3.5
[INFO] [stderr]    Compiling async-h1 v2.3.2
[INFO] [stderr]    Compiling async-sse v4.1.0
[INFO] [stderr]    Compiling tide v0.16.0
[INFO] [stderr]    Compiling hyper-rustls v0.22.1
[INFO] [stderr]    Compiling reqwest v0.11.3
[INFO] [stderr]    Compiling iota-client v0.5.0-alpha.3 (https://github.com/iotaledger/iota.rs?branch=dev#66a1a593)
[INFO] [stderr]    Compiling iota-core v0.2.0-alpha.3 (https://github.com/iotaledger/iota.rs?branch=dev#66a1a593)
[INFO] [stderr]    Compiling iota-streams-app v1.0.1 (https://github.com/iotaledger/streams?branch=chrysalis-2#2c0e737b)
[INFO] [stderr]    Compiling iota-streams-app-channels v1.0.1 (https://github.com/iotaledger/streams?branch=chrysalis-2#2c0e737b)
[INFO] [stderr]    Compiling iota-streams v1.0.0 (https://github.com/iotaledger/streams?branch=chrysalis-2#2c0e737b)
[INFO] [stderr]    Compiling channel-server v0.1.0 (/opt/rustwide/workdir)
[INFO] [stderr]     Finished `dev` profile [unoptimized + debuginfo] target(s) in 3m 33s
[INFO] [stderr] warning: the following packages contain code that will be rejected by a future version of Rust: http-types v2.11.1, nom v5.1.2, traitobject v0.1.0, typemap v0.3.3
[INFO] [stderr] note: to see what the problems were, use the option `--future-incompat-report`, or run `cargo report future-incompatibilities --id 1`
[INFO] running `Command { std: "docker" "inspect" "b36887c33d9087875c5de22f8ee7cada00db5af298501ef4a84cc55a29921997", kill_on_drop: false }`
[INFO] running `Command { std: "docker" "rm" "-f" "b36887c33d9087875c5de22f8ee7cada00db5af298501ef4a84cc55a29921997", kill_on_drop: false }`
[INFO] [stdout] b36887c33d9087875c5de22f8ee7cada00db5af298501ef4a84cc55a29921997
[INFO] running `Command { std: "docker" "create" "-v" "/var/lib/crater-agent-workspace/builds/worker-6-tc2/target:/opt/rustwide/target:rw,Z" "-v" "/var/lib/crater-agent-workspace/builds/worker-6-tc2/source:/opt/rustwide/workdir:ro,Z" "-v" "/var/lib/crater-agent-workspace/cargo-home:/opt/rustwide/cargo-home:ro,Z" "-v" "/var/lib/crater-agent-workspace/rustup-home:/opt/rustwide/rustup-home:ro,Z" "-e" "SOURCE_DIR=/opt/rustwide/workdir" "-e" "CARGO_TARGET_DIR=/opt/rustwide/target" "-e" "CARGO_INCREMENTAL=0" "-e" "RUST_BACKTRACE=full" "-e" "RUSTFLAGS=--cap-lints=warn" "-e" "RUSTDOCFLAGS=--cap-lints=warn" "-e" "CARGO_HOME=/opt/rustwide/cargo-home" "-e" "RUSTUP_HOME=/opt/rustwide/rustup-home" "-w" "/opt/rustwide/workdir" "-m" "1610612736" "--user" "0:0" "--network" "none" "ghcr.io/rust-lang/crates-build-env/linux@sha256:f3a9d4ad9d972b27faf3965f35b62e55ba32bbce8f20bc8fe909558a86702fde" "/opt/rustwide/cargo-home/bin/cargo" "+beta-2024-12-08" "test" "--frozen" "--no-run" "--message-format=json", kill_on_drop: false }`
[INFO] [stdout] a1da6ec95dcbdce6854d2fab54a390b3bcb1abeb074d2f81830d840d91354093
[INFO] running `Command { std: "docker" "start" "-a" "a1da6ec95dcbdce6854d2fab54a390b3bcb1abeb074d2f81830d840d91354093", kill_on_drop: false }`
[INFO] [stderr] error: invalid character `.` in package name: `crypto.js`, characters must be Unicode XID characters (numbers, `-`, `_`, or most letters)
[INFO] [stderr]  --> ../cargo-home/git/checkouts/crypto.rs-15dc59503602e2bb/7b9cac4/bindings/crypto.js/native/Cargo.toml:2:8
[INFO] [stderr]   |
[INFO] [stderr] 2 | name = "crypto.js"
[INFO] [stderr]   |        ^^^^^^^^^^^
[INFO] [stderr]   |
[INFO] [stderr]    Compiling channel-server v0.1.0 (/opt/rustwide/workdir)
[INFO] [stderr]     Finished `test` profile [unoptimized + debuginfo] target(s) in 6.81s
[INFO] [stderr] warning: the following packages contain code that will be rejected by a future version of Rust: http-types v2.11.1, nom v5.1.2, traitobject v0.1.0, typemap v0.3.3
[INFO] [stderr] note: to see what the problems were, use the option `--future-incompat-report`, or run `cargo report future-incompatibilities --id 1`
[INFO] running `Command { std: "docker" "inspect" "a1da6ec95dcbdce6854d2fab54a390b3bcb1abeb074d2f81830d840d91354093", kill_on_drop: false }`
[INFO] running `Command { std: "docker" "rm" "-f" "a1da6ec95dcbdce6854d2fab54a390b3bcb1abeb074d2f81830d840d91354093", kill_on_drop: false }`
[INFO] [stdout] a1da6ec95dcbdce6854d2fab54a390b3bcb1abeb074d2f81830d840d91354093
[INFO] running `Command { std: "docker" "create" "-v" "/var/lib/crater-agent-workspace/builds/worker-6-tc2/target:/opt/rustwide/target:rw,Z" "-v" "/var/lib/crater-agent-workspace/builds/worker-6-tc2/source:/opt/rustwide/workdir:ro,Z" "-v" "/var/lib/crater-agent-workspace/cargo-home:/opt/rustwide/cargo-home:ro,Z" "-v" "/var/lib/crater-agent-workspace/rustup-home:/opt/rustwide/rustup-home:ro,Z" "-e" "SOURCE_DIR=/opt/rustwide/workdir" "-e" "CARGO_TARGET_DIR=/opt/rustwide/target" "-e" "CARGO_INCREMENTAL=0" "-e" "RUST_BACKTRACE=full" "-e" "RUSTFLAGS=--cap-lints=warn" "-e" "RUSTDOCFLAGS=--cap-lints=warn" "-e" "CARGO_HOME=/opt/rustwide/cargo-home" "-e" "RUSTUP_HOME=/opt/rustwide/rustup-home" "-w" "/opt/rustwide/workdir" "-m" "1610612736" "--user" "0:0" "--network" "none" "ghcr.io/rust-lang/crates-build-env/linux@sha256:f3a9d4ad9d972b27faf3965f35b62e55ba32bbce8f20bc8fe909558a86702fde" "/opt/rustwide/cargo-home/bin/cargo" "+beta-2024-12-08" "test" "--frozen", kill_on_drop: false }`
[INFO] [stdout] 8f8f191001a8cfe1516b8ecfb6728f449db1e739d5bf44e067924aaed69dd83c
[INFO] running `Command { std: "docker" "start" "-a" "8f8f191001a8cfe1516b8ecfb6728f449db1e739d5bf44e067924aaed69dd83c", kill_on_drop: false }`
[INFO] [stderr] error: invalid character `.` in package name: `crypto.js`, characters must be Unicode XID characters (numbers, `-`, `_`, or most letters)
[INFO] [stderr]  --> ../cargo-home/git/checkouts/crypto.rs-15dc59503602e2bb/7b9cac4/bindings/crypto.js/native/Cargo.toml:2:8
[INFO] [stderr]   |
[INFO] [stderr] 2 | name = "crypto.js"
[INFO] [stderr]   |        ^^^^^^^^^^^
[INFO] [stderr]   |
[INFO] [stderr]     Finished `test` profile [unoptimized + debuginfo] target(s) in 0.45s
[INFO] [stderr] warning: the following packages contain code that will be rejected by a future version of Rust: http-types v2.11.1, nom v5.1.2, traitobject v0.1.0, typemap v0.3.3
[INFO] [stderr] note: to see what the problems were, use the option `--future-incompat-report`, or run `cargo report future-incompatibilities --id 1`
[INFO] [stderr]      Running unittests src/main.rs (/opt/rustwide/target/debug/deps/channel_server-531b5a7415c0f539)
[INFO] [stdout] 
[INFO] [stdout] running 1 test
[INFO] [stdout] test tests::create_channel ... FAILED
[INFO] [stdout] 
[INFO] [stdout] failures:
[INFO] [stdout] 
[INFO] [stdout] ---- tests::create_channel stdout ----
[INFO] [stdout] thread 'tests::create_channel' panicked at src/main.rs:159:9:
[INFO] [stdout] assertion `left == right` failed
[INFO] [stdout]   left: 201
[INFO] [stdout]  right: NotFound
[INFO] [stdout] stack backtrace:
[INFO] [stdout]    0:     0x5f5c410ab8aa - std::backtrace_rs::backtrace::libunwind::trace::h8810477743020387
[INFO] [stdout]                                at /rustc/202008a1b8de96d2e5b6bc02d379db03a877d34d/library/std/src/../../backtrace/src/backtrace/libunwind.rs:116:5
[INFO] [stdout]    1:     0x5f5c410ab8aa - std::backtrace_rs::backtrace::trace_unsynchronized::h3aa55355dd6c54a6
[INFO] [stdout]                                at /rustc/202008a1b8de96d2e5b6bc02d379db03a877d34d/library/std/src/../../backtrace/src/backtrace/mod.rs:66:5
[INFO] [stdout]    2:     0x5f5c410ab8aa - std::sys::backtrace::_print_fmt::h8588b0f62410823f
[INFO] [stdout]                                at /rustc/202008a1b8de96d2e5b6bc02d379db03a877d34d/library/std/src/sys/backtrace.rs:66:9
[INFO] [stdout]    3:     0x5f5c410ab8aa - <std::sys::backtrace::BacktraceLock::print::DisplayBacktrace as core::fmt::Display>::fmt::h98c26ac25ffe89bb
[INFO] [stdout]                                at /rustc/202008a1b8de96d2e5b6bc02d379db03a877d34d/library/std/src/sys/backtrace.rs:39:26
[INFO] [stdout]    4:     0x5f5c410d35f3 - core::fmt::rt::Argument::fmt::hf95377f4aebd453b
[INFO] [stdout]                                at /rustc/202008a1b8de96d2e5b6bc02d379db03a877d34d/library/core/src/fmt/rt.rs:177:76
[INFO] [stdout]    5:     0x5f5c410d35f3 - core::fmt::write::h0dd5f6e2238c7982
[INFO] [stdout]                                at /rustc/202008a1b8de96d2e5b6bc02d379db03a877d34d/library/core/src/fmt/mod.rs:1189:21
[INFO] [stdout]    6:     0x5f5c410a86b3 - std::io::Write::write_fmt::h03bb0ca26e6faf8c
[INFO] [stdout]                                at /rustc/202008a1b8de96d2e5b6bc02d379db03a877d34d/library/std/src/io/mod.rs:1884:15
[INFO] [stdout]    7:     0x5f5c410ab6f2 - std::sys::backtrace::BacktraceLock::print::h5c19c1c038ee186d
[INFO] [stdout]                                at /rustc/202008a1b8de96d2e5b6bc02d379db03a877d34d/library/std/src/sys/backtrace.rs:42:9
[INFO] [stdout]    8:     0x5f5c410acd2d - std::panicking::default_hook::{{closure}}::h77172f079a1fcb13
[INFO] [stdout]                                at /rustc/202008a1b8de96d2e5b6bc02d379db03a877d34d/library/std/src/panicking.rs:268:22
[INFO] [stdout]    9:     0x5f5c410acb37 - std::panicking::default_hook::he5f8e3b203ccddba
[INFO] [stdout]                                at /rustc/202008a1b8de96d2e5b6bc02d379db03a877d34d/library/std/src/panicking.rs:292:9
[INFO] [stdout]   10:     0x5f5c40dc6207 - <alloc::boxed::Box<F,A> as core::ops::function::Fn<Args>>::call::h7a3c7b4a1ae77f2f
[INFO] [stdout]                                at /rustc/202008a1b8de96d2e5b6bc02d379db03a877d34d/library/alloc/src/boxed.rs:1986:9
[INFO] [stdout]   11:     0x5f5c40dc6207 - test::test_main::{{closure}}::hf0d3b69ae9b353d1
[INFO] [stdout]                                at /rustc/202008a1b8de96d2e5b6bc02d379db03a877d34d/library/test/src/lib.rs:134:21
[INFO] [stdout]   12:     0x5f5c410ad3d8 - <alloc::boxed::Box<F,A> as core::ops::function::Fn<Args>>::call::h6332e82e7b189abd
[INFO] [stdout]                                at /rustc/202008a1b8de96d2e5b6bc02d379db03a877d34d/library/alloc/src/boxed.rs:1986:9
[INFO] [stdout]   13:     0x5f5c410ad3d8 - std::panicking::rust_panic_with_hook::h53863d4e9018df39
[INFO] [stdout]                                at /rustc/202008a1b8de96d2e5b6bc02d379db03a877d34d/library/std/src/panicking.rs:809:13
[INFO] [stdout]   14:     0x5f5c410ad19a - std::panicking::begin_panic_handler::{{closure}}::h67280e6fa0757873
[INFO] [stdout]                                at /rustc/202008a1b8de96d2e5b6bc02d379db03a877d34d/library/std/src/panicking.rs:674:13
[INFO] [stdout]   15:     0x5f5c410abd89 - std::sys::backtrace::__rust_end_short_backtrace::h1dac3f54d6fbbeb2
[INFO] [stdout]                                at /rustc/202008a1b8de96d2e5b6bc02d379db03a877d34d/library/std/src/sys/backtrace.rs:170:18
[INFO] [stdout]   16:     0x5f5c410ace2c - rust_begin_unwind
[INFO] [stdout]                                at /rustc/202008a1b8de96d2e5b6bc02d379db03a877d34d/library/std/src/panicking.rs:665:5
[INFO] [stdout]   17:     0x5f5c40d73c70 - core::panicking::panic_fmt::h6792bd1b2bf01041
[INFO] [stdout]                                at /rustc/202008a1b8de96d2e5b6bc02d379db03a877d34d/library/core/src/panicking.rs:76:14
[INFO] [stdout]   18:     0x5f5c40d74074 - core::panicking::assert_failed_inner::hf2c17e6d30928787
[INFO] [stdout]   19:     0x5f5c40d77bc2 - core::panicking::assert_failed::h5e293426b2884b4c
[INFO] [stdout]                                at /rustc/202008a1b8de96d2e5b6bc02d379db03a877d34d/library/core/src/panicking.rs:373:5
[INFO] [stdout]   20:     0x5f5c40d8c8cf - channel_server::tests::create_channel::{{closure}}::hae5a3f73c62e8b54
[INFO] [stdout]                                at /opt/rustwide/workdir/src/main.rs:159:9
[INFO] [stdout]   21:     0x5f5c40d82931 - <async_std::task::builder::SupportTaskLocals<F> as core::future::future::Future>::poll::{{closure}}::haa121dbcdba60b72
[INFO] [stdout]                                at /opt/rustwide/cargo-home/registry/src/index.crates.io-6f17d22bba15001f/async-std-1.9.0/src/task/builder.rs:199:17
[INFO] [stdout]   22:     0x5f5c40d86a79 - async_std::task::task_locals_wrapper::TaskLocalsWrapper::set_current::{{closure}}::h34618d5a248f42cf
[INFO] [stdout]                                at /opt/rustwide/cargo-home/registry/src/index.crates.io-6f17d22bba15001f/async-std-1.9.0/src/task/task_locals_wrapper.rs:60:13
[INFO] [stdout]   23:     0x5f5c40d76f68 - std::thread::local::LocalKey<T>::try_with::hea7c3559bb17c757
[INFO] [stdout]                                at /rustc/202008a1b8de96d2e5b6bc02d379db03a877d34d/library/std/src/thread/local.rs:283:12
[INFO] [stdout]   24:     0x5f5c40d7654c - std::thread::local::LocalKey<T>::with::h38369c41dd2a8d04
[INFO] [stdout]                                at /rustc/202008a1b8de96d2e5b6bc02d379db03a877d34d/library/std/src/thread/local.rs:260:9
[INFO] [stdout]   25:     0x5f5c40d8694f - async_std::task::task_locals_wrapper::TaskLocalsWrapper::set_current::h2c204c3e09b0d156
[INFO] [stdout]                                at /opt/rustwide/cargo-home/registry/src/index.crates.io-6f17d22bba15001f/async-std-1.9.0/src/task/task_locals_wrapper.rs:55:9
[INFO] [stdout]   26:     0x5f5c40d828e0 - <async_std::task::builder::SupportTaskLocals<F> as core::future::future::Future>::poll::h8f01e37a63b73b8e
[INFO] [stdout]                                at /opt/rustwide/cargo-home/registry/src/index.crates.io-6f17d22bba15001f/async-std-1.9.0/src/task/builder.rs:197:13
[INFO] [stdout]   27:     0x5f5c40d7b010 - <futures_lite::future::Or<F1,F2> as core::future::future::Future>::poll::h688f8b38b868bf6b
[INFO] [stdout]                                at /opt/rustwide/cargo-home/registry/src/index.crates.io-6f17d22bba15001f/futures-lite-1.11.3/src/future.rs:526:33
[INFO] [stdout]   28:     0x5f5c40d7606f - async_executor::Executor::run::{{closure}}::h5c4cc99e683969c1
[INFO] [stdout]                                at /opt/rustwide/cargo-home/registry/src/index.crates.io-6f17d22bba15001f/async-executor-1.4.1/src/lib.rs:242:32
[INFO] [stdout]   29:     0x5f5c40d75c76 - async_executor::LocalExecutor::run::{{closure}}::h9131fe51f13feacf
[INFO] [stdout]                                at /opt/rustwide/cargo-home/registry/src/index.crates.io-6f17d22bba15001f/async-executor-1.4.1/src/lib.rs:447:34
[INFO] [stdout]   30:     0x5f5c40d7f7b9 - async_io::driver::block_on::hffd1e84dd0ec2fcd
[INFO] [stdout]                                at /opt/rustwide/cargo-home/registry/src/index.crates.io-6f17d22bba15001f/async-io-1.4.1/src/driver.rs:142:33
[INFO] [stdout]   31:     0x5f5c40d7b62c - async_global_executor::reactor::block_on::{{closure}}::hceb4d54b95ac986d
[INFO] [stdout]                                at /opt/rustwide/cargo-home/registry/src/index.crates.io-6f17d22bba15001f/async-global-executor-2.0.2/src/reactor.rs:3:18
[INFO] [stdout]   32:     0x5f5c40d7b575 - async_global_executor::reactor::block_on::hde14d97c30b6d529
[INFO] [stdout]                                at /opt/rustwide/cargo-home/registry/src/index.crates.io-6f17d22bba15001f/async-global-executor-2.0.2/src/reactor.rs:12:5
[INFO] [stdout]   33:     0x5f5c40d83c45 - async_global_executor::executor::block_on::{{closure}}::hc3b22df18459fa1f
[INFO] [stdout]                                at /opt/rustwide/cargo-home/registry/src/index.crates.io-6f17d22bba15001f/async-global-executor-2.0.2/src/executor.rs:26:36
[INFO] [stdout]   34:     0x5f5c40d770cc - std::thread::local::LocalKey<T>::try_with::hfc880a27bf3515ec
[INFO] [stdout]                                at /rustc/202008a1b8de96d2e5b6bc02d379db03a877d34d/library/std/src/thread/local.rs:283:12
[INFO] [stdout]   35:     0x5f5c40d766bc - std::thread::local::LocalKey<T>::with::hea72b50a6f3474ec
[INFO] [stdout]                                at /rustc/202008a1b8de96d2e5b6bc02d379db03a877d34d/library/std/src/thread/local.rs:260:9
[INFO] [stdout]   36:     0x5f5c40d83bc4 - async_global_executor::executor::block_on::h4a21bfe384c54b14
[INFO] [stdout]                                at /opt/rustwide/cargo-home/registry/src/index.crates.io-6f17d22bba15001f/async-global-executor-2.0.2/src/executor.rs:26:5
[INFO] [stdout]   37:     0x5f5c40d873e4 - async_std::task::builder::Builder::blocking::{{closure}}::{{closure}}::hdbab63271f9003d4
[INFO] [stdout]                                at /opt/rustwide/cargo-home/registry/src/index.crates.io-6f17d22bba15001f/async-std-1.9.0/src/task/builder.rs:171:25
[INFO] [stdout]   38:     0x5f5c40d86ba7 - async_std::task::task_locals_wrapper::TaskLocalsWrapper::set_current::{{closure}}::hbd1e43d4403993c7
[INFO] [stdout]                                at /opt/rustwide/cargo-home/registry/src/index.crates.io-6f17d22bba15001f/async-std-1.9.0/src/task/task_locals_wrapper.rs:60:13
[INFO] [stdout]   39:     0x5f5c40d76d3a - std::thread::local::LocalKey<T>::try_with::ha975eddae0cd1842
[INFO] [stdout]                                at /rustc/202008a1b8de96d2e5b6bc02d379db03a877d34d/library/std/src/thread/local.rs:283:12
[INFO] [stdout]   40:     0x5f5c40d7670c - std::thread::local::LocalKey<T>::with::heb99568b6971921a
[INFO] [stdout]                                at /rustc/202008a1b8de96d2e5b6bc02d379db03a877d34d/library/std/src/thread/local.rs:260:9
[INFO] [stdout]   41:     0x5f5c40d869b6 - async_std::task::task_locals_wrapper::TaskLocalsWrapper::set_current::hf6e94154addc3a14
[INFO] [stdout]                                at /opt/rustwide/cargo-home/registry/src/index.crates.io-6f17d22bba15001f/async-std-1.9.0/src/task/task_locals_wrapper.rs:55:9
[INFO] [stdout]   42:     0x5f5c40d8731b - async_std::task::builder::Builder::blocking::{{closure}}::h45a6cfc3e18bd44e
[INFO] [stdout]                                at /opt/rustwide/cargo-home/registry/src/index.crates.io-6f17d22bba15001f/async-std-1.9.0/src/task/builder.rs:168:17
[INFO] [stdout]   43:     0x5f5c40d7724c - std::thread::local::LocalKey<T>::try_with::hfe1b7c958b6986c4
[INFO] [stdout]                                at /rustc/202008a1b8de96d2e5b6bc02d379db03a877d34d/library/std/src/thread/local.rs:283:12
[INFO] [stdout]   44:     0x5f5c40d7661c - std::thread::local::LocalKey<T>::with::h975edcee3fd7d0e8
[INFO] [stdout]                                at /rustc/202008a1b8de96d2e5b6bc02d379db03a877d34d/library/std/src/thread/local.rs:260:9
[INFO] [stdout]   45:     0x5f5c40d87001 - async_std::task::builder::Builder::blocking::h0d4fda38e255d556
[INFO] [stdout]                                at /opt/rustwide/cargo-home/registry/src/index.crates.io-6f17d22bba15001f/async-std-1.9.0/src/task/builder.rs:161:9
[INFO] [stdout]   46:     0x5f5c40d7b1dd - async_std::task::block_on::block_on::hae66d5a947cb5fb4
[INFO] [stdout]                                at /opt/rustwide/cargo-home/registry/src/index.crates.io-6f17d22bba15001f/async-std-1.9.0/src/task/block_on.rs:33:5
[INFO] [stdout]   47:     0x5f5c40d8c170 - channel_server::tests::create_channel::he46200cad98d2d12
[INFO] [stdout]                                at /opt/rustwide/workdir/src/main.rs:147:5
[INFO] [stdout]   48:     0x5f5c40d8c12c - channel_server::tests::create_channel::{{closure}}::h8f12b62b2ac5d99d
[INFO] [stdout]                                at /opt/rustwide/workdir/src/main.rs:148:34
[INFO] [stdout]   49:     0x5f5c40d89056 - core::ops::function::FnOnce::call_once::h77d976936b905fee
[INFO] [stdout]                                at /rustc/202008a1b8de96d2e5b6bc02d379db03a877d34d/library/core/src/ops/function.rs:250:5
[INFO] [stdout]   50:     0x5f5c40dcad2b - core::ops::function::FnOnce::call_once::h871bf86719ec9aa4
[INFO] [stdout]                                at /rustc/202008a1b8de96d2e5b6bc02d379db03a877d34d/library/core/src/ops/function.rs:250:5
[INFO] [stdout]   51:     0x5f5c40dcad2b - test::__rust_begin_short_backtrace::h2167df1e2b7d76fd
[INFO] [stdout]                                at /rustc/202008a1b8de96d2e5b6bc02d379db03a877d34d/library/test/src/lib.rs:632:18
[INFO] [stdout]   52:     0x5f5c40dca718 - test::run_test_in_process::{{closure}}::h15d92f75a3adfb79
[INFO] [stdout]                                at /rustc/202008a1b8de96d2e5b6bc02d379db03a877d34d/library/test/src/lib.rs:655:60
[INFO] [stdout]   53:     0x5f5c40dca718 - <core::panic::unwind_safe::AssertUnwindSafe<F> as core::ops::function::FnOnce<()>>::call_once::hb6c8955835a8dbbb
[INFO] [stdout]                                at /rustc/202008a1b8de96d2e5b6bc02d379db03a877d34d/library/core/src/panic/unwind_safe.rs:272:9
[INFO] [stdout]   54:     0x5f5c40dca718 - std::panicking::try::do_call::hc79d0fc888a0bd30
[INFO] [stdout]                                at /rustc/202008a1b8de96d2e5b6bc02d379db03a877d34d/library/std/src/panicking.rs:557:40
[INFO] [stderr] error: test failed, to rerun pass `--bin channel-server`
[INFO] [stdout]   55:     0x5f5c40dca718 - std::panicking::try::hb8a7878e3a8589d6
[INFO] [stdout]                                at /rustc/202008a1b8de96d2e5b6bc02d379db03a877d34d/library/std/src/panicking.rs:520:19
[INFO] [stdout]   56:     0x5f5c40dca718 - std::panic::catch_unwind::hb8e4600ff0ff5cfa
[INFO] [stdout]                                at /rustc/202008a1b8de96d2e5b6bc02d379db03a877d34d/library/std/src/panic.rs:358:14
[INFO] [stdout]   57:     0x5f5c40dca718 - test::run_test_in_process::hc2900b0b18688dd6
[INFO] [stdout]                                at /rustc/202008a1b8de96d2e5b6bc02d379db03a877d34d/library/test/src/lib.rs:655:27
[INFO] [stdout]   58:     0x5f5c40dca718 - test::run_test::{{closure}}::hac2a9cb07be3d48d
[INFO] [stdout]                                at /rustc/202008a1b8de96d2e5b6bc02d379db03a877d34d/library/test/src/lib.rs:576:43
[INFO] [stdout]   59:     0x5f5c40d8e1ba - test::run_test::{{closure}}::h4a5b729e66a38cd8
[INFO] [stdout]                                at /rustc/202008a1b8de96d2e5b6bc02d379db03a877d34d/library/test/src/lib.rs:606:41
[INFO] [stdout]   60:     0x5f5c40d8e1ba - std::sys::backtrace::__rust_begin_short_backtrace::h0496fb742492f573
[INFO] [stdout]                                at /rustc/202008a1b8de96d2e5b6bc02d379db03a877d34d/library/std/src/sys/backtrace.rs:154:18
[INFO] [stdout]   61:     0x5f5c40d91b34 - std::thread::Builder::spawn_unchecked_::{{closure}}::{{closure}}::hbb6d257c550a54bd
[INFO] [stdout]                                at /rustc/202008a1b8de96d2e5b6bc02d379db03a877d34d/library/std/src/thread/mod.rs:561:17
[INFO] [stdout]   62:     0x5f5c40d91b34 - <core::panic::unwind_safe::AssertUnwindSafe<F> as core::ops::function::FnOnce<()>>::call_once::h46696fe4a6832328
[INFO] [stdout]                                at /rustc/202008a1b8de96d2e5b6bc02d379db03a877d34d/library/core/src/panic/unwind_safe.rs:272:9
[INFO] [stdout]   63:     0x5f5c40d91b34 - std::panicking::try::do_call::h2625a51b667bfb64
[INFO] [stdout]                                at /rustc/202008a1b8de96d2e5b6bc02d379db03a877d34d/library/std/src/panicking.rs:557:40
[INFO] [stdout]   64:     0x5f5c40d91b34 - std::panicking::try::hb956a59a1973aa4c
[INFO] [stdout]                                at /rustc/202008a1b8de96d2e5b6bc02d379db03a877d34d/library/std/src/panicking.rs:520:19
[INFO] [stdout]   65:     0x5f5c40d91b34 - std::panic::catch_unwind::h64f3b9d1067ef6a0
[INFO] [stdout]                                at /rustc/202008a1b8de96d2e5b6bc02d379db03a877d34d/library/std/src/panic.rs:358:14
[INFO] [stdout]   66:     0x5f5c40d91b34 - std::thread::Builder::spawn_unchecked_::{{closure}}::h42b2841295b6c0b2
[INFO] [stdout]                                at /rustc/202008a1b8de96d2e5b6bc02d379db03a877d34d/library/std/src/thread/mod.rs:559:30
[INFO] [stdout]   67:     0x5f5c40d91b34 - core::ops::function::FnOnce::call_once{{vtable.shim}}::h6127de71b8124639
[INFO] [stdout]                                at /rustc/202008a1b8de96d2e5b6bc02d379db03a877d34d/library/core/src/ops/function.rs:250:5
[INFO] [stdout]   68:     0x5f5c410b137b - <alloc::boxed::Box<F,A> as core::ops::function::FnOnce<Args>>::call_once::h42f0ba71002a1b2c
[INFO] [stdout]                                at /rustc/202008a1b8de96d2e5b6bc02d379db03a877d34d/library/alloc/src/boxed.rs:1972:9
[INFO] [stdout]   69:     0x5f5c410b137b - <alloc::boxed::Box<F,A> as core::ops::function::FnOnce<Args>>::call_once::had9e47d7a3dcecb8
[INFO] [stdout]                                at /rustc/202008a1b8de96d2e5b6bc02d379db03a877d34d/library/alloc/src/boxed.rs:1972:9
[INFO] [stdout]   70:     0x5f5c410b137b - std::sys::pal::unix::thread::Thread::new::thread_start::h48cf765408f6f5f2
[INFO] [stdout]                                at /rustc/202008a1b8de96d2e5b6bc02d379db03a877d34d/library/std/src/sys/pal/unix/thread.rs:105:17
[INFO] [stdout]   71:     0x7eaf4c26cac3 - <unknown>
[INFO] [stdout]   72:     0x7eaf4c2fda04 - clone
[INFO] [stdout]   73:                0x0 - <unknown>
[INFO] [stdout] 
[INFO] [stdout] 
[INFO] [stdout] failures:
[INFO] [stdout]     tests::create_channel
[INFO] [stdout] 
[INFO] [stdout] test result: FAILED. 0 passed; 1 failed; 0 ignored; 0 measured; 0 filtered out; finished in 0.19s
[INFO] [stdout] 
[INFO] running `Command { std: "docker" "inspect" "8f8f191001a8cfe1516b8ecfb6728f449db1e739d5bf44e067924aaed69dd83c", kill_on_drop: false }`
[INFO] running `Command { std: "docker" "rm" "-f" "8f8f191001a8cfe1516b8ecfb6728f449db1e739d5bf44e067924aaed69dd83c", kill_on_drop: false }`
[INFO] [stdout] 8f8f191001a8cfe1516b8ecfb6728f449db1e739d5bf44e067924aaed69dd83c
