[INFO] cloning repository https://github.com/naolarega/monkey-lang-rs
[INFO] running `Command { std: "git" "-c" "credential.helper=" "-c" "credential.helper=/workspace/cargo-home/bin/git-credential-null" "clone" "--bare" "https://github.com/naolarega/monkey-lang-rs" "/workspace/cache/git-repos/https%3A%2F%2Fgithub.com%2Fnaolarega%2Fmonkey-lang-rs", kill_on_drop: false }`
[INFO] [stderr] Cloning into bare repository '/workspace/cache/git-repos/https%3A%2F%2Fgithub.com%2Fnaolarega%2Fmonkey-lang-rs'...
[INFO] running `Command { std: "git" "rev-parse" "HEAD", kill_on_drop: false }`
[INFO] [stdout] 3d178ee1e0fb4d745b976236507e500184f55edb
[INFO] testing naolarega/monkey-lang-rs against 1.83.0 for beta-1.84.0-4-retry
[INFO] running `Command { std: "git" "clone" "/workspace/cache/git-repos/https%3A%2F%2Fgithub.com%2Fnaolarega%2Fmonkey-lang-rs" "/workspace/builds/worker-5-tc1/source", kill_on_drop: false }`
[INFO] [stderr] Cloning into '/workspace/builds/worker-5-tc1/source'...
[INFO] [stderr] done.
[INFO] validating manifest of git repo https://github.com/naolarega/monkey-lang-rs on toolchain 1.83.0
[INFO] running `Command { std: CARGO_HOME="/workspace/cargo-home" RUSTUP_HOME="/workspace/rustup-home" "/workspace/cargo-home/bin/cargo" "+1.83.0" "metadata" "--manifest-path" "Cargo.toml" "--no-deps", kill_on_drop: false }`
[INFO] started tweaking git repo https://github.com/naolarega/monkey-lang-rs
[INFO] finished tweaking git repo https://github.com/naolarega/monkey-lang-rs
[INFO] tweaked toml for git repo https://github.com/naolarega/monkey-lang-rs written to /workspace/builds/worker-5-tc1/source/Cargo.toml
[INFO] crate git repo https://github.com/naolarega/monkey-lang-rs already has a lockfile, it will not be regenerated
[INFO] running `Command { std: CARGO_HOME="/workspace/cargo-home" RUSTUP_HOME="/workspace/rustup-home" "/workspace/cargo-home/bin/cargo" "+1.83.0" "fetch" "--manifest-path" "Cargo.toml", kill_on_drop: false }`
[INFO] running `Command { std: "docker" "create" "-v" "/var/lib/crater-agent-workspace/builds/worker-5-tc1/target:/opt/rustwide/target:rw,Z" "-v" "/var/lib/crater-agent-workspace/builds/worker-5-tc1/source:/opt/rustwide/workdir:ro,Z" "-v" "/var/lib/crater-agent-workspace/cargo-home:/opt/rustwide/cargo-home:ro,Z" "-v" "/var/lib/crater-agent-workspace/rustup-home:/opt/rustwide/rustup-home:ro,Z" "-e" "SOURCE_DIR=/opt/rustwide/workdir" "-e" "CARGO_TARGET_DIR=/opt/rustwide/target" "-e" "CARGO_HOME=/opt/rustwide/cargo-home" "-e" "RUSTUP_HOME=/opt/rustwide/rustup-home" "-w" "/opt/rustwide/workdir" "-m" "1610612736" "--user" "0:0" "--network" "none" "ghcr.io/rust-lang/crates-build-env/linux@sha256:f3a9d4ad9d972b27faf3965f35b62e55ba32bbce8f20bc8fe909558a86702fde" "/opt/rustwide/cargo-home/bin/cargo" "+1.83.0" "metadata" "--no-deps" "--format-version=1", kill_on_drop: false }`
[INFO] [stdout] 1457768b4257c6c3b671b2c8bf843d42f3ddd185970e77899e6a5d6aaaba386e
[INFO] running `Command { std: "docker" "start" "-a" "1457768b4257c6c3b671b2c8bf843d42f3ddd185970e77899e6a5d6aaaba386e", kill_on_drop: false }`
[INFO] running `Command { std: "docker" "inspect" "1457768b4257c6c3b671b2c8bf843d42f3ddd185970e77899e6a5d6aaaba386e", kill_on_drop: false }`
[INFO] running `Command { std: "docker" "rm" "-f" "1457768b4257c6c3b671b2c8bf843d42f3ddd185970e77899e6a5d6aaaba386e", kill_on_drop: false }`
[INFO] [stdout] 1457768b4257c6c3b671b2c8bf843d42f3ddd185970e77899e6a5d6aaaba386e
[INFO] running `Command { std: "docker" "create" "-v" "/var/lib/crater-agent-workspace/builds/worker-5-tc1/target:/opt/rustwide/target:rw,Z" "-v" "/var/lib/crater-agent-workspace/builds/worker-5-tc1/source:/opt/rustwide/workdir:ro,Z" "-v" "/var/lib/crater-agent-workspace/cargo-home:/opt/rustwide/cargo-home:ro,Z" "-v" "/var/lib/crater-agent-workspace/rustup-home:/opt/rustwide/rustup-home:ro,Z" "-e" "SOURCE_DIR=/opt/rustwide/workdir" "-e" "CARGO_TARGET_DIR=/opt/rustwide/target" "-e" "CARGO_INCREMENTAL=0" "-e" "RUST_BACKTRACE=full" "-e" "RUSTFLAGS=--cap-lints=warn" "-e" "RUSTDOCFLAGS=--cap-lints=warn" "-e" "CARGO_HOME=/opt/rustwide/cargo-home" "-e" "RUSTUP_HOME=/opt/rustwide/rustup-home" "-w" "/opt/rustwide/workdir" "-m" "1610612736" "--user" "0:0" "--network" "none" "ghcr.io/rust-lang/crates-build-env/linux@sha256:f3a9d4ad9d972b27faf3965f35b62e55ba32bbce8f20bc8fe909558a86702fde" "/opt/rustwide/cargo-home/bin/cargo" "+1.83.0" "build" "--frozen" "--message-format=json", kill_on_drop: false }`
[INFO] [stdout] f8080c193cd7b5a67a44a52cb35093110a1a834608271c681bd4a87b62323961
[INFO] running `Command { std: "docker" "start" "-a" "f8080c193cd7b5a67a44a52cb35093110a1a834608271c681bd4a87b62323961", kill_on_drop: false }`
[INFO] [stderr]    Compiling monkey_lang v0.1.0 (/opt/rustwide/workdir)
[INFO] [stdout] warning: method `statement_node` is never used
[INFO] [stdout]   --> src/ast.rs:16:8
[INFO] [stdout]    |
[INFO] [stdout] 15 | impl Statement {
[INFO] [stdout]    | -------------- method in this implementation
[INFO] [stdout] 16 |     fn statement_node(&self) {}
[INFO] [stdout]    |        ^^^^^^^^^^^^^^
[INFO] [stdout]    |
[INFO] [stdout]    = note: `#[warn(dead_code)]` on by default
[INFO] [stdout] 
[INFO] [stdout] 
[INFO] [stdout] warning: associated function `expression_node` is never used
[INFO] [stdout]   --> src/ast.rs:34:8
[INFO] [stdout]    |
[INFO] [stdout] 33 | impl Expression {
[INFO] [stdout]    | --------------- associated function in this implementation
[INFO] [stdout] 34 |     fn expression_node() {}
[INFO] [stdout]    |        ^^^^^^^^^^^^^^^
[INFO] [stdout] 
[INFO] [stdout] 
[INFO] [stderr]     Finished `dev` profile [unoptimized + debuginfo] target(s) in 0.54s
[INFO] running `Command { std: "docker" "inspect" "f8080c193cd7b5a67a44a52cb35093110a1a834608271c681bd4a87b62323961", kill_on_drop: false }`
[INFO] running `Command { std: "docker" "rm" "-f" "f8080c193cd7b5a67a44a52cb35093110a1a834608271c681bd4a87b62323961", kill_on_drop: false }`
[INFO] [stdout] f8080c193cd7b5a67a44a52cb35093110a1a834608271c681bd4a87b62323961
[INFO] running `Command { std: "docker" "create" "-v" "/var/lib/crater-agent-workspace/builds/worker-5-tc1/target:/opt/rustwide/target:rw,Z" "-v" "/var/lib/crater-agent-workspace/builds/worker-5-tc1/source:/opt/rustwide/workdir:ro,Z" "-v" "/var/lib/crater-agent-workspace/cargo-home:/opt/rustwide/cargo-home:ro,Z" "-v" "/var/lib/crater-agent-workspace/rustup-home:/opt/rustwide/rustup-home:ro,Z" "-e" "SOURCE_DIR=/opt/rustwide/workdir" "-e" "CARGO_TARGET_DIR=/opt/rustwide/target" "-e" "CARGO_INCREMENTAL=0" "-e" "RUST_BACKTRACE=full" "-e" "RUSTFLAGS=--cap-lints=warn" "-e" "RUSTDOCFLAGS=--cap-lints=warn" "-e" "CARGO_HOME=/opt/rustwide/cargo-home" "-e" "RUSTUP_HOME=/opt/rustwide/rustup-home" "-w" "/opt/rustwide/workdir" "-m" "1610612736" "--user" "0:0" "--network" "none" "ghcr.io/rust-lang/crates-build-env/linux@sha256:f3a9d4ad9d972b27faf3965f35b62e55ba32bbce8f20bc8fe909558a86702fde" "/opt/rustwide/cargo-home/bin/cargo" "+1.83.0" "test" "--frozen" "--no-run" "--message-format=json", kill_on_drop: false }`
[INFO] [stdout] f5c057d51374fb4e6803ea781b4c895dcfa3856e32c28f6352f9aa0808469297
[INFO] running `Command { std: "docker" "start" "-a" "f5c057d51374fb4e6803ea781b4c895dcfa3856e32c28f6352f9aa0808469297", kill_on_drop: false }`
[INFO] [stderr]    Compiling monkey_lang v0.1.0 (/opt/rustwide/workdir)
[INFO] [stdout] warning: method `statement_node` is never used
[INFO] [stdout]   --> src/ast.rs:16:8
[INFO] [stdout]    |
[INFO] [stdout] 15 | impl Statement {
[INFO] [stdout]    | -------------- method in this implementation
[INFO] [stdout] 16 |     fn statement_node(&self) {}
[INFO] [stdout]    |        ^^^^^^^^^^^^^^
[INFO] [stdout]    |
[INFO] [stdout]    = note: `#[warn(dead_code)]` on by default
[INFO] [stdout] 
[INFO] [stdout] 
[INFO] [stdout] warning: associated function `expression_node` is never used
[INFO] [stdout]   --> src/ast.rs:34:8
[INFO] [stdout]    |
[INFO] [stdout] 33 | impl Expression {
[INFO] [stdout]    | --------------- associated function in this implementation
[INFO] [stdout] 34 |     fn expression_node() {}
[INFO] [stdout]    |        ^^^^^^^^^^^^^^^
[INFO] [stdout] 
[INFO] [stdout] 
[INFO] [stdout] warning: unreachable pattern
[INFO] [stdout]   --> tests/parser_test.rs:56:13
[INFO] [stdout]    |
[INFO] [stdout] 55 |             Statement::LetStatement { .. } => true,
[INFO] [stdout]    |             ------------------------------ matches all the relevant values
[INFO] [stdout] 56 |             _ => false,
[INFO] [stdout]    |             ^ no value can reach this
[INFO] [stdout]    |
[INFO] [stdout]    = note: `#[warn(unreachable_patterns)]` on by default
[INFO] [stdout] 
[INFO] [stdout] 
[INFO] [stdout] warning: method `statement_node` is never used
[INFO] [stdout]   --> src/ast.rs:16:8
[INFO] [stdout]    |
[INFO] [stdout] 15 | impl Statement {
[INFO] [stdout]    | -------------- method in this implementation
[INFO] [stdout] 16 |     fn statement_node(&self) {}
[INFO] [stdout]    |        ^^^^^^^^^^^^^^
[INFO] [stdout]    |
[INFO] [stdout]    = note: `#[warn(dead_code)]` on by default
[INFO] [stdout] 
[INFO] [stdout] 
[INFO] [stdout] warning: associated function `expression_node` is never used
[INFO] [stdout]   --> src/ast.rs:34:8
[INFO] [stdout]    |
[INFO] [stdout] 33 | impl Expression {
[INFO] [stdout]    | --------------- associated function in this implementation
[INFO] [stdout] 34 |     fn expression_node() {}
[INFO] [stdout]    |        ^^^^^^^^^^^^^^^
[INFO] [stdout] 
[INFO] [stdout] 
[INFO] [stderr]     Finished `test` profile [unoptimized + debuginfo] target(s) in 0.32s
[INFO] running `Command { std: "docker" "inspect" "f5c057d51374fb4e6803ea781b4c895dcfa3856e32c28f6352f9aa0808469297", kill_on_drop: false }`
[INFO] running `Command { std: "docker" "rm" "-f" "f5c057d51374fb4e6803ea781b4c895dcfa3856e32c28f6352f9aa0808469297", kill_on_drop: false }`
[INFO] [stdout] f5c057d51374fb4e6803ea781b4c895dcfa3856e32c28f6352f9aa0808469297
[INFO] running `Command { std: "docker" "create" "-v" "/var/lib/crater-agent-workspace/builds/worker-5-tc1/target:/opt/rustwide/target:rw,Z" "-v" "/var/lib/crater-agent-workspace/builds/worker-5-tc1/source:/opt/rustwide/workdir:ro,Z" "-v" "/var/lib/crater-agent-workspace/cargo-home:/opt/rustwide/cargo-home:ro,Z" "-v" "/var/lib/crater-agent-workspace/rustup-home:/opt/rustwide/rustup-home:ro,Z" "-e" "SOURCE_DIR=/opt/rustwide/workdir" "-e" "CARGO_TARGET_DIR=/opt/rustwide/target" "-e" "CARGO_INCREMENTAL=0" "-e" "RUST_BACKTRACE=full" "-e" "RUSTFLAGS=--cap-lints=warn" "-e" "RUSTDOCFLAGS=--cap-lints=warn" "-e" "CARGO_HOME=/opt/rustwide/cargo-home" "-e" "RUSTUP_HOME=/opt/rustwide/rustup-home" "-w" "/opt/rustwide/workdir" "-m" "1610612736" "--user" "0:0" "--network" "none" "ghcr.io/rust-lang/crates-build-env/linux@sha256:f3a9d4ad9d972b27faf3965f35b62e55ba32bbce8f20bc8fe909558a86702fde" "/opt/rustwide/cargo-home/bin/cargo" "+1.83.0" "test" "--frozen", kill_on_drop: false }`
[INFO] [stdout] 7ae19bb5e47c8f04826e19d8cee4e91c8c3418df1a9a3edebb7c73399ec3a3e7
[INFO] running `Command { std: "docker" "start" "-a" "7ae19bb5e47c8f04826e19d8cee4e91c8c3418df1a9a3edebb7c73399ec3a3e7", kill_on_drop: false }`
[INFO] [stderr] warning: method `statement_node` is never used
[INFO] [stderr]   --> src/ast.rs:16:8
[INFO] [stderr]    |
[INFO] [stderr] 15 | impl Statement {
[INFO] [stderr]    | -------------- method in this implementation
[INFO] [stderr] 16 |     fn statement_node(&self) {}
[INFO] [stderr]    |        ^^^^^^^^^^^^^^
[INFO] [stderr]    |
[INFO] [stderr]    = note: `#[warn(dead_code)]` on by default
[INFO] [stderr] 
[INFO] [stderr] warning: associated function `expression_node` is never used
[INFO] [stderr]   --> src/ast.rs:34:8
[INFO] [stderr]    |
[INFO] [stderr] 33 | impl Expression {
[INFO] [stderr]    | --------------- associated function in this implementation
[INFO] [stderr] 34 |     fn expression_node() {}
[INFO] [stderr]    |        ^^^^^^^^^^^^^^^
[INFO] [stderr] 
[INFO] [stderr] warning: `monkey_lang` (lib) generated 2 warnings
[INFO] [stderr] warning: unreachable pattern
[INFO] [stderr]   --> tests/parser_test.rs:56:13
[INFO] [stderr]    |
[INFO] [stderr] 55 |             Statement::LetStatement { .. } => true,
[INFO] [stderr]    |             ------------------------------ matches all the relevant values
[INFO] [stderr] 56 |             _ => false,
[INFO] [stderr]    |             ^ no value can reach this
[INFO] [stderr]    |
[INFO] [stderr]    = note: `#[warn(unreachable_patterns)]` on by default
[INFO] [stderr] 
[INFO] [stderr] warning: `monkey_lang` (test "parser_test") generated 1 warning
[INFO] [stderr] warning: `monkey_lang` (lib test) generated 2 warnings (2 duplicates)
[INFO] [stderr]     Finished `test` profile [unoptimized + debuginfo] target(s) in 0.01s
[INFO] [stderr]      Running unittests src/lib.rs (/opt/rustwide/target/debug/deps/monkey_lang-decccab75e042fa0)
[INFO] [stdout] 
[INFO] [stdout] running 0 tests
[INFO] [stdout] 
[INFO] [stdout] test result: ok. 0 passed; 0 failed; 0 ignored; 0 measured; 0 filtered out; finished in 0.00s
[INFO] [stdout] 
[INFO] [stderr]      Running unittests src/bin/monkey.rs (/opt/rustwide/target/debug/deps/monkey-4dd31bff7113bf6c)
[INFO] [stdout] 
[INFO] [stdout] running 0 tests
[INFO] [stdout] 
[INFO] [stdout] test result: ok. 0 passed; 0 failed; 0 ignored; 0 measured; 0 filtered out; finished in 0.00s
[INFO] [stdout] 
[INFO] [stderr]      Running tests/lexer_test.rs (/opt/rustwide/target/debug/deps/lexer_test-214a003646730dd7)
[INFO] [stdout] 
[INFO] [stdout] running 1 test
[INFO] [stdout] test test_next_token ... ok
[INFO] [stdout] 
[INFO] [stdout] test result: ok. 1 passed; 0 failed; 0 ignored; 0 measured; 0 filtered out; finished in 0.00s
[INFO] [stdout] 
[INFO] [stderr]      Running tests/parser_test.rs (/opt/rustwide/target/debug/deps/parser_test-1831168a46f0a0e3)
[INFO] [stdout] 
[INFO] [stdout] running 1 test
[INFO] [stdout] test test_let_statements ... FAILED
[INFO] [stdout] 
[INFO] [stdout] failures:
[INFO] [stdout] 
[INFO] [stdout] ---- test_let_statements stdout ----
[INFO] [stdout] thread 'test_let_statements' panicked at tests/parser_test.rs:34:5:
[INFO] [stdout] assertion failed: program.is_some()
[INFO] [stdout] stack backtrace:
[INFO] [stdout]    0:     0x55e3b61fec1a - std::backtrace_rs::backtrace::libunwind::trace::h5a5b8284f2d0c266
[INFO] [stdout]                                at /rustc/90b35a6239c3d8bdabc530a6a0816f7ff89a0aaf/library/std/src/../../backtrace/src/backtrace/libunwind.rs:116:5
[INFO] [stdout]    1:     0x55e3b61fec1a - std::backtrace_rs::backtrace::trace_unsynchronized::h76d4f1c9b0b875e3
[INFO] [stdout]                                at /rustc/90b35a6239c3d8bdabc530a6a0816f7ff89a0aaf/library/std/src/../../backtrace/src/backtrace/mod.rs:66:5
[INFO] [stdout]    2:     0x55e3b61fec1a - std::sys::backtrace::_print_fmt::hc4546b8364a537c6
[INFO] [stdout]                                at /rustc/90b35a6239c3d8bdabc530a6a0816f7ff89a0aaf/library/std/src/sys/backtrace.rs:66:9
[INFO] [stdout]    3:     0x55e3b61fec1a - <std::sys::backtrace::BacktraceLock::print::DisplayBacktrace as core::fmt::Display>::fmt::h5b6bd5631a6d1f6b
[INFO] [stdout]                                at /rustc/90b35a6239c3d8bdabc530a6a0816f7ff89a0aaf/library/std/src/sys/backtrace.rs:39:26
[INFO] [stdout]    4:     0x55e3b6224013 - core::fmt::rt::Argument::fmt::h270f6602a2b96f62
[INFO] [stdout]                                at /rustc/90b35a6239c3d8bdabc530a6a0816f7ff89a0aaf/library/core/src/fmt/rt.rs:177:76
[INFO] [stdout]    5:     0x55e3b6224013 - core::fmt::write::h7550c97b06c86515
[INFO] [stdout]                                at /rustc/90b35a6239c3d8bdabc530a6a0816f7ff89a0aaf/library/core/src/fmt/mod.rs:1186:21
[INFO] [stdout]    6:     0x55e3b61fbde3 - std::io::Write::write_fmt::h509ff860e5956e5e
[INFO] [stdout]                                at /rustc/90b35a6239c3d8bdabc530a6a0816f7ff89a0aaf/library/std/src/io/mod.rs:1839:15
[INFO] [stdout]    7:     0x55e3b61fea62 - std::sys::backtrace::BacktraceLock::print::h2395ccd2c84ba3aa
[INFO] [stdout]                                at /rustc/90b35a6239c3d8bdabc530a6a0816f7ff89a0aaf/library/std/src/sys/backtrace.rs:42:9
[INFO] [stdout]    8:     0x55e3b620007a - std::panicking::default_hook::{{closure}}::he19d4c7230e07961
[INFO] [stdout]                                at /rustc/90b35a6239c3d8bdabc530a6a0816f7ff89a0aaf/library/std/src/panicking.rs:268:22
[INFO] [stdout]    9:     0x55e3b61ffe84 - std::panicking::default_hook::hf614597d3c67bbdb
[INFO] [stdout]                                at /rustc/90b35a6239c3d8bdabc530a6a0816f7ff89a0aaf/library/std/src/panicking.rs:292:9
[INFO] [stdout]   10:     0x55e3b61c7ed9 - <alloc::boxed::Box<F,A> as core::ops::function::Fn<Args>>::call::h39b51ce4599c23d1
[INFO] [stdout]                                at /rustc/90b35a6239c3d8bdabc530a6a0816f7ff89a0aaf/library/alloc/src/boxed.rs:2468:9
[INFO] [stdout]   11:     0x55e3b61c7ed9 - test::test_main::{{closure}}::he977ae839a582784
[INFO] [stdout]                                at /rustc/90b35a6239c3d8bdabc530a6a0816f7ff89a0aaf/library/test/src/lib.rs:133:21
[INFO] [stdout]   12:     0x55e3b6200718 - <alloc::boxed::Box<F,A> as core::ops::function::Fn<Args>>::call::h9455091b6b06f9fb
[INFO] [stdout]                                at /rustc/90b35a6239c3d8bdabc530a6a0816f7ff89a0aaf/library/alloc/src/boxed.rs:2468:9
[INFO] [stdout]   13:     0x55e3b6200718 - std::panicking::rust_panic_with_hook::h8942133a8b252070
[INFO] [stdout]                                at /rustc/90b35a6239c3d8bdabc530a6a0816f7ff89a0aaf/library/std/src/panicking.rs:809:13
[INFO] [stdout]   14:     0x55e3b62004a6 - std::panicking::begin_panic_handler::{{closure}}::hb5f5963570096b29
[INFO] [stdout]                                at /rustc/90b35a6239c3d8bdabc530a6a0816f7ff89a0aaf/library/std/src/panicking.rs:667:13
[INFO] [stdout]   15:     0x55e3b61ff0f9 - std::sys::backtrace::__rust_end_short_backtrace::h6208cedc1922feda
[INFO] [stdout]                                at /rustc/90b35a6239c3d8bdabc530a6a0816f7ff89a0aaf/library/std/src/sys/backtrace.rs:170:18
[INFO] [stdout]   16:     0x55e3b620016c - rust_begin_unwind
[INFO] [stdout]                                at /rustc/90b35a6239c3d8bdabc530a6a0816f7ff89a0aaf/library/std/src/panicking.rs:665:5
[INFO] [stdout]   17:     0x55e3b618da60 - core::panicking::panic_fmt::h0c3082644d1bf418
[INFO] [stdout]                                at /rustc/90b35a6239c3d8bdabc530a6a0816f7ff89a0aaf/library/core/src/panicking.rs:74:14
[INFO] [stdout]   18:     0x55e3b618daec - core::panicking::panic::h957f98c65a3b3074
[INFO] [stdout]                                at /rustc/90b35a6239c3d8bdabc530a6a0816f7ff89a0aaf/library/core/src/panicking.rs:148:5
[INFO] [stdout]   19:     0x55e3b618f638 - parser_test::test_let_statements::h597cd5dd146cf70b
[INFO] [stdout]                                at /opt/rustwide/workdir/tests/parser_test.rs:34:5
[INFO] [stdout]   20:     0x55e3b618f4c7 - parser_test::test_let_statements::{{closure}}::hb1a7039e864dc779
[INFO] [stdout]                                at /opt/rustwide/workdir/tests/parser_test.rs:28:25
[INFO] [stdout]   21:     0x55e3b618e656 - core::ops::function::FnOnce::call_once::h9dc0fb5f3c99745a
[INFO] [stdout]                                at /rustc/90b35a6239c3d8bdabc530a6a0816f7ff89a0aaf/library/core/src/ops/function.rs:250:5
[INFO] [stdout]   22:     0x55e3b61cc89b - core::ops::function::FnOnce::call_once::h109cf8051a59b34e
[INFO] [stdout]                                at /rustc/90b35a6239c3d8bdabc530a6a0816f7ff89a0aaf/library/core/src/ops/function.rs:250:5
[INFO] [stdout]   23:     0x55e3b61cc89b - test::__rust_begin_short_backtrace::hf4fff89d377446ba
[INFO] [stdout]                                at /rustc/90b35a6239c3d8bdabc530a6a0816f7ff89a0aaf/library/test/src/lib.rs:621:18
[INFO] [stdout]   24:     0x55e3b61cc0d7 - test::run_test_in_process::{{closure}}::h0e39181dd7ee5a43
[INFO] [stdout]                                at /rustc/90b35a6239c3d8bdabc530a6a0816f7ff89a0aaf/library/test/src/lib.rs:644:60
[INFO] [stdout]   25:     0x55e3b61cc0d7 - <core::panic::unwind_safe::AssertUnwindSafe<F> as core::ops::function::FnOnce<()>>::call_once::hc5a66a30f0bdfd1f
[INFO] [stdout]                                at /rustc/90b35a6239c3d8bdabc530a6a0816f7ff89a0aaf/library/core/src/panic/unwind_safe.rs:272:9
[INFO] [stdout]   26:     0x55e3b61cc0d7 - std::panicking::try::do_call::h873b7cf639554a5e
[INFO] [stdout]                                at /rustc/90b35a6239c3d8bdabc530a6a0816f7ff89a0aaf/library/std/src/panicking.rs:557:40
[INFO] [stdout]   27:     0x55e3b61cc0d7 - std::panicking::try::hdb19862fad9c8bd1
[INFO] [stdout]                                at /rustc/90b35a6239c3d8bdabc530a6a0816f7ff89a0aaf/library/std/src/panicking.rs:520:19
[INFO] [stdout]   28:     0x55e3b61cc0d7 - std::panic::catch_unwind::h281fe732d236d260
[INFO] [stdout]                                at /rustc/90b35a6239c3d8bdabc530a6a0816f7ff89a0aaf/library/std/src/panic.rs:358:14
[INFO] [stdout]   29:     0x55e3b61cc0d7 - test::run_test_in_process::h949b6df8457ed338
[INFO] [stdout]                                at /rustc/90b35a6239c3d8bdabc530a6a0816f7ff89a0aaf/library/test/src/lib.rs:644:27
[INFO] [stdout]   30:     0x55e3b61cc0d7 - test::run_test::{{closure}}::h52c556a6d4740e10
[INFO] [stdout]                                at /rustc/90b35a6239c3d8bdabc530a6a0816f7ff89a0aaf/library/test/src/lib.rs:565:43
[INFO] [stdout]   31:     0x55e3b61913b4 - test::run_test::{{closure}}::h4237f6381c45ccb9
[INFO] [stdout]                                at /rustc/90b35a6239c3d8bdabc530a6a0816f7ff89a0aaf/library/test/src/lib.rs:595:41
[INFO] [stdout]   32:     0x55e3b61913b4 - std::sys::backtrace::__rust_begin_short_backtrace::h505c97a579eca628
[INFO] [stdout]                                at /rustc/90b35a6239c3d8bdabc530a6a0816f7ff89a0aaf/library/std/src/sys/backtrace.rs:154:18
[INFO] [stdout]   33:     0x55e3b6194a7e - std::thread::Builder::spawn_unchecked_::{{closure}}::{{closure}}::h9e86b2e2bc107ea3
[INFO] [stdout]                                at /rustc/90b35a6239c3d8bdabc530a6a0816f7ff89a0aaf/library/std/src/thread/mod.rs:538:17
[INFO] [stdout]   34:     0x55e3b6194a7e - <core::panic::unwind_safe::AssertUnwindSafe<F> as core::ops::function::FnOnce<()>>::call_once::h8b06ddb275ff4a25
[INFO] [stdout]                                at /rustc/90b35a6239c3d8bdabc530a6a0816f7ff89a0aaf/library/core/src/panic/unwind_safe.rs:272:9
[INFO] [stdout]   35:     0x55e3b6194a7e - std::panicking::try::do_call::hb26ecd7cd9a9355d
[INFO] [stdout]                                at /rustc/90b35a6239c3d8bdabc530a6a0816f7ff89a0aaf/library/std/src/panicking.rs:557:40
[INFO] [stdout]   36:     0x55e3b6194a7e - std::panicking::try::h8ddeca9d705f9069
[INFO] [stdout]                                at /rustc/90b35a6239c3d8bdabc530a6a0816f7ff89a0aaf/library/std/src/panicking.rs:520:19
[INFO] [stdout]   37:     0x55e3b6194a7e - std::panic::catch_unwind::h49e1c33078844c46
[INFO] [stdout]                                at /rustc/90b35a6239c3d8bdabc530a6a0816f7ff89a0aaf/library/std/src/panic.rs:358:14
[INFO] [stdout]   38:     0x55e3b6194a7e - std::thread::Builder::spawn_unchecked_::{{closure}}::h6073db6ff56ad35d
[INFO] [stdout]                                at /rustc/90b35a6239c3d8bdabc530a6a0816f7ff89a0aaf/library/std/src/thread/mod.rs:537:30
[INFO] [stdout]   39:     0x55e3b6194a7e - core::ops::function::FnOnce::call_once{{vtable.shim}}::h2c5a5f3779c774f1
[INFO] [stdout]                                at /rustc/90b35a6239c3d8bdabc530a6a0816f7ff89a0aaf/library/core/src/ops/function.rs:250:5
[INFO] [stdout]   40:     0x55e3b620446b - <alloc::boxed::Box<F,A> as core::ops::function::FnOnce<Args>>::call_once::hf75717d9f28faebf
[INFO] [stdout]                                at /rustc/90b35a6239c3d8bdabc530a6a0816f7ff89a0aaf/library/alloc/src/boxed.rs:2454:9
[INFO] [stdout]   41:     0x55e3b620446b - <alloc::boxed::Box<F,A> as core::ops::function::FnOnce<Args>>::call_once::h7bd883a5f3c5f3c1
[INFO] [stdout]                                at /rustc/90b35a6239c3d8bdabc530a6a0816f7ff89a0aaf/library/alloc/src/boxed.rs:2454:9
[INFO] [stdout]   42:     0x55e3b620446b - std::sys::pal::unix::thread::Thread::new::thread_start::hcc78f3943333fa94
[INFO] [stdout]                                at /rustc/90b35a6239c3d8bdabc530a6a0816f7ff89a0aaf/library/std/src/sys/pal/unix/thread.rs:105:17
[INFO] [stdout]   43:     0x7b6f2867bac3 - <unknown>
[INFO] [stdout]   44:     0x7b6f2870ca04 - clone
[INFO] [stdout]   45:                0x0 - <unknown>
[INFO] [stdout] 
[INFO] [stdout] 
[INFO] [stdout] failures:
[INFO] [stdout]     test_let_statements
[INFO] [stdout] 
[INFO] [stdout] test result: FAILED. 0 passed; 1 failed; 0 ignored; 0 measured; 0 filtered out; finished in 0.01s
[INFO] [stdout] 
[INFO] [stderr] error: test failed, to rerun pass `--test parser_test`
[INFO] running `Command { std: "docker" "inspect" "7ae19bb5e47c8f04826e19d8cee4e91c8c3418df1a9a3edebb7c73399ec3a3e7", kill_on_drop: false }`
[INFO] running `Command { std: "docker" "rm" "-f" "7ae19bb5e47c8f04826e19d8cee4e91c8c3418df1a9a3edebb7c73399ec3a3e7", kill_on_drop: false }`
[INFO] [stdout] 7ae19bb5e47c8f04826e19d8cee4e91c8c3418df1a9a3edebb7c73399ec3a3e7
