[INFO] cloning repository https://github.com/nanokeshtw/mini_uuid
[INFO] running `Command { std: "git" "-c" "credential.helper=" "-c" "credential.helper=/workspace/cargo-home/bin/git-credential-null" "clone" "--bare" "https://github.com/nanokeshtw/mini_uuid" "/workspace/cache/git-repos/https%3A%2F%2Fgithub.com%2Fnanokeshtw%2Fmini_uuid", kill_on_drop: false }`
[INFO] [stderr] Cloning into bare repository '/workspace/cache/git-repos/https%3A%2F%2Fgithub.com%2Fnanokeshtw%2Fmini_uuid'...
[INFO] running `Command { std: "git" "rev-parse" "HEAD", kill_on_drop: false }`
[INFO] [stdout] 0dcc29a074dd354870e91b1d6630a9e14c540171
[INFO] testing nanokeshtw/mini_uuid against 1.83.0 for beta-1.84.0-4-retry
[INFO] running `Command { std: "git" "clone" "/workspace/cache/git-repos/https%3A%2F%2Fgithub.com%2Fnanokeshtw%2Fmini_uuid" "/workspace/builds/worker-1-tc1/source", kill_on_drop: false }`
[INFO] [stderr] Cloning into '/workspace/builds/worker-1-tc1/source'...
[INFO] [stderr] done.
[INFO] validating manifest of git repo https://github.com/nanokeshtw/mini_uuid on toolchain 1.83.0
[INFO] running `Command { std: CARGO_HOME="/workspace/cargo-home" RUSTUP_HOME="/workspace/rustup-home" "/workspace/cargo-home/bin/cargo" "+1.83.0" "metadata" "--manifest-path" "Cargo.toml" "--no-deps", kill_on_drop: false }`
[INFO] started tweaking git repo https://github.com/nanokeshtw/mini_uuid
[INFO] finished tweaking git repo https://github.com/nanokeshtw/mini_uuid
[INFO] tweaked toml for git repo https://github.com/nanokeshtw/mini_uuid written to /workspace/builds/worker-1-tc1/source/Cargo.toml
[INFO] running `Command { std: CARGO_HOME="/workspace/cargo-home" RUSTUP_HOME="/workspace/rustup-home" "/workspace/cargo-home/bin/cargo" "+1.83.0" "generate-lockfile" "--manifest-path" "Cargo.toml", kill_on_drop: false }`
[INFO] [stderr]     Updating crates.io index
[INFO] [stderr]      Locking 9 packages to latest compatible versions
[INFO] running `Command { std: CARGO_HOME="/workspace/cargo-home" RUSTUP_HOME="/workspace/rustup-home" "/workspace/cargo-home/bin/cargo" "+1.83.0" "fetch" "--manifest-path" "Cargo.toml", kill_on_drop: false }`
[INFO] running `Command { std: "docker" "create" "-v" "/var/lib/crater-agent-workspace/builds/worker-1-tc1/target:/opt/rustwide/target:rw,Z" "-v" "/var/lib/crater-agent-workspace/builds/worker-1-tc1/source:/opt/rustwide/workdir:ro,Z" "-v" "/var/lib/crater-agent-workspace/cargo-home:/opt/rustwide/cargo-home:ro,Z" "-v" "/var/lib/crater-agent-workspace/rustup-home:/opt/rustwide/rustup-home:ro,Z" "-e" "SOURCE_DIR=/opt/rustwide/workdir" "-e" "CARGO_TARGET_DIR=/opt/rustwide/target" "-e" "CARGO_HOME=/opt/rustwide/cargo-home" "-e" "RUSTUP_HOME=/opt/rustwide/rustup-home" "-w" "/opt/rustwide/workdir" "-m" "1610612736" "--user" "0:0" "--network" "none" "ghcr.io/rust-lang/crates-build-env/linux@sha256:f3a9d4ad9d972b27faf3965f35b62e55ba32bbce8f20bc8fe909558a86702fde" "/opt/rustwide/cargo-home/bin/cargo" "+1.83.0" "metadata" "--no-deps" "--format-version=1", kill_on_drop: false }`
[INFO] [stdout] 7b0308cb857d5768b90aa8027e624e502f9221f58e8e9436f2d8c3920d6b8c40
[INFO] running `Command { std: "docker" "start" "-a" "7b0308cb857d5768b90aa8027e624e502f9221f58e8e9436f2d8c3920d6b8c40", kill_on_drop: false }`
[INFO] running `Command { std: "docker" "inspect" "7b0308cb857d5768b90aa8027e624e502f9221f58e8e9436f2d8c3920d6b8c40", kill_on_drop: false }`
[INFO] running `Command { std: "docker" "rm" "-f" "7b0308cb857d5768b90aa8027e624e502f9221f58e8e9436f2d8c3920d6b8c40", kill_on_drop: false }`
[INFO] [stdout] 7b0308cb857d5768b90aa8027e624e502f9221f58e8e9436f2d8c3920d6b8c40
[INFO] running `Command { std: "docker" "create" "-v" "/var/lib/crater-agent-workspace/builds/worker-1-tc1/target:/opt/rustwide/target:rw,Z" "-v" "/var/lib/crater-agent-workspace/builds/worker-1-tc1/source:/opt/rustwide/workdir:ro,Z" "-v" "/var/lib/crater-agent-workspace/cargo-home:/opt/rustwide/cargo-home:ro,Z" "-v" "/var/lib/crater-agent-workspace/rustup-home:/opt/rustwide/rustup-home:ro,Z" "-e" "SOURCE_DIR=/opt/rustwide/workdir" "-e" "CARGO_TARGET_DIR=/opt/rustwide/target" "-e" "CARGO_INCREMENTAL=0" "-e" "RUST_BACKTRACE=full" "-e" "RUSTFLAGS=--cap-lints=warn" "-e" "RUSTDOCFLAGS=--cap-lints=warn" "-e" "CARGO_HOME=/opt/rustwide/cargo-home" "-e" "RUSTUP_HOME=/opt/rustwide/rustup-home" "-w" "/opt/rustwide/workdir" "-m" "1610612736" "--user" "0:0" "--network" "none" "ghcr.io/rust-lang/crates-build-env/linux@sha256:f3a9d4ad9d972b27faf3965f35b62e55ba32bbce8f20bc8fe909558a86702fde" "/opt/rustwide/cargo-home/bin/cargo" "+1.83.0" "build" "--frozen" "--message-format=json", kill_on_drop: false }`
[INFO] [stdout] 01d08a75672c96d85c0cf634a11fd0adf1ef4d1a8d40ab716ff242cff2ba1e87
[INFO] running `Command { std: "docker" "start" "-a" "01d08a75672c96d85c0cf634a11fd0adf1ef4d1a8d40ab716ff242cff2ba1e87", kill_on_drop: false }`
[INFO] [stderr]    Compiling libc v0.2.168
[INFO] [stderr]    Compiling cfg-if v1.0.0
[INFO] [stderr]    Compiling base64 v0.22.1
[INFO] [stderr]    Compiling hex v0.4.3
[INFO] [stderr]    Compiling getrandom v0.2.15
[INFO] [stderr]    Compiling uuid v1.11.0
[INFO] [stderr]    Compiling mini_uuid v0.2.0 (/opt/rustwide/workdir)
[INFO] [stderr]     Finished `dev` profile [unoptimized + debuginfo] target(s) in 3.11s
[INFO] running `Command { std: "docker" "inspect" "01d08a75672c96d85c0cf634a11fd0adf1ef4d1a8d40ab716ff242cff2ba1e87", kill_on_drop: false }`
[INFO] running `Command { std: "docker" "rm" "-f" "01d08a75672c96d85c0cf634a11fd0adf1ef4d1a8d40ab716ff242cff2ba1e87", kill_on_drop: false }`
[INFO] [stdout] 01d08a75672c96d85c0cf634a11fd0adf1ef4d1a8d40ab716ff242cff2ba1e87
[INFO] running `Command { std: "docker" "create" "-v" "/var/lib/crater-agent-workspace/builds/worker-1-tc1/target:/opt/rustwide/target:rw,Z" "-v" "/var/lib/crater-agent-workspace/builds/worker-1-tc1/source:/opt/rustwide/workdir:ro,Z" "-v" "/var/lib/crater-agent-workspace/cargo-home:/opt/rustwide/cargo-home:ro,Z" "-v" "/var/lib/crater-agent-workspace/rustup-home:/opt/rustwide/rustup-home:ro,Z" "-e" "SOURCE_DIR=/opt/rustwide/workdir" "-e" "CARGO_TARGET_DIR=/opt/rustwide/target" "-e" "CARGO_INCREMENTAL=0" "-e" "RUST_BACKTRACE=full" "-e" "RUSTFLAGS=--cap-lints=warn" "-e" "RUSTDOCFLAGS=--cap-lints=warn" "-e" "CARGO_HOME=/opt/rustwide/cargo-home" "-e" "RUSTUP_HOME=/opt/rustwide/rustup-home" "-w" "/opt/rustwide/workdir" "-m" "1610612736" "--user" "0:0" "--network" "none" "ghcr.io/rust-lang/crates-build-env/linux@sha256:f3a9d4ad9d972b27faf3965f35b62e55ba32bbce8f20bc8fe909558a86702fde" "/opt/rustwide/cargo-home/bin/cargo" "+1.83.0" "test" "--frozen" "--no-run" "--message-format=json", kill_on_drop: false }`
[INFO] [stdout] f78f161eabb44ed490ee2feffc5691a951e87f6389301e14fe6a0a6a78f88072
[INFO] running `Command { std: "docker" "start" "-a" "f78f161eabb44ed490ee2feffc5691a951e87f6389301e14fe6a0a6a78f88072", kill_on_drop: false }`
[INFO] [stderr]    Compiling mini_uuid v0.2.0 (/opt/rustwide/workdir)
[INFO] [stderr]     Finished `test` profile [unoptimized + debuginfo] target(s) in 1.71s
[INFO] running `Command { std: "docker" "inspect" "f78f161eabb44ed490ee2feffc5691a951e87f6389301e14fe6a0a6a78f88072", kill_on_drop: false }`
[INFO] running `Command { std: "docker" "rm" "-f" "f78f161eabb44ed490ee2feffc5691a951e87f6389301e14fe6a0a6a78f88072", kill_on_drop: false }`
[INFO] [stdout] f78f161eabb44ed490ee2feffc5691a951e87f6389301e14fe6a0a6a78f88072
[INFO] running `Command { std: "docker" "create" "-v" "/var/lib/crater-agent-workspace/builds/worker-1-tc1/target:/opt/rustwide/target:rw,Z" "-v" "/var/lib/crater-agent-workspace/builds/worker-1-tc1/source:/opt/rustwide/workdir:ro,Z" "-v" "/var/lib/crater-agent-workspace/cargo-home:/opt/rustwide/cargo-home:ro,Z" "-v" "/var/lib/crater-agent-workspace/rustup-home:/opt/rustwide/rustup-home:ro,Z" "-e" "SOURCE_DIR=/opt/rustwide/workdir" "-e" "CARGO_TARGET_DIR=/opt/rustwide/target" "-e" "CARGO_INCREMENTAL=0" "-e" "RUST_BACKTRACE=full" "-e" "RUSTFLAGS=--cap-lints=warn" "-e" "RUSTDOCFLAGS=--cap-lints=warn" "-e" "CARGO_HOME=/opt/rustwide/cargo-home" "-e" "RUSTUP_HOME=/opt/rustwide/rustup-home" "-w" "/opt/rustwide/workdir" "-m" "1610612736" "--user" "0:0" "--network" "none" "ghcr.io/rust-lang/crates-build-env/linux@sha256:f3a9d4ad9d972b27faf3965f35b62e55ba32bbce8f20bc8fe909558a86702fde" "/opt/rustwide/cargo-home/bin/cargo" "+1.83.0" "test" "--frozen", kill_on_drop: false }`
[INFO] [stdout] c6015e1ae21afeb5338d8217cca83c56e395c3a005f19620117273c023739f08
[INFO] running `Command { std: "docker" "start" "-a" "c6015e1ae21afeb5338d8217cca83c56e395c3a005f19620117273c023739f08", kill_on_drop: false }`
[INFO] [stderr]     Finished `test` profile [unoptimized + debuginfo] target(s) in 0.02s
[INFO] [stderr]      Running unittests src/lib.rs (/opt/rustwide/target/debug/deps/mini_uuid-e7bce509af495c64)
[INFO] [stdout] 
[INFO] [stdout] running 0 tests
[INFO] [stdout] 
[INFO] [stdout] test result: ok. 0 passed; 0 failed; 0 ignored; 0 measured; 0 filtered out; finished in 0.00s
[INFO] [stdout] 
[INFO] [stderr]      Running tests/base64.rs (/opt/rustwide/target/debug/deps/base64-afb40e7510ebbde5)
[INFO] [stdout] 
[INFO] [stdout] running 6 tests
[INFO] [stdout] test test_from_base64_no_pad ... ok
[INFO] [stdout] test test_from_url_base64_no_pad ... ok
[INFO] [stdout] test test_from_base64_padded ... ok
[INFO] [stdout] test test_from_uuid_no_pad ... ok
[INFO] [stdout] test test_from_uuid_padded ... ok
[INFO] [stdout] test test_from_url_base64_padded ... ok
[INFO] [stdout] 
[INFO] [stdout] test result: ok. 6 passed; 0 failed; 0 ignored; 0 measured; 0 filtered out; finished in 0.02s
[INFO] [stdout] 
[INFO] [stderr]      Running tests/url_base64.rs (/opt/rustwide/target/debug/deps/url_base64-fb568ed37fbdfec3)
[INFO] [stdout] 
[INFO] [stdout] running 6 tests
[INFO] [stdout] test test_from_base64_no_pad ... ok
[INFO] [stdout] test test_from_uuid_no_pad ... ok
[INFO] [stdout] test test_from_uuid_padded ... ok
[INFO] [stdout] test test_from_base64_padded ... ok
[INFO] [stdout] test test_from_url_base64_no_pad ... ok
[INFO] [stderr]    Doc-tests mini_uuid
[INFO] [stdout] test test_from_url_base64_padded ... ok
[INFO] [stdout] 
[INFO] [stdout] test result: ok. 6 passed; 0 failed; 0 ignored; 0 measured; 0 filtered out; finished in 0.03s
[INFO] [stdout] 
[INFO] [stdout] 
[INFO] [stdout] running 2 tests
[INFO] [stdout] test src/lib.rs - (line 22) ... FAILED
[INFO] [stdout] test src/lib.rs - (line 45) ... FAILED
[INFO] [stdout] 
[INFO] [stdout] failures:
[INFO] [stdout] 
[INFO] [stdout] ---- src/lib.rs - (line 22) stdout ----
[INFO] [stdout] error[E0308]: mismatched types
[INFO] [stdout]    --> src/lib.rs:32:34
[INFO] [stdout]     |
[INFO] [stdout] 12  |   let mini = MiniUuid::from_uuid(&uuid);
[INFO] [stdout]     |              ------------------- ^^^^^ expected `Uuid`, found `&Uuid`
[INFO] [stdout]     |              |
[INFO] [stdout]     |              arguments to this function are incorrect
[INFO] [stdout]     |
[INFO] [stdout] note: associated function defined here
[INFO] [stdout]    --> /opt/rustwide/workdir/src/lib.rs:116:10
[INFO] [stdout]     |
[INFO] [stdout] 116 |   pub fn from_uuid(uuid: uuid::Uuid) -> Self {
[INFO] [stdout]     |          ^^^^^^^^^
[INFO] [stdout] help: consider removing the borrow
[INFO] [stdout]     |
[INFO] [stdout] 12  -   let mini = MiniUuid::from_uuid(&uuid);
[INFO] [stdout] 12  +   let mini = MiniUuid::from_uuid(uuid);
[INFO] [stdout]     |
[INFO] [stdout] 
[INFO] [stdout] error[E0599]: no method named `unwrap` found for struct `Uuid` in the current scope
[INFO] [stdout]   --> src/lib.rs:38:38
[INFO] [stdout]    |
[INFO] [stdout] 18 |   let original_uuid = mini.to_uuid().unwrap();
[INFO] [stdout]    |                                      ^^^^^^ method not found in `Uuid`
[INFO] [stdout] 
[INFO] [stdout] error: aborting due to 2 previous errors
[INFO] [stdout] 
[INFO] [stdout] Some errors have detailed explanations: E0308, E0599.
[INFO] [stdout] For more information about an error, try `rustc --explain E0308`.
[INFO] [stdout] Couldn't compile the test.
[INFO] [stdout] ---- src/lib.rs - (line 45) stdout ----
[INFO] [stdout] error[E0433]: failed to resolve: use of undeclared type `MiniUuid`
[INFO] [stdout]  --> src/lib.rs:47:12
[INFO] [stdout]   |
[INFO] [stdout] 4 | let mini = MiniUuid::from_uuid(uuid::Uuid::new_v4());
[INFO] [stdout]   |            ^^^^^^^^ use of undeclared type `MiniUuid`
[INFO] [stdout]   |
[INFO] [stdout] help: consider importing this struct
[INFO] [stdout]   |
[INFO] [stdout] 3 + use mini_uuid::MiniUuid;
[INFO] [stdout]   |
[INFO] [stdout] 
[INFO] [stdout] error[E0433]: failed to resolve: use of undeclared type `MiniUuid`
[INFO] [stdout]  --> src/lib.rs:50:12
[INFO] [stdout]   |
[INFO] [stdout] 7 | let mini = MiniUuid::from_uuid_str("67e55044-10b1-426f-9247-bb680e5fe0c8");
[INFO] [stdout]   |            ^^^^^^^^ use of undeclared type `MiniUuid`
[INFO] [stdout]   |
[INFO] [stdout] help: consider importing this struct
[INFO] [stdout]   |
[INFO] [stdout] 3 + use mini_uuid::MiniUuid;
[INFO] [stdout]   |
[INFO] [stdout] 
[INFO] [stdout] error[E0433]: failed to resolve: use of undeclared type `MiniUuid`
[INFO] [stdout]   --> src/lib.rs:53:12
[INFO] [stdout]    |
[INFO] [stdout] 10 | let mini = MiniUuid::from_string("/*INSERT MINI UUID*/");
[INFO] [stdout]    |            ^^^^^^^^ use of undeclared type `MiniUuid`
[INFO] [stdout]    |
[INFO] [stdout] help: consider importing this struct
[INFO] [stdout]    |
[INFO] [stdout] 3  + use mini_uuid::MiniUuid;
[INFO] [stdout]    |
[INFO] [stdout] 
[INFO] [stdout] error[E0433]: failed to resolve: use of undeclared type `MiniUuid`
[INFO] [stdout]   --> src/lib.rs:56:12
[INFO] [stdout]    |
[INFO] [stdout] 13 | let mini = MiniUuid::from_url_base64("Z+VQRBCxQm+SR7toDl/gyA==");
[INFO] [stdout]    |            ^^^^^^^^ use of undeclared type `MiniUuid`
[INFO] [stdout]    |
[INFO] [stdout] help: consider importing this struct
[INFO] [stdout]    |
[INFO] [stdout] 3  + use mini_uuid::MiniUuid;
[INFO] [stdout]    |
[INFO] [stdout] 
[INFO] [stdout] error[E0433]: failed to resolve: use of undeclared type `MiniUuid`
[INFO] [stdout]   --> src/lib.rs:59:12
[INFO] [stdout]    |
[INFO] [stdout] 16 | let mini = MiniUuid::from_url_base64_no_pad("Z+VQRBCxQm+SR7toDl/gyA");
[INFO] [stdout]    |            ^^^^^^^^ use of undeclared type `MiniUuid`
[INFO] [stdout]    |
[INFO] [stdout] help: consider importing this struct
[INFO] [stdout]    |
[INFO] [stdout] 3  + use mini_uuid::MiniUuid;
[INFO] [stdout]    |
[INFO] [stdout] 
[INFO] [stdout] error[E0433]: failed to resolve: use of undeclared type `MiniUuid`
[INFO] [stdout]   --> src/lib.rs:62:12
[INFO] [stdout]    |
[INFO] [stdout] 19 | let mini = MiniUuid::from_base64("Z-VQRBCxQm-SR7toDl_gyA==");
[INFO] [stdout]    |            ^^^^^^^^ use of undeclared type `MiniUuid`
[INFO] [stdout]    |
[INFO] [stdout] help: consider importing this struct
[INFO] [stdout]    |
[INFO] [stdout] 3  + use mini_uuid::MiniUuid;
[INFO] [stdout]    |
[INFO] [stdout] 
[INFO] [stdout] error[E0433]: failed to resolve: use of undeclared type `MiniUuid`
[INFO] [stdout]   --> src/lib.rs:65:12
[INFO] [stdout]    |
[INFO] [stdout] 22 | let mini = MiniUuid::from_base64_no_pad("Z-VQRBCxQm-SR7toDl_gyA");
[INFO] [stdout]    |            ^^^^^^^^ use of undeclared type `MiniUuid`
[INFO] [stdout]    |
[INFO] [stdout] help: consider importing this struct
[INFO] [stdout]    |
[INFO] [stdout] 3  + use mini_uuid::MiniUuid;
[INFO] [stdout]    |
[INFO] [stdout] 
[INFO] [stdout] error: aborting due to 7 previous errors
[INFO] [stdout] 
[INFO] [stdout] For more information about this error, try `rustc --explain E0433`.
[INFO] [stdout] Couldn't compile the test.
[INFO] [stdout] 
[INFO] [stdout] failures:
[INFO] [stdout]     src/lib.rs - (line 22)
[INFO] [stdout]     src/lib.rs - (line 45)
[INFO] [stdout] 
[INFO] [stdout] test result: FAILED. 0 passed; 2 failed; 0 ignored; 0 measured; 0 filtered out; finished in 0.13s
[INFO] [stdout] 
[INFO] [stderr] error: doctest failed, to rerun pass `--doc`
[INFO] running `Command { std: "docker" "inspect" "c6015e1ae21afeb5338d8217cca83c56e395c3a005f19620117273c023739f08", kill_on_drop: false }`
[INFO] running `Command { std: "docker" "rm" "-f" "c6015e1ae21afeb5338d8217cca83c56e395c3a005f19620117273c023739f08", kill_on_drop: false }`
[INFO] [stdout] c6015e1ae21afeb5338d8217cca83c56e395c3a005f19620117273c023739f08
