[INFO] cloning repository https://github.com/namrapatel/tinyredis
[INFO] running `Command { std: "git" "-c" "credential.helper=" "-c" "credential.helper=/workspace/cargo-home/bin/git-credential-null" "clone" "--bare" "https://github.com/namrapatel/tinyredis" "/workspace/cache/git-repos/https%3A%2F%2Fgithub.com%2Fnamrapatel%2Ftinyredis", kill_on_drop: false }`
[INFO] [stderr] Cloning into bare repository '/workspace/cache/git-repos/https%3A%2F%2Fgithub.com%2Fnamrapatel%2Ftinyredis'...
[INFO] running `Command { std: "git" "rev-parse" "HEAD", kill_on_drop: false }`
[INFO] [stdout] 6478b988b066e69f4d59f725656bcaa2831ed266
[INFO] testing namrapatel/tinyredis against 1.83.0 for beta-1.84.0-4-retry
[INFO] running `Command { std: "git" "clone" "/workspace/cache/git-repos/https%3A%2F%2Fgithub.com%2Fnamrapatel%2Ftinyredis" "/workspace/builds/worker-3-tc1/source", kill_on_drop: false }`
[INFO] [stderr] Cloning into '/workspace/builds/worker-3-tc1/source'...
[INFO] [stderr] done.
[INFO] validating manifest of git repo https://github.com/namrapatel/tinyredis on toolchain 1.83.0
[INFO] running `Command { std: CARGO_HOME="/workspace/cargo-home" RUSTUP_HOME="/workspace/rustup-home" "/workspace/cargo-home/bin/cargo" "+1.83.0" "metadata" "--manifest-path" "Cargo.toml" "--no-deps", kill_on_drop: false }`
[INFO] started tweaking git repo https://github.com/namrapatel/tinyredis
[INFO] finished tweaking git repo https://github.com/namrapatel/tinyredis
[INFO] tweaked toml for git repo https://github.com/namrapatel/tinyredis written to /workspace/builds/worker-3-tc1/source/Cargo.toml
[INFO] crate git repo https://github.com/namrapatel/tinyredis already has a lockfile, it will not be regenerated
[INFO] running `Command { std: CARGO_HOME="/workspace/cargo-home" RUSTUP_HOME="/workspace/rustup-home" "/workspace/cargo-home/bin/cargo" "+1.83.0" "fetch" "--manifest-path" "Cargo.toml", kill_on_drop: false }`
[INFO] [stderr]     Updating crates.io index
[INFO] [stderr]  Downloading crates ...
[INFO] [stderr]   Downloaded assert_cmd v2.0.10
[INFO] [stderr]   Downloaded predicates v3.0.2
[INFO] [stderr]   Downloaded netstat v0.7.0
[INFO] running `Command { std: "docker" "create" "-v" "/var/lib/crater-agent-workspace/builds/worker-3-tc1/target:/opt/rustwide/target:rw,Z" "-v" "/var/lib/crater-agent-workspace/builds/worker-3-tc1/source:/opt/rustwide/workdir:ro,Z" "-v" "/var/lib/crater-agent-workspace/cargo-home:/opt/rustwide/cargo-home:ro,Z" "-v" "/var/lib/crater-agent-workspace/rustup-home:/opt/rustwide/rustup-home:ro,Z" "-e" "SOURCE_DIR=/opt/rustwide/workdir" "-e" "CARGO_TARGET_DIR=/opt/rustwide/target" "-e" "CARGO_HOME=/opt/rustwide/cargo-home" "-e" "RUSTUP_HOME=/opt/rustwide/rustup-home" "-w" "/opt/rustwide/workdir" "-m" "1610612736" "--user" "0:0" "--network" "none" "ghcr.io/rust-lang/crates-build-env/linux@sha256:f3a9d4ad9d972b27faf3965f35b62e55ba32bbce8f20bc8fe909558a86702fde" "/opt/rustwide/cargo-home/bin/cargo" "+1.83.0" "metadata" "--no-deps" "--format-version=1", kill_on_drop: false }`
[INFO] [stdout] ed6e0e3f84ec9c22aa8c1fbd5ad1a7fa1b27e95fd9645c4bbe13bfdabafd29cf
[INFO] running `Command { std: "docker" "start" "-a" "ed6e0e3f84ec9c22aa8c1fbd5ad1a7fa1b27e95fd9645c4bbe13bfdabafd29cf", kill_on_drop: false }`
[INFO] running `Command { std: "docker" "inspect" "ed6e0e3f84ec9c22aa8c1fbd5ad1a7fa1b27e95fd9645c4bbe13bfdabafd29cf", kill_on_drop: false }`
[INFO] running `Command { std: "docker" "rm" "-f" "ed6e0e3f84ec9c22aa8c1fbd5ad1a7fa1b27e95fd9645c4bbe13bfdabafd29cf", kill_on_drop: false }`
[INFO] [stdout] ed6e0e3f84ec9c22aa8c1fbd5ad1a7fa1b27e95fd9645c4bbe13bfdabafd29cf
[INFO] running `Command { std: "docker" "create" "-v" "/var/lib/crater-agent-workspace/builds/worker-3-tc1/target:/opt/rustwide/target:rw,Z" "-v" "/var/lib/crater-agent-workspace/builds/worker-3-tc1/source:/opt/rustwide/workdir:ro,Z" "-v" "/var/lib/crater-agent-workspace/cargo-home:/opt/rustwide/cargo-home:ro,Z" "-v" "/var/lib/crater-agent-workspace/rustup-home:/opt/rustwide/rustup-home:ro,Z" "-e" "SOURCE_DIR=/opt/rustwide/workdir" "-e" "CARGO_TARGET_DIR=/opt/rustwide/target" "-e" "CARGO_INCREMENTAL=0" "-e" "RUST_BACKTRACE=full" "-e" "RUSTFLAGS=--cap-lints=warn" "-e" "RUSTDOCFLAGS=--cap-lints=warn" "-e" "CARGO_HOME=/opt/rustwide/cargo-home" "-e" "RUSTUP_HOME=/opt/rustwide/rustup-home" "-w" "/opt/rustwide/workdir" "-m" "1610612736" "--user" "0:0" "--network" "none" "ghcr.io/rust-lang/crates-build-env/linux@sha256:f3a9d4ad9d972b27faf3965f35b62e55ba32bbce8f20bc8fe909558a86702fde" "/opt/rustwide/cargo-home/bin/cargo" "+1.83.0" "build" "--frozen" "--message-format=json", kill_on_drop: false }`
[INFO] [stdout] 719377e31ef1f4072f5f0b36cdbe3d2e511c3a7b349ffaea0d304890e116e4a4
[INFO] running `Command { std: "docker" "start" "-a" "719377e31ef1f4072f5f0b36cdbe3d2e511c3a7b349ffaea0d304890e116e4a4", kill_on_drop: false }`
[INFO] [stderr]    Compiling libc v0.2.140
[INFO] [stderr]    Compiling proc-macro2 v1.0.55
[INFO] [stderr]    Compiling unicode-ident v1.0.8
[INFO] [stderr]    Compiling quote v1.0.26
[INFO] [stderr]    Compiling memchr v2.5.0
[INFO] [stderr]    Compiling anyhow v1.0.70
[INFO] [stderr]    Compiling regex-syntax v0.6.29
[INFO] [stderr]    Compiling bitflags v1.3.2
[INFO] [stderr]    Compiling log v0.4.17
[INFO] [stderr]    Compiling tokio v1.27.0
[INFO] [stderr]    Compiling aho-corasick v0.7.20
[INFO] [stderr]    Compiling syn v2.0.13
[INFO] [stderr]    Compiling getrandom v0.2.9
[INFO] [stderr]    Compiling parking_lot_core v0.9.7
[INFO] [stderr]    Compiling mio v0.8.6
[INFO] [stderr]    Compiling signal-hook-registry v1.4.1
[INFO] [stderr]    Compiling num_cpus v1.15.0
[INFO] [stderr]    Compiling socket2 v0.4.9
[INFO] [stderr]    Compiling netstat v0.7.0
[INFO] [stderr]    Compiling rand_core v0.6.4
[INFO] [stderr]    Compiling parking_lot v0.12.1
[INFO] [stderr]    Compiling rand_chacha v0.3.1
[INFO] [stderr]    Compiling rand v0.8.5
[INFO] [stderr]    Compiling regex v1.7.3
[INFO] [stderr]    Compiling tokio-macros v2.0.0
[INFO] [stderr]    Compiling tinyredis v0.0.1 (/opt/rustwide/workdir)
[INFO] [stdout] warning: unused imports: `*` and `self`
[INFO] [stdout]  --> src/server.rs:2:13
[INFO] [stdout]   |
[INFO] [stdout] 2 |     cache::{self, Cache},
[INFO] [stdout]   |             ^^^^
[INFO] [stdout] 3 |     resp::RESPMessage,
[INFO] [stdout] 4 |     simpleElection::{self, *},
[INFO] [stdout]   |                            ^
[INFO] [stdout]   |
[INFO] [stdout]   = note: `#[warn(unused_imports)]` on by default
[INFO] [stdout] 
[INFO] [stdout] 
[INFO] [stdout] warning: unused imports: `IpAddr` and `Ipv4Addr`
[INFO] [stdout]   --> src/server.rs:13:16
[INFO] [stdout]    |
[INFO] [stdout] 13 | use std::net::{IpAddr, Ipv4Addr};
[INFO] [stdout]    |                ^^^^^^  ^^^^^^^^
[INFO] [stdout] 
[INFO] [stdout] 
[INFO] [stdout] warning: unused import: `collections::btree_map::Keys`
[INFO] [stdout]   --> src/server.rs:16:5
[INFO] [stdout]    |
[INFO] [stdout] 16 |     collections::btree_map::Keys,
[INFO] [stdout]    |     ^^^^^^^^^^^^^^^^^^^^^^^^^^^^
[INFO] [stdout] 
[INFO] [stdout] 
[INFO] [stdout] warning: unused import: `stream`
[INFO] [stdout]   --> src/server.rs:25:5
[INFO] [stdout]    |
[INFO] [stdout] 25 |     stream,
[INFO] [stdout]    |     ^^^^^^
[INFO] [stdout] 
[INFO] [stdout] 
[INFO] [stdout] warning: unnecessary parentheses around `if` condition
[INFO] [stdout]    --> src/cache.rs:136:16
[INFO] [stdout]     |
[INFO] [stdout] 136 |             if (self.cache.contains_key(k)) {
[INFO] [stdout]     |                ^                          ^
[INFO] [stdout]     |
[INFO] [stdout]     = note: `#[warn(unused_parens)]` on by default
[INFO] [stdout] help: remove these parentheses
[INFO] [stdout]     |
[INFO] [stdout] 136 -             if (self.cache.contains_key(k)) {
[INFO] [stdout] 136 +             if self.cache.contains_key(k) {
[INFO] [stdout]     |
[INFO] [stdout] 
[INFO] [stdout] 
[INFO] [stdout] warning: unreachable pattern
[INFO] [stdout]   --> src/server.rs:80:17
[INFO] [stdout]    |
[INFO] [stdout] 80 |                 _ => println!("Default"),
[INFO] [stdout]    |                 ^ no value can reach this
[INFO] [stdout]    |
[INFO] [stdout] note: multiple earlier patterns match some of the same values
[INFO] [stdout]   --> src/server.rs:80:17
[INFO] [stdout]    |
[INFO] [stdout] 78 |                 Ok(_) => {}
[INFO] [stdout]    |                 ----- matches some of the same values
[INFO] [stdout] 79 |                 Err(e) => println!("Error: {}", e),
[INFO] [stdout]    |                 ------ matches some of the same values
[INFO] [stdout] 80 |                 _ => println!("Default"),
[INFO] [stdout]    |                 ^ collectively making this unreachable
[INFO] [stdout]    = note: `#[warn(unreachable_patterns)]` on by default
[INFO] [stdout] 
[INFO] [stdout] 
[INFO] [stdout] warning: unused variable: `keys`
[INFO] [stdout]   --> src/server.rs:46:17
[INFO] [stdout]    |
[INFO] [stdout] 46 |         let mut keys: Vec<String> = Vec::new(); //list of keys
[INFO] [stdout]    |                 ^^^^ help: if this is intentional, prefix it with an underscore: `_keys`
[INFO] [stdout]    |
[INFO] [stdout]    = note: `#[warn(unused_variables)]` on by default
[INFO] [stdout] 
[INFO] [stdout] 
[INFO] [stdout] warning: unused variable: `values`
[INFO] [stdout]   --> src/server.rs:47:17
[INFO] [stdout]    |
[INFO] [stdout] 47 |         let mut values: Vec<String> = Vec::new(); //list of values
[INFO] [stdout]    |                 ^^^^^^ help: if this is intentional, prefix it with an underscore: `_values`
[INFO] [stdout] 
[INFO] [stdout] 
[INFO] [stdout] warning: unused variable: `RUN_ID`
[INFO] [stdout]   --> src/server.rs:60:17
[INFO] [stdout]    |
[INFO] [stdout] 60 |             let RUN_ID: String = (0..length)
[INFO] [stdout]    |                 ^^^^^^ help: if this is intentional, prefix it with an underscore: `_RUN_ID`
[INFO] [stdout] 
[INFO] [stdout] 
[INFO] [stdout] warning: variable does not need to be mutable
[INFO] [stdout]   --> src/server.rs:46:13
[INFO] [stdout]    |
[INFO] [stdout] 46 |         let mut keys: Vec<String> = Vec::new(); //list of keys
[INFO] [stdout]    |             ----^^^^
[INFO] [stdout]    |             |
[INFO] [stdout]    |             help: remove this `mut`
[INFO] [stdout]    |
[INFO] [stdout]    = note: `#[warn(unused_mut)]` on by default
[INFO] [stdout] 
[INFO] [stdout] 
[INFO] [stdout] warning: variable does not need to be mutable
[INFO] [stdout]   --> src/server.rs:47:13
[INFO] [stdout]    |
[INFO] [stdout] 47 |         let mut values: Vec<String> = Vec::new(); //list of values
[INFO] [stdout]    |             ----^^^^^^
[INFO] [stdout]    |             |
[INFO] [stdout]    |             help: remove this `mut`
[INFO] [stdout] 
[INFO] [stdout] 
[INFO] [stdout] warning: variable does not need to be mutable
[INFO] [stdout]    --> src/server.rs:125:34
[INFO] [stdout]     |
[INFO] [stdout] 125 | ...                   let (mut save_k, save_v) = save;
[INFO] [stdout]     |                            ----^^^^^^
[INFO] [stdout]     |                            |
[INFO] [stdout]     |                            help: remove this `mut`
[INFO] [stdout] 
[INFO] [stdout] 
[INFO] [stdout] warning: unused variable: `handle`
[INFO] [stdout]    --> src/server.rs:154:17
[INFO] [stdout]     |
[INFO] [stdout] 154 |             let handle = thread::spawn(|| {
[INFO] [stdout]     |                 ^^^^^^ help: if this is intentional, prefix it with an underscore: `_handle`
[INFO] [stdout] 
[INFO] [stdout] 
[INFO] [stdout] warning: unreachable pattern
[INFO] [stdout]    --> src/server.rs:311:17
[INFO] [stdout]     |
[INFO] [stdout] 311 |                 _ => println!("Default catch"),
[INFO] [stdout]     |                 ^ no value can reach this
[INFO] [stdout]     |
[INFO] [stdout] note: multiple earlier patterns match some of the same values
[INFO] [stdout]    --> src/server.rs:311:17
[INFO] [stdout]     |
[INFO] [stdout] 309 |                 Ok(_) => println!("Write to stream OK"),
[INFO] [stdout]     |                 ----- matches some of the same values
[INFO] [stdout] 310 |                 Err(e) => println!("Error {}", e),
[INFO] [stdout]     |                 ------ matches some of the same values
[INFO] [stdout] 311 |                 _ => println!("Default catch"),
[INFO] [stdout]     |                 ^ collectively making this unreachable
[INFO] [stdout] 
[INFO] [stdout] 
[INFO] [stdout] warning: unused variable: `child`
[INFO] [stdout]    --> src/server.rs:267:29
[INFO] [stdout]     |
[INFO] [stdout] 267 |                     let mut child = Command::new(std::env::args().next().unwrap())
[INFO] [stdout]     |                             ^^^^^ help: if this is intentional, prefix it with an underscore: `_child`
[INFO] [stdout] 
[INFO] [stdout] 
[INFO] [stdout] warning: variable does not need to be mutable
[INFO] [stdout]    --> src/server.rs:267:25
[INFO] [stdout]     |
[INFO] [stdout] 267 |                     let mut child = Command::new(std::env::args().next().unwrap())
[INFO] [stdout]     |                         ----^^^^^
[INFO] [stdout]     |                         |
[INFO] [stdout]     |                         help: remove this `mut`
[INFO] [stdout] 
[INFO] [stdout] 
[INFO] [stdout] warning: variable does not need to be mutable
[INFO] [stdout]    --> src/server.rs:290:25
[INFO] [stdout]     |
[INFO] [stdout] 290 |                     let mut resp = cache.lock().unwrap().get_key(); //get keys and values from cache
[INFO] [stdout]     |                         ----^^^^
[INFO] [stdout]     |                         |
[INFO] [stdout]     |                         help: remove this `mut`
[INFO] [stdout] 
[INFO] [stdout] 
[INFO] [stdout] warning: unused import: `Write`
[INFO] [stdout]   --> src/server.rs:17:16
[INFO] [stdout]    |
[INFO] [stdout] 17 |     io::{Read, Write},
[INFO] [stdout]    |                ^^^^^
[INFO] [stdout] 
[INFO] [stdout] 
[INFO] [stdout] warning: unused import: `Read`
[INFO] [stdout]   --> src/server.rs:17:10
[INFO] [stdout]    |
[INFO] [stdout] 17 |     io::{Read, Write},
[INFO] [stdout]    |          ^^^^
[INFO] [stdout] 
[INFO] [stdout] 
[INFO] [stdout] warning: variable does not need to be mutable
[INFO] [stdout]   --> src/cache.rs:35:13
[INFO] [stdout]    |
[INFO] [stdout] 35 |         for mut c in &mut self.cache {
[INFO] [stdout]    |             ----^
[INFO] [stdout]    |             |
[INFO] [stdout]    |             help: remove this `mut`
[INFO] [stdout] 
[INFO] [stdout] 
[INFO] [stdout] warning: variable `minFrequencyKey` is assigned to, but never used
[INFO] [stdout]   --> src/cache.rs:93:25
[INFO] [stdout]    |
[INFO] [stdout] 93 |                 let mut minFrequencyKey = "";
[INFO] [stdout]    |                         ^^^^^^^^^^^^^^^
[INFO] [stdout]    |
[INFO] [stdout]    = note: consider using `_minFrequencyKey` instead
[INFO] [stdout] 
[INFO] [stdout] 
[INFO] [stdout] warning: value assigned to `minFrequencyKey` is never read
[INFO] [stdout]   --> src/cache.rs:97:25
[INFO] [stdout]    |
[INFO] [stdout] 97 |                         minFrequencyKey = c.0;
[INFO] [stdout]    |                         ^^^^^^^^^^^^^^^
[INFO] [stdout]    |
[INFO] [stdout]    = help: maybe it is overwritten before being read?
[INFO] [stdout]    = note: `#[warn(unused_assignments)]` on by default
[INFO] [stdout] 
[INFO] [stdout] 
[INFO] [stdout] warning: unused variable: `port`
[INFO] [stdout]   --> src/simpleElection.rs:53:22
[INFO] [stdout]    |
[INFO] [stdout] 53 |     for (&server_id, port) in server_ids.iter() {
[INFO] [stdout]    |                      ^^^^ help: if this is intentional, prefix it with an underscore: `_port`
[INFO] [stdout] 
[INFO] [stdout] 
[INFO] [stdout] warning: unused variable: `child`
[INFO] [stdout]   --> src/simpleElection.rs:67:21
[INFO] [stdout]    |
[INFO] [stdout] 67 |             let mut child = Command::new(std::env::args().next().unwrap())
[INFO] [stdout]    |                     ^^^^^ help: if this is intentional, prefix it with an underscore: `_child`
[INFO] [stdout] 
[INFO] [stdout] 
[INFO] [stdout] warning: variable does not need to be mutable
[INFO] [stdout]   --> src/simpleElection.rs:67:17
[INFO] [stdout]    |
[INFO] [stdout] 67 |             let mut child = Command::new(std::env::args().next().unwrap())
[INFO] [stdout]    |                 ----^^^^^
[INFO] [stdout]    |                 |
[INFO] [stdout]    |                 help: remove this `mut`
[INFO] [stdout] 
[INFO] [stdout] 
[INFO] [stdout] warning: unreachable pattern
[INFO] [stdout]    --> src/simpleElection.rs:102:9
[INFO] [stdout]     |
[INFO] [stdout] 102 |         _ => println!("Default"),
[INFO] [stdout]     |         ^ no value can reach this
[INFO] [stdout]     |
[INFO] [stdout] note: multiple earlier patterns match some of the same values
[INFO] [stdout]    --> src/simpleElection.rs:102:9
[INFO] [stdout]     |
[INFO] [stdout] 100 |         Ok(_) => {},
[INFO] [stdout]     |         ----- matches some of the same values
[INFO] [stdout] 101 |         Err(e) => println!("Error: {}", e),
[INFO] [stdout]     |         ------ matches some of the same values
[INFO] [stdout] 102 |         _ => println!("Default"),
[INFO] [stdout]     |         ^ collectively making this unreachable
[INFO] [stdout] 
[INFO] [stdout] 
[INFO] [stdout] warning: unreachable pattern
[INFO] [stdout]    --> src/simpleElection.rs:108:9
[INFO] [stdout]     |
[INFO] [stdout] 108 |         _ => println!("Default case"),
[INFO] [stdout]     |         ^ no value can reach this
[INFO] [stdout]     |
[INFO] [stdout] note: multiple earlier patterns match some of the same values
[INFO] [stdout]    --> src/simpleElection.rs:108:9
[INFO] [stdout]     |
[INFO] [stdout] 106 |         Ok(_) => println!("{}", response),
[INFO] [stdout]     |         ----- matches some of the same values
[INFO] [stdout] 107 |         Err(e) => {},
[INFO] [stdout]     |         ------ matches some of the same values
[INFO] [stdout] 108 |         _ => println!("Default case"),
[INFO] [stdout]     |         ^ collectively making this unreachable
[INFO] [stdout] 
[INFO] [stdout] 
[INFO] [stdout] warning: unused variable: `e`
[INFO] [stdout]   --> src/simpleElection.rs:84:13
[INFO] [stdout]    |
[INFO] [stdout] 84 |         Err(e) => {
[INFO] [stdout]    |             ^ help: if this is intentional, prefix it with an underscore: `_e`
[INFO] [stdout] 
[INFO] [stdout] 
[INFO] [stdout] warning: unused variable: `e`
[INFO] [stdout]    --> src/simpleElection.rs:107:13
[INFO] [stdout]     |
[INFO] [stdout] 107 |         Err(e) => {},
[INFO] [stdout]     |             ^ help: if this is intentional, prefix it with an underscore: `_e`
[INFO] [stdout] 
[INFO] [stdout] 
[INFO] [stdout] warning: unreachable pattern
[INFO] [stdout]    --> src/simpleElection.rs:136:9
[INFO] [stdout]     |
[INFO] [stdout] 136 |         _ => println!("Default"),
[INFO] [stdout]     |         ^ no value can reach this
[INFO] [stdout]     |
[INFO] [stdout] note: multiple earlier patterns match some of the same values
[INFO] [stdout]    --> src/simpleElection.rs:136:9
[INFO] [stdout]     |
[INFO] [stdout] 134 |         Ok(_) => println!("Write to stream OK"),
[INFO] [stdout]     |         ----- matches some of the same values
[INFO] [stdout] 135 |         Err(e) => println!("Error: {}", e),
[INFO] [stdout]     |         ------ matches some of the same values
[INFO] [stdout] 136 |         _ => println!("Default"),
[INFO] [stdout]     |         ^ collectively making this unreachable
[INFO] [stdout] 
[INFO] [stdout] 
[INFO] [stdout] warning: unreachable pattern
[INFO] [stdout]    --> src/simpleElection.rs:142:9
[INFO] [stdout]     |
[INFO] [stdout] 142 |         _ => println!("Default case"),
[INFO] [stdout]     |         ^ no value can reach this
[INFO] [stdout]     |
[INFO] [stdout] note: multiple earlier patterns match some of the same values
[INFO] [stdout]    --> src/simpleElection.rs:142:9
[INFO] [stdout]     |
[INFO] [stdout] 140 |         Ok(_) => println!("{}", response),
[INFO] [stdout]     |         ----- matches some of the same values
[INFO] [stdout] 141 |         Err(e) => {},
[INFO] [stdout]     |         ------ matches some of the same values
[INFO] [stdout] 142 |         _ => println!("Default case"),
[INFO] [stdout]     |         ^ collectively making this unreachable
[INFO] [stdout] 
[INFO] [stdout] 
[INFO] [stdout] warning: unused variable: `e`
[INFO] [stdout]    --> src/simpleElection.rs:141:13
[INFO] [stdout]     |
[INFO] [stdout] 141 |         Err(e) => {},
[INFO] [stdout]     |             ^ help: if this is intentional, prefix it with an underscore: `_e`
[INFO] [stdout] 
[INFO] [stdout] 
[INFO] [stdout] warning: unreachable pattern
[INFO] [stdout]    --> src/simpleElection.rs:169:9
[INFO] [stdout]     |
[INFO] [stdout] 169 |         _ => println!("Default"),
[INFO] [stdout]     |         ^ no value can reach this
[INFO] [stdout]     |
[INFO] [stdout] note: multiple earlier patterns match some of the same values
[INFO] [stdout]    --> src/simpleElection.rs:169:9
[INFO] [stdout]     |
[INFO] [stdout] 167 |         Ok(_) => println!("Write to stream OK"),
[INFO] [stdout]     |         ----- matches some of the same values
[INFO] [stdout] 168 |         Err(e) => println!("Error: {}", e),
[INFO] [stdout]     |         ------ matches some of the same values
[INFO] [stdout] 169 |         _ => println!("Default"),
[INFO] [stdout]     |         ^ collectively making this unreachable
[INFO] [stdout] 
[INFO] [stdout] 
[INFO] [stdout] warning: unreachable pattern
[INFO] [stdout]    --> src/simpleElection.rs:175:9
[INFO] [stdout]     |
[INFO] [stdout] 175 |         _ => println!("Default case"),
[INFO] [stdout]     |         ^ no value can reach this
[INFO] [stdout]     |
[INFO] [stdout] note: multiple earlier patterns match some of the same values
[INFO] [stdout]    --> src/simpleElection.rs:175:9
[INFO] [stdout]     |
[INFO] [stdout] 173 |         Ok(_) => println!("{}", response),
[INFO] [stdout]     |         ----- matches some of the same values
[INFO] [stdout] 174 |         Err(e) => {},
[INFO] [stdout]     |         ------ matches some of the same values
[INFO] [stdout] 175 |         _ => println!("Default case"),
[INFO] [stdout]     |         ^ collectively making this unreachable
[INFO] [stdout] 
[INFO] [stdout] 
[INFO] [stdout] warning: unused variable: `e`
[INFO] [stdout]    --> src/simpleElection.rs:174:13
[INFO] [stdout]     |
[INFO] [stdout] 174 |         Err(e) => {},
[INFO] [stdout]     |             ^ help: if this is intentional, prefix it with an underscore: `_e`
[INFO] [stdout] 
[INFO] [stdout] 
[INFO] [stdout] warning: module `simpleElection` should have a snake case name
[INFO] [stdout]  --> src/main.rs:4:5
[INFO] [stdout]   |
[INFO] [stdout] 4 | mod simpleElection;
[INFO] [stdout]   |     ^^^^^^^^^^^^^^ help: convert the identifier to snake case: `simple_election`
[INFO] [stdout]   |
[INFO] [stdout]   = note: `#[warn(non_snake_case)]` on by default
[INFO] [stdout] 
[INFO] [stdout] 
[INFO] [stdout] warning: variable `PORT` should have a snake case name
[INFO] [stdout]   --> src/server.rs:43:13
[INFO] [stdout]    |
[INFO] [stdout] 43 |         let PORT = &args[1];
[INFO] [stdout]    |             ^^^^ help: convert the identifier to snake case: `port`
[INFO] [stdout] 
[INFO] [stdout] 
[INFO] [stdout] warning: variable `RUN_ID` should have a snake case name
[INFO] [stdout]   --> src/server.rs:60:17
[INFO] [stdout]    |
[INFO] [stdout] 60 |             let RUN_ID: String = (0..length)
[INFO] [stdout]    |                 ^^^^^^ help: convert the identifier to snake case: `run_id`
[INFO] [stdout] 
[INFO] [stdout] 
[INFO] [stdout] warning: variable `PORT` should have a snake case name
[INFO] [stdout]    --> src/server.rs:150:13
[INFO] [stdout]     |
[INFO] [stdout] 150 |         let PORT = &args[1];
[INFO] [stdout]     |             ^^^^ help: convert the identifier to snake case: `port`
[INFO] [stdout] 
[INFO] [stdout] 
[INFO] [stdout] warning: variable `maxAging` should have a snake case name
[INFO] [stdout]   --> src/cache.rs:83:25
[INFO] [stdout]    |
[INFO] [stdout] 83 |                 let mut maxAging = 0;
[INFO] [stdout]    |                         ^^^^^^^^ help: convert the identifier to snake case: `max_aging`
[INFO] [stdout] 
[INFO] [stdout] 
[INFO] [stdout] warning: variable `maxAgingKey` should have a snake case name
[INFO] [stdout]   --> src/cache.rs:84:25
[INFO] [stdout]    |
[INFO] [stdout] 84 |                 let mut maxAgingKey = "";
[INFO] [stdout]    |                         ^^^^^^^^^^^ help: convert the identifier to snake case: `max_aging_key`
[INFO] [stdout] 
[INFO] [stdout] 
[INFO] [stdout] warning: variable `minFrequency` should have a snake case name
[INFO] [stdout]   --> src/cache.rs:92:25
[INFO] [stdout]    |
[INFO] [stdout] 92 |                 let mut minFrequency = std::u64::MAX;
[INFO] [stdout]    |                         ^^^^^^^^^^^^ help: convert the identifier to snake case: `min_frequency`
[INFO] [stdout] 
[INFO] [stdout] 
[INFO] [stdout] warning: variable `minFrequencyKey` should have a snake case name
[INFO] [stdout]   --> src/cache.rs:93:25
[INFO] [stdout]    |
[INFO] [stdout] 93 |                 let mut minFrequencyKey = "";
[INFO] [stdout]    |                         ^^^^^^^^^^^^^^^ help: convert the identifier to snake case: `min_frequency_key`
[INFO] [stdout] 
[INFO] [stdout] 
[INFO] [stdout] warning: unused `Result` that must be used
[INFO] [stdout]   --> src/simpleElection.rs:89:5
[INFO] [stdout]    |
[INFO] [stdout] 89 |     stream.set_read_timeout(Some(Duration::from_secs(1)));
[INFO] [stdout]    |     ^^^^^^^^^^^^^^^^^^^^^^^^^^^^^^^^^^^^^^^^^^^^^^^^^^^^^
[INFO] [stdout]    |
[INFO] [stdout]    = note: this `Result` may be an `Err` variant, which should be handled
[INFO] [stdout]    = note: `#[warn(unused_must_use)]` on by default
[INFO] [stdout] help: use `let _ = ...` to ignore the resulting value
[INFO] [stdout]    |
[INFO] [stdout] 89 |     let _ = stream.set_read_timeout(Some(Duration::from_secs(1)));
[INFO] [stdout]    |     +++++++
[INFO] [stdout] 
[INFO] [stdout] 
[INFO] [stdout] warning: unused `Result` that must be used
[INFO] [stdout]    --> src/simpleElection.rs:123:5
[INFO] [stdout]     |
[INFO] [stdout] 123 |     stream.set_read_timeout(Some(Duration::from_secs(1)));
[INFO] [stdout]     |     ^^^^^^^^^^^^^^^^^^^^^^^^^^^^^^^^^^^^^^^^^^^^^^^^^^^^^
[INFO] [stdout]     |
[INFO] [stdout]     = note: this `Result` may be an `Err` variant, which should be handled
[INFO] [stdout] help: use `let _ = ...` to ignore the resulting value
[INFO] [stdout]     |
[INFO] [stdout] 123 |     let _ = stream.set_read_timeout(Some(Duration::from_secs(1)));
[INFO] [stdout]     |     +++++++
[INFO] [stdout] 
[INFO] [stdout] 
[INFO] [stdout] warning: unused `Result` that must be used
[INFO] [stdout]    --> src/simpleElection.rs:156:5
[INFO] [stdout]     |
[INFO] [stdout] 156 |     stream.set_read_timeout(Some(Duration::from_secs(1)));
[INFO] [stdout]     |     ^^^^^^^^^^^^^^^^^^^^^^^^^^^^^^^^^^^^^^^^^^^^^^^^^^^^^
[INFO] [stdout]     |
[INFO] [stdout]     = note: this `Result` may be an `Err` variant, which should be handled
[INFO] [stdout] help: use `let _ = ...` to ignore the resulting value
[INFO] [stdout]     |
[INFO] [stdout] 156 |     let _ = stream.set_read_timeout(Some(Duration::from_secs(1)));
[INFO] [stdout]     |     +++++++
[INFO] [stdout] 
[INFO] [stdout] 
[INFO] [stderr]     Finished `dev` profile [unoptimized + debuginfo] target(s) in 32.00s
[INFO] running `Command { std: "docker" "inspect" "719377e31ef1f4072f5f0b36cdbe3d2e511c3a7b349ffaea0d304890e116e4a4", kill_on_drop: false }`
[INFO] running `Command { std: "docker" "rm" "-f" "719377e31ef1f4072f5f0b36cdbe3d2e511c3a7b349ffaea0d304890e116e4a4", kill_on_drop: false }`
[INFO] [stdout] 719377e31ef1f4072f5f0b36cdbe3d2e511c3a7b349ffaea0d304890e116e4a4
[INFO] running `Command { std: "docker" "create" "-v" "/var/lib/crater-agent-workspace/builds/worker-3-tc1/target:/opt/rustwide/target:rw,Z" "-v" "/var/lib/crater-agent-workspace/builds/worker-3-tc1/source:/opt/rustwide/workdir:ro,Z" "-v" "/var/lib/crater-agent-workspace/cargo-home:/opt/rustwide/cargo-home:ro,Z" "-v" "/var/lib/crater-agent-workspace/rustup-home:/opt/rustwide/rustup-home:ro,Z" "-e" "SOURCE_DIR=/opt/rustwide/workdir" "-e" "CARGO_TARGET_DIR=/opt/rustwide/target" "-e" "CARGO_INCREMENTAL=0" "-e" "RUST_BACKTRACE=full" "-e" "RUSTFLAGS=--cap-lints=warn" "-e" "RUSTDOCFLAGS=--cap-lints=warn" "-e" "CARGO_HOME=/opt/rustwide/cargo-home" "-e" "RUSTUP_HOME=/opt/rustwide/rustup-home" "-w" "/opt/rustwide/workdir" "-m" "1610612736" "--user" "0:0" "--network" "none" "ghcr.io/rust-lang/crates-build-env/linux@sha256:f3a9d4ad9d972b27faf3965f35b62e55ba32bbce8f20bc8fe909558a86702fde" "/opt/rustwide/cargo-home/bin/cargo" "+1.83.0" "test" "--frozen" "--no-run" "--message-format=json", kill_on_drop: false }`
[INFO] [stdout] 6f3a883218004ea9803690510b46d755b089f1abb95a8c2ed1e955236f4fb36e
[INFO] running `Command { std: "docker" "start" "-a" "6f3a883218004ea9803690510b46d755b089f1abb95a8c2ed1e955236f4fb36e", kill_on_drop: false }`
[INFO] [stderr]    Compiling predicates-core v1.0.6
[INFO] [stderr]    Compiling doc-comment v0.3.3
[INFO] [stderr]    Compiling syn v1.0.109
[INFO] [stderr]    Compiling either v1.8.1
[INFO] [stderr]    Compiling difflib v0.4.0
[INFO] [stderr]    Compiling termtree v0.4.1
[INFO] [stderr]    Compiling anstyle v0.3.5
[INFO] [stderr]    Compiling regex-automata v0.1.10
[INFO] [stderr]    Compiling once_cell v1.17.1
[INFO] [stderr]    Compiling combine v4.6.6
[INFO] [stderr]    Compiling wait-timeout v0.2.0
[INFO] [stderr]    Compiling sha1_smol v1.0.0
[INFO] [stdout] warning: unused imports: `*` and `self`
[INFO] [stdout]  --> src/server.rs:2:13
[INFO] [stdout]   |
[INFO] [stdout] 2 |     cache::{self, Cache},
[INFO] [stdout]   |             ^^^^
[INFO] [stdout] 3 |     resp::RESPMessage,
[INFO] [stdout] 4 |     simpleElection::{self, *},
[INFO] [stdout]   |                            ^
[INFO] [stdout]   |
[INFO] [stdout]   = note: `#[warn(unused_imports)]` on by default
[INFO] [stdout] 
[INFO] [stdout] 
[INFO] [stdout] warning: unused imports: `IpAddr` and `Ipv4Addr`
[INFO] [stdout]   --> src/server.rs:13:16
[INFO] [stdout]    |
[INFO] [stdout] 13 | use std::net::{IpAddr, Ipv4Addr};
[INFO] [stdout]    |                ^^^^^^  ^^^^^^^^
[INFO] [stdout] 
[INFO] [stdout] 
[INFO] [stdout] warning: unused import: `collections::btree_map::Keys`
[INFO] [stdout]   --> src/server.rs:16:5
[INFO] [stdout]    |
[INFO] [stdout] 16 |     collections::btree_map::Keys,
[INFO] [stdout]    |     ^^^^^^^^^^^^^^^^^^^^^^^^^^^^
[INFO] [stdout] 
[INFO] [stdout] 
[INFO] [stdout] warning: unused import: `stream`
[INFO] [stdout]   --> src/server.rs:25:5
[INFO] [stdout]    |
[INFO] [stdout] 25 |     stream,
[INFO] [stdout]    |     ^^^^^^
[INFO] [stdout] 
[INFO] [stdout] 
[INFO] [stdout] warning: unnecessary parentheses around `if` condition
[INFO] [stdout]    --> src/cache.rs:136:16
[INFO] [stdout]     |
[INFO] [stdout] 136 |             if (self.cache.contains_key(k)) {
[INFO] [stdout]     |                ^                          ^
[INFO] [stdout]     |
[INFO] [stdout]     = note: `#[warn(unused_parens)]` on by default
[INFO] [stdout] help: remove these parentheses
[INFO] [stdout]     |
[INFO] [stdout] 136 -             if (self.cache.contains_key(k)) {
[INFO] [stdout] 136 +             if self.cache.contains_key(k) {
[INFO] [stdout]     |
[INFO] [stdout] 
[INFO] [stdout] 
[INFO] [stdout] warning: unreachable pattern
[INFO] [stdout]   --> src/server.rs:80:17
[INFO] [stdout]    |
[INFO] [stdout] 80 |                 _ => println!("Default"),
[INFO] [stdout]    |                 ^ no value can reach this
[INFO] [stdout]    |
[INFO] [stdout] note: multiple earlier patterns match some of the same values
[INFO] [stdout]   --> src/server.rs:80:17
[INFO] [stdout]    |
[INFO] [stdout] 78 |                 Ok(_) => {}
[INFO] [stdout]    |                 ----- matches some of the same values
[INFO] [stdout] 79 |                 Err(e) => println!("Error: {}", e),
[INFO] [stdout]    |                 ------ matches some of the same values
[INFO] [stdout] 80 |                 _ => println!("Default"),
[INFO] [stdout]    |                 ^ collectively making this unreachable
[INFO] [stdout]    = note: `#[warn(unreachable_patterns)]` on by default
[INFO] [stdout] 
[INFO] [stdout] 
[INFO] [stdout] warning: unused variable: `keys`
[INFO] [stdout]   --> src/server.rs:46:17
[INFO] [stdout]    |
[INFO] [stdout] 46 |         let mut keys: Vec<String> = Vec::new(); //list of keys
[INFO] [stdout]    |                 ^^^^ help: if this is intentional, prefix it with an underscore: `_keys`
[INFO] [stdout]    |
[INFO] [stdout]    = note: `#[warn(unused_variables)]` on by default
[INFO] [stdout] 
[INFO] [stdout] 
[INFO] [stdout] warning: unused variable: `values`
[INFO] [stdout]   --> src/server.rs:47:17
[INFO] [stdout]    |
[INFO] [stdout] 47 |         let mut values: Vec<String> = Vec::new(); //list of values
[INFO] [stdout]    |                 ^^^^^^ help: if this is intentional, prefix it with an underscore: `_values`
[INFO] [stdout] 
[INFO] [stdout] 
[INFO] [stdout] warning: unused variable: `RUN_ID`
[INFO] [stdout]   --> src/server.rs:60:17
[INFO] [stdout]    |
[INFO] [stdout] 60 |             let RUN_ID: String = (0..length)
[INFO] [stdout]    |                 ^^^^^^ help: if this is intentional, prefix it with an underscore: `_RUN_ID`
[INFO] [stdout] 
[INFO] [stdout] 
[INFO] [stdout] warning: variable does not need to be mutable
[INFO] [stdout]   --> src/server.rs:46:13
[INFO] [stdout]    |
[INFO] [stdout] 46 |         let mut keys: Vec<String> = Vec::new(); //list of keys
[INFO] [stdout]    |             ----^^^^
[INFO] [stdout]    |             |
[INFO] [stdout]    |             help: remove this `mut`
[INFO] [stdout]    |
[INFO] [stdout]    = note: `#[warn(unused_mut)]` on by default
[INFO] [stdout] 
[INFO] [stdout] 
[INFO] [stdout] warning: variable does not need to be mutable
[INFO] [stdout]   --> src/server.rs:47:13
[INFO] [stdout]    |
[INFO] [stdout] 47 |         let mut values: Vec<String> = Vec::new(); //list of values
[INFO] [stdout]    |             ----^^^^^^
[INFO] [stdout]    |             |
[INFO] [stdout]    |             help: remove this `mut`
[INFO] [stdout] 
[INFO] [stdout] 
[INFO] [stdout] warning: variable does not need to be mutable
[INFO] [stdout]    --> src/server.rs:125:34
[INFO] [stdout]     |
[INFO] [stdout] 125 | ...                   let (mut save_k, save_v) = save;
[INFO] [stdout]     |                            ----^^^^^^
[INFO] [stdout]     |                            |
[INFO] [stdout]     |                            help: remove this `mut`
[INFO] [stdout] 
[INFO] [stdout] 
[INFO] [stdout] warning: unused variable: `handle`
[INFO] [stdout]    --> src/server.rs:154:17
[INFO] [stdout]     |
[INFO] [stdout] 154 |             let handle = thread::spawn(|| {
[INFO] [stdout]     |                 ^^^^^^ help: if this is intentional, prefix it with an underscore: `_handle`
[INFO] [stdout] 
[INFO] [stdout] 
[INFO] [stdout] warning: unreachable pattern
[INFO] [stdout]    --> src/server.rs:311:17
[INFO] [stdout]     |
[INFO] [stdout] 311 |                 _ => println!("Default catch"),
[INFO] [stdout]     |                 ^ no value can reach this
[INFO] [stdout]     |
[INFO] [stdout] note: multiple earlier patterns match some of the same values
[INFO] [stdout]    --> src/server.rs:311:17
[INFO] [stdout]     |
[INFO] [stdout] 309 |                 Ok(_) => println!("Write to stream OK"),
[INFO] [stdout]     |                 ----- matches some of the same values
[INFO] [stdout] 310 |                 Err(e) => println!("Error {}", e),
[INFO] [stdout]     |                 ------ matches some of the same values
[INFO] [stdout] 311 |                 _ => println!("Default catch"),
[INFO] [stdout]     |                 ^ collectively making this unreachable
[INFO] [stdout] 
[INFO] [stdout] 
[INFO] [stdout] warning: unused variable: `child`
[INFO] [stdout]    --> src/server.rs:267:29
[INFO] [stdout]     |
[INFO] [stdout] 267 |                     let mut child = Command::new(std::env::args().next().unwrap())
[INFO] [stdout]     |                             ^^^^^ help: if this is intentional, prefix it with an underscore: `_child`
[INFO] [stdout] 
[INFO] [stdout] 
[INFO] [stdout] warning: variable does not need to be mutable
[INFO] [stdout]    --> src/server.rs:267:25
[INFO] [stdout]     |
[INFO] [stdout] 267 |                     let mut child = Command::new(std::env::args().next().unwrap())
[INFO] [stdout]     |                         ----^^^^^
[INFO] [stdout]     |                         |
[INFO] [stdout]     |                         help: remove this `mut`
[INFO] [stdout] 
[INFO] [stdout] 
[INFO] [stdout] warning: variable does not need to be mutable
[INFO] [stdout]    --> src/server.rs:290:25
[INFO] [stdout]     |
[INFO] [stdout] 290 |                     let mut resp = cache.lock().unwrap().get_key(); //get keys and values from cache
[INFO] [stdout]     |                         ----^^^^
[INFO] [stdout]     |                         |
[INFO] [stdout]     |                         help: remove this `mut`
[INFO] [stdout] 
[INFO] [stdout] 
[INFO] [stdout] warning: unused import: `Write`
[INFO] [stdout]   --> src/server.rs:17:16
[INFO] [stdout]    |
[INFO] [stdout] 17 |     io::{Read, Write},
[INFO] [stdout]    |                ^^^^^
[INFO] [stdout] 
[INFO] [stdout] 
[INFO] [stdout] warning: unused import: `Read`
[INFO] [stdout]   --> src/server.rs:17:10
[INFO] [stdout]    |
[INFO] [stdout] 17 |     io::{Read, Write},
[INFO] [stdout]    |          ^^^^
[INFO] [stdout] 
[INFO] [stdout] 
[INFO] [stdout] warning: variable does not need to be mutable
[INFO] [stdout]   --> src/cache.rs:35:13
[INFO] [stdout]    |
[INFO] [stdout] 35 |         for mut c in &mut self.cache {
[INFO] [stdout]    |             ----^
[INFO] [stdout]    |             |
[INFO] [stdout]    |             help: remove this `mut`
[INFO] [stdout] 
[INFO] [stdout] 
[INFO] [stdout] warning: variable `minFrequencyKey` is assigned to, but never used
[INFO] [stdout]   --> src/cache.rs:93:25
[INFO] [stdout]    |
[INFO] [stdout] 93 |                 let mut minFrequencyKey = "";
[INFO] [stdout]    |                         ^^^^^^^^^^^^^^^
[INFO] [stdout]    |
[INFO] [stdout]    = note: consider using `_minFrequencyKey` instead
[INFO] [stdout] 
[INFO] [stdout] 
[INFO] [stdout] warning: value assigned to `minFrequencyKey` is never read
[INFO] [stdout]   --> src/cache.rs:97:25
[INFO] [stdout]    |
[INFO] [stdout] 97 |                         minFrequencyKey = c.0;
[INFO] [stdout]    |                         ^^^^^^^^^^^^^^^
[INFO] [stdout]    |
[INFO] [stdout]    = help: maybe it is overwritten before being read?
[INFO] [stdout]    = note: `#[warn(unused_assignments)]` on by default
[INFO] [stdout] 
[INFO] [stdout] 
[INFO] [stdout] warning: unused variable: `port`
[INFO] [stdout]   --> src/simpleElection.rs:53:22
[INFO] [stdout]    |
[INFO] [stdout] 53 |     for (&server_id, port) in server_ids.iter() {
[INFO] [stdout]    |                      ^^^^ help: if this is intentional, prefix it with an underscore: `_port`
[INFO] [stdout] 
[INFO] [stdout] 
[INFO] [stdout] warning: unused variable: `child`
[INFO] [stdout]   --> src/simpleElection.rs:67:21
[INFO] [stdout]    |
[INFO] [stdout] 67 |             let mut child = Command::new(std::env::args().next().unwrap())
[INFO] [stdout]    |                     ^^^^^ help: if this is intentional, prefix it with an underscore: `_child`
[INFO] [stdout] 
[INFO] [stdout] 
[INFO] [stdout] warning: variable does not need to be mutable
[INFO] [stdout]   --> src/simpleElection.rs:67:17
[INFO] [stdout]    |
[INFO] [stdout] 67 |             let mut child = Command::new(std::env::args().next().unwrap())
[INFO] [stdout]    |                 ----^^^^^
[INFO] [stdout]    |                 |
[INFO] [stdout]    |                 help: remove this `mut`
[INFO] [stdout] 
[INFO] [stdout] 
[INFO] [stdout] warning: unreachable pattern
[INFO] [stdout]    --> src/simpleElection.rs:102:9
[INFO] [stdout]     |
[INFO] [stdout] 102 |         _ => println!("Default"),
[INFO] [stdout]     |         ^ no value can reach this
[INFO] [stdout]     |
[INFO] [stdout] note: multiple earlier patterns match some of the same values
[INFO] [stdout]    --> src/simpleElection.rs:102:9
[INFO] [stdout]     |
[INFO] [stdout] 100 |         Ok(_) => {},
[INFO] [stdout]     |         ----- matches some of the same values
[INFO] [stdout] 101 |         Err(e) => println!("Error: {}", e),
[INFO] [stdout]     |         ------ matches some of the same values
[INFO] [stdout] 102 |         _ => println!("Default"),
[INFO] [stdout]     |         ^ collectively making this unreachable
[INFO] [stdout] 
[INFO] [stdout] 
[INFO] [stdout] warning: unreachable pattern
[INFO] [stdout]    --> src/simpleElection.rs:108:9
[INFO] [stdout]     |
[INFO] [stdout] 108 |         _ => println!("Default case"),
[INFO] [stdout]     |         ^ no value can reach this
[INFO] [stdout]     |
[INFO] [stdout] note: multiple earlier patterns match some of the same values
[INFO] [stdout]    --> src/simpleElection.rs:108:9
[INFO] [stdout]     |
[INFO] [stdout] 106 |         Ok(_) => println!("{}", response),
[INFO] [stdout]     |         ----- matches some of the same values
[INFO] [stdout] 107 |         Err(e) => {},
[INFO] [stdout]     |         ------ matches some of the same values
[INFO] [stdout] 108 |         _ => println!("Default case"),
[INFO] [stdout]     |         ^ collectively making this unreachable
[INFO] [stdout] 
[INFO] [stdout] 
[INFO] [stdout] warning: unused variable: `e`
[INFO] [stdout]   --> src/simpleElection.rs:84:13
[INFO] [stdout]    |
[INFO] [stdout] 84 |         Err(e) => {
[INFO] [stdout]    |             ^ help: if this is intentional, prefix it with an underscore: `_e`
[INFO] [stdout] 
[INFO] [stdout] 
[INFO] [stdout] warning: unused variable: `e`
[INFO] [stdout]    --> src/simpleElection.rs:107:13
[INFO] [stdout]     |
[INFO] [stdout] 107 |         Err(e) => {},
[INFO] [stdout]     |             ^ help: if this is intentional, prefix it with an underscore: `_e`
[INFO] [stdout] 
[INFO] [stdout] 
[INFO] [stdout] warning: unreachable pattern
[INFO] [stdout]    --> src/simpleElection.rs:136:9
[INFO] [stdout]     |
[INFO] [stdout] 136 |         _ => println!("Default"),
[INFO] [stdout]     |         ^ no value can reach this
[INFO] [stdout]     |
[INFO] [stdout] note: multiple earlier patterns match some of the same values
[INFO] [stdout]    --> src/simpleElection.rs:136:9
[INFO] [stdout]     |
[INFO] [stdout] 134 |         Ok(_) => println!("Write to stream OK"),
[INFO] [stdout]     |         ----- matches some of the same values
[INFO] [stdout] 135 |         Err(e) => println!("Error: {}", e),
[INFO] [stdout]     |         ------ matches some of the same values
[INFO] [stdout] 136 |         _ => println!("Default"),
[INFO] [stdout]     |         ^ collectively making this unreachable
[INFO] [stdout] 
[INFO] [stdout] 
[INFO] [stdout] warning: unreachable pattern
[INFO] [stdout]    --> src/simpleElection.rs:142:9
[INFO] [stdout]     |
[INFO] [stdout] 142 |         _ => println!("Default case"),
[INFO] [stdout]     |         ^ no value can reach this
[INFO] [stdout]     |
[INFO] [stdout] note: multiple earlier patterns match some of the same values
[INFO] [stdout]    --> src/simpleElection.rs:142:9
[INFO] [stdout]     |
[INFO] [stdout] 140 |         Ok(_) => println!("{}", response),
[INFO] [stdout]     |         ----- matches some of the same values
[INFO] [stdout] 141 |         Err(e) => {},
[INFO] [stdout]     |         ------ matches some of the same values
[INFO] [stdout] 142 |         _ => println!("Default case"),
[INFO] [stdout]     |         ^ collectively making this unreachable
[INFO] [stdout] 
[INFO] [stdout] 
[INFO] [stdout] warning: unused variable: `e`
[INFO] [stdout]    --> src/simpleElection.rs:141:13
[INFO] [stdout]     |
[INFO] [stdout] 141 |         Err(e) => {},
[INFO] [stdout]     |             ^ help: if this is intentional, prefix it with an underscore: `_e`
[INFO] [stdout] 
[INFO] [stdout] 
[INFO] [stdout] warning: unreachable pattern
[INFO] [stdout]    --> src/simpleElection.rs:169:9
[INFO] [stdout]     |
[INFO] [stdout] 169 |         _ => println!("Default"),
[INFO] [stdout]     |         ^ no value can reach this
[INFO] [stdout]     |
[INFO] [stdout] note: multiple earlier patterns match some of the same values
[INFO] [stdout]    --> src/simpleElection.rs:169:9
[INFO] [stdout]     |
[INFO] [stdout] 167 |         Ok(_) => println!("Write to stream OK"),
[INFO] [stdout]     |         ----- matches some of the same values
[INFO] [stdout] 168 |         Err(e) => println!("Error: {}", e),
[INFO] [stdout]     |         ------ matches some of the same values
[INFO] [stdout] 169 |         _ => println!("Default"),
[INFO] [stdout]     |         ^ collectively making this unreachable
[INFO] [stdout] 
[INFO] [stdout] 
[INFO] [stdout] warning: unreachable pattern
[INFO] [stdout]    --> src/simpleElection.rs:175:9
[INFO] [stdout]     |
[INFO] [stdout] 175 |         _ => println!("Default case"),
[INFO] [stdout]     |         ^ no value can reach this
[INFO] [stdout]     |
[INFO] [stdout] note: multiple earlier patterns match some of the same values
[INFO] [stdout]    --> src/simpleElection.rs:175:9
[INFO] [stdout]     |
[INFO] [stdout] 173 |         Ok(_) => println!("{}", response),
[INFO] [stdout]     |         ----- matches some of the same values
[INFO] [stdout] 174 |         Err(e) => {},
[INFO] [stdout]     |         ------ matches some of the same values
[INFO] [stdout] 175 |         _ => println!("Default case"),
[INFO] [stdout]     |         ^ collectively making this unreachable
[INFO] [stdout] 
[INFO] [stdout] 
[INFO] [stdout] warning: unused variable: `e`
[INFO] [stdout]    --> src/simpleElection.rs:174:13
[INFO] [stdout]     |
[INFO] [stdout] 174 |         Err(e) => {},
[INFO] [stdout]     |             ^ help: if this is intentional, prefix it with an underscore: `_e`
[INFO] [stdout] 
[INFO] [stdout] 
[INFO] [stdout] warning: module `simpleElection` should have a snake case name
[INFO] [stdout]  --> src/main.rs:4:5
[INFO] [stdout]   |
[INFO] [stdout] 4 | mod simpleElection;
[INFO] [stdout]   |     ^^^^^^^^^^^^^^ help: convert the identifier to snake case: `simple_election`
[INFO] [stdout]   |
[INFO] [stdout]   = note: `#[warn(non_snake_case)]` on by default
[INFO] [stdout] 
[INFO] [stdout] 
[INFO] [stdout] warning: variable `PORT` should have a snake case name
[INFO] [stdout]   --> src/server.rs:43:13
[INFO] [stdout]    |
[INFO] [stdout] 43 |         let PORT = &args[1];
[INFO] [stdout]    |             ^^^^ help: convert the identifier to snake case: `port`
[INFO] [stdout] 
[INFO] [stdout] 
[INFO] [stdout] warning: variable `RUN_ID` should have a snake case name
[INFO] [stdout]   --> src/server.rs:60:17
[INFO] [stdout]    |
[INFO] [stdout] 60 |             let RUN_ID: String = (0..length)
[INFO] [stdout]    |                 ^^^^^^ help: convert the identifier to snake case: `run_id`
[INFO] [stdout] 
[INFO] [stdout] 
[INFO] [stdout] warning: variable `PORT` should have a snake case name
[INFO] [stdout]    --> src/server.rs:150:13
[INFO] [stdout]     |
[INFO] [stdout] 150 |         let PORT = &args[1];
[INFO] [stdout]     |             ^^^^ help: convert the identifier to snake case: `port`
[INFO] [stdout] 
[INFO] [stdout] 
[INFO] [stdout] warning: variable `maxAging` should have a snake case name
[INFO] [stdout]   --> src/cache.rs:83:25
[INFO] [stdout]    |
[INFO] [stdout] 83 |                 let mut maxAging = 0;
[INFO] [stdout]    |                         ^^^^^^^^ help: convert the identifier to snake case: `max_aging`
[INFO] [stdout] 
[INFO] [stdout] 
[INFO] [stdout] warning: variable `maxAgingKey` should have a snake case name
[INFO] [stdout]   --> src/cache.rs:84:25
[INFO] [stdout]    |
[INFO] [stdout] 84 |                 let mut maxAgingKey = "";
[INFO] [stdout]    |                         ^^^^^^^^^^^ help: convert the identifier to snake case: `max_aging_key`
[INFO] [stdout] 
[INFO] [stdout] 
[INFO] [stdout] warning: variable `minFrequency` should have a snake case name
[INFO] [stdout]   --> src/cache.rs:92:25
[INFO] [stdout]    |
[INFO] [stdout] 92 |                 let mut minFrequency = std::u64::MAX;
[INFO] [stdout]    |                         ^^^^^^^^^^^^ help: convert the identifier to snake case: `min_frequency`
[INFO] [stdout] 
[INFO] [stdout] 
[INFO] [stdout] warning: variable `minFrequencyKey` should have a snake case name
[INFO] [stdout]   --> src/cache.rs:93:25
[INFO] [stdout]    |
[INFO] [stdout] 93 |                 let mut minFrequencyKey = "";
[INFO] [stdout]    |                         ^^^^^^^^^^^^^^^ help: convert the identifier to snake case: `min_frequency_key`
[INFO] [stdout] 
[INFO] [stdout] 
[INFO] [stdout] warning: unused `Result` that must be used
[INFO] [stdout]   --> src/simpleElection.rs:89:5
[INFO] [stdout]    |
[INFO] [stdout] 89 |     stream.set_read_timeout(Some(Duration::from_secs(1)));
[INFO] [stdout]    |     ^^^^^^^^^^^^^^^^^^^^^^^^^^^^^^^^^^^^^^^^^^^^^^^^^^^^^
[INFO] [stdout]    |
[INFO] [stdout]    = note: this `Result` may be an `Err` variant, which should be handled
[INFO] [stdout]    = note: `#[warn(unused_must_use)]` on by default
[INFO] [stdout] help: use `let _ = ...` to ignore the resulting value
[INFO] [stdout]    |
[INFO] [stdout] 89 |     let _ = stream.set_read_timeout(Some(Duration::from_secs(1)));
[INFO] [stdout]    |     +++++++
[INFO] [stdout] 
[INFO] [stdout] 
[INFO] [stdout] warning: unused `Result` that must be used
[INFO] [stdout]    --> src/simpleElection.rs:123:5
[INFO] [stdout]     |
[INFO] [stdout] 123 |     stream.set_read_timeout(Some(Duration::from_secs(1)));
[INFO] [stdout]     |     ^^^^^^^^^^^^^^^^^^^^^^^^^^^^^^^^^^^^^^^^^^^^^^^^^^^^^
[INFO] [stdout]     |
[INFO] [stdout]     = note: this `Result` may be an `Err` variant, which should be handled
[INFO] [stdout] help: use `let _ = ...` to ignore the resulting value
[INFO] [stdout]     |
[INFO] [stdout] 123 |     let _ = stream.set_read_timeout(Some(Duration::from_secs(1)));
[INFO] [stdout]     |     +++++++
[INFO] [stdout] 
[INFO] [stdout] 
[INFO] [stdout] warning: unused `Result` that must be used
[INFO] [stdout]    --> src/simpleElection.rs:156:5
[INFO] [stdout]     |
[INFO] [stdout] 156 |     stream.set_read_timeout(Some(Duration::from_secs(1)));
[INFO] [stdout]     |     ^^^^^^^^^^^^^^^^^^^^^^^^^^^^^^^^^^^^^^^^^^^^^^^^^^^^^
[INFO] [stdout]     |
[INFO] [stdout]     = note: this `Result` may be an `Err` variant, which should be handled
[INFO] [stdout] help: use `let _ = ...` to ignore the resulting value
[INFO] [stdout]     |
[INFO] [stdout] 156 |     let _ = stream.set_read_timeout(Some(Duration::from_secs(1)));
[INFO] [stdout]     |     +++++++
[INFO] [stdout] 
[INFO] [stdout] 
[INFO] [stderr]    Compiling predicates-tree v1.0.9
[INFO] [stderr]    Compiling itertools v0.10.5
[INFO] [stderr]    Compiling bstr v1.4.0
[INFO] [stderr]    Compiling predicates v3.0.2
[INFO] [stderr]    Compiling assert_cmd v2.0.10
[INFO] [stderr]    Compiling ctor v0.1.26
[INFO] [stderr]    Compiling redis v0.22.3
[INFO] [stderr]    Compiling tinyredis v0.0.1 (/opt/rustwide/workdir)
[INFO] [stdout] warning: unused imports: `*` and `self`
[INFO] [stdout]  --> src/server.rs:2:13
[INFO] [stdout]   |
[INFO] [stdout] 2 |     cache::{self, Cache},
[INFO] [stdout]   |             ^^^^
[INFO] [stdout] 3 |     resp::RESPMessage,
[INFO] [stdout] 4 |     simpleElection::{self, *},
[INFO] [stdout]   |                            ^
[INFO] [stdout]   |
[INFO] [stdout]   = note: `#[warn(unused_imports)]` on by default
[INFO] [stdout] 
[INFO] [stdout] 
[INFO] [stdout] warning: unused imports: `IpAddr` and `Ipv4Addr`
[INFO] [stdout]   --> src/server.rs:13:16
[INFO] [stdout]    |
[INFO] [stdout] 13 | use std::net::{IpAddr, Ipv4Addr};
[INFO] [stdout]    |                ^^^^^^  ^^^^^^^^
[INFO] [stdout] 
[INFO] [stdout] 
[INFO] [stdout] warning: unused import: `collections::btree_map::Keys`
[INFO] [stdout]   --> src/server.rs:16:5
[INFO] [stdout]    |
[INFO] [stdout] 16 |     collections::btree_map::Keys,
[INFO] [stdout]    |     ^^^^^^^^^^^^^^^^^^^^^^^^^^^^
[INFO] [stdout] 
[INFO] [stdout] 
[INFO] [stdout] warning: unused import: `stream`
[INFO] [stdout]   --> src/server.rs:25:5
[INFO] [stdout]    |
[INFO] [stdout] 25 |     stream,
[INFO] [stdout]    |     ^^^^^^
[INFO] [stdout] 
[INFO] [stdout] 
[INFO] [stdout] warning: unnecessary parentheses around `if` condition
[INFO] [stdout]    --> src/cache.rs:136:16
[INFO] [stdout]     |
[INFO] [stdout] 136 |             if (self.cache.contains_key(k)) {
[INFO] [stdout]     |                ^                          ^
[INFO] [stdout]     |
[INFO] [stdout]     = note: `#[warn(unused_parens)]` on by default
[INFO] [stdout] help: remove these parentheses
[INFO] [stdout]     |
[INFO] [stdout] 136 -             if (self.cache.contains_key(k)) {
[INFO] [stdout] 136 +             if self.cache.contains_key(k) {
[INFO] [stdout]     |
[INFO] [stdout] 
[INFO] [stdout] 
[INFO] [stdout] warning: unreachable pattern
[INFO] [stdout]   --> src/server.rs:80:17
[INFO] [stdout]    |
[INFO] [stdout] 80 |                 _ => println!("Default"),
[INFO] [stdout]    |                 ^ no value can reach this
[INFO] [stdout]    |
[INFO] [stdout] note: multiple earlier patterns match some of the same values
[INFO] [stdout]   --> src/server.rs:80:17
[INFO] [stdout]    |
[INFO] [stdout] 78 |                 Ok(_) => {}
[INFO] [stdout]    |                 ----- matches some of the same values
[INFO] [stdout] 79 |                 Err(e) => println!("Error: {}", e),
[INFO] [stdout]    |                 ------ matches some of the same values
[INFO] [stdout] 80 |                 _ => println!("Default"),
[INFO] [stdout]    |                 ^ collectively making this unreachable
[INFO] [stdout]    = note: `#[warn(unreachable_patterns)]` on by default
[INFO] [stdout] 
[INFO] [stdout] 
[INFO] [stdout] warning: unused variable: `keys`
[INFO] [stdout]   --> src/server.rs:46:17
[INFO] [stdout]    |
[INFO] [stdout] 46 |         let mut keys: Vec<String> = Vec::new(); //list of keys
[INFO] [stdout]    |                 ^^^^ help: if this is intentional, prefix it with an underscore: `_keys`
[INFO] [stdout]    |
[INFO] [stdout]    = note: `#[warn(unused_variables)]` on by default
[INFO] [stdout] 
[INFO] [stdout] 
[INFO] [stdout] warning: unused variable: `values`
[INFO] [stdout]   --> src/server.rs:47:17
[INFO] [stdout]    |
[INFO] [stdout] 47 |         let mut values: Vec<String> = Vec::new(); //list of values
[INFO] [stdout]    |                 ^^^^^^ help: if this is intentional, prefix it with an underscore: `_values`
[INFO] [stdout] 
[INFO] [stdout] 
[INFO] [stdout] warning: unused variable: `RUN_ID`
[INFO] [stdout]   --> src/server.rs:60:17
[INFO] [stdout]    |
[INFO] [stdout] 60 |             let RUN_ID: String = (0..length)
[INFO] [stdout]    |                 ^^^^^^ help: if this is intentional, prefix it with an underscore: `_RUN_ID`
[INFO] [stdout] 
[INFO] [stdout] 
[INFO] [stdout] warning: variable does not need to be mutable
[INFO] [stdout]   --> src/server.rs:46:13
[INFO] [stdout]    |
[INFO] [stdout] 46 |         let mut keys: Vec<String> = Vec::new(); //list of keys
[INFO] [stdout]    |             ----^^^^
[INFO] [stdout]    |             |
[INFO] [stdout]    |             help: remove this `mut`
[INFO] [stdout]    |
[INFO] [stdout]    = note: `#[warn(unused_mut)]` on by default
[INFO] [stdout] 
[INFO] [stdout] 
[INFO] [stdout] warning: variable does not need to be mutable
[INFO] [stdout]   --> src/server.rs:47:13
[INFO] [stdout]    |
[INFO] [stdout] 47 |         let mut values: Vec<String> = Vec::new(); //list of values
[INFO] [stdout]    |             ----^^^^^^
[INFO] [stdout]    |             |
[INFO] [stdout]    |             help: remove this `mut`
[INFO] [stdout] 
[INFO] [stdout] 
[INFO] [stdout] warning: variable does not need to be mutable
[INFO] [stdout]    --> src/server.rs:125:34
[INFO] [stdout]     |
[INFO] [stdout] 125 | ...                   let (mut save_k, save_v) = save;
[INFO] [stdout]     |                            ----^^^^^^
[INFO] [stdout]     |                            |
[INFO] [stdout]     |                            help: remove this `mut`
[INFO] [stdout] 
[INFO] [stdout] 
[INFO] [stdout] warning: unused variable: `handle`
[INFO] [stdout]    --> src/server.rs:154:17
[INFO] [stdout]     |
[INFO] [stdout] 154 |             let handle = thread::spawn(|| {
[INFO] [stdout]     |                 ^^^^^^ help: if this is intentional, prefix it with an underscore: `_handle`
[INFO] [stdout] 
[INFO] [stdout] 
[INFO] [stdout] warning: unreachable pattern
[INFO] [stdout]    --> src/server.rs:311:17
[INFO] [stdout]     |
[INFO] [stdout] 311 |                 _ => println!("Default catch"),
[INFO] [stdout]     |                 ^ no value can reach this
[INFO] [stdout]     |
[INFO] [stdout] note: multiple earlier patterns match some of the same values
[INFO] [stdout]    --> src/server.rs:311:17
[INFO] [stdout]     |
[INFO] [stdout] 309 |                 Ok(_) => println!("Write to stream OK"),
[INFO] [stdout]     |                 ----- matches some of the same values
[INFO] [stdout] 310 |                 Err(e) => println!("Error {}", e),
[INFO] [stdout]     |                 ------ matches some of the same values
[INFO] [stdout] 311 |                 _ => println!("Default catch"),
[INFO] [stdout]     |                 ^ collectively making this unreachable
[INFO] [stdout] 
[INFO] [stdout] 
[INFO] [stdout] warning: unused variable: `child`
[INFO] [stdout]    --> src/server.rs:267:29
[INFO] [stdout]     |
[INFO] [stdout] 267 |                     let mut child = Command::new(std::env::args().next().unwrap())
[INFO] [stdout]     |                             ^^^^^ help: if this is intentional, prefix it with an underscore: `_child`
[INFO] [stdout] 
[INFO] [stdout] 
[INFO] [stdout] warning: variable does not need to be mutable
[INFO] [stdout]    --> src/server.rs:267:25
[INFO] [stdout]     |
[INFO] [stdout] 267 |                     let mut child = Command::new(std::env::args().next().unwrap())
[INFO] [stdout]     |                         ----^^^^^
[INFO] [stdout]     |                         |
[INFO] [stdout]     |                         help: remove this `mut`
[INFO] [stdout] 
[INFO] [stdout] 
[INFO] [stdout] warning: variable does not need to be mutable
[INFO] [stdout]    --> src/server.rs:290:25
[INFO] [stdout]     |
[INFO] [stdout] 290 |                     let mut resp = cache.lock().unwrap().get_key(); //get keys and values from cache
[INFO] [stdout]     |                         ----^^^^
[INFO] [stdout]     |                         |
[INFO] [stdout]     |                         help: remove this `mut`
[INFO] [stdout] 
[INFO] [stdout] 
[INFO] [stdout] warning: unused import: `Write`
[INFO] [stdout]   --> src/server.rs:17:16
[INFO] [stdout]    |
[INFO] [stdout] 17 |     io::{Read, Write},
[INFO] [stdout]    |                ^^^^^
[INFO] [stdout] 
[INFO] [stdout] 
[INFO] [stdout] warning: unused import: `Read`
[INFO] [stdout]   --> src/server.rs:17:10
[INFO] [stdout]    |
[INFO] [stdout] 17 |     io::{Read, Write},
[INFO] [stdout]    |          ^^^^
[INFO] [stdout] 
[INFO] [stdout] 
[INFO] [stdout] warning: variable does not need to be mutable
[INFO] [stdout]   --> src/cache.rs:35:13
[INFO] [stdout]    |
[INFO] [stdout] 35 |         for mut c in &mut self.cache {
[INFO] [stdout]    |             ----^
[INFO] [stdout]    |             |
[INFO] [stdout]    |             help: remove this `mut`
[INFO] [stdout] 
[INFO] [stdout] 
[INFO] [stdout] warning: variable `minFrequencyKey` is assigned to, but never used
[INFO] [stdout]   --> src/cache.rs:93:25
[INFO] [stdout]    |
[INFO] [stdout] 93 |                 let mut minFrequencyKey = "";
[INFO] [stdout]    |                         ^^^^^^^^^^^^^^^
[INFO] [stdout]    |
[INFO] [stdout]    = note: consider using `_minFrequencyKey` instead
[INFO] [stdout] 
[INFO] [stdout] 
[INFO] [stdout] warning: value assigned to `minFrequencyKey` is never read
[INFO] [stdout]   --> src/cache.rs:97:25
[INFO] [stdout]    |
[INFO] [stdout] 97 |                         minFrequencyKey = c.0;
[INFO] [stdout]    |                         ^^^^^^^^^^^^^^^
[INFO] [stdout]    |
[INFO] [stdout]    = help: maybe it is overwritten before being read?
[INFO] [stdout]    = note: `#[warn(unused_assignments)]` on by default
[INFO] [stdout] 
[INFO] [stdout] 
[INFO] [stdout] warning: unused variable: `port`
[INFO] [stdout]   --> src/simpleElection.rs:53:22
[INFO] [stdout]    |
[INFO] [stdout] 53 |     for (&server_id, port) in server_ids.iter() {
[INFO] [stdout]    |                      ^^^^ help: if this is intentional, prefix it with an underscore: `_port`
[INFO] [stdout] 
[INFO] [stdout] 
[INFO] [stdout] warning: unused variable: `child`
[INFO] [stdout]   --> src/simpleElection.rs:67:21
[INFO] [stdout]    |
[INFO] [stdout] 67 |             let mut child = Command::new(std::env::args().next().unwrap())
[INFO] [stdout]    |                     ^^^^^ help: if this is intentional, prefix it with an underscore: `_child`
[INFO] [stdout] 
[INFO] [stdout] 
[INFO] [stdout] warning: variable does not need to be mutable
[INFO] [stdout]   --> src/simpleElection.rs:67:17
[INFO] [stdout]    |
[INFO] [stdout] 67 |             let mut child = Command::new(std::env::args().next().unwrap())
[INFO] [stdout]    |                 ----^^^^^
[INFO] [stdout]    |                 |
[INFO] [stdout]    |                 help: remove this `mut`
[INFO] [stdout] 
[INFO] [stdout] 
[INFO] [stdout] warning: unreachable pattern
[INFO] [stdout]    --> src/simpleElection.rs:102:9
[INFO] [stdout]     |
[INFO] [stdout] 102 |         _ => println!("Default"),
[INFO] [stdout]     |         ^ no value can reach this
[INFO] [stdout]     |
[INFO] [stdout] note: multiple earlier patterns match some of the same values
[INFO] [stdout]    --> src/simpleElection.rs:102:9
[INFO] [stdout]     |
[INFO] [stdout] 100 |         Ok(_) => {},
[INFO] [stdout]     |         ----- matches some of the same values
[INFO] [stdout] 101 |         Err(e) => println!("Error: {}", e),
[INFO] [stdout]     |         ------ matches some of the same values
[INFO] [stdout] 102 |         _ => println!("Default"),
[INFO] [stdout]     |         ^ collectively making this unreachable
[INFO] [stdout] 
[INFO] [stdout] 
[INFO] [stdout] warning: unreachable pattern
[INFO] [stdout]    --> src/simpleElection.rs:108:9
[INFO] [stdout]     |
[INFO] [stdout] 108 |         _ => println!("Default case"),
[INFO] [stdout]     |         ^ no value can reach this
[INFO] [stdout]     |
[INFO] [stdout] note: multiple earlier patterns match some of the same values
[INFO] [stdout]    --> src/simpleElection.rs:108:9
[INFO] [stdout]     |
[INFO] [stdout] 106 |         Ok(_) => println!("{}", response),
[INFO] [stdout]     |         ----- matches some of the same values
[INFO] [stdout] 107 |         Err(e) => {},
[INFO] [stdout]     |         ------ matches some of the same values
[INFO] [stdout] 108 |         _ => println!("Default case"),
[INFO] [stdout]     |         ^ collectively making this unreachable
[INFO] [stdout] 
[INFO] [stdout] 
[INFO] [stdout] warning: unused variable: `e`
[INFO] [stdout]   --> src/simpleElection.rs:84:13
[INFO] [stdout]    |
[INFO] [stdout] 84 |         Err(e) => {
[INFO] [stdout]    |             ^ help: if this is intentional, prefix it with an underscore: `_e`
[INFO] [stdout] 
[INFO] [stdout] 
[INFO] [stdout] warning: unused variable: `e`
[INFO] [stdout]    --> src/simpleElection.rs:107:13
[INFO] [stdout]     |
[INFO] [stdout] 107 |         Err(e) => {},
[INFO] [stdout]     |             ^ help: if this is intentional, prefix it with an underscore: `_e`
[INFO] [stdout] 
[INFO] [stdout] 
[INFO] [stdout] warning: unreachable pattern
[INFO] [stdout]    --> src/simpleElection.rs:136:9
[INFO] [stdout]     |
[INFO] [stdout] 136 |         _ => println!("Default"),
[INFO] [stdout]     |         ^ no value can reach this
[INFO] [stdout]     |
[INFO] [stdout] note: multiple earlier patterns match some of the same values
[INFO] [stdout]    --> src/simpleElection.rs:136:9
[INFO] [stdout]     |
[INFO] [stdout] 134 |         Ok(_) => println!("Write to stream OK"),
[INFO] [stdout]     |         ----- matches some of the same values
[INFO] [stdout] 135 |         Err(e) => println!("Error: {}", e),
[INFO] [stdout]     |         ------ matches some of the same values
[INFO] [stdout] 136 |         _ => println!("Default"),
[INFO] [stdout]     |         ^ collectively making this unreachable
[INFO] [stdout] 
[INFO] [stdout] 
[INFO] [stdout] warning: unreachable pattern
[INFO] [stdout]    --> src/simpleElection.rs:142:9
[INFO] [stdout]     |
[INFO] [stdout] 142 |         _ => println!("Default case"),
[INFO] [stdout]     |         ^ no value can reach this
[INFO] [stdout]     |
[INFO] [stdout] note: multiple earlier patterns match some of the same values
[INFO] [stdout]    --> src/simpleElection.rs:142:9
[INFO] [stdout]     |
[INFO] [stdout] 140 |         Ok(_) => println!("{}", response),
[INFO] [stdout]     |         ----- matches some of the same values
[INFO] [stdout] 141 |         Err(e) => {},
[INFO] [stdout]     |         ------ matches some of the same values
[INFO] [stdout] 142 |         _ => println!("Default case"),
[INFO] [stdout]     |         ^ collectively making this unreachable
[INFO] [stdout] 
[INFO] [stdout] 
[INFO] [stdout] warning: unused variable: `e`
[INFO] [stdout]    --> src/simpleElection.rs:141:13
[INFO] [stdout]     |
[INFO] [stdout] 141 |         Err(e) => {},
[INFO] [stdout]     |             ^ help: if this is intentional, prefix it with an underscore: `_e`
[INFO] [stdout] 
[INFO] [stdout] 
[INFO] [stdout] warning: unreachable pattern
[INFO] [stdout]    --> src/simpleElection.rs:169:9
[INFO] [stdout]     |
[INFO] [stdout] 169 |         _ => println!("Default"),
[INFO] [stdout]     |         ^ no value can reach this
[INFO] [stdout]     |
[INFO] [stdout] note: multiple earlier patterns match some of the same values
[INFO] [stdout]    --> src/simpleElection.rs:169:9
[INFO] [stdout]     |
[INFO] [stdout] 167 |         Ok(_) => println!("Write to stream OK"),
[INFO] [stdout]     |         ----- matches some of the same values
[INFO] [stdout] 168 |         Err(e) => println!("Error: {}", e),
[INFO] [stdout]     |         ------ matches some of the same values
[INFO] [stdout] 169 |         _ => println!("Default"),
[INFO] [stdout]     |         ^ collectively making this unreachable
[INFO] [stdout] 
[INFO] [stdout] 
[INFO] [stdout] warning: unreachable pattern
[INFO] [stdout]    --> src/simpleElection.rs:175:9
[INFO] [stdout]     |
[INFO] [stdout] 175 |         _ => println!("Default case"),
[INFO] [stdout]     |         ^ no value can reach this
[INFO] [stdout]     |
[INFO] [stdout] note: multiple earlier patterns match some of the same values
[INFO] [stdout]    --> src/simpleElection.rs:175:9
[INFO] [stdout]     |
[INFO] [stdout] 173 |         Ok(_) => println!("{}", response),
[INFO] [stdout]     |         ----- matches some of the same values
[INFO] [stdout] 174 |         Err(e) => {},
[INFO] [stdout]     |         ------ matches some of the same values
[INFO] [stdout] 175 |         _ => println!("Default case"),
[INFO] [stdout]     |         ^ collectively making this unreachable
[INFO] [stdout] 
[INFO] [stdout] 
[INFO] [stdout] warning: unused variable: `e`
[INFO] [stdout]    --> src/simpleElection.rs:174:13
[INFO] [stdout]     |
[INFO] [stdout] 174 |         Err(e) => {},
[INFO] [stdout]     |             ^ help: if this is intentional, prefix it with an underscore: `_e`
[INFO] [stdout] 
[INFO] [stdout] 
[INFO] [stdout] warning: module `simpleElection` should have a snake case name
[INFO] [stdout]  --> src/main.rs:4:5
[INFO] [stdout]   |
[INFO] [stdout] 4 | mod simpleElection;
[INFO] [stdout]   |     ^^^^^^^^^^^^^^ help: convert the identifier to snake case: `simple_election`
[INFO] [stdout]   |
[INFO] [stdout]   = note: `#[warn(non_snake_case)]` on by default
[INFO] [stdout] 
[INFO] [stdout] 
[INFO] [stdout] warning: variable `PORT` should have a snake case name
[INFO] [stdout]   --> src/server.rs:43:13
[INFO] [stdout]    |
[INFO] [stdout] 43 |         let PORT = &args[1];
[INFO] [stdout]    |             ^^^^ help: convert the identifier to snake case: `port`
[INFO] [stdout] 
[INFO] [stdout] 
[INFO] [stdout] warning: variable `RUN_ID` should have a snake case name
[INFO] [stdout]   --> src/server.rs:60:17
[INFO] [stdout]    |
[INFO] [stdout] 60 |             let RUN_ID: String = (0..length)
[INFO] [stdout]    |                 ^^^^^^ help: convert the identifier to snake case: `run_id`
[INFO] [stdout] 
[INFO] [stdout] 
[INFO] [stdout] warning: variable `PORT` should have a snake case name
[INFO] [stdout]    --> src/server.rs:150:13
[INFO] [stdout]     |
[INFO] [stdout] 150 |         let PORT = &args[1];
[INFO] [stdout]     |             ^^^^ help: convert the identifier to snake case: `port`
[INFO] [stdout] 
[INFO] [stdout] 
[INFO] [stdout] warning: variable `maxAging` should have a snake case name
[INFO] [stdout]   --> src/cache.rs:83:25
[INFO] [stdout]    |
[INFO] [stdout] 83 |                 let mut maxAging = 0;
[INFO] [stdout]    |                         ^^^^^^^^ help: convert the identifier to snake case: `max_aging`
[INFO] [stdout] 
[INFO] [stdout] 
[INFO] [stdout] warning: variable `maxAgingKey` should have a snake case name
[INFO] [stdout]   --> src/cache.rs:84:25
[INFO] [stdout]    |
[INFO] [stdout] 84 |                 let mut maxAgingKey = "";
[INFO] [stdout]    |                         ^^^^^^^^^^^ help: convert the identifier to snake case: `max_aging_key`
[INFO] [stdout] 
[INFO] [stdout] 
[INFO] [stdout] warning: variable `minFrequency` should have a snake case name
[INFO] [stdout]   --> src/cache.rs:92:25
[INFO] [stdout]    |
[INFO] [stdout] 92 |                 let mut minFrequency = std::u64::MAX;
[INFO] [stdout]    |                         ^^^^^^^^^^^^ help: convert the identifier to snake case: `min_frequency`
[INFO] [stdout] 
[INFO] [stdout] 
[INFO] [stdout] warning: variable `minFrequencyKey` should have a snake case name
[INFO] [stdout]   --> src/cache.rs:93:25
[INFO] [stdout]    |
[INFO] [stdout] 93 |                 let mut minFrequencyKey = "";
[INFO] [stdout]    |                         ^^^^^^^^^^^^^^^ help: convert the identifier to snake case: `min_frequency_key`
[INFO] [stdout] 
[INFO] [stdout] 
[INFO] [stdout] warning: unused `Result` that must be used
[INFO] [stdout]   --> src/simpleElection.rs:89:5
[INFO] [stdout]    |
[INFO] [stdout] 89 |     stream.set_read_timeout(Some(Duration::from_secs(1)));
[INFO] [stdout]    |     ^^^^^^^^^^^^^^^^^^^^^^^^^^^^^^^^^^^^^^^^^^^^^^^^^^^^^
[INFO] [stdout]    |
[INFO] [stdout]    = note: this `Result` may be an `Err` variant, which should be handled
[INFO] [stdout]    = note: `#[warn(unused_must_use)]` on by default
[INFO] [stdout] help: use `let _ = ...` to ignore the resulting value
[INFO] [stdout]    |
[INFO] [stdout] 89 |     let _ = stream.set_read_timeout(Some(Duration::from_secs(1)));
[INFO] [stdout]    |     +++++++
[INFO] [stdout] 
[INFO] [stdout] 
[INFO] [stdout] warning: unused `Result` that must be used
[INFO] [stdout]    --> src/simpleElection.rs:123:5
[INFO] [stdout]     |
[INFO] [stdout] 123 |     stream.set_read_timeout(Some(Duration::from_secs(1)));
[INFO] [stdout]     |     ^^^^^^^^^^^^^^^^^^^^^^^^^^^^^^^^^^^^^^^^^^^^^^^^^^^^^
[INFO] [stdout]     |
[INFO] [stdout]     = note: this `Result` may be an `Err` variant, which should be handled
[INFO] [stdout] help: use `let _ = ...` to ignore the resulting value
[INFO] [stdout]     |
[INFO] [stdout] 123 |     let _ = stream.set_read_timeout(Some(Duration::from_secs(1)));
[INFO] [stdout]     |     +++++++
[INFO] [stdout] 
[INFO] [stdout] 
[INFO] [stdout] warning: unused `Result` that must be used
[INFO] [stdout]    --> src/simpleElection.rs:156:5
[INFO] [stdout]     |
[INFO] [stdout] 156 |     stream.set_read_timeout(Some(Duration::from_secs(1)));
[INFO] [stdout]     |     ^^^^^^^^^^^^^^^^^^^^^^^^^^^^^^^^^^^^^^^^^^^^^^^^^^^^^
[INFO] [stdout]     |
[INFO] [stdout]     = note: this `Result` may be an `Err` variant, which should be handled
[INFO] [stdout] help: use `let _ = ...` to ignore the resulting value
[INFO] [stdout]     |
[INFO] [stdout] 156 |     let _ = stream.set_read_timeout(Some(Duration::from_secs(1)));
[INFO] [stdout]     |     +++++++
[INFO] [stdout] 
[INFO] [stdout] 
[INFO] [stderr]     Finished `test` profile [unoptimized + debuginfo] target(s) in 20.75s
[INFO] running `Command { std: "docker" "inspect" "6f3a883218004ea9803690510b46d755b089f1abb95a8c2ed1e955236f4fb36e", kill_on_drop: false }`
[INFO] running `Command { std: "docker" "rm" "-f" "6f3a883218004ea9803690510b46d755b089f1abb95a8c2ed1e955236f4fb36e", kill_on_drop: false }`
[INFO] [stdout] 6f3a883218004ea9803690510b46d755b089f1abb95a8c2ed1e955236f4fb36e
[INFO] running `Command { std: "docker" "create" "-v" "/var/lib/crater-agent-workspace/builds/worker-3-tc1/target:/opt/rustwide/target:rw,Z" "-v" "/var/lib/crater-agent-workspace/builds/worker-3-tc1/source:/opt/rustwide/workdir:ro,Z" "-v" "/var/lib/crater-agent-workspace/cargo-home:/opt/rustwide/cargo-home:ro,Z" "-v" "/var/lib/crater-agent-workspace/rustup-home:/opt/rustwide/rustup-home:ro,Z" "-e" "SOURCE_DIR=/opt/rustwide/workdir" "-e" "CARGO_TARGET_DIR=/opt/rustwide/target" "-e" "CARGO_INCREMENTAL=0" "-e" "RUST_BACKTRACE=full" "-e" "RUSTFLAGS=--cap-lints=warn" "-e" "RUSTDOCFLAGS=--cap-lints=warn" "-e" "CARGO_HOME=/opt/rustwide/cargo-home" "-e" "RUSTUP_HOME=/opt/rustwide/rustup-home" "-w" "/opt/rustwide/workdir" "-m" "1610612736" "--user" "0:0" "--network" "none" "ghcr.io/rust-lang/crates-build-env/linux@sha256:f3a9d4ad9d972b27faf3965f35b62e55ba32bbce8f20bc8fe909558a86702fde" "/opt/rustwide/cargo-home/bin/cargo" "+1.83.0" "test" "--frozen", kill_on_drop: false }`
[INFO] [stdout] 995766f4ead1316eb4761f274ed8c7e5ea2cc7c6db26f0427243635644978590
[INFO] running `Command { std: "docker" "start" "-a" "995766f4ead1316eb4761f274ed8c7e5ea2cc7c6db26f0427243635644978590", kill_on_drop: false }`
[INFO] [stderr] warning: unused imports: `*` and `self`
[INFO] [stderr]  --> src/server.rs:2:13
[INFO] [stderr]   |
[INFO] [stderr] 2 |     cache::{self, Cache},
[INFO] [stderr]   |             ^^^^
[INFO] [stderr] 3 |     resp::RESPMessage,
[INFO] [stderr] 4 |     simpleElection::{self, *},
[INFO] [stderr]   |                            ^
[INFO] [stderr]   |
[INFO] [stderr]   = note: `#[warn(unused_imports)]` on by default
[INFO] [stderr] 
[INFO] [stderr] warning: unused imports: `IpAddr` and `Ipv4Addr`
[INFO] [stderr]   --> src/server.rs:13:16
[INFO] [stderr]    |
[INFO] [stderr] 13 | use std::net::{IpAddr, Ipv4Addr};
[INFO] [stderr]    |                ^^^^^^  ^^^^^^^^
[INFO] [stderr] 
[INFO] [stderr] warning: unused import: `collections::btree_map::Keys`
[INFO] [stderr]   --> src/server.rs:16:5
[INFO] [stderr]    |
[INFO] [stderr] 16 |     collections::btree_map::Keys,
[INFO] [stderr]    |     ^^^^^^^^^^^^^^^^^^^^^^^^^^^^
[INFO] [stderr] 
[INFO] [stderr] warning: unused import: `stream`
[INFO] [stderr]   --> src/server.rs:25:5
[INFO] [stderr]    |
[INFO] [stderr] 25 |     stream,
[INFO] [stderr]    |     ^^^^^^
[INFO] [stderr] 
[INFO] [stderr] warning: unnecessary parentheses around `if` condition
[INFO] [stderr]    --> src/cache.rs:136:16
[INFO] [stderr]     |
[INFO] [stderr] 136 |             if (self.cache.contains_key(k)) {
[INFO] [stderr]     |                ^                          ^
[INFO] [stderr]     |
[INFO] [stderr]     = note: `#[warn(unused_parens)]` on by default
[INFO] [stderr] help: remove these parentheses
[INFO] [stderr]     |
[INFO] [stderr] 136 -             if (self.cache.contains_key(k)) {
[INFO] [stderr] 136 +             if self.cache.contains_key(k) {
[INFO] [stderr]     |
[INFO] [stderr] 
[INFO] [stderr] warning: unreachable pattern
[INFO] [stderr]   --> src/server.rs:80:17
[INFO] [stderr]    |
[INFO] [stderr] 80 |                 _ => println!("Default"),
[INFO] [stderr]    |                 ^ no value can reach this
[INFO] [stderr]    |
[INFO] [stderr] note: multiple earlier patterns match some of the same values
[INFO] [stderr]   --> src/server.rs:80:17
[INFO] [stderr]    |
[INFO] [stderr] 78 |                 Ok(_) => {}
[INFO] [stderr]    |                 ----- matches some of the same values
[INFO] [stderr] 79 |                 Err(e) => println!("Error: {}", e),
[INFO] [stderr]    |                 ------ matches some of the same values
[INFO] [stderr] 80 |                 _ => println!("Default"),
[INFO] [stderr]    |                 ^ collectively making this unreachable
[INFO] [stderr]    = note: `#[warn(unreachable_patterns)]` on by default
[INFO] [stderr] 
[INFO] [stderr] warning: unused variable: `keys`
[INFO] [stderr]   --> src/server.rs:46:17
[INFO] [stderr]    |
[INFO] [stderr] 46 |         let mut keys: Vec<String> = Vec::new(); //list of keys
[INFO] [stderr]    |                 ^^^^ help: if this is intentional, prefix it with an underscore: `_keys`
[INFO] [stderr]    |
[INFO] [stderr]    = note: `#[warn(unused_variables)]` on by default
[INFO] [stderr] 
[INFO] [stderr] warning: unused variable: `values`
[INFO] [stderr]   --> src/server.rs:47:17
[INFO] [stderr]    |
[INFO] [stderr] 47 |         let mut values: Vec<String> = Vec::new(); //list of values
[INFO] [stderr]    |                 ^^^^^^ help: if this is intentional, prefix it with an underscore: `_values`
[INFO] [stderr] 
[INFO] [stderr] warning: unused variable: `RUN_ID`
[INFO] [stderr]   --> src/server.rs:60:17
[INFO] [stderr]    |
[INFO] [stderr] 60 |             let RUN_ID: String = (0..length)
[INFO] [stderr]    |                 ^^^^^^ help: if this is intentional, prefix it with an underscore: `_RUN_ID`
[INFO] [stderr] 
[INFO] [stderr] warning: variable does not need to be mutable
[INFO] [stderr]   --> src/server.rs:46:13
[INFO] [stderr]    |
[INFO] [stderr] 46 |         let mut keys: Vec<String> = Vec::new(); //list of keys
[INFO] [stderr]    |             ----^^^^
[INFO] [stderr]    |             |
[INFO] [stderr]    |             help: remove this `mut`
[INFO] [stderr]    |
[INFO] [stderr]    = note: `#[warn(unused_mut)]` on by default
[INFO] [stderr] 
[INFO] [stderr] warning: variable does not need to be mutable
[INFO] [stderr]   --> src/server.rs:47:13
[INFO] [stderr]    |
[INFO] [stderr] 47 |         let mut values: Vec<String> = Vec::new(); //list of values
[INFO] [stderr]    |             ----^^^^^^
[INFO] [stderr]    |             |
[INFO] [stderr]    |             help: remove this `mut`
[INFO] [stderr] 
[INFO] [stderr] warning: variable does not need to be mutable
[INFO] [stderr]    --> src/server.rs:125:34
[INFO] [stderr]     |
[INFO] [stderr] 125 | ...                   let (mut save_k, save_v) = save;
[INFO] [stderr]     |                            ----^^^^^^
[INFO] [stderr]     |                            |
[INFO] [stderr]     |                            help: remove this `mut`
[INFO] [stderr] 
[INFO] [stderr] warning: unused variable: `handle`
[INFO] [stderr]    --> src/server.rs:154:17
[INFO] [stderr]     |
[INFO] [stderr] 154 |             let handle = thread::spawn(|| {
[INFO] [stderr]     |                 ^^^^^^ help: if this is intentional, prefix it with an underscore: `_handle`
[INFO] [stderr] 
[INFO] [stderr] warning: unreachable pattern
[INFO] [stderr]    --> src/server.rs:311:17
[INFO] [stderr]     |
[INFO] [stderr] 311 |                 _ => println!("Default catch"),
[INFO] [stderr]     |                 ^ no value can reach this
[INFO] [stderr]     |
[INFO] [stderr] note: multiple earlier patterns match some of the same values
[INFO] [stderr]    --> src/server.rs:311:17
[INFO] [stderr]     |
[INFO] [stderr] 309 |                 Ok(_) => println!("Write to stream OK"),
[INFO] [stderr]     |                 ----- matches some of the same values
[INFO] [stderr] 310 |                 Err(e) => println!("Error {}", e),
[INFO] [stderr]     |                 ------ matches some of the same values
[INFO] [stderr] 311 |                 _ => println!("Default catch"),
[INFO] [stderr]     |                 ^ collectively making this unreachable
[INFO] [stderr] 
[INFO] [stderr] warning: unused variable: `child`
[INFO] [stderr]    --> src/server.rs:267:29
[INFO] [stderr]     |
[INFO] [stderr] 267 |                     let mut child = Command::new(std::env::args().next().unwrap())
[INFO] [stderr]     |                             ^^^^^ help: if this is intentional, prefix it with an underscore: `_child`
[INFO] [stderr] 
[INFO] [stderr] warning: variable does not need to be mutable
[INFO] [stderr]    --> src/server.rs:267:25
[INFO] [stderr]     |
[INFO] [stderr] 267 |                     let mut child = Command::new(std::env::args().next().unwrap())
[INFO] [stderr]     |                         ----^^^^^
[INFO] [stderr]     |                         |
[INFO] [stderr]     |                         help: remove this `mut`
[INFO] [stderr] 
[INFO] [stderr] warning: variable does not need to be mutable
[INFO] [stderr]    --> src/server.rs:290:25
[INFO] [stderr]     |
[INFO] [stderr] 290 |                     let mut resp = cache.lock().unwrap().get_key(); //get keys and values from cache
[INFO] [stderr]     |                         ----^^^^
[INFO] [stderr]     |                         |
[INFO] [stderr]     |                         help: remove this `mut`
[INFO] [stderr] 
[INFO] [stderr] warning: unused import: `Write`
[INFO] [stderr]   --> src/server.rs:17:16
[INFO] [stderr]    |
[INFO] [stderr] 17 |     io::{Read, Write},
[INFO] [stderr]    |                ^^^^^
[INFO] [stderr] 
[INFO] [stderr] warning: unused import: `Read`
[INFO] [stderr]   --> src/server.rs:17:10
[INFO] [stderr]    |
[INFO] [stderr] 17 |     io::{Read, Write},
[INFO] [stderr]    |          ^^^^
[INFO] [stderr] 
[INFO] [stderr] warning: variable does not need to be mutable
[INFO] [stderr]   --> src/cache.rs:35:13
[INFO] [stderr]    |
[INFO] [stderr] 35 |         for mut c in &mut self.cache {
[INFO] [stderr]    |             ----^
[INFO] [stderr]    |             |
[INFO] [stderr]    |             help: remove this `mut`
[INFO] [stderr] 
[INFO] [stderr] warning: variable `minFrequencyKey` is assigned to, but never used
[INFO] [stderr]   --> src/cache.rs:93:25
[INFO] [stderr]    |
[INFO] [stderr] 93 |                 let mut minFrequencyKey = "";
[INFO] [stderr]    |                         ^^^^^^^^^^^^^^^
[INFO] [stderr]    |
[INFO] [stderr]    = note: consider using `_minFrequencyKey` instead
[INFO] [stderr] 
[INFO] [stderr] warning: value assigned to `minFrequencyKey` is never read
[INFO] [stderr]   --> src/cache.rs:97:25
[INFO] [stderr]    |
[INFO] [stderr] 97 |                         minFrequencyKey = c.0;
[INFO] [stderr]    |                         ^^^^^^^^^^^^^^^
[INFO] [stderr]    |
[INFO] [stderr]    = help: maybe it is overwritten before being read?
[INFO] [stderr]    = note: `#[warn(unused_assignments)]` on by default
[INFO] [stderr] 
[INFO] [stderr] warning: unused variable: `port`
[INFO] [stderr]   --> src/simpleElection.rs:53:22
[INFO] [stderr]    |
[INFO] [stderr] 53 |     for (&server_id, port) in server_ids.iter() {
[INFO] [stderr]    |                      ^^^^ help: if this is intentional, prefix it with an underscore: `_port`
[INFO] [stderr] 
[INFO] [stderr] warning: unused variable: `child`
[INFO] [stderr]   --> src/simpleElection.rs:67:21
[INFO] [stderr]    |
[INFO] [stderr] 67 |             let mut child = Command::new(std::env::args().next().unwrap())
[INFO] [stderr]    |                     ^^^^^ help: if this is intentional, prefix it with an underscore: `_child`
[INFO] [stderr] 
[INFO] [stderr] warning: variable does not need to be mutable
[INFO] [stderr]   --> src/simpleElection.rs:67:17
[INFO] [stderr]    |
[INFO] [stderr] 67 |             let mut child = Command::new(std::env::args().next().unwrap())
[INFO] [stderr]    |                 ----^^^^^
[INFO] [stderr]    |                 |
[INFO] [stderr]    |                 help: remove this `mut`
[INFO] [stderr] 
[INFO] [stderr] warning: unreachable pattern
[INFO] [stderr]    --> src/simpleElection.rs:102:9
[INFO] [stderr]     |
[INFO] [stderr] 102 |         _ => println!("Default"),
[INFO] [stderr]     |         ^ no value can reach this
[INFO] [stderr]     |
[INFO] [stderr] note: multiple earlier patterns match some of the same values
[INFO] [stderr]    --> src/simpleElection.rs:102:9
[INFO] [stderr]     |
[INFO] [stderr] 100 |         Ok(_) => {},
[INFO] [stderr]     |         ----- matches some of the same values
[INFO] [stderr] 101 |         Err(e) => println!("Error: {}", e),
[INFO] [stderr]     |         ------ matches some of the same values
[INFO] [stderr] 102 |         _ => println!("Default"),
[INFO] [stderr]     |         ^ collectively making this unreachable
[INFO] [stderr] 
[INFO] [stderr] warning: unreachable pattern
[INFO] [stderr]    --> src/simpleElection.rs:108:9
[INFO] [stderr]     |
[INFO] [stderr] 108 |         _ => println!("Default case"),
[INFO] [stderr]     |         ^ no value can reach this
[INFO] [stderr]     |
[INFO] [stderr] note: multiple earlier patterns match some of the same values
[INFO] [stderr]    --> src/simpleElection.rs:108:9
[INFO] [stderr]     |
[INFO] [stderr] 106 |         Ok(_) => println!("{}", response),
[INFO] [stderr]     |         ----- matches some of the same values
[INFO] [stderr] 107 |         Err(e) => {},
[INFO] [stderr]     |         ------ matches some of the same values
[INFO] [stderr] 108 |         _ => println!("Default case"),
[INFO] [stderr]     |         ^ collectively making this unreachable
[INFO] [stderr] 
[INFO] [stderr] warning: unused variable: `e`
[INFO] [stderr]   --> src/simpleElection.rs:84:13
[INFO] [stderr]    |
[INFO] [stderr] 84 |         Err(e) => {
[INFO] [stderr]    |             ^ help: if this is intentional, prefix it with an underscore: `_e`
[INFO] [stderr] 
[INFO] [stderr] warning: unused variable: `e`
[INFO] [stderr]    --> src/simpleElection.rs:107:13
[INFO] [stderr]     |
[INFO] [stderr] 107 |         Err(e) => {},
[INFO] [stderr]     |             ^ help: if this is intentional, prefix it with an underscore: `_e`
[INFO] [stderr] 
[INFO] [stderr] warning: unreachable pattern
[INFO] [stderr]    --> src/simpleElection.rs:136:9
[INFO] [stderr]     |
[INFO] [stderr] 136 |         _ => println!("Default"),
[INFO] [stderr]     |         ^ no value can reach this
[INFO] [stderr]     |
[INFO] [stderr] note: multiple earlier patterns match some of the same values
[INFO] [stderr]    --> src/simpleElection.rs:136:9
[INFO] [stderr]     |
[INFO] [stderr] 134 |         Ok(_) => println!("Write to stream OK"),
[INFO] [stderr]     |         ----- matches some of the same values
[INFO] [stderr] 135 |         Err(e) => println!("Error: {}", e),
[INFO] [stderr]     |         ------ matches some of the same values
[INFO] [stderr] 136 |         _ => println!("Default"),
[INFO] [stderr]     |         ^ collectively making this unreachable
[INFO] [stderr] 
[INFO] [stderr] warning: unreachable pattern
[INFO] [stderr]    --> src/simpleElection.rs:142:9
[INFO] [stderr]     |
[INFO] [stderr] 142 |         _ => println!("Default case"),
[INFO] [stderr]     |         ^ no value can reach this
[INFO] [stderr]     |
[INFO] [stderr] note: multiple earlier patterns match some of the same values
[INFO] [stderr]    --> src/simpleElection.rs:142:9
[INFO] [stderr]     |
[INFO] [stderr] 140 |         Ok(_) => println!("{}", response),
[INFO] [stderr]     |         ----- matches some of the same values
[INFO] [stderr] 141 |         Err(e) => {},
[INFO] [stderr]     |         ------ matches some of the same values
[INFO] [stderr] 142 |         _ => println!("Default case"),
[INFO] [stderr]     |         ^ collectively making this unreachable
[INFO] [stderr] 
[INFO] [stderr] warning: unused variable: `e`
[INFO] [stderr]    --> src/simpleElection.rs:141:13
[INFO] [stderr]     |
[INFO] [stderr] 141 |         Err(e) => {},
[INFO] [stderr]     |             ^ help: if this is intentional, prefix it with an underscore: `_e`
[INFO] [stderr] 
[INFO] [stderr] warning: unreachable pattern
[INFO] [stderr]    --> src/simpleElection.rs:169:9
[INFO] [stderr]     |
[INFO] [stderr] 169 |         _ => println!("Default"),
[INFO] [stderr]     |         ^ no value can reach this
[INFO] [stderr]     |
[INFO] [stderr] note: multiple earlier patterns match some of the same values
[INFO] [stderr]    --> src/simpleElection.rs:169:9
[INFO] [stderr]     |
[INFO] [stderr] 167 |         Ok(_) => println!("Write to stream OK"),
[INFO] [stderr]     |         ----- matches some of the same values
[INFO] [stderr] 168 |         Err(e) => println!("Error: {}", e),
[INFO] [stderr]     |         ------ matches some of the same values
[INFO] [stderr] 169 |         _ => println!("Default"),
[INFO] [stderr]     |         ^ collectively making this unreachable
[INFO] [stderr] 
[INFO] [stderr] warning: unreachable pattern
[INFO] [stderr]    --> src/simpleElection.rs:175:9
[INFO] [stderr]     |
[INFO] [stderr] 175 |         _ => println!("Default case"),
[INFO] [stderr]     |         ^ no value can reach this
[INFO] [stderr]     |
[INFO] [stderr] note: multiple earlier patterns match some of the same values
[INFO] [stderr]    --> src/simpleElection.rs:175:9
[INFO] [stderr]     |
[INFO] [stderr] 173 |         Ok(_) => println!("{}", response),
[INFO] [stderr]     |         ----- matches some of the same values
[INFO] [stderr] 174 |         Err(e) => {},
[INFO] [stderr]     |         ------ matches some of the same values
[INFO] [stderr] 175 |         _ => println!("Default case"),
[INFO] [stderr]     |         ^ collectively making this unreachable
[INFO] [stderr] 
[INFO] [stderr] warning: unused variable: `e`
[INFO] [stderr]    --> src/simpleElection.rs:174:13
[INFO] [stderr]     |
[INFO] [stderr] 174 |         Err(e) => {},
[INFO] [stderr]     |             ^ help: if this is intentional, prefix it with an underscore: `_e`
[INFO] [stderr] 
[INFO] [stderr] warning: module `simpleElection` should have a snake case name
[INFO] [stderr]  --> src/main.rs:4:5
[INFO] [stderr]   |
[INFO] [stderr] 4 | mod simpleElection;
[INFO] [stderr]   |     ^^^^^^^^^^^^^^ help: convert the identifier to snake case: `simple_election`
[INFO] [stderr]   |
[INFO] [stderr]   = note: `#[warn(non_snake_case)]` on by default
[INFO] [stderr] 
[INFO] [stderr] warning: variable `PORT` should have a snake case name
[INFO] [stderr]   --> src/server.rs:43:13
[INFO] [stderr]    |
[INFO] [stderr] 43 |         let PORT = &args[1];
[INFO] [stderr]    |             ^^^^ help: convert the identifier to snake case: `port`
[INFO] [stderr] 
[INFO] [stderr] warning: variable `RUN_ID` should have a snake case name
[INFO] [stderr]   --> src/server.rs:60:17
[INFO] [stderr]    |
[INFO] [stderr] 60 |             let RUN_ID: String = (0..length)
[INFO] [stderr]    |                 ^^^^^^ help: convert the identifier to snake case: `run_id`
[INFO] [stderr] 
[INFO] [stderr] warning: variable `PORT` should have a snake case name
[INFO] [stderr]    --> src/server.rs:150:13
[INFO] [stderr]     |
[INFO] [stderr] 150 |         let PORT = &args[1];
[INFO] [stderr]     |             ^^^^ help: convert the identifier to snake case: `port`
[INFO] [stderr] 
[INFO] [stderr] warning: variable `maxAging` should have a snake case name
[INFO] [stderr]   --> src/cache.rs:83:25
[INFO] [stderr]    |
[INFO] [stderr] 83 |                 let mut maxAging = 0;
[INFO] [stderr]    |                         ^^^^^^^^ help: convert the identifier to snake case: `max_aging`
[INFO] [stderr] 
[INFO] [stderr] warning: variable `maxAgingKey` should have a snake case name
[INFO] [stderr]   --> src/cache.rs:84:25
[INFO] [stderr]    |
[INFO] [stderr] 84 |                 let mut maxAgingKey = "";
[INFO] [stderr]    |                         ^^^^^^^^^^^ help: convert the identifier to snake case: `max_aging_key`
[INFO] [stderr] 
[INFO] [stderr] warning: variable `minFrequency` should have a snake case name
[INFO] [stderr]   --> src/cache.rs:92:25
[INFO] [stderr]    |
[INFO] [stderr] 92 |                 let mut minFrequency = std::u64::MAX;
[INFO] [stderr]    |                         ^^^^^^^^^^^^ help: convert the identifier to snake case: `min_frequency`
[INFO] [stderr] 
[INFO] [stderr] warning: variable `minFrequencyKey` should have a snake case name
[INFO] [stderr]   --> src/cache.rs:93:25
[INFO] [stderr]    |
[INFO] [stderr] 93 |                 let mut minFrequencyKey = "";
[INFO] [stderr]    |                         ^^^^^^^^^^^^^^^ help: convert the identifier to snake case: `min_frequency_key`
[INFO] [stderr] 
[INFO] [stderr] warning: unused `Result` that must be used
[INFO] [stderr]   --> src/simpleElection.rs:89:5
[INFO] [stderr]    |
[INFO] [stderr] 89 |     stream.set_read_timeout(Some(Duration::from_secs(1)));
[INFO] [stderr]    |     ^^^^^^^^^^^^^^^^^^^^^^^^^^^^^^^^^^^^^^^^^^^^^^^^^^^^^
[INFO] [stderr]    |
[INFO] [stderr]    = note: this `Result` may be an `Err` variant, which should be handled
[INFO] [stderr]    = note: `#[warn(unused_must_use)]` on by default
[INFO] [stderr] help: use `let _ = ...` to ignore the resulting value
[INFO] [stderr]    |
[INFO] [stderr] 89 |     let _ = stream.set_read_timeout(Some(Duration::from_secs(1)));
[INFO] [stderr]    |     +++++++
[INFO] [stderr] 
[INFO] [stderr] warning: unused `Result` that must be used
[INFO] [stderr]    --> src/simpleElection.rs:123:5
[INFO] [stderr]     |
[INFO] [stderr] 123 |     stream.set_read_timeout(Some(Duration::from_secs(1)));
[INFO] [stderr]     |     ^^^^^^^^^^^^^^^^^^^^^^^^^^^^^^^^^^^^^^^^^^^^^^^^^^^^^
[INFO] [stderr]     |
[INFO] [stderr]     = note: this `Result` may be an `Err` variant, which should be handled
[INFO] [stderr] help: use `let _ = ...` to ignore the resulting value
[INFO] [stderr]     |
[INFO] [stderr] 123 |     let _ = stream.set_read_timeout(Some(Duration::from_secs(1)));
[INFO] [stderr]     |     +++++++
[INFO] [stderr] 
[INFO] [stderr] warning: unused `Result` that must be used
[INFO] [stderr]    --> src/simpleElection.rs:156:5
[INFO] [stderr]     |
[INFO] [stderr] 156 |     stream.set_read_timeout(Some(Duration::from_secs(1)));
[INFO] [stderr]     |     ^^^^^^^^^^^^^^^^^^^^^^^^^^^^^^^^^^^^^^^^^^^^^^^^^^^^^
[INFO] [stderr]     |
[INFO] [stderr]     = note: this `Result` may be an `Err` variant, which should be handled
[INFO] [stderr] help: use `let _ = ...` to ignore the resulting value
[INFO] [stderr]     |
[INFO] [stderr] 156 |     let _ = stream.set_read_timeout(Some(Duration::from_secs(1)));
[INFO] [stderr]     |     +++++++
[INFO] [stderr] 
[INFO] [stderr] warning: `tinyredis` (bin "tinyredis" test) generated 46 warnings (run `cargo fix --bin "tinyredis" --tests` to apply 12 suggestions)
[INFO] [stderr] warning: `tinyredis` (bin "tinyredis") generated 46 warnings (46 duplicates)
[INFO] [stderr]     Finished `test` profile [unoptimized + debuginfo] target(s) in 0.19s
[INFO] [stderr]      Running unittests src/main.rs (/opt/rustwide/target/debug/deps/tinyredis-b6a1f73ae237251e)
[INFO] [stdout] 
[INFO] [stdout] running 0 tests
[INFO] [stdout] 
[INFO] [stdout] test result: ok. 0 passed; 0 failed; 0 ignored; 0 measured; 0 filtered out; finished in 0.00s
[INFO] [stdout] 
[INFO] [stderr]      Running tests/redis_test.rs (/opt/rustwide/target/debug/deps/redis_test-c2d2fa2e5050b678)
[INFO] [stderr] thread 'main' panicked at src/server.rs:43:25:
[INFO] [stderr] index out of bounds: the len is 1 but the index is 1
[INFO] [stderr] stack backtrace:
[INFO] [stdout] 
[INFO] [stdout] running 10 tests
[INFO] [stdout] test it_can_handle_del ... FAILED
[INFO] [stdout] test it_can_handle_echo ... FAILED
[INFO] [stdout] test it_can_get_and_set_with_lru ... FAILED
[INFO] [stdout] test it_can_receive_pings ... FAILED
[INFO] [stdout] test it_can_set_on_start ... FAILED
[INFO] [stdout] test it_can_handle_pings_from_multiple_connections ... FAILED
[INFO] [stdout] test it_can_get_and_set ... FAILED
[INFO] [stdout] test it_can_handle_multiple_connections ... FAILED
[INFO] [stdout] test it_can_set_with_ttl ... FAILED
[INFO] [stdout] test it_can_connect_to_redis ... FAILED
[INFO] [stdout] 
[INFO] [stdout] failures:
[INFO] [stdout] 
[INFO] [stdout] ---- it_can_handle_del stdout ----
[INFO] [stdout] thread 'it_can_handle_del' panicked at tests/redis_test.rs:181:43:
[INFO] [stdout] called `Result::unwrap()` on an `Err` value: Connection refused (os error 111)
[INFO] [stdout] stack backtrace:
[INFO] [stdout]    0:     0x648e63df510a - std::backtrace_rs::backtrace::libunwind::trace::h5a5b8284f2d0c266
[INFO] [stdout]                                at /rustc/90b35a6239c3d8bdabc530a6a0816f7ff89a0aaf/library/std/src/../../backtrace/src/backtrace/libunwind.rs:116:5
[INFO] [stdout]    1:     0x648e63df510a - std::backtrace_rs::backtrace::trace_unsynchronized::h76d4f1c9b0b875e3
[INFO] [stdout]                                at /rustc/90b35a6239c3d8bdabc530a6a0816f7ff89a0aaf/library/std/src/../../backtrace/src/backtrace/mod.rs:66:5
[INFO] [stdout]    2:     0x648e63df510a - std::sys::backtrace::_print_fmt::hc4546b8364a537c6
[INFO] [stdout]                                at /rustc/90b35a6239c3d8bdabc530a6a0816f7ff89a0aaf/library/std/src/sys/backtrace.rs:66:9
[INFO] [stdout]    3:     0x648e63df510a - <std::sys::backtrace::BacktraceLock::print::DisplayBacktrace as core::fmt::Display>::fmt::h5b6bd5631a6d1f6b
[INFO] [stdout]                                at /rustc/90b35a6239c3d8bdabc530a6a0816f7ff89a0aaf/library/std/src/sys/backtrace.rs:39:26
[INFO] [stdout]    4:     0x648e63e1c2b3 - core::fmt::rt::Argument::fmt::h270f6602a2b96f62
[INFO] [stdout]                                at /rustc/90b35a6239c3d8bdabc530a6a0816f7ff89a0aaf/library/core/src/fmt/rt.rs:177:76
[INFO] [stdout]    5:     0x648e63e1c2b3 - core::fmt::write::h7550c97b06c86515
[INFO] [stdout]                                at /rustc/90b35a6239c3d8bdabc530a6a0816f7ff89a0aaf/library/core/src/fmt/mod.rs:1186:21
[INFO] [stdout]    6:     0x648e63df1163 - std::io::Write::write_fmt::h509ff860e5956e5e
[INFO] [stdout]                                at /rustc/90b35a6239c3d8bdabc530a6a0816f7ff89a0aaf/library/std/src/io/mod.rs:1839:15
[INFO] [stdout]    7:     0x648e63df4f52 - std::sys::backtrace::BacktraceLock::print::h2395ccd2c84ba3aa
[INFO] [stdout]                                at /rustc/90b35a6239c3d8bdabc530a6a0816f7ff89a0aaf/library/std/src/sys/backtrace.rs:42:9
[INFO] [stdout]    8:     0x648e63df656a - std::panicking::default_hook::{{closure}}::he19d4c7230e07961
[INFO] [stdout]                                at /rustc/90b35a6239c3d8bdabc530a6a0816f7ff89a0aaf/library/std/src/panicking.rs:268:22
[INFO] [stdout]    9:     0x648e63df6374 - std::panicking::default_hook::hf614597d3c67bbdb
[INFO] [stdout]                                at /rustc/90b35a6239c3d8bdabc530a6a0816f7ff89a0aaf/library/std/src/panicking.rs:292:9
[INFO] [stdout]   10:     0x648e63d123b9 - <alloc::boxed::Box<F,A> as core::ops::function::Fn<Args>>::call::h39b51ce4599c23d1
[INFO] [stdout]                                at /rustc/90b35a6239c3d8bdabc530a6a0816f7ff89a0aaf/library/alloc/src/boxed.rs:2468:9
[INFO] [stdout]   11:     0x648e63d123b9 - test::test_main::{{closure}}::he977ae839a582784
[INFO] [stdout]                                at /rustc/90b35a6239c3d8bdabc530a6a0816f7ff89a0aaf/library/test/src/lib.rs:133:21
[INFO] [stdout]   12:     0x648e63df6c08 - <alloc::boxed::Box<F,A> as core::ops::function::Fn<Args>>::call::h9455091b6b06f9fb
[INFO] [stdout]                                at /rustc/90b35a6239c3d8bdabc530a6a0816f7ff89a0aaf/library/alloc/src/boxed.rs:2468:9
[INFO] [stdout]   13:     0x648e63df6c08 - std::panicking::rust_panic_with_hook::h8942133a8b252070
[INFO] [stdout]                                at /rustc/90b35a6239c3d8bdabc530a6a0816f7ff89a0aaf/library/std/src/panicking.rs:809:13
[INFO] [stdout]   14:     0x648e63df69ca - std::panicking::begin_panic_handler::{{closure}}::hb5f5963570096b29
[INFO] [stdout]                                at /rustc/90b35a6239c3d8bdabc530a6a0816f7ff89a0aaf/library/std/src/panicking.rs:674:13
[INFO] [stdout]   15:     0x648e63df55e9 - std::sys::backtrace::__rust_end_short_backtrace::h6208cedc1922feda
[INFO] [stdout]                                at /rustc/90b35a6239c3d8bdabc530a6a0816f7ff89a0aaf/library/std/src/sys/backtrace.rs:170:18
[INFO] [stdout]   16:     0x648e63df665c - rust_begin_unwind
[INFO] [stdout]                                at /rustc/90b35a6239c3d8bdabc530a6a0816f7ff89a0aaf/library/std/src/panicking.rs:665:5
[INFO] [stdout]   17:     0x648e63cd0140 - core::panicking::panic_fmt::h0c3082644d1bf418
[INFO] [stdout]                                at /rustc/90b35a6239c3d8bdabc530a6a0816f7ff89a0aaf/library/core/src/panicking.rs:74:14
[INFO] [stdout]   18:     0x648e63cd0586 - core::result::unwrap_failed::hd20b4aa073bda1e2
[INFO] [stdout]                                at /rustc/90b35a6239c3d8bdabc530a6a0816f7ff89a0aaf/library/core/src/result.rs:1700:5
[INFO] [stdout]   19:     0x648e63cd8f07 - core::result::Result<T,E>::unwrap::h6e6ac17487306a75
[INFO] [stdout]                                at /rustc/90b35a6239c3d8bdabc530a6a0816f7ff89a0aaf/library/core/src/result.rs:1104:23
[INFO] [stdout]   20:     0x648e63cd8f07 - redis_test::it_can_handle_del::h71f7eb89d98ab8f7
[INFO] [stdout]                                at /opt/rustwide/workdir/tests/redis_test.rs:181:19
[INFO] [stdout]   21:     0x648e63cd8cb7 - redis_test::it_can_handle_del::{{closure}}::hfb461edf7b405721
[INFO] [stdout]                                at /opt/rustwide/workdir/tests/redis_test.rs:179:23
[INFO] [stdout]   22:     0x648e63cd1776 - core::ops::function::FnOnce::call_once::he71ea6e1adf8c505
[INFO] [stdout]                                at /rustc/90b35a6239c3d8bdabc530a6a0816f7ff89a0aaf/library/core/src/ops/function.rs:250:5
[INFO] [stdout]   23:     0x648e63d16d7b - core::ops::function::FnOnce::call_once::h109cf8051a59b34e
[INFO] [stdout]                                at /rustc/90b35a6239c3d8bdabc530a6a0816f7ff89a0aaf/library/core/src/ops/function.rs:250:5
[INFO] [stdout]   24:     0x648e63d16d7b - test::__rust_begin_short_backtrace::hf4fff89d377446ba
[INFO] [stdout]                                at /rustc/90b35a6239c3d8bdabc530a6a0816f7ff89a0aaf/library/test/src/lib.rs:621:18
[INFO] [stdout]   25:     0x648e63d165b7 - test::run_test_in_process::{{closure}}::h0e39181dd7ee5a43
[INFO] [stdout]                                at /rustc/90b35a6239c3d8bdabc530a6a0816f7ff89a0aaf/library/test/src/lib.rs:644:60
[INFO] [stdout]   26:     0x648e63d165b7 - <core::panic::unwind_safe::AssertUnwindSafe<F> as core::ops::function::FnOnce<()>>::call_once::hc5a66a30f0bdfd1f
[INFO] [stdout]                                at /rustc/90b35a6239c3d8bdabc530a6a0816f7ff89a0aaf/library/core/src/panic/unwind_safe.rs:272:9
[INFO] [stdout]   27:     0x648e63d165b7 - std::panicking::try::do_call::h873b7cf639554a5e
[INFO] [stdout]                                at /rustc/90b35a6239c3d8bdabc530a6a0816f7ff89a0aaf/library/std/src/panicking.rs:557:40
[INFO] [stdout]   28:     0x648e63d165b7 - std::panicking::try::hdb19862fad9c8bd1
[INFO] [stdout]                                at /rustc/90b35a6239c3d8bdabc530a6a0816f7ff89a0aaf/library/std/src/panicking.rs:520:19
[INFO] [stdout]   29:     0x648e63d165b7 - std::panic::catch_unwind::h281fe732d236d260
[INFO] [stdout]                                at /rustc/90b35a6239c3d8bdabc530a6a0816f7ff89a0aaf/library/std/src/panic.rs:358:14
[INFO] [stdout]   30:     0x648e63d165b7 - test::run_test_in_process::h949b6df8457ed338
[INFO] [stdout]                                at /rustc/90b35a6239c3d8bdabc530a6a0816f7ff89a0aaf/library/test/src/lib.rs:644:27
[INFO] [stdout]   31:     0x648e63d165b7 - test::run_test::{{closure}}::h52c556a6d4740e10
[INFO] [stdout]                                at /rustc/90b35a6239c3d8bdabc530a6a0816f7ff89a0aaf/library/test/src/lib.rs:565:43
[INFO] [stdout]   32:     0x648e63cdb894 - test::run_test::{{closure}}::h4237f6381c45ccb9
[INFO] [stdout]                                at /rustc/90b35a6239c3d8bdabc530a6a0816f7ff89a0aaf/library/test/src/lib.rs:595:41
[INFO] [stdout]   33:     0x648e63cdb894 - std::sys::backtrace::__rust_begin_short_backtrace::h505c97a579eca628
[INFO] [stdout]                                at /rustc/90b35a6239c3d8bdabc530a6a0816f7ff89a0aaf/library/std/src/sys/backtrace.rs:154:18
[INFO] [stdout]   34:     0x648e63cdef5e - std::thread::Builder::spawn_unchecked_::{{closure}}::{{closure}}::h9e86b2e2bc107ea3
[INFO] [stdout]                                at /rustc/90b35a6239c3d8bdabc530a6a0816f7ff89a0aaf/library/std/src/thread/mod.rs:538:17
[INFO] [stdout]   35:     0x648e63cdef5e - <core::panic::unwind_safe::AssertUnwindSafe<F> as core::ops::function::FnOnce<()>>::call_once::h8b06ddb275ff4a25
[INFO] [stdout]                                at /rustc/90b35a6239c3d8bdabc530a6a0816f7ff89a0aaf/library/core/src/panic/unwind_safe.rs:272:9
[INFO] [stdout]   36:     0x648e63cdef5e - std::panicking::try::do_call::hb26ecd7cd9a9355d
[INFO] [stdout]                                at /rustc/90b35a6239c3d8bdabc530a6a0816f7ff89a0aaf/library/std/src/panicking.rs:557:40
[INFO] [stdout]   37:     0x648e63cdef5e - std::panicking::try::h8ddeca9d705f9069
[INFO] [stdout]                                at /rustc/90b35a6239c3d8bdabc530a6a0816f7ff89a0aaf/library/std/src/panicking.rs:520:19
[INFO] [stdout]   38:     0x648e63cdef5e - std::panic::catch_unwind::h49e1c33078844c46
[INFO] [stdout]                                at /rustc/90b35a6239c3d8bdabc530a6a0816f7ff89a0aaf/library/std/src/panic.rs:358:14
[INFO] [stdout]   39:     0x648e63cdef5e - std::thread::Builder::spawn_unchecked_::{{closure}}::h6073db6ff56ad35d
[INFO] [stdout]                                at /rustc/90b35a6239c3d8bdabc530a6a0816f7ff89a0aaf/library/std/src/thread/mod.rs:537:30
[INFO] [stdout]   40:     0x648e63cdef5e - core::ops::function::FnOnce::call_once{{vtable.shim}}::h2c5a5f3779c774f1
[INFO] [stdout]                                at /rustc/90b35a6239c3d8bdabc530a6a0816f7ff89a0aaf/library/core/src/ops/function.rs:250:5
[INFO] [stdout]   41:     0x648e63dfaa3b - <alloc::boxed::Box<F,A> as core::ops::function::FnOnce<Args>>::call_once::hf75717d9f28faebf
[INFO] [stdout]                                at /rustc/90b35a6239c3d8bdabc530a6a0816f7ff89a0aaf/library/alloc/src/boxed.rs:2454:9
[INFO] [stdout]   42:     0x648e63dfaa3b - <alloc::boxed::Box<F,A> as core::ops::function::FnOnce<Args>>::call_once::h7bd883a5f3c5f3c1
[INFO] [stdout]                                at /rustc/90b35a6239c3d8bdabc530a6a0816f7ff89a0aaf/library/alloc/src/boxed.rs:2454:9
[INFO] [stdout]   43:     0x648e63dfaa3b - std::sys::pal::unix::thread::Thread::new::thread_start::hcc78f3943333fa94
[INFO] [stdout]                                at /rustc/90b35a6239c3d8bdabc530a6a0816f7ff89a0aaf/library/std/src/sys/pal/unix/thread.rs:105:17
[INFO] [stdout]   44:     0x70b371173ac3 - <unknown>
[INFO] [stdout]   45:     0x70b371204a04 - clone
[INFO] [stdout]   46:                0x0 - <unknown>
[INFO] [stdout] 
[INFO] [stdout] ---- it_can_handle_echo stdout ----
[INFO] [stdout] thread 'it_can_handle_echo' panicked at tests/redis_test.rs:74:43:
[INFO] [stdout] called `Result::unwrap()` on an `Err` value: Connection refused (os error 111)
[INFO] [stdout] stack backtrace:
[INFO] [stdout]    0:     0x648e63df510a - std::backtrace_rs::backtrace::libunwind::trace::h5a5b8284f2d0c266
[INFO] [stdout]                                at /rustc/90b35a6239c3d8bdabc530a6a0816f7ff89a0aaf/library/std/src/../../backtrace/src/backtrace/libunwind.rs:116:5
[INFO] [stdout]    1:     0x648e63df510a - std::backtrace_rs::backtrace::trace_unsynchronized::h76d4f1c9b0b875e3
[INFO] [stdout]                                at /rustc/90b35a6239c3d8bdabc530a6a0816f7ff89a0aaf/library/std/src/../../backtrace/src/backtrace/mod.rs:66:5
[INFO] [stdout]    2:     0x648e63df510a - std::sys::backtrace::_print_fmt::hc4546b8364a537c6
[INFO] [stdout]                                at /rustc/90b35a6239c3d8bdabc530a6a0816f7ff89a0aaf/library/std/src/sys/backtrace.rs:66:9
[INFO] [stdout]    3:     0x648e63df510a - <std::sys::backtrace::BacktraceLock::print::DisplayBacktrace as core::fmt::Display>::fmt::h5b6bd5631a6d1f6b
[INFO] [stdout]                                at /rustc/90b35a6239c3d8bdabc530a6a0816f7ff89a0aaf/library/std/src/sys/backtrace.rs:39:26
[INFO] [stdout]    4:     0x648e63e1c2b3 - core::fmt::rt::Argument::fmt::h270f6602a2b96f62
[INFO] [stdout]                                at /rustc/90b35a6239c3d8bdabc530a6a0816f7ff89a0aaf/library/core/src/fmt/rt.rs:177:76
[INFO] [stdout]    5:     0x648e63e1c2b3 - core::fmt::write::h7550c97b06c86515
[INFO] [stdout]                                at /rustc/90b35a6239c3d8bdabc530a6a0816f7ff89a0aaf/library/core/src/fmt/mod.rs:1186:21
[INFO] [stdout]    6:     0x648e63df1163 - std::io::Write::write_fmt::h509ff860e5956e5e
[INFO] [stdout]                                at /rustc/90b35a6239c3d8bdabc530a6a0816f7ff89a0aaf/library/std/src/io/mod.rs:1839:15
[INFO] [stdout]    7:     0x648e63df4f52 - std::sys::backtrace::BacktraceLock::print::h2395ccd2c84ba3aa
[INFO] [stdout]                                at /rustc/90b35a6239c3d8bdabc530a6a0816f7ff89a0aaf/library/std/src/sys/backtrace.rs:42:9
[INFO] [stdout]    8:     0x648e63df656a - std::panicking::default_hook::{{closure}}::he19d4c7230e07961
[INFO] [stdout]                                at /rustc/90b35a6239c3d8bdabc530a6a0816f7ff89a0aaf/library/std/src/panicking.rs:268:22
[INFO] [stdout]    9:     0x648e63df6374 - std::panicking::default_hook::hf614597d3c67bbdb
[INFO] [stdout]                                at /rustc/90b35a6239c3d8bdabc530a6a0816f7ff89a0aaf/library/std/src/panicking.rs:292:9
[INFO] [stdout]   10:     0x648e63d123b9 - <alloc::boxed::Box<F,A> as core::ops::function::Fn<Args>>::call::h39b51ce4599c23d1
[INFO] [stdout]                                at /rustc/90b35a6239c3d8bdabc530a6a0816f7ff89a0aaf/library/alloc/src/boxed.rs:2468:9
[INFO] [stdout]   11:     0x648e63d123b9 - test::test_main::{{closure}}::he977ae839a582784
[INFO] [stdout]                                at /rustc/90b35a6239c3d8bdabc530a6a0816f7ff89a0aaf/library/test/src/lib.rs:133:21
[INFO] [stdout]   12:     0x648e63df6c08 - <alloc::boxed::Box<F,A> as core::ops::function::Fn<Args>>::call::h9455091b6b06f9fb
[INFO] [stdout]                                at /rustc/90b35a6239c3d8bdabc530a6a0816f7ff89a0aaf/library/alloc/src/boxed.rs:2468:9
[INFO] [stdout]   13:     0x648e63df6c08 - std::panicking::rust_panic_with_hook::h8942133a8b252070
[INFO] [stdout]                                at /rustc/90b35a6239c3d8bdabc530a6a0816f7ff89a0aaf/library/std/src/panicking.rs:809:13
[INFO] [stdout]   14:     0x648e63df69ca - std::panicking::begin_panic_handler::{{closure}}::hb5f5963570096b29
[INFO] [stdout]                                at /rustc/90b35a6239c3d8bdabc530a6a0816f7ff89a0aaf/library/std/src/panicking.rs:674:13
[INFO] [stdout]   15:     0x648e63df55e9 - std::sys::backtrace::__rust_end_short_backtrace::h6208cedc1922feda
[INFO] [stdout]                                at /rustc/90b35a6239c3d8bdabc530a6a0816f7ff89a0aaf/library/std/src/sys/backtrace.rs:170:18
[INFO] [stdout]   16:     0x648e63df665c - rust_begin_unwind
[INFO] [stdout]                                at /rustc/90b35a6239c3d8bdabc530a6a0816f7ff89a0aaf/library/std/src/panicking.rs:665:5
[INFO] [stdout]   17:     0x648e63cd0140 - core::panicking::panic_fmt::h0c3082644d1bf418
[INFO] [stdout]                                at /rustc/90b35a6239c3d8bdabc530a6a0816f7ff89a0aaf/library/core/src/panicking.rs:74:14
[INFO] [stdout]   18:     0x648e63cd0586 - core::result::unwrap_failed::hd20b4aa073bda1e2
[INFO] [stdout]                                at /rustc/90b35a6239c3d8bdabc530a6a0816f7ff89a0aaf/library/core/src/result.rs:1700:5
[INFO] [stdout]   19:     0x648e63cd5fb5 - core::result::Result<T,E>::unwrap::h6e6ac17487306a75
[INFO] [stdout]                                at /rustc/90b35a6239c3d8bdabc530a6a0816f7ff89a0aaf/library/core/src/result.rs:1104:23
[INFO] [stdout]   20:     0x648e63cd5fb5 - redis_test::it_can_handle_echo::h809b7de5fd288343
[INFO] [stdout]                                at /opt/rustwide/workdir/tests/redis_test.rs:74:19
[INFO] [stdout]   21:     0x648e63cd5d77 - redis_test::it_can_handle_echo::{{closure}}::hc94bbded267bdb65
[INFO] [stdout]                                at /opt/rustwide/workdir/tests/redis_test.rs:72:24
[INFO] [stdout]   22:     0x648e63cd16f6 - core::ops::function::FnOnce::call_once::ha9a0be973e212ea7
[INFO] [stdout]                                at /rustc/90b35a6239c3d8bdabc530a6a0816f7ff89a0aaf/library/core/src/ops/function.rs:250:5
[INFO] [stdout]   23:     0x648e63d16d7b - core::ops::function::FnOnce::call_once::h109cf8051a59b34e
[INFO] [stdout]                                at /rustc/90b35a6239c3d8bdabc530a6a0816f7ff89a0aaf/library/core/src/ops/function.rs:250:5
[INFO] [stdout]   24:     0x648e63d16d7b - test::__rust_begin_short_backtrace::hf4fff89d377446ba
[INFO] [stdout]                                at /rustc/90b35a6239c3d8bdabc530a6a0816f7ff89a0aaf/library/test/src/lib.rs:621:18
[INFO] [stdout]   25:     0x648e63d165b7 - test::run_test_in_process::{{closure}}::h0e39181dd7ee5a43
[INFO] [stdout]                                at /rustc/90b35a6239c3d8bdabc530a6a0816f7ff89a0aaf/library/test/src/lib.rs:644:60
[INFO] [stdout]   26:     0x648e63d165b7 - <core::panic::unwind_safe::AssertUnwindSafe<F> as core::ops::function::FnOnce<()>>::call_once::hc5a66a30f0bdfd1f
[INFO] [stdout]                                at /rustc/90b35a6239c3d8bdabc530a6a0816f7ff89a0aaf/library/core/src/panic/unwind_safe.rs:272:9
[INFO] [stdout]   27:     0x648e63d165b7 - std::panicking::try::do_call::h873b7cf639554a5e
[INFO] [stdout]                                at /rustc/90b35a6239c3d8bdabc530a6a0816f7ff89a0aaf/library/std/src/panicking.rs:557:40
[INFO] [stdout]   28:     0x648e63d165b7 - std::panicking::try::hdb19862fad9c8bd1
[INFO] [stdout]                                at /rustc/90b35a6239c3d8bdabc530a6a0816f7ff89a0aaf/library/std/src/panicking.rs:520:19
[INFO] [stdout]   29:     0x648e63d165b7 - std::panic::catch_unwind::h281fe732d236d260
[INFO] [stdout]                                at /rustc/90b35a6239c3d8bdabc530a6a0816f7ff89a0aaf/library/std/src/panic.rs:358:14
[INFO] [stdout]   30:     0x648e63d165b7 - test::run_test_in_process::h949b6df8457ed338
[INFO] [stdout]                                at /rustc/90b35a6239c3d8bdabc530a6a0816f7ff89a0aaf/library/test/src/lib.rs:644:27
[INFO] [stdout]   31:     0x648e63d165b7 - test::run_test::{{closure}}::h52c556a6d4740e10
[INFO] [stdout]                                at /rustc/90b35a6239c3d8bdabc530a6a0816f7ff89a0aaf/library/test/src/lib.rs:565:43
[INFO] [stdout]   32:     0x648e63cdb894 - test::run_test::{{closure}}::h4237f6381c45ccb9
[INFO] [stdout]                                at /rustc/90b35a6239c3d8bdabc530a6a0816f7ff89a0aaf/library/test/src/lib.rs:595:41
[INFO] [stdout]   33:     0x648e63cdb894 - std::sys::backtrace::__rust_begin_short_backtrace::h505c97a579eca628
[INFO] [stdout]                                at /rustc/90b35a6239c3d8bdabc530a6a0816f7ff89a0aaf/library/std/src/sys/backtrace.rs:154:18
[INFO] [stdout]   34:     0x648e63cdef5e - std::thread::Builder::spawn_unchecked_::{{closure}}::{{closure}}::h9e86b2e2bc107ea3
[INFO] [stdout]                                at /rustc/90b35a6239c3d8bdabc530a6a0816f7ff89a0aaf/library/std/src/thread/mod.rs:538:17
[INFO] [stdout]   35:     0x648e63cdef5e - <core::panic::unwind_safe::AssertUnwindSafe<F> as core::ops::function::FnOnce<()>>::call_once::h8b06ddb275ff4a25
[INFO] [stdout]                                at /rustc/90b35a6239c3d8bdabc530a6a0816f7ff89a0aaf/library/core/src/panic/unwind_safe.rs:272:9
[INFO] [stdout]   36:     0x648e63cdef5e - std::panicking::try::do_call::hb26ecd7cd9a9355d
[INFO] [stdout]                                at /rustc/90b35a6239c3d8bdabc530a6a0816f7ff89a0aaf/library/std/src/panicking.rs:557:40
[INFO] [stdout]   37:     0x648e63cdef5e - std::panicking::try::h8ddeca9d705f9069
[INFO] [stdout]                                at /rustc/90b35a6239c3d8bdabc530a6a0816f7ff89a0aaf/library/std/src/panicking.rs:520:19
[INFO] [stdout]   38:     0x648e63cdef5e - std::panic::catch_unwind::h49e1c33078844c46
[INFO] [stdout]                                at /rustc/90b35a6239c3d8bdabc530a6a0816f7ff89a0aaf/library/std/src/panic.rs:358:14
[INFO] [stdout]   39:     0x648e63cdef5e - std::thread::Builder::spawn_unchecked_::{{closure}}::h6073db6ff56ad35d
[INFO] [stdout]                                at /rustc/90b35a6239c3d8bdabc530a6a0816f7ff89a0aaf/library/std/src/thread/mod.rs:537:30
[INFO] [stdout]   40:     0x648e63cdef5e - core::ops::function::FnOnce::call_once{{vtable.shim}}::h2c5a5f3779c774f1
[INFO] [stdout]                                at /rustc/90b35a6239c3d8bdabc530a6a0816f7ff89a0aaf/library/core/src/ops/function.rs:250:5
[INFO] [stdout]   41:     0x648e63dfaa3b - <alloc::boxed::Box<F,A> as core::ops::function::FnOnce<Args>>::call_once::hf75717d9f28faebf
[INFO] [stdout]                                at /rustc/90b35a6239c3d8bdabc530a6a0816f7ff89a0aaf/library/alloc/src/boxed.rs:2454:9
[INFO] [stdout]   42:     0x648e63dfaa3b - <alloc::boxed::Box<F,A> as core::ops::function::FnOnce<Args>>::call_once::h7bd883a5f3c5f3c1
[INFO] [stdout]                                at /rustc/90b35a6239c3d8bdabc530a6a0816f7ff89a0aaf/library/alloc/src/boxed.rs:2454:9
[INFO] [stdout]   43:     0x648e63dfaa3b - std::sys::pal::unix::thread::Thread::new::thread_start::hcc78f3943333fa94
[INFO] [stdout]                                at /rustc/90b35a6239c3d8bdabc530a6a0816f7ff89a0aaf/library/std/src/sys/pal/unix/thread.rs:105:17
[INFO] [stdout]   44:     0x70b371173ac3 - <unknown>
[INFO] [stdout]   45:     0x70b371204a04 - clone
[INFO] [stdout]   46:                0x0 - <unknown>
[INFO] [stdout] 
[INFO] [stdout] ---- it_can_get_and_set_with_lru stdout ----
[INFO] [stdout] thread 'it_can_get_and_set_with_lru' panicked at tests/redis_test.rs:120:43:
[INFO] [stdout] called `Result::unwrap()` on an `Err` value: Connection refused (os error 111)
[INFO] [stdout] stack backtrace:
[INFO] [stdout]    0:     0x648e63df510a - std::backtrace_rs::backtrace::libunwind::trace::h5a5b8284f2d0c266
[INFO] [stdout]                                at /rustc/90b35a6239c3d8bdabc530a6a0816f7ff89a0aaf/library/std/src/../../backtrace/src/backtrace/libunwind.rs:116:5
[INFO] [stdout]    1:     0x648e63df510a - std::backtrace_rs::backtrace::trace_unsynchronized::h76d4f1c9b0b875e3
[INFO] [stdout]                                at /rustc/90b35a6239c3d8bdabc530a6a0816f7ff89a0aaf/library/std/src/../../backtrace/src/backtrace/mod.rs:66:5
[INFO] [stdout]    2:     0x648e63df510a - std::sys::backtrace::_print_fmt::hc4546b8364a537c6
[INFO] [stdout]                                at /rustc/90b35a6239c3d8bdabc530a6a0816f7ff89a0aaf/library/std/src/sys/backtrace.rs:66:9
[INFO] [stdout]    3:     0x648e63df510a - <std::sys::backtrace::BacktraceLock::print::DisplayBacktrace as core::fmt::Display>::fmt::h5b6bd5631a6d1f6b
[INFO] [stdout]                                at /rustc/90b35a6239c3d8bdabc530a6a0816f7ff89a0aaf/library/std/src/sys/backtrace.rs:39:26
[INFO] [stdout]    4:     0x648e63e1c2b3 - core::fmt::rt::Argument::fmt::h270f6602a2b96f62
[INFO] [stdout]                                at /rustc/90b35a6239c3d8bdabc530a6a0816f7ff89a0aaf/library/core/src/fmt/rt.rs:177:76
[INFO] [stdout]    5:     0x648e63e1c2b3 - core::fmt::write::h7550c97b06c86515
[INFO] [stdout]                                at /rustc/90b35a6239c3d8bdabc530a6a0816f7ff89a0aaf/library/core/src/fmt/mod.rs:1186:21
[INFO] [stdout]    6:     0x648e63df1163 - std::io::Write::write_fmt::h509ff860e5956e5e
[INFO] [stdout]                                at /rustc/90b35a6239c3d8bdabc530a6a0816f7ff89a0aaf/library/std/src/io/mod.rs:1839:15
[INFO] [stdout]    7:     0x648e63df4f52 - std::sys::backtrace::BacktraceLock::print::h2395ccd2c84ba3aa
[INFO] [stdout]                                at /rustc/90b35a6239c3d8bdabc530a6a0816f7ff89a0aaf/library/std/src/sys/backtrace.rs:42:9
[INFO] [stdout]    8:     0x648e63df656a - std::panicking::default_hook::{{closure}}::he19d4c7230e07961
[INFO] [stdout]                                at /rustc/90b35a6239c3d8bdabc530a6a0816f7ff89a0aaf/library/std/src/panicking.rs:268:22
[INFO] [stdout]    9:     0x648e63df6374 - std::panicking::default_hook::hf614597d3c67bbdb
[INFO] [stdout]                                at /rustc/90b35a6239c3d8bdabc530a6a0816f7ff89a0aaf/library/std/src/panicking.rs:292:9
[INFO] [stdout]   10:     0x648e63d123b9 - <alloc::boxed::Box<F,A> as core::ops::function::Fn<Args>>::call::h39b51ce4599c23d1
[INFO] [stdout]                                at /rustc/90b35a6239c3d8bdabc530a6a0816f7ff89a0aaf/library/alloc/src/boxed.rs:2468:9
[INFO] [stdout]   11:     0x648e63d123b9 - test::test_main::{{closure}}::he977ae839a582784
[INFO] [stdout]                                at /rustc/90b35a6239c3d8bdabc530a6a0816f7ff89a0aaf/library/test/src/lib.rs:133:21
[INFO] [stdout]   12:     0x648e63df6c08 - <alloc::boxed::Box<F,A> as core::ops::function::Fn<Args>>::call::h9455091b6b06f9fb
[INFO] [stdout]                                at /rustc/90b35a6239c3d8bdabc530a6a0816f7ff89a0aaf/library/alloc/src/boxed.rs:2468:9
[INFO] [stdout]   13:     0x648e63df6c08 - std::panicking::rust_panic_with_hook::h8942133a8b252070
[INFO] [stdout]                                at /rustc/90b35a6239c3d8bdabc530a6a0816f7ff89a0aaf/library/std/src/panicking.rs:809:13
[INFO] [stdout]   14:     0x648e63df69ca - std::panicking::begin_panic_handler::{{closure}}::hb5f5963570096b29
[INFO] [stdout]                                at /rustc/90b35a6239c3d8bdabc530a6a0816f7ff89a0aaf/library/std/src/panicking.rs:674:13
[INFO] [stdout]   15:     0x648e63df55e9 - std::sys::backtrace::__rust_end_short_backtrace::h6208cedc1922feda
[INFO] [stdout]                                at /rustc/90b35a6239c3d8bdabc530a6a0816f7ff89a0aaf/library/std/src/sys/backtrace.rs:170:18
[INFO] [stdout]   16:     0x648e63df665c - rust_begin_unwind
[INFO] [stdout]                                at /rustc/90b35a6239c3d8bdabc530a6a0816f7ff89a0aaf/library/std/src/panicking.rs:665:5
[INFO] [stdout]   17:     0x648e63cd0140 - core::panicking::panic_fmt::h0c3082644d1bf418
[INFO] [stdout]                                at /rustc/90b35a6239c3d8bdabc530a6a0816f7ff89a0aaf/library/core/src/panicking.rs:74:14
[INFO] [stdout]   18:     0x648e63cd0586 - core::result::unwrap_failed::hd20b4aa073bda1e2
[INFO] [stdout]                                at /rustc/90b35a6239c3d8bdabc530a6a0816f7ff89a0aaf/library/core/src/result.rs:1700:5
[INFO] [stdout]   19:     0x648e63cd7616 - core::result::Result<T,E>::unwrap::h6e6ac17487306a75
[INFO] [stdout]                                at /rustc/90b35a6239c3d8bdabc530a6a0816f7ff89a0aaf/library/core/src/result.rs:1104:23
[INFO] [stdout]   20:     0x648e63cd7616 - redis_test::it_can_get_and_set_with_lru::h7b0bb4c0b0f0fd60
[INFO] [stdout]                                at /opt/rustwide/workdir/tests/redis_test.rs:120:19
[INFO] [stdout]   21:     0x648e63cd73b7 - redis_test::it_can_get_and_set_with_lru::{{closure}}::h0fb413fb931de8aa
[INFO] [stdout]                                at /opt/rustwide/workdir/tests/redis_test.rs:118:33
[INFO] [stdout]   22:     0x648e63cd1536 - core::ops::function::FnOnce::call_once::h34e809b917d60ae2
[INFO] [stdout]                                at /rustc/90b35a6239c3d8bdabc530a6a0816f7ff89a0aaf/library/core/src/ops/function.rs:250:5
[INFO] [stdout]   23:     0x648e63d16d7b - core::ops::function::FnOnce::call_once::h109cf8051a59b34e
[INFO] [stdout]                                at /rustc/90b35a6239c3d8bdabc530a6a0816f7ff89a0aaf/library/core/src/ops/function.rs:250:5
[INFO] [stdout]   24:     0x648e63d16d7b - test::__rust_begin_short_backtrace::hf4fff89d377446ba
[INFO] [stdout]                                at /rustc/90b35a6239c3d8bdabc530a6a0816f7ff89a0aaf/library/test/src/lib.rs:621:18
[INFO] [stdout]   25:     0x648e63d165b7 - test::run_test_in_process::{{closure}}::h0e39181dd7ee5a43
[INFO] [stdout]                                at /rustc/90b35a6239c3d8bdabc530a6a0816f7ff89a0aaf/library/test/src/lib.rs:644:60
[INFO] [stdout]   26:     0x648e63d165b7 - <core::panic::unwind_safe::AssertUnwindSafe<F> as core::ops::function::FnOnce<()>>::call_once::hc5a66a30f0bdfd1f
[INFO] [stdout]                                at /rustc/90b35a6239c3d8bdabc530a6a0816f7ff89a0aaf/library/core/src/panic/unwind_safe.rs:272:9
[INFO] [stdout]   27:     0x648e63d165b7 - std::panicking::try::do_call::h873b7cf639554a5e
[INFO] [stdout]                                at /rustc/90b35a6239c3d8bdabc530a6a0816f7ff89a0aaf/library/std/src/panicking.rs:557:40
[INFO] [stdout]   28:     0x648e63d165b7 - std::panicking::try::hdb19862fad9c8bd1
[INFO] [stdout]                                at /rustc/90b35a6239c3d8bdabc530a6a0816f7ff89a0aaf/library/std/src/panicking.rs:520:19
[INFO] [stdout]   29:     0x648e63d165b7 - std::panic::catch_unwind::h281fe732d236d260
[INFO] [stdout]                                at /rustc/90b35a6239c3d8bdabc530a6a0816f7ff89a0aaf/library/std/src/panic.rs:358:14
[INFO] [stdout]   30:     0x648e63d165b7 - test::run_test_in_process::h949b6df8457ed338
[INFO] [stdout]                                at /rustc/90b35a6239c3d8bdabc530a6a0816f7ff89a0aaf/library/test/src/lib.rs:644:27
[INFO] [stdout]   31:     0x648e63d165b7 - test::run_test::{{closure}}::h52c556a6d4740e10
[INFO] [stdout]                                at /rustc/90b35a6239c3d8bdabc530a6a0816f7ff89a0aaf/library/test/src/lib.rs:565:43
[INFO] [stdout]   32:     0x648e63cdb894 - test::run_test::{{closure}}::h4237f6381c45ccb9
[INFO] [stdout]                                at /rustc/90b35a6239c3d8bdabc530a6a0816f7ff89a0aaf/library/test/src/lib.rs:595:41
[INFO] [stdout]   33:     0x648e63cdb894 - std::sys::backtrace::__rust_begin_short_backtrace::h505c97a579eca628
[INFO] [stdout]                                at /rustc/90b35a6239c3d8bdabc530a6a0816f7ff89a0aaf/library/std/src/sys/backtrace.rs:154:18
[INFO] [stdout]   34:     0x648e63cdef5e - std::thread::Builder::spawn_unchecked_::{{closure}}::{{closure}}::h9e86b2e2bc107ea3
[INFO] [stdout]                                at /rustc/90b35a6239c3d8bdabc530a6a0816f7ff89a0aaf/library/std/src/thread/mod.rs:538:17
[INFO] [stdout]   35:     0x648e63cdef5e - <core::panic::unwind_safe::AssertUnwindSafe<F> as core::ops::function::FnOnce<()>>::call_once::h8b06ddb275ff4a25
[INFO] [stdout]                                at /rustc/90b35a6239c3d8bdabc530a6a0816f7ff89a0aaf/library/core/src/panic/unwind_safe.rs:272:9
[INFO] [stdout]   36:     0x648e63cdef5e - std::panicking::try::do_call::hb26ecd7cd9a9355d
[INFO] [stdout]                                at /rustc/90b35a6239c3d8bdabc530a6a0816f7ff89a0aaf/library/std/src/panicking.rs:557:40
[INFO] [stdout]   37:     0x648e63cdef5e - std::panicking::try::h8ddeca9d705f9069
[INFO] [stdout]                                at /rustc/90b35a6239c3d8bdabc530a6a0816f7ff89a0aaf/library/std/src/panicking.rs:520:19
[INFO] [stdout]   38:     0x648e63cdef5e - std::panic::catch_unwind::h49e1c33078844c46
[INFO] [stdout]                                at /rustc/90b35a6239c3d8bdabc530a6a0816f7ff89a0aaf/library/std/src/panic.rs:358:14
[INFO] [stdout]   39:     0x648e63cdef5e - std::thread::Builder::spawn_unchecked_::{{closure}}::h6073db6ff56ad35d
[INFO] [stdout]                                at /rustc/90b35a6239c3d8bdabc530a6a0816f7ff89a0aaf/library/std/src/thread/mod.rs:537:30
[INFO] [stdout]   40:     0x648e63cdef5e - core::ops::function::FnOnce::call_once{{vtable.shim}}::h2c5a5f3779c774f1
[INFO] [stdout]                                at /rustc/90b35a6239c3d8bdabc530a6a0816f7ff89a0aaf/library/core/src/ops/function.rs:250:5
[INFO] [stdout]   41:     0x648e63dfaa3b - <alloc::boxed::Box<F,A> as core::ops::function::FnOnce<Args>>::call_once::hf75717d9f28faebf
[INFO] [stdout]                                at /rustc/90b35a6239c3d8bdabc530a6a0816f7ff89a0aaf/library/alloc/src/boxed.rs:2454:9
[INFO] [stdout]   42:     0x648e63dfaa3b - <alloc::boxed::Box<F,A> as core::ops::function::FnOnce<Args>>::call_once::h7bd883a5f3c5f3c1
[INFO] [stdout]                                at /rustc/90b35a6239c3d8bdabc530a6a0816f7ff89a0aaf/library/alloc/src/boxed.rs:2454:9
[INFO] [stdout]   43:     0x648e63dfaa3b - std::sys::pal::unix::thread::Thread::new::thread_start::hcc78f3943333fa94
[INFO] [stdout]                                at /rustc/90b35a6239c3d8bdabc530a6a0816f7ff89a0aaf/library/std/src/sys/pal/unix/thread.rs:105:17
[INFO] [stdout]   44:     0x70b371173ac3 - <unknown>
[INFO] [stdout]   45:     0x70b371204a04 - clone
[INFO] [stdout]   46:                0x0 - <unknown>
[INFO] [stdout] 
[INFO] [stdout] ---- it_can_receive_pings stdout ----
[INFO] [stdout] thread 'it_can_receive_pings' panicked at tests/redis_test.rs:50:43:
[INFO] [stdout] called `Result::unwrap()` on an `Err` value: Connection refused (os error 111)
[INFO] [stdout] stack backtrace:
[INFO] [stdout]    0:     0x648e63df510a - std::backtrace_rs::backtrace::libunwind::trace::h5a5b8284f2d0c266
[INFO] [stdout]                                at /rustc/90b35a6239c3d8bdabc530a6a0816f7ff89a0aaf/library/std/src/../../backtrace/src/backtrace/libunwind.rs:116:5
[INFO] [stdout]    1:     0x648e63df510a - std::backtrace_rs::backtrace::trace_unsynchronized::h76d4f1c9b0b875e3
[INFO] [stdout]                                at /rustc/90b35a6239c3d8bdabc530a6a0816f7ff89a0aaf/library/std/src/../../backtrace/src/backtrace/mod.rs:66:5
[INFO] [stdout]    2:     0x648e63df510a - std::sys::backtrace::_print_fmt::hc4546b8364a537c6
[INFO] [stdout]                                at /rustc/90b35a6239c3d8bdabc530a6a0816f7ff89a0aaf/library/std/src/sys/backtrace.rs:66:9
[INFO] [stdout]    3:     0x648e63df510a - <std::sys::backtrace::BacktraceLock::print::DisplayBacktrace as core::fmt::Display>::fmt::h5b6bd5631a6d1f6b
[INFO] [stdout]                                at /rustc/90b35a6239c3d8bdabc530a6a0816f7ff89a0aaf/library/std/src/sys/backtrace.rs:39:26
[INFO] [stdout]    4:     0x648e63e1c2b3 - core::fmt::rt::Argument::fmt::h270f6602a2b96f62
[INFO] [stdout]                                at /rustc/90b35a6239c3d8bdabc530a6a0816f7ff89a0aaf/library/core/src/fmt/rt.rs:177:76
[INFO] [stdout]    5:     0x648e63e1c2b3 - core::fmt::write::h7550c97b06c86515
[INFO] [stdout]                                at /rustc/90b35a6239c3d8bdabc530a6a0816f7ff89a0aaf/library/core/src/fmt/mod.rs:1186:21
[INFO] [stdout]    6:     0x648e63df1163 - std::io::Write::write_fmt::h509ff860e5956e5e
[INFO] [stdout]                                at /rustc/90b35a6239c3d8bdabc530a6a0816f7ff89a0aaf/library/std/src/io/mod.rs:1839:15
[INFO] [stdout]    7:     0x648e63df4f52 - std::sys::backtrace::BacktraceLock::print::h2395ccd2c84ba3aa
[INFO] [stdout]                                at /rustc/90b35a6239c3d8bdabc530a6a0816f7ff89a0aaf/library/std/src/sys/backtrace.rs:42:9
[INFO] [stdout]    8:     0x648e63df656a - std::panicking::default_hook::{{closure}}::he19d4c7230e07961
[INFO] [stdout]                                at /rustc/90b35a6239c3d8bdabc530a6a0816f7ff89a0aaf/library/std/src/panicking.rs:268:22
[INFO] [stdout]    9:     0x648e63df6374 - std::panicking::default_hook::hf614597d3c67bbdb
[INFO] [stdout]                                at /rustc/90b35a6239c3d8bdabc530a6a0816f7ff89a0aaf/library/std/src/panicking.rs:292:9
[INFO] [stdout]   10:     0x648e63d123b9 - <alloc::boxed::Box<F,A> as core::ops::function::Fn<Args>>::call::h39b51ce4599c23d1
[INFO] [stdout]                                at /rustc/90b35a6239c3d8bdabc530a6a0816f7ff89a0aaf/library/alloc/src/boxed.rs:2468:9
[INFO] [stdout]   11:     0x648e63d123b9 - test::test_main::{{closure}}::he977ae839a582784
[INFO] [stdout]                                at /rustc/90b35a6239c3d8bdabc530a6a0816f7ff89a0aaf/library/test/src/lib.rs:133:21
[INFO] [stdout]   12:     0x648e63df6c08 - <alloc::boxed::Box<F,A> as core::ops::function::Fn<Args>>::call::h9455091b6b06f9fb
[INFO] [stdout]                                at /rustc/90b35a6239c3d8bdabc530a6a0816f7ff89a0aaf/library/alloc/src/boxed.rs:2468:9
[INFO] [stdout]   13:     0x648e63df6c08 - std::panicking::rust_panic_with_hook::h8942133a8b252070
[INFO] [stdout]                                at /rustc/90b35a6239c3d8bdabc530a6a0816f7ff89a0aaf/library/std/src/panicking.rs:809:13
[INFO] [stdout]   14:     0x648e63df69ca - std::panicking::begin_panic_handler::{{closure}}::hb5f5963570096b29
[INFO] [stdout]                                at /rustc/90b35a6239c3d8bdabc530a6a0816f7ff89a0aaf/library/std/src/panicking.rs:674:13
[INFO] [stdout]   15:     0x648e63df55e9 - std::sys::backtrace::__rust_end_short_backtrace::h6208cedc1922feda
[INFO] [stdout]                                at /rustc/90b35a6239c3d8bdabc530a6a0816f7ff89a0aaf/library/std/src/sys/backtrace.rs:170:18
[INFO] [stdout]   16:     0x648e63df665c - rust_begin_unwind
[INFO] [stdout]                                at /rustc/90b35a6239c3d8bdabc530a6a0816f7ff89a0aaf/library/std/src/panicking.rs:665:5
[INFO] [stdout]   17:     0x648e63cd0140 - core::panicking::panic_fmt::h0c3082644d1bf418
[INFO] [stdout]                                at /rustc/90b35a6239c3d8bdabc530a6a0816f7ff89a0aaf/library/core/src/panicking.rs:74:14
[INFO] [stdout]   18:     0x648e63cd0586 - core::result::unwrap_failed::hd20b4aa073bda1e2
[INFO] [stdout]                                at /rustc/90b35a6239c3d8bdabc530a6a0816f7ff89a0aaf/library/core/src/result.rs:1700:5
[INFO] [stdout]   19:     0x648e63cd5102 - core::result::Result<T,E>::unwrap::h6e6ac17487306a75
[INFO] [stdout]                                at /rustc/90b35a6239c3d8bdabc530a6a0816f7ff89a0aaf/library/core/src/result.rs:1104:23
[INFO] [stdout]   20:     0x648e63cd5102 - redis_test::it_can_receive_pings::h1772523e721f23db
[INFO] [stdout]                                at /opt/rustwide/workdir/tests/redis_test.rs:50:19
[INFO] [stdout]   21:     0x648e63cd4ec7 - redis_test::it_can_receive_pings::{{closure}}::hadfd37ff868726cc
[INFO] [stdout]                                at /opt/rustwide/workdir/tests/redis_test.rs:48:26
[INFO] [stdout]   22:     0x648e63cd15b6 - core::ops::function::FnOnce::call_once::h5571f03ae2428696
[INFO] [stdout]                                at /rustc/90b35a6239c3d8bdabc530a6a0816f7ff89a0aaf/library/core/src/ops/function.rs:250:5
[INFO] [stdout]   23:     0x648e63d16d7b - core::ops::function::FnOnce::call_once::h109cf8051a59b34e
[INFO] [stdout]                                at /rustc/90b35a6239c3d8bdabc530a6a0816f7ff89a0aaf/library/core/src/ops/function.rs:250:5
[INFO] [stdout]   24:     0x648e63d16d7b - test::__rust_begin_short_backtrace::hf4fff89d377446ba
[INFO] [stdout]                                at /rustc/90b35a6239c3d8bdabc530a6a0816f7ff89a0aaf/library/test/src/lib.rs:621:18
[INFO] [stdout]   25:     0x648e63d165b7 - test::run_test_in_process::{{closure}}::h0e39181dd7ee5a43
[INFO] [stdout]                                at /rustc/90b35a6239c3d8bdabc530a6a0816f7ff89a0aaf/library/test/src/lib.rs:644:60
[INFO] [stdout]   26:     0x648e63d165b7 - <core::panic::unwind_safe::AssertUnwindSafe<F> as core::ops::function::FnOnce<()>>::call_once::hc5a66a30f0bdfd1f
[INFO] [stdout]                                at /rustc/90b35a6239c3d8bdabc530a6a0816f7ff89a0aaf/library/core/src/panic/unwind_safe.rs:272:9
[INFO] [stdout]   27:     0x648e63d165b7 - std::panicking::try::do_call::h873b7cf639554a5e
[INFO] [stdout]                                at /rustc/90b35a6239c3d8bdabc530a6a0816f7ff89a0aaf/library/std/src/panicking.rs:557:40
[INFO] [stdout]   28:     0x648e63d165b7 - std::panicking::try::hdb19862fad9c8bd1
[INFO] [stdout]                                at /rustc/90b35a6239c3d8bdabc530a6a0816f7ff89a0aaf/library/std/src/panicking.rs:520:19
[INFO] [stdout]   29:     0x648e63d165b7 - std::panic::catch_unwind::h281fe732d236d260
[INFO] [stdout]                                at /rustc/90b35a6239c3d8bdabc530a6a0816f7ff89a0aaf/library/std/src/panic.rs:358:14
[INFO] [stdout]   30:     0x648e63d165b7 - test::run_test_in_process::h949b6df8457ed338
[INFO] [stdout]                                at /rustc/90b35a6239c3d8bdabc530a6a0816f7ff89a0aaf/library/test/src/lib.rs:644:27
[INFO] [stdout]   31:     0x648e63d165b7 - test::run_test::{{closure}}::h52c556a6d4740e10
[INFO] [stdout]                                at /rustc/90b35a6239c3d8bdabc530a6a0816f7ff89a0aaf/library/test/src/lib.rs:565:43
[INFO] [stdout]   32:     0x648e63cdb894 - test::run_test::{{closure}}::h4237f6381c45ccb9
[INFO] [stdout]                                at /rustc/90b35a6239c3d8bdabc530a6a0816f7ff89a0aaf/library/test/src/lib.rs:595:41
[INFO] [stdout]   33:     0x648e63cdb894 - std::sys::backtrace::__rust_begin_short_backtrace::h505c97a579eca628
[INFO] [stdout]                                at /rustc/90b35a6239c3d8bdabc530a6a0816f7ff89a0aaf/library/std/src/sys/backtrace.rs:154:18
[INFO] [stdout]   34:     0x648e63cdef5e - std::thread::Builder::spawn_unchecked_::{{closure}}::{{closure}}::h9e86b2e2bc107ea3
[INFO] [stdout]                                at /rustc/90b35a6239c3d8bdabc530a6a0816f7ff89a0aaf/library/std/src/thread/mod.rs:538:17
[INFO] [stdout]   35:     0x648e63cdef5e - <core::panic::unwind_safe::AssertUnwindSafe<F> as core::ops::function::FnOnce<()>>::call_once::h8b06ddb275ff4a25
[INFO] [stdout]                                at /rustc/90b35a6239c3d8bdabc530a6a0816f7ff89a0aaf/library/core/src/panic/unwind_safe.rs:272:9
[INFO] [stdout]   36:     0x648e63cdef5e - std::panicking::try::do_call::hb26ecd7cd9a9355d
[INFO] [stdout]                                at /rustc/90b35a6239c3d8bdabc530a6a0816f7ff89a0aaf/library/std/src/panicking.rs:557:40
[INFO] [stdout]   37:     0x648e63cdef5e - std::panicking::try::h8ddeca9d705f9069
[INFO] [stdout]                                at /rustc/90b35a6239c3d8bdabc530a6a0816f7ff89a0aaf/library/std/src/panicking.rs:520:19
[INFO] [stdout]   38:     0x648e63cdef5e - std::panic::catch_unwind::h49e1c33078844c46
[INFO] [stdout]                                at /rustc/90b35a6239c3d8bdabc530a6a0816f7ff89a0aaf/library/std/src/panic.rs:358:14
[INFO] [stdout]   39:     0x648e63cdef5e - std::thread::Builder::spawn_unchecked_::{{closure}}::h6073db6ff56ad35d
[INFO] [stdout]                                at /rustc/90b35a6239c3d8bdabc530a6a0816f7ff89a0aaf/library/std/src/thread/mod.rs:537:30
[INFO] [stdout]   40:     0x648e63cdef5e - core::ops::function::FnOnce::call_once{{vtable.shim}}::h2c5a5f3779c774f1
[INFO] [stdout]                                at /rustc/90b35a6239c3d8bdabc530a6a0816f7ff89a0aaf/library/core/src/ops/function.rs:250:5
[INFO] [stdout]   41:     0x648e63dfaa3b - <alloc::boxed::Box<F,A> as core::ops::function::FnOnce<Args>>::call_once::hf75717d9f28faebf
[INFO] [stdout]                                at /rustc/90b35a6239c3d8bdabc530a6a0816f7ff89a0aaf/library/alloc/src/boxed.rs:2454:9
[INFO] [stdout]   42:     0x648e63dfaa3b - <alloc::boxed::Box<F,A> as core::ops::function::FnOnce<Args>>::call_once::h7bd883a5f3c5f3c1
[INFO] [stdout]                                at /rustc/90b35a6239c3d8bdabc530a6a0816f7ff89a0aaf/library/alloc/src/boxed.rs:2454:9
[INFO] [stdout]   43:     0x648e63dfaa3b - std::sys::pal::unix::thread::Thread::new::thread_start::hcc78f3943333fa94
[INFO] [stdout]                                at /rustc/90b35a6239c3d8bdabc530a6a0816f7ff89a0aaf/library/std/src/sys/pal/unix/thread.rs:105:17
[INFO] [stdout]   44:     0x70b371173ac3 - <unknown>
[INFO] [stdout]   45:     0x70b371204a04 - clone
[INFO] [stdout]   46:                0x0 - <unknown>
[INFO] [stdout] 
[INFO] [stdout] ---- it_can_set_on_start stdout ----
[INFO] [stdout] thread 'it_can_set_on_start' panicked at tests/redis_test.rs:242:43:
[INFO] [stdout] called `Result::unwrap()` on an `Err` value: Connection refused (os error 111)
[INFO] [stdout] stack backtrace:
[INFO] [stdout]    0:     0x648e63df510a - std::backtrace_rs::backtrace::libunwind::trace::h5a5b8284f2d0c266
[INFO] [stdout]                                at /rustc/90b35a6239c3d8bdabc530a6a0816f7ff89a0aaf/library/std/src/../../backtrace/src/backtrace/libunwind.rs:116:5
[INFO] [stdout]    1:     0x648e63df510a - std::backtrace_rs::backtrace::trace_unsynchronized::h76d4f1c9b0b875e3
[INFO] [stdout]                                at /rustc/90b35a6239c3d8bdabc530a6a0816f7ff89a0aaf/library/std/src/../../backtrace/src/backtrace/mod.rs:66:5
[INFO] [stdout]    2:     0x648e63df510a - std::sys::backtrace::_print_fmt::hc4546b8364a537c6
[INFO] [stdout]                                at /rustc/90b35a6239c3d8bdabc530a6a0816f7ff89a0aaf/library/std/src/sys/backtrace.rs:66:9
[INFO] [stdout]    3:     0x648e63df510a - <std::sys::backtrace::BacktraceLock::print::DisplayBacktrace as core::fmt::Display>::fmt::h5b6bd5631a6d1f6b
[INFO] [stdout]                                at /rustc/90b35a6239c3d8bdabc530a6a0816f7ff89a0aaf/library/std/src/sys/backtrace.rs:39:26
[INFO] [stdout]    4:     0x648e63e1c2b3 - core::fmt::rt::Argument::fmt::h270f6602a2b96f62
[INFO] [stdout]                                at /rustc/90b35a6239c3d8bdabc530a6a0816f7ff89a0aaf/library/core/src/fmt/rt.rs:177:76
[INFO] [stdout]    5:     0x648e63e1c2b3 - core::fmt::write::h7550c97b06c86515
[INFO] [stdout]                                at /rustc/90b35a6239c3d8bdabc530a6a0816f7ff89a0aaf/library/core/src/fmt/mod.rs:1186:21
[INFO] [stdout]    6:     0x648e63df1163 - std::io::Write::write_fmt::h509ff860e5956e5e
[INFO] [stdout]                                at /rustc/90b35a6239c3d8bdabc530a6a0816f7ff89a0aaf/library/std/src/io/mod.rs:1839:15
[INFO] [stdout]    7:     0x648e63df4f52 - std::sys::backtrace::BacktraceLock::print::h2395ccd2c84ba3aa
[INFO] [stdout]                                at /rustc/90b35a6239c3d8bdabc530a6a0816f7ff89a0aaf/library/std/src/sys/backtrace.rs:42:9
[INFO] [stdout]    8:     0x648e63df656a - std::panicking::default_hook::{{closure}}::he19d4c7230e07961
[INFO] [stdout]                                at /rustc/90b35a6239c3d8bdabc530a6a0816f7ff89a0aaf/library/std/src/panicking.rs:268:22
[INFO] [stdout]    9:     0x648e63df6374 - std::panicking::default_hook::hf614597d3c67bbdb
[INFO] [stdout]                                at /rustc/90b35a6239c3d8bdabc530a6a0816f7ff89a0aaf/library/std/src/panicking.rs:292:9
[INFO] [stdout]   10:     0x648e63d123b9 - <alloc::boxed::Box<F,A> as core::ops::function::Fn<Args>>::call::h39b51ce4599c23d1
[INFO] [stdout]                                at /rustc/90b35a6239c3d8bdabc530a6a0816f7ff89a0aaf/library/alloc/src/boxed.rs:2468:9
[INFO] [stdout]   11:     0x648e63d123b9 - test::test_main::{{closure}}::he977ae839a582784
[INFO] [stdout]                                at /rustc/90b35a6239c3d8bdabc530a6a0816f7ff89a0aaf/library/test/src/lib.rs:133:21
[INFO] [stdout]   12:     0x648e63df6c08 - <alloc::boxed::Box<F,A> as core::ops::function::Fn<Args>>::call::h9455091b6b06f9fb
[INFO] [stdout]                                at /rustc/90b35a6239c3d8bdabc530a6a0816f7ff89a0aaf/library/alloc/src/boxed.rs:2468:9
[INFO] [stdout]   13:     0x648e63df6c08 - std::panicking::rust_panic_with_hook::h8942133a8b252070
[INFO] [stdout]                                at /rustc/90b35a6239c3d8bdabc530a6a0816f7ff89a0aaf/library/std/src/panicking.rs:809:13
[INFO] [stdout]   14:     0x648e63df69ca - std::panicking::begin_panic_handler::{{closure}}::hb5f5963570096b29
[INFO] [stdout]                                at /rustc/90b35a6239c3d8bdabc530a6a0816f7ff89a0aaf/library/std/src/panicking.rs:674:13
[INFO] [stdout]   15:     0x648e63df55e9 - std::sys::backtrace::__rust_end_short_backtrace::h6208cedc1922feda
[INFO] [stdout]                                at /rustc/90b35a6239c3d8bdabc530a6a0816f7ff89a0aaf/library/std/src/sys/backtrace.rs:170:18
[INFO] [stdout]   16:     0x648e63df665c - rust_begin_unwind
[INFO] [stdout]                                at /rustc/90b35a6239c3d8bdabc530a6a0816f7ff89a0aaf/library/std/src/panicking.rs:665:5
[INFO] [stdout]   17:     0x648e63cd0140 - core::panicking::panic_fmt::h0c3082644d1bf418
[INFO] [stdout]                                at /rustc/90b35a6239c3d8bdabc530a6a0816f7ff89a0aaf/library/core/src/panicking.rs:74:14
[INFO] [stdout]   18:     0x648e63cd0586 - core::result::unwrap_failed::hd20b4aa073bda1e2
[INFO] [stdout]                                at /rustc/90b35a6239c3d8bdabc530a6a0816f7ff89a0aaf/library/core/src/result.rs:1700:5
[INFO] [stdout]   19:     0x648e63cd9936 - core::result::Result<T,E>::unwrap::h6e6ac17487306a75
[INFO] [stdout]                                at /rustc/90b35a6239c3d8bdabc530a6a0816f7ff89a0aaf/library/core/src/result.rs:1104:23
[INFO] [stdout]   20:     0x648e63cd9936 - redis_test::it_can_set_on_start::h717f04f86a8e2182
[INFO] [stdout]                                at /opt/rustwide/workdir/tests/redis_test.rs:242:19
[INFO] [stdout]   21:     0x648e63cd96d7 - redis_test::it_can_set_on_start::{{closure}}::hd23fb11d9a3d3f64
[INFO] [stdout]                                at /opt/rustwide/workdir/tests/redis_test.rs:240:25
[INFO] [stdout]   22:     0x648e63cd1636 - core::ops::function::FnOnce::call_once::ha0676bcac4ad284b
[INFO] [stdout]                                at /rustc/90b35a6239c3d8bdabc530a6a0816f7ff89a0aaf/library/core/src/ops/function.rs:250:5
[INFO] [stdout]   23:     0x648e63d16d7b - core::ops::function::FnOnce::call_once::h109cf8051a59b34e
[INFO] [stdout]                                at /rustc/90b35a6239c3d8bdabc530a6a0816f7ff89a0aaf/library/core/src/ops/function.rs:250:5
[INFO] [stdout]   24:     0x648e63d16d7b - test::__rust_begin_short_backtrace::hf4fff89d377446ba
[INFO] [stdout]                                at /rustc/90b35a6239c3d8bdabc530a6a0816f7ff89a0aaf/library/test/src/lib.rs:621:18
[INFO] [stdout]   25:     0x648e63d165b7 - test::run_test_in_process::{{closure}}::h0e39181dd7ee5a43
[INFO] [stdout]                                at /rustc/90b35a6239c3d8bdabc530a6a0816f7ff89a0aaf/library/test/src/lib.rs:644:60
[INFO] [stdout]   26:     0x648e63d165b7 - <core::panic::unwind_safe::AssertUnwindSafe<F> as core::ops::function::FnOnce<()>>::call_once::hc5a66a30f0bdfd1f
[INFO] [stdout]                                at /rustc/90b35a6239c3d8bdabc530a6a0816f7ff89a0aaf/library/core/src/panic/unwind_safe.rs:272:9
[INFO] [stdout]   27:     0x648e63d165b7 - std::panicking::try::do_call::h873b7cf639554a5e
[INFO] [stdout]                                at /rustc/90b35a6239c3d8bdabc530a6a0816f7ff89a0aaf/library/std/src/panicking.rs:557:40
[INFO] [stdout]   28:     0x648e63d165b7 - std::panicking::try::hdb19862fad9c8bd1
[INFO] [stdout]                                at /rustc/90b35a6239c3d8bdabc530a6a0816f7ff89a0aaf/library/std/src/panicking.rs:520:19
[INFO] [stdout]   29:     0x648e63d165b7 - std::panic::catch_unwind::h281fe732d236d260
[INFO] [stdout]                                at /rustc/90b35a6239c3d8bdabc530a6a0816f7ff89a0aaf/library/std/src/panic.rs:358:14
[INFO] [stdout]   30:     0x648e63d165b7 - test::run_test_in_process::h949b6df8457ed338
[INFO] [stdout]                                at /rustc/90b35a6239c3d8bdabc530a6a0816f7ff89a0aaf/library/test/src/lib.rs:644:27
[INFO] [stdout]   31:     0x648e63d165b7 - test::run_test::{{closure}}::h52c556a6d4740e10
[INFO] [stdout]                                at /rustc/90b35a6239c3d8bdabc530a6a0816f7ff89a0aaf/library/test/src/lib.rs:565:43
[INFO] [stdout]   32:     0x648e63cdb894 - test::run_test::{{closure}}::h4237f6381c45ccb9
[INFO] [stdout]                                at /rustc/90b35a6239c3d8bdabc530a6a0816f7ff89a0aaf/library/test/src/lib.rs:595:41
[INFO] [stdout]   33:     0x648e63cdb894 - std::sys::backtrace::__rust_begin_short_backtrace::h505c97a579eca628
[INFO] [stdout]                                at /rustc/90b35a6239c3d8bdabc530a6a0816f7ff89a0aaf/library/std/src/sys/backtrace.rs:154:18
[INFO] [stdout]   34:     0x648e63cdef5e - std::thread::Builder::spawn_unchecked_::{{closure}}::{{closure}}::h9e86b2e2bc107ea3
[INFO] [stdout]                                at /rustc/90b35a6239c3d8bdabc530a6a0816f7ff89a0aaf/library/std/src/thread/mod.rs:538:17
[INFO] [stdout]   35:     0x648e63cdef5e - <core::panic::unwind_safe::AssertUnwindSafe<F> as core::ops::function::FnOnce<()>>::call_once::h8b06ddb275ff4a25
[INFO] [stdout]                                at /rustc/90b35a6239c3d8bdabc530a6a0816f7ff89a0aaf/library/core/src/panic/unwind_safe.rs:272:9
[INFO] [stdout]   36:     0x648e63cdef5e - std::panicking::try::do_call::hb26ecd7cd9a9355d
[INFO] [stdout]                                at /rustc/90b35a6239c3d8bdabc530a6a0816f7ff89a0aaf/library/std/src/panicking.rs:557:40
[INFO] [stdout]   37:     0x648e63cdef5e - std::panicking::try::h8ddeca9d705f9069
[INFO] [stdout]                                at /rustc/90b35a6239c3d8bdabc530a6a0816f7ff89a0aaf/library/std/src/panicking.rs:520:19
[INFO] [stdout]   38:     0x648e63cdef5e - std::panic::catch_unwind::h49e1c33078844c46
[INFO] [stdout]                                at /rustc/90b35a6239c3d8bdabc530a6a0816f7ff89a0aaf/library/std/src/panic.rs:358:14
[INFO] [stdout]   39:     0x648e63cdef5e - std::thread::Builder::spawn_unchecked_::{{closure}}::h6073db6ff56ad35d
[INFO] [stdout]                                at /rustc/90b35a6239c3d8bdabc530a6a0816f7ff89a0aaf/library/std/src/thread/mod.rs:537:30
[INFO] [stdout]   40:     0x648e63cdef5e - core::ops::function::FnOnce::call_once{{vtable.shim}}::h2c5a5f3779c774f1
[INFO] [stdout]                                at /rustc/90b35a6239c3d8bdabc530a6a0816f7ff89a0aaf/library/core/src/ops/function.rs:250:5
[INFO] [stdout]   41:     0x648e63dfaa3b - <alloc::boxed::Box<F,A> as core::ops::function::FnOnce<Args>>::call_once::hf75717d9f28faebf
[INFO] [stdout]                                at /rustc/90b35a6239c3d8bdabc530a6a0816f7ff89a0aaf/library/alloc/src/boxed.rs:2454:9
[INFO] [stdout]   42:     0x648e63dfaa3b - <alloc::boxed::Box<F,A> as core::ops::function::FnOnce<Args>>::call_once::h7bd883a5f3c5f3c1
[INFO] [stdout]                                at /rustc/90b35a6239c3d8bdabc530a6a0816f7ff89a0aaf/library/alloc/src/boxed.rs:2454:9
[INFO] [stdout]   43:     0x648e63dfaa3b - std::sys::pal::unix::thread::Thread::new::thread_start::hcc78f3943333fa94
[INFO] [stdout]                                at /rustc/90b35a6239c3d8bdabc530a6a0816f7ff89a0aaf/library/std/src/sys/pal/unix/thread.rs:105:17
[INFO] [stdout]   44:     0x70b371173ac3 - <unknown>
[INFO] [stdout]   45:     0x70b371204a04 - clone
[INFO] [stdout]   46:                0x0 - <unknown>
[INFO] [stdout] 
[INFO] [stdout] ---- it_can_handle_pings_from_multiple_connections stdout ----
[INFO] [stdout] thread 'it_can_handle_pings_from_multiple_connections' panicked at tests/redis_test.rs:62:43:
[INFO] [stdout] called `Result::unwrap()` on an `Err` value: Connection refused (os error 111)
[INFO] [stdout] stack backtrace:
[INFO] [stdout]    0:     0x648e63df510a - std::backtrace_rs::backtrace::libunwind::trace::h5a5b8284f2d0c266
[INFO] [stdout]                                at /rustc/90b35a6239c3d8bdabc530a6a0816f7ff89a0aaf/library/std/src/../../backtrace/src/backtrace/libunwind.rs:116:5
[INFO] [stdout]    1:     0x648e63df510a - std::backtrace_rs::backtrace::trace_unsynchronized::h76d4f1c9b0b875e3
[INFO] [stdout]                                at /rustc/90b35a6239c3d8bdabc530a6a0816f7ff89a0aaf/library/std/src/../../backtrace/src/backtrace/mod.rs:66:5
[INFO] [stdout]    2:     0x648e63df510a - std::sys::backtrace::_print_fmt::hc4546b8364a537c6
[INFO] [stdout]                                at /rustc/90b35a6239c3d8bdabc530a6a0816f7ff89a0aaf/library/std/src/sys/backtrace.rs:66:9
[INFO] [stdout]    3:     0x648e63df510a - <std::sys::backtrace::BacktraceLock::print::DisplayBacktrace as core::fmt::Display>::fmt::h5b6bd5631a6d1f6b
[INFO] [stdout]                                at /rustc/90b35a6239c3d8bdabc530a6a0816f7ff89a0aaf/library/std/src/sys/backtrace.rs:39:26
[INFO] [stdout]    4:     0x648e63e1c2b3 - core::fmt::rt::Argument::fmt::h270f6602a2b96f62
[INFO] [stdout]                                at /rustc/90b35a6239c3d8bdabc530a6a0816f7ff89a0aaf/library/core/src/fmt/rt.rs:177:76
[INFO] [stdout]    5:     0x648e63e1c2b3 - core::fmt::write::h7550c97b06c86515
[INFO] [stdout]                                at /rustc/90b35a6239c3d8bdabc530a6a0816f7ff89a0aaf/library/core/src/fmt/mod.rs:1186:21
[INFO] [stdout]    6:     0x648e63df1163 - std::io::Write::write_fmt::h509ff860e5956e5e
[INFO] [stdout]                                at /rustc/90b35a6239c3d8bdabc530a6a0816f7ff89a0aaf/library/std/src/io/mod.rs:1839:15
[INFO] [stdout]    7:     0x648e63df4f52 - std::sys::backtrace::BacktraceLock::print::h2395ccd2c84ba3aa
[INFO] [stdout]                                at /rustc/90b35a6239c3d8bdabc530a6a0816f7ff89a0aaf/library/std/src/sys/backtrace.rs:42:9
[INFO] [stdout]    8:     0x648e63df656a - std::panicking::default_hook::{{closure}}::he19d4c7230e07961
[INFO] [stdout]                                at /rustc/90b35a6239c3d8bdabc530a6a0816f7ff89a0aaf/library/std/src/panicking.rs:268:22
[INFO] [stdout]    9:     0x648e63df6374 - std::panicking::default_hook::hf614597d3c67bbdb
[INFO] [stdout]                                at /rustc/90b35a6239c3d8bdabc530a6a0816f7ff89a0aaf/library/std/src/panicking.rs:292:9
[INFO] [stdout]   10:     0x648e63d123b9 - <alloc::boxed::Box<F,A> as core::ops::function::Fn<Args>>::call::h39b51ce4599c23d1
[INFO] [stdout]                                at /rustc/90b35a6239c3d8bdabc530a6a0816f7ff89a0aaf/library/alloc/src/boxed.rs:2468:9
[INFO] [stdout]   11:     0x648e63d123b9 - test::test_main::{{closure}}::he977ae839a582784
[INFO] [stdout]                                at /rustc/90b35a6239c3d8bdabc530a6a0816f7ff89a0aaf/library/test/src/lib.rs:133:21
[INFO] [stdout]   12:     0x648e63df6c08 - <alloc::boxed::Box<F,A> as core::ops::function::Fn<Args>>::call::h9455091b6b06f9fb
[INFO] [stdout]                                at /rustc/90b35a6239c3d8bdabc530a6a0816f7ff89a0aaf/library/alloc/src/boxed.rs:2468:9
[INFO] [stdout]   13:     0x648e63df6c08 - std::panicking::rust_panic_with_hook::h8942133a8b252070
[INFO] [stdout]                                at /rustc/90b35a6239c3d8bdabc530a6a0816f7ff89a0aaf/library/std/src/panicking.rs:809:13
[INFO] [stdout]   14:     0x648e63df69ca - std::panicking::begin_panic_handler::{{closure}}::hb5f5963570096b29
[INFO] [stdout]                                at /rustc/90b35a6239c3d8bdabc530a6a0816f7ff89a0aaf/library/std/src/panicking.rs:674:13
[INFO] [stdout]   15:     0x648e63df55e9 - std::sys::backtrace::__rust_end_short_backtrace::h6208cedc1922feda
[INFO] [stdout]                                at /rustc/90b35a6239c3d8bdabc530a6a0816f7ff89a0aaf/library/std/src/sys/backtrace.rs:170:18
[INFO] [stdout]   16:     0x648e63df665c - rust_begin_unwind
[INFO] [stdout]                                at /rustc/90b35a6239c3d8bdabc530a6a0816f7ff89a0aaf/library/std/src/panicking.rs:665:5
[INFO] [stdout]   17:     0x648e63cd0140 - core::panicking::panic_fmt::h0c3082644d1bf418
[INFO] [stdout]                                at /rustc/90b35a6239c3d8bdabc530a6a0816f7ff89a0aaf/library/core/src/panicking.rs:74:14
[INFO] [stdout]   18:     0x648e63cd0586 - core::result::unwrap_failed::hd20b4aa073bda1e2
[INFO] [stdout]                                at /rustc/90b35a6239c3d8bdabc530a6a0816f7ff89a0aaf/library/core/src/result.rs:1700:5
[INFO] [stdout]   19:     0x648e63cd5688 - core::result::Result<T,E>::unwrap::h6e6ac17487306a75
[INFO] [stdout]                                at /rustc/90b35a6239c3d8bdabc530a6a0816f7ff89a0aaf/library/core/src/result.rs:1104:23
[INFO] [stdout]   20:     0x648e63cd5688 - redis_test::it_can_handle_pings_from_multiple_connections::h4fa5cc49f76b5b5c
[INFO] [stdout]                                at /opt/rustwide/workdir/tests/redis_test.rs:62:19
[INFO] [stdout]   21:     0x648e63cd5447 - redis_test::it_can_handle_pings_from_multiple_connections::{{closure}}::hb83cc353f50b36bf
[INFO] [stdout]                                at /opt/rustwide/workdir/tests/redis_test.rs:60:51
[INFO] [stdout]   22:     0x648e63cd16b6 - core::ops::function::FnOnce::call_once::ha5bfa11950b74431
[INFO] [stdout]                                at /rustc/90b35a6239c3d8bdabc530a6a0816f7ff89a0aaf/library/core/src/ops/function.rs:250:5
[INFO] [stdout]   23:     0x648e63d16d7b - core::ops::function::FnOnce::call_once::h109cf8051a59b34e
[INFO] [stdout]                                at /rustc/90b35a6239c3d8bdabc530a6a0816f7ff89a0aaf/library/core/src/ops/function.rs:250:5
[INFO] [stdout]   24:     0x648e63d16d7b - test::__rust_begin_short_backtrace::hf4fff89d377446ba
[INFO] [stdout]                                at /rustc/90b35a6239c3d8bdabc530a6a0816f7ff89a0aaf/library/test/src/lib.rs:621:18
[INFO] [stdout]   25:     0x648e63d165b7 - test::run_test_in_process::{{closure}}::h0e39181dd7ee5a43
[INFO] [stdout]                                at /rustc/90b35a6239c3d8bdabc530a6a0816f7ff89a0aaf/library/test/src/lib.rs:644:60
[INFO] [stdout]   26:     0x648e63d165b7 - <core::panic::unwind_safe::AssertUnwindSafe<F> as core::ops::function::FnOnce<()>>::call_once::hc5a66a30f0bdfd1f
[INFO] [stdout]                                at /rustc/90b35a6239c3d8bdabc530a6a0816f7ff89a0aaf/library/core/src/panic/unwind_safe.rs:272:9
[INFO] [stdout]   27:     0x648e63d165b7 - std::panicking::try::do_call::h873b7cf639554a5e
[INFO] [stdout]                                at /rustc/90b35a6239c3d8bdabc530a6a0816f7ff89a0aaf/library/std/src/panicking.rs:557:40
[INFO] [stdout]   28:     0x648e63d165b7 - std::panicking::try::hdb19862fad9c8bd1
[INFO] [stdout]                                at /rustc/90b35a6239c3d8bdabc530a6a0816f7ff89a0aaf/library/std/src/panicking.rs:520:19
[INFO] [stdout]   29:     0x648e63d165b7 - std::panic::catch_unwind::h281fe732d236d260
[INFO] [stdout]                                at /rustc/90b35a6239c3d8bdabc530a6a0816f7ff89a0aaf/library/std/src/panic.rs:358:14
[INFO] [stdout]   30:     0x648e63d165b7 - test::run_test_in_process::h949b6df8457ed338
[INFO] [stdout]                                at /rustc/90b35a6239c3d8bdabc530a6a0816f7ff89a0aaf/library/test/src/lib.rs:644:27
[INFO] [stdout]   31:     0x648e63d165b7 - test::run_test::{{closure}}::h52c556a6d4740e10
[INFO] [stdout]                                at /rustc/90b35a6239c3d8bdabc530a6a0816f7ff89a0aaf/library/test/src/lib.rs:565:43
[INFO] [stdout]   32:     0x648e63cdb894 - test::run_test::{{closure}}::h4237f6381c45ccb9
[INFO] [stdout]                                at /rustc/90b35a6239c3d8bdabc530a6a0816f7ff89a0aaf/library/test/src/lib.rs:595:41
[INFO] [stdout]   33:     0x648e63cdb894 - std::sys::backtrace::__rust_begin_short_backtrace::h505c97a579eca628
[INFO] [stdout]                                at /rustc/90b35a6239c3d8bdabc530a6a0816f7ff89a0aaf/library/std/src/sys/backtrace.rs:154:18
[INFO] [stdout]   34:     0x648e63cdef5e - std::thread::Builder::spawn_unchecked_::{{closure}}::{{closure}}::h9e86b2e2bc107ea3
[INFO] [stdout]                                at /rustc/90b35a6239c3d8bdabc530a6a0816f7ff89a0aaf/library/std/src/thread/mod.rs:538:17
[INFO] [stdout]   35:     0x648e63cdef5e - <core::panic::unwind_safe::AssertUnwindSafe<F> as core::ops::function::FnOnce<()>>::call_once::h8b06ddb275ff4a25
[INFO] [stdout]                                at /rustc/90b35a6239c3d8bdabc530a6a0816f7ff89a0aaf/library/core/src/panic/unwind_safe.rs:272:9
[INFO] [stdout]   36:     0x648e63cdef5e - std::panicking::try::do_call::hb26ecd7cd9a9355d
[INFO] [stdout]                                at /rustc/90b35a6239c3d8bdabc530a6a0816f7ff89a0aaf/library/std/src/panicking.rs:557:40
[INFO] [stdout]   37:     0x648e63cdef5e - std::panicking::try::h8ddeca9d705f9069
[INFO] [stdout]                                at /rustc/90b35a6239c3d8bdabc530a6a0816f7ff89a0aaf/library/std/src/panicking.rs:520:19
[INFO] [stdout]   38:     0x648e63cdef5e - std::panic::catch_unwind::h49e1c33078844c46
[INFO] [stdout]                                at /rustc/90b35a6239c3d8bdabc530a6a0816f7ff89a0aaf/library/std/src/panic.rs:358:14
[INFO] [stdout]   39:     0x648e63cdef5e - std::thread::Builder::spawn_unchecked_::{{closure}}::h6073db6ff56ad35d
[INFO] [stdout]                                at /rustc/90b35a6239c3d8bdabc530a6a0816f7ff89a0aaf/library/std/src/thread/mod.rs:537:30
[INFO] [stdout]   40:     0x648e63cdef5e - core::ops::function::FnOnce::call_once{{vtable.shim}}::h2c5a5f3779c774f1
[INFO] [stdout]                                at /rustc/90b35a6239c3d8bdabc530a6a0816f7ff89a0aaf/library/core/src/ops/function.rs:250:5
[INFO] [stdout]   41:     0x648e63dfaa3b - <alloc::boxed::Box<F,A> as core::ops::function::FnOnce<Args>>::call_once::hf75717d9f28faebf
[INFO] [stdout]                                at /rustc/90b35a6239c3d8bdabc530a6a0816f7ff89a0aaf/library/alloc/src/boxed.rs:2454:9
[INFO] [stdout]   42:     0x648e63dfaa3b - <alloc::boxed::Box<F,A> as core::ops::function::FnOnce<Args>>::call_once::h7bd883a5f3c5f3c1
[INFO] [stdout]                                at /rustc/90b35a6239c3d8bdabc530a6a0816f7ff89a0aaf/library/alloc/src/boxed.rs:2454:9
[INFO] [stdout]   43:     0x648e63dfaa3b - std::sys::pal::unix::thread::Thread::new::thread_start::hcc78f3943333fa94
[INFO] [stdout]                                at /rustc/90b35a6239c3d8bdabc530a6a0816f7ff89a0aaf/library/std/src/sys/pal/unix/thread.rs:105:17
[INFO] [stdout]   44:     0x70b371173ac3 - <unknown>
[INFO] [stdout]   45:     0x70b371204a04 - clone
[INFO] [stdout]   46:                0x0 - <unknown>
[INFO] [stdout] 
[INFO] [stdout] ---- it_can_get_and_set stdout ----
[INFO] [stdout] thread 'it_can_get_and_set' panicked at tests/redis_test.rs:83:43:
[INFO] [stdout] called `Result::unwrap()` on an `Err` value: Connection refused (os error 111)
[INFO] [stdout] stack backtrace:
[INFO] [stdout]    0:     0x648e63df510a - std::backtrace_rs::backtrace::libunwind::trace::h5a5b8284f2d0c266
[INFO] [stdout]                                at /rustc/90b35a6239c3d8bdabc530a6a0816f7ff89a0aaf/library/std/src/../../backtrace/src/backtrace/libunwind.rs:116:5
[INFO] [stdout]    1:     0x648e63df510a - std::backtrace_rs::backtrace::trace_unsynchronized::h76d4f1c9b0b875e3
[INFO] [stdout]                                at /rustc/90b35a6239c3d8bdabc530a6a0816f7ff89a0aaf/library/std/src/../../backtrace/src/backtrace/mod.rs:66:5
[INFO] [stdout]    2:     0x648e63df510a - std::sys::backtrace::_print_fmt::hc4546b8364a537c6
[INFO] [stdout]                                at /rustc/90b35a6239c3d8bdabc530a6a0816f7ff89a0aaf/library/std/src/sys/backtrace.rs:66:9
[INFO] [stdout]    3:     0x648e63df510a - <std::sys::backtrace::BacktraceLock::print::DisplayBacktrace as core::fmt::Display>::fmt::h5b6bd5631a6d1f6b
[INFO] [stdout]                                at /rustc/90b35a6239c3d8bdabc530a6a0816f7ff89a0aaf/library/std/src/sys/backtrace.rs:39:26
[INFO] [stdout]    4:     0x648e63e1c2b3 - core::fmt::rt::Argument::fmt::h270f6602a2b96f62
[INFO] [stdout]                                at /rustc/90b35a6239c3d8bdabc530a6a0816f7ff89a0aaf/library/core/src/fmt/rt.rs:177:76
[INFO] [stdout]    5:     0x648e63e1c2b3 - core::fmt::write::h7550c97b06c86515
[INFO] [stdout]                                at /rustc/90b35a6239c3d8bdabc530a6a0816f7ff89a0aaf/library/core/src/fmt/mod.rs:1186:21
[INFO] [stdout]    6:     0x648e63df1163 - std::io::Write::write_fmt::h509ff860e5956e5e
[INFO] [stdout]                                at /rustc/90b35a6239c3d8bdabc530a6a0816f7ff89a0aaf/library/std/src/io/mod.rs:1839:15
[INFO] [stdout]    7:     0x648e63df4f52 - std::sys::backtrace::BacktraceLock::print::h2395ccd2c84ba3aa
[INFO] [stdout]                                at /rustc/90b35a6239c3d8bdabc530a6a0816f7ff89a0aaf/library/std/src/sys/backtrace.rs:42:9
[INFO] [stdout]    8:     0x648e63df656a - std::panicking::default_hook::{{closure}}::he19d4c7230e07961
[INFO] [stdout]                                at /rustc/90b35a6239c3d8bdabc530a6a0816f7ff89a0aaf/library/std/src/panicking.rs:268:22
[INFO] [stdout]    9:     0x648e63df6374 - std::panicking::default_hook::hf614597d3c67bbdb
[INFO] [stdout]                                at /rustc/90b35a6239c3d8bdabc530a6a0816f7ff89a0aaf/library/std/src/panicking.rs:292:9
[INFO] [stdout]   10:     0x648e63d123b9 - <alloc::boxed::Box<F,A> as core::ops::function::Fn<Args>>::call::h39b51ce4599c23d1
[INFO] [stdout]                                at /rustc/90b35a6239c3d8bdabc530a6a0816f7ff89a0aaf/library/alloc/src/boxed.rs:2468:9
[INFO] [stdout]   11:     0x648e63d123b9 - test::test_main::{{closure}}::he977ae839a582784
[INFO] [stdout]                                at /rustc/90b35a6239c3d8bdabc530a6a0816f7ff89a0aaf/library/test/src/lib.rs:133:21
[INFO] [stdout]   12:     0x648e63df6c08 - <alloc::boxed::Box<F,A> as core::ops::function::Fn<Args>>::call::h9455091b6b06f9fb
[INFO] [stdout]                                at /rustc/90b35a6239c3d8bdabc530a6a0816f7ff89a0aaf/library/alloc/src/boxed.rs:2468:9
[INFO] [stdout]   13:     0x648e63df6c08 - std::panicking::rust_panic_with_hook::h8942133a8b252070
[INFO] [stdout]                                at /rustc/90b35a6239c3d8bdabc530a6a0816f7ff89a0aaf/library/std/src/panicking.rs:809:13
[INFO] [stdout]   14:     0x648e63df69ca - std::panicking::begin_panic_handler::{{closure}}::hb5f5963570096b29
[INFO] [stdout]                                at /rustc/90b35a6239c3d8bdabc530a6a0816f7ff89a0aaf/library/std/src/panicking.rs:674:13
[INFO] [stdout]   15:     0x648e63df55e9 - std::sys::backtrace::__rust_end_short_backtrace::h6208cedc1922feda
[INFO] [stdout]                                at /rustc/90b35a6239c3d8bdabc530a6a0816f7ff89a0aaf/library/std/src/sys/backtrace.rs:170:18
[INFO] [stdout]   16:     0x648e63df665c - rust_begin_unwind
[INFO] [stdout]                                at /rustc/90b35a6239c3d8bdabc530a6a0816f7ff89a0aaf/library/std/src/panicking.rs:665:5
[INFO] [stdout]   17:     0x648e63cd0140 - core::panicking::panic_fmt::h0c3082644d1bf418
[INFO] [stdout]                                at /rustc/90b35a6239c3d8bdabc530a6a0816f7ff89a0aaf/library/core/src/panicking.rs:74:14
[INFO] [stdout]   18:     0x648e63cd0586 - core::result::unwrap_failed::hd20b4aa073bda1e2
[INFO] [stdout]                                at /rustc/90b35a6239c3d8bdabc530a6a0816f7ff89a0aaf/library/core/src/result.rs:1700:5
[INFO] [stdout]   19:     0x648e63cd6576 - core::result::Result<T,E>::unwrap::h6e6ac17487306a75
[INFO] [stdout]                                at /rustc/90b35a6239c3d8bdabc530a6a0816f7ff89a0aaf/library/core/src/result.rs:1104:23
[INFO] [stdout]   20:     0x648e63cd6576 - redis_test::it_can_get_and_set::h99c0dbfb8326e115
[INFO] [stdout]                                at /opt/rustwide/workdir/tests/redis_test.rs:83:19
[INFO] [stdout]   21:     0x648e63cd6317 - redis_test::it_can_get_and_set::{{closure}}::hc10517bf841f0852
[INFO] [stdout]                                at /opt/rustwide/workdir/tests/redis_test.rs:81:24
[INFO] [stdout]   22:     0x648e63cd15f6 - core::ops::function::FnOnce::call_once::h9656d032a4949ae0
[INFO] [stderr] error: test failed, to rerun pass `--test redis_test`
[INFO] [stdout]                                at /rustc/90b35a6239c3d8bdabc530a6a0816f7ff89a0aaf/library/core/src/ops/function.rs:250:5
[INFO] [stdout]   23:     0x648e63d16d7b - core::ops::function::FnOnce::call_once::h109cf8051a59b34e
[INFO] [stdout]                                at /rustc/90b35a6239c3d8bdabc530a6a0816f7ff89a0aaf/library/core/src/ops/function.rs:250:5
[INFO] [stdout]   24:     0x648e63d16d7b - test::__rust_begin_short_backtrace::hf4fff89d377446ba
[INFO] [stdout]                                at /rustc/90b35a6239c3d8bdabc530a6a0816f7ff89a0aaf/library/test/src/lib.rs:621:18
[INFO] [stdout]   25:     0x648e63d165b7 - test::run_test_in_process::{{closure}}::h0e39181dd7ee5a43
[INFO] [stdout]                                at /rustc/90b35a6239c3d8bdabc530a6a0816f7ff89a0aaf/library/test/src/lib.rs:644:60
[INFO] [stdout]   26:     0x648e63d165b7 - <core::panic::unwind_safe::AssertUnwindSafe<F> as core::ops::function::FnOnce<()>>::call_once::hc5a66a30f0bdfd1f
[INFO] [stdout]                                at /rustc/90b35a6239c3d8bdabc530a6a0816f7ff89a0aaf/library/core/src/panic/unwind_safe.rs:272:9
[INFO] [stdout]   27:     0x648e63d165b7 - std::panicking::try::do_call::h873b7cf639554a5e
[INFO] [stdout]                                at /rustc/90b35a6239c3d8bdabc530a6a0816f7ff89a0aaf/library/std/src/panicking.rs:557:40
[INFO] [stdout]   28:     0x648e63d165b7 - std::panicking::try::hdb19862fad9c8bd1
[INFO] [stdout]                                at /rustc/90b35a6239c3d8bdabc530a6a0816f7ff89a0aaf/library/std/src/panicking.rs:520:19
[INFO] [stdout]   29:     0x648e63d165b7 - std::panic::catch_unwind::h281fe732d236d260
[INFO] [stdout]                                at /rustc/90b35a6239c3d8bdabc530a6a0816f7ff89a0aaf/library/std/src/panic.rs:358:14
[INFO] [stdout]   30:     0x648e63d165b7 - test::run_test_in_process::h949b6df8457ed338
[INFO] [stdout]                                at /rustc/90b35a6239c3d8bdabc530a6a0816f7ff89a0aaf/library/test/src/lib.rs:644:27
[INFO] [stdout]   31:     0x648e63d165b7 - test::run_test::{{closure}}::h52c556a6d4740e10
[INFO] [stdout]                                at /rustc/90b35a6239c3d8bdabc530a6a0816f7ff89a0aaf/library/test/src/lib.rs:565:43
[INFO] [stdout]   32:     0x648e63cdb894 - test::run_test::{{closure}}::h4237f6381c45ccb9
[INFO] [stdout]                                at /rustc/90b35a6239c3d8bdabc530a6a0816f7ff89a0aaf/library/test/src/lib.rs:595:41
[INFO] [stdout]   33:     0x648e63cdb894 - std::sys::backtrace::__rust_begin_short_backtrace::h505c97a579eca628
[INFO] [stdout]                                at /rustc/90b35a6239c3d8bdabc530a6a0816f7ff89a0aaf/library/std/src/sys/backtrace.rs:154:18
[INFO] [stdout]   34:     0x648e63cdef5e - std::thread::Builder::spawn_unchecked_::{{closure}}::{{closure}}::h9e86b2e2bc107ea3
[INFO] [stdout]                                at /rustc/90b35a6239c3d8bdabc530a6a0816f7ff89a0aaf/library/std/src/thread/mod.rs:538:17
[INFO] [stdout]   35:     0x648e63cdef5e - <core::panic::unwind_safe::AssertUnwindSafe<F> as core::ops::function::FnOnce<()>>::call_once::h8b06ddb275ff4a25
[INFO] [stdout]                                at /rustc/90b35a6239c3d8bdabc530a6a0816f7ff89a0aaf/library/core/src/panic/unwind_safe.rs:272:9
[INFO] [stdout]   36:     0x648e63cdef5e - std::panicking::try::do_call::hb26ecd7cd9a9355d
[INFO] [stdout]                                at /rustc/90b35a6239c3d8bdabc530a6a0816f7ff89a0aaf/library/std/src/panicking.rs:557:40
[INFO] [stdout]   37:     0x648e63cdef5e - std::panicking::try::h8ddeca9d705f9069
[INFO] [stdout]                                at /rustc/90b35a6239c3d8bdabc530a6a0816f7ff89a0aaf/library/std/src/panicking.rs:520:19
[INFO] [stdout]   38:     0x648e63cdef5e - std::panic::catch_unwind::h49e1c33078844c46
[INFO] [stdout]                                at /rustc/90b35a6239c3d8bdabc530a6a0816f7ff89a0aaf/library/std/src/panic.rs:358:14
[INFO] [stdout]   39:     0x648e63cdef5e - std::thread::Builder::spawn_unchecked_::{{closure}}::h6073db6ff56ad35d
[INFO] [stdout]                                at /rustc/90b35a6239c3d8bdabc530a6a0816f7ff89a0aaf/library/std/src/thread/mod.rs:537:30
[INFO] [stdout]   40:     0x648e63cdef5e - core::ops::function::FnOnce::call_once{{vtable.shim}}::h2c5a5f3779c774f1
[INFO] [stdout]                                at /rustc/90b35a6239c3d8bdabc530a6a0816f7ff89a0aaf/library/core/src/ops/function.rs:250:5
[INFO] [stdout]   41:     0x648e63dfaa3b - <alloc::boxed::Box<F,A> as core::ops::function::FnOnce<Args>>::call_once::hf75717d9f28faebf
[INFO] [stdout]                                at /rustc/90b35a6239c3d8bdabc530a6a0816f7ff89a0aaf/library/alloc/src/boxed.rs:2454:9
[INFO] [stdout]   42:     0x648e63dfaa3b - <alloc::boxed::Box<F,A> as core::ops::function::FnOnce<Args>>::call_once::h7bd883a5f3c5f3c1
[INFO] [stdout]                                at /rustc/90b35a6239c3d8bdabc530a6a0816f7ff89a0aaf/library/alloc/src/boxed.rs:2454:9
[INFO] [stdout]   43:     0x648e63dfaa3b - std::sys::pal::unix::thread::Thread::new::thread_start::hcc78f3943333fa94
[INFO] [stdout]                                at /rustc/90b35a6239c3d8bdabc530a6a0816f7ff89a0aaf/library/std/src/sys/pal/unix/thread.rs:105:17
[INFO] [stdout]   44:     0x70b371173ac3 - <unknown>
[INFO] [stdout]   45:     0x70b371204a04 - clone
[INFO] [stdout]   46:                0x0 - <unknown>
[INFO] [stdout] 
[INFO] [stdout] ---- it_can_handle_multiple_connections stdout ----
[INFO] [stdout] thread 'it_can_handle_multiple_connections' panicked at tests/redis_test.rs:43:5:
[INFO] [stdout] assertion failed: con.is_ok()
[INFO] [stdout] stack backtrace:
[INFO] [stdout]    0:     0x648e63df510a - std::backtrace_rs::backtrace::libunwind::trace::h5a5b8284f2d0c266
[INFO] [stdout]                                at /rustc/90b35a6239c3d8bdabc530a6a0816f7ff89a0aaf/library/std/src/../../backtrace/src/backtrace/libunwind.rs:116:5
[INFO] [stdout]    1:     0x648e63df510a - std::backtrace_rs::backtrace::trace_unsynchronized::h76d4f1c9b0b875e3
[INFO] [stdout]                                at /rustc/90b35a6239c3d8bdabc530a6a0816f7ff89a0aaf/library/std/src/../../backtrace/src/backtrace/mod.rs:66:5
[INFO] [stdout]    2:     0x648e63df510a - std::sys::backtrace::_print_fmt::hc4546b8364a537c6
[INFO] [stdout]                                at /rustc/90b35a6239c3d8bdabc530a6a0816f7ff89a0aaf/library/std/src/sys/backtrace.rs:66:9
[INFO] [stdout]    3:     0x648e63df510a - <std::sys::backtrace::BacktraceLock::print::DisplayBacktrace as core::fmt::Display>::fmt::h5b6bd5631a6d1f6b
[INFO] [stdout]                                at /rustc/90b35a6239c3d8bdabc530a6a0816f7ff89a0aaf/library/std/src/sys/backtrace.rs:39:26
[INFO] [stdout]    4:     0x648e63e1c2b3 - core::fmt::rt::Argument::fmt::h270f6602a2b96f62
[INFO] [stdout]                                at /rustc/90b35a6239c3d8bdabc530a6a0816f7ff89a0aaf/library/core/src/fmt/rt.rs:177:76
[INFO] [stdout]    5:     0x648e63e1c2b3 - core::fmt::write::h7550c97b06c86515
[INFO] [stdout]                                at /rustc/90b35a6239c3d8bdabc530a6a0816f7ff89a0aaf/library/core/src/fmt/mod.rs:1186:21
[INFO] [stdout]    6:     0x648e63df1163 - std::io::Write::write_fmt::h509ff860e5956e5e
[INFO] [stdout]                                at /rustc/90b35a6239c3d8bdabc530a6a0816f7ff89a0aaf/library/std/src/io/mod.rs:1839:15
[INFO] [stdout]    7:     0x648e63df4f52 - std::sys::backtrace::BacktraceLock::print::h2395ccd2c84ba3aa
[INFO] [stdout]                                at /rustc/90b35a6239c3d8bdabc530a6a0816f7ff89a0aaf/library/std/src/sys/backtrace.rs:42:9
[INFO] [stdout]    8:     0x648e63df656a - std::panicking::default_hook::{{closure}}::he19d4c7230e07961
[INFO] [stdout]                                at /rustc/90b35a6239c3d8bdabc530a6a0816f7ff89a0aaf/library/std/src/panicking.rs:268:22
[INFO] [stdout]    9:     0x648e63df6374 - std::panicking::default_hook::hf614597d3c67bbdb
[INFO] [stdout]                                at /rustc/90b35a6239c3d8bdabc530a6a0816f7ff89a0aaf/library/std/src/panicking.rs:292:9
[INFO] [stdout]   10:     0x648e63d123b9 - <alloc::boxed::Box<F,A> as core::ops::function::Fn<Args>>::call::h39b51ce4599c23d1
[INFO] [stdout]                                at /rustc/90b35a6239c3d8bdabc530a6a0816f7ff89a0aaf/library/alloc/src/boxed.rs:2468:9
[INFO] [stdout]   11:     0x648e63d123b9 - test::test_main::{{closure}}::he977ae839a582784
[INFO] [stdout]                                at /rustc/90b35a6239c3d8bdabc530a6a0816f7ff89a0aaf/library/test/src/lib.rs:133:21
[INFO] [stdout]   12:     0x648e63df6c08 - <alloc::boxed::Box<F,A> as core::ops::function::Fn<Args>>::call::h9455091b6b06f9fb
[INFO] [stdout]                                at /rustc/90b35a6239c3d8bdabc530a6a0816f7ff89a0aaf/library/alloc/src/boxed.rs:2468:9
[INFO] [stdout]   13:     0x648e63df6c08 - std::panicking::rust_panic_with_hook::h8942133a8b252070
[INFO] [stdout]                                at /rustc/90b35a6239c3d8bdabc530a6a0816f7ff89a0aaf/library/std/src/panicking.rs:809:13
[INFO] [stdout]   14:     0x648e63df6996 - std::panicking::begin_panic_handler::{{closure}}::hb5f5963570096b29
[INFO] [stdout]                                at /rustc/90b35a6239c3d8bdabc530a6a0816f7ff89a0aaf/library/std/src/panicking.rs:667:13
[INFO] [stdout]   15:     0x648e63df55e9 - std::sys::backtrace::__rust_end_short_backtrace::h6208cedc1922feda
[INFO] [stdout]                                at /rustc/90b35a6239c3d8bdabc530a6a0816f7ff89a0aaf/library/std/src/sys/backtrace.rs:170:18
[INFO] [stdout]   16:     0x648e63df665c - rust_begin_unwind
[INFO] [stdout]                                at /rustc/90b35a6239c3d8bdabc530a6a0816f7ff89a0aaf/library/std/src/panicking.rs:665:5
[INFO] [stdout]   17:     0x648e63cd0140 - core::panicking::panic_fmt::h0c3082644d1bf418
[INFO] [stdout]                                at /rustc/90b35a6239c3d8bdabc530a6a0816f7ff89a0aaf/library/core/src/panicking.rs:74:14
[INFO] [stdout]   18:     0x648e63cd01cc - core::panicking::panic::h957f98c65a3b3074
[INFO] [stdout]                                at /rustc/90b35a6239c3d8bdabc530a6a0816f7ff89a0aaf/library/core/src/panicking.rs:148:5
[INFO] [stdout]   19:     0x648e63cd4e17 - redis_test::it_can_handle_multiple_connections::h3f5906218030c463
[INFO] [stdout]                                at /opt/rustwide/workdir/tests/redis_test.rs:43:5
[INFO] [stdout]   20:     0x648e63cd4be7 - redis_test::it_can_handle_multiple_connections::{{closure}}::hb4ba08c97359130d
[INFO] [stdout]                                at /opt/rustwide/workdir/tests/redis_test.rs:38:40
[INFO] [stdout]   21:     0x648e63cd14f6 - core::ops::function::FnOnce::call_once::h0bc491772c4d6990
[INFO] [stdout]                                at /rustc/90b35a6239c3d8bdabc530a6a0816f7ff89a0aaf/library/core/src/ops/function.rs:250:5
[INFO] [stdout]   22:     0x648e63d16d7b - core::ops::function::FnOnce::call_once::h109cf8051a59b34e
[INFO] [stdout]                                at /rustc/90b35a6239c3d8bdabc530a6a0816f7ff89a0aaf/library/core/src/ops/function.rs:250:5
[INFO] [stdout]   23:     0x648e63d16d7b - test::__rust_begin_short_backtrace::hf4fff89d377446ba
[INFO] [stdout]                                at /rustc/90b35a6239c3d8bdabc530a6a0816f7ff89a0aaf/library/test/src/lib.rs:621:18
[INFO] [stdout]   24:     0x648e63d165b7 - test::run_test_in_process::{{closure}}::h0e39181dd7ee5a43
[INFO] [stdout]                                at /rustc/90b35a6239c3d8bdabc530a6a0816f7ff89a0aaf/library/test/src/lib.rs:644:60
[INFO] [stdout]   25:     0x648e63d165b7 - <core::panic::unwind_safe::AssertUnwindSafe<F> as core::ops::function::FnOnce<()>>::call_once::hc5a66a30f0bdfd1f
[INFO] [stdout]                                at /rustc/90b35a6239c3d8bdabc530a6a0816f7ff89a0aaf/library/core/src/panic/unwind_safe.rs:272:9
[INFO] [stdout]   26:     0x648e63d165b7 - std::panicking::try::do_call::h873b7cf639554a5e
[INFO] [stdout]                                at /rustc/90b35a6239c3d8bdabc530a6a0816f7ff89a0aaf/library/std/src/panicking.rs:557:40
[INFO] [stdout]   27:     0x648e63d165b7 - std::panicking::try::hdb19862fad9c8bd1
[INFO] [stdout]                                at /rustc/90b35a6239c3d8bdabc530a6a0816f7ff89a0aaf/library/std/src/panicking.rs:520:19
[INFO] [stdout]   28:     0x648e63d165b7 - std::panic::catch_unwind::h281fe732d236d260
[INFO] [stdout]                                at /rustc/90b35a6239c3d8bdabc530a6a0816f7ff89a0aaf/library/std/src/panic.rs:358:14
[INFO] [stdout]   29:     0x648e63d165b7 - test::run_test_in_process::h949b6df8457ed338
[INFO] [stdout]                                at /rustc/90b35a6239c3d8bdabc530a6a0816f7ff89a0aaf/library/test/src/lib.rs:644:27
[INFO] [stdout]   30:     0x648e63d165b7 - test::run_test::{{closure}}::h52c556a6d4740e10
[INFO] [stdout]                                at /rustc/90b35a6239c3d8bdabc530a6a0816f7ff89a0aaf/library/test/src/lib.rs:565:43
[INFO] [stdout]   31:     0x648e63cdb894 - test::run_test::{{closure}}::h4237f6381c45ccb9
[INFO] [stdout]                                at /rustc/90b35a6239c3d8bdabc530a6a0816f7ff89a0aaf/library/test/src/lib.rs:595:41
[INFO] [stdout]   32:     0x648e63cdb894 - std::sys::backtrace::__rust_begin_short_backtrace::h505c97a579eca628
[INFO] [stdout]                                at /rustc/90b35a6239c3d8bdabc530a6a0816f7ff89a0aaf/library/std/src/sys/backtrace.rs:154:18
[INFO] [stdout]   33:     0x648e63cdef5e - std::thread::Builder::spawn_unchecked_::{{closure}}::{{closure}}::h9e86b2e2bc107ea3
[INFO] [stdout]                                at /rustc/90b35a6239c3d8bdabc530a6a0816f7ff89a0aaf/library/std/src/thread/mod.rs:538:17
[INFO] [stdout]   34:     0x648e63cdef5e - <core::panic::unwind_safe::AssertUnwindSafe<F> as core::ops::function::FnOnce<()>>::call_once::h8b06ddb275ff4a25
[INFO] [stdout]                                at /rustc/90b35a6239c3d8bdabc530a6a0816f7ff89a0aaf/library/core/src/panic/unwind_safe.rs:272:9
[INFO] [stdout]   35:     0x648e63cdef5e - std::panicking::try::do_call::hb26ecd7cd9a9355d
[INFO] [stdout]                                at /rustc/90b35a6239c3d8bdabc530a6a0816f7ff89a0aaf/library/std/src/panicking.rs:557:40
[INFO] [stdout]   36:     0x648e63cdef5e - std::panicking::try::h8ddeca9d705f9069
[INFO] [stdout]                                at /rustc/90b35a6239c3d8bdabc530a6a0816f7ff89a0aaf/library/std/src/panicking.rs:520:19
[INFO] [stdout]   37:     0x648e63cdef5e - std::panic::catch_unwind::h49e1c33078844c46
[INFO] [stdout]                                at /rustc/90b35a6239c3d8bdabc530a6a0816f7ff89a0aaf/library/std/src/panic.rs:358:14
[INFO] [stdout]   38:     0x648e63cdef5e - std::thread::Builder::spawn_unchecked_::{{closure}}::h6073db6ff56ad35d
[INFO] [stdout]                                at /rustc/90b35a6239c3d8bdabc530a6a0816f7ff89a0aaf/library/std/src/thread/mod.rs:537:30
[INFO] [stdout]   39:     0x648e63cdef5e - core::ops::function::FnOnce::call_once{{vtable.shim}}::h2c5a5f3779c774f1
[INFO] [stdout]                                at /rustc/90b35a6239c3d8bdabc530a6a0816f7ff89a0aaf/library/core/src/ops/function.rs:250:5
[INFO] [stdout]   40:     0x648e63dfaa3b - <alloc::boxed::Box<F,A> as core::ops::function::FnOnce<Args>>::call_once::hf75717d9f28faebf
[INFO] [stdout]                                at /rustc/90b35a6239c3d8bdabc530a6a0816f7ff89a0aaf/library/alloc/src/boxed.rs:2454:9
[INFO] [stdout]   41:     0x648e63dfaa3b - <alloc::boxed::Box<F,A> as core::ops::function::FnOnce<Args>>::call_once::h7bd883a5f3c5f3c1
[INFO] [stdout]                                at /rustc/90b35a6239c3d8bdabc530a6a0816f7ff89a0aaf/library/alloc/src/boxed.rs:2454:9
[INFO] [stdout]   42:     0x648e63dfaa3b - std::sys::pal::unix::thread::Thread::new::thread_start::hcc78f3943333fa94
[INFO] [stdout]                                at /rustc/90b35a6239c3d8bdabc530a6a0816f7ff89a0aaf/library/std/src/sys/pal/unix/thread.rs:105:17
[INFO] [stdout]   43:     0x70b371173ac3 - <unknown>
[INFO] [stdout]   44:     0x70b371204a04 - clone
[INFO] [stdout]   45:                0x0 - <unknown>
[INFO] [stdout] 
[INFO] [stdout] ---- it_can_set_with_ttl stdout ----
[INFO] [stdout] thread 'it_can_set_with_ttl' panicked at tests/redis_test.rs:153:43:
[INFO] [stdout] called `Result::unwrap()` on an `Err` value: Connection refused (os error 111)
[INFO] [stdout] stack backtrace:
[INFO] [stdout]    0:     0x648e63df510a - std::backtrace_rs::backtrace::libunwind::trace::h5a5b8284f2d0c266
[INFO] [stdout]                                at /rustc/90b35a6239c3d8bdabc530a6a0816f7ff89a0aaf/library/std/src/../../backtrace/src/backtrace/libunwind.rs:116:5
[INFO] [stdout]    1:     0x648e63df510a - std::backtrace_rs::backtrace::trace_unsynchronized::h76d4f1c9b0b875e3
[INFO] [stdout]                                at /rustc/90b35a6239c3d8bdabc530a6a0816f7ff89a0aaf/library/std/src/../../backtrace/src/backtrace/mod.rs:66:5
[INFO] [stdout]    2:     0x648e63df510a - std::sys::backtrace::_print_fmt::hc4546b8364a537c6
[INFO] [stdout]                                at /rustc/90b35a6239c3d8bdabc530a6a0816f7ff89a0aaf/library/std/src/sys/backtrace.rs:66:9
[INFO] [stdout]    3:     0x648e63df510a - <std::sys::backtrace::BacktraceLock::print::DisplayBacktrace as core::fmt::Display>::fmt::h5b6bd5631a6d1f6b
[INFO] [stdout]                                at /rustc/90b35a6239c3d8bdabc530a6a0816f7ff89a0aaf/library/std/src/sys/backtrace.rs:39:26
[INFO] [stdout]    4:     0x648e63e1c2b3 - core::fmt::rt::Argument::fmt::h270f6602a2b96f62
[INFO] [stdout]                                at /rustc/90b35a6239c3d8bdabc530a6a0816f7ff89a0aaf/library/core/src/fmt/rt.rs:177:76
[INFO] [stdout]    5:     0x648e63e1c2b3 - core::fmt::write::h7550c97b06c86515
[INFO] [stdout]                                at /rustc/90b35a6239c3d8bdabc530a6a0816f7ff89a0aaf/library/core/src/fmt/mod.rs:1186:21
[INFO] [stdout]    6:     0x648e63df1163 - std::io::Write::write_fmt::h509ff860e5956e5e
[INFO] [stdout]                                at /rustc/90b35a6239c3d8bdabc530a6a0816f7ff89a0aaf/library/std/src/io/mod.rs:1839:15
[INFO] [stdout]    7:     0x648e63df4f52 - std::sys::backtrace::BacktraceLock::print::h2395ccd2c84ba3aa
[INFO] [stdout]                                at /rustc/90b35a6239c3d8bdabc530a6a0816f7ff89a0aaf/library/std/src/sys/backtrace.rs:42:9
[INFO] [stdout]    8:     0x648e63df656a - std::panicking::default_hook::{{closure}}::he19d4c7230e07961
[INFO] [stdout]                                at /rustc/90b35a6239c3d8bdabc530a6a0816f7ff89a0aaf/library/std/src/panicking.rs:268:22
[INFO] [stdout]    9:     0x648e63df6374 - std::panicking::default_hook::hf614597d3c67bbdb
[INFO] [stdout]                                at /rustc/90b35a6239c3d8bdabc530a6a0816f7ff89a0aaf/library/std/src/panicking.rs:292:9
[INFO] [stdout]   10:     0x648e63d123b9 - <alloc::boxed::Box<F,A> as core::ops::function::Fn<Args>>::call::h39b51ce4599c23d1
[INFO] [stdout]                                at /rustc/90b35a6239c3d8bdabc530a6a0816f7ff89a0aaf/library/alloc/src/boxed.rs:2468:9
[INFO] [stdout]   11:     0x648e63d123b9 - test::test_main::{{closure}}::he977ae839a582784
[INFO] [stdout]                                at /rustc/90b35a6239c3d8bdabc530a6a0816f7ff89a0aaf/library/test/src/lib.rs:133:21
[INFO] [stdout]   12:     0x648e63df6c08 - <alloc::boxed::Box<F,A> as core::ops::function::Fn<Args>>::call::h9455091b6b06f9fb
[INFO] [stdout]                                at /rustc/90b35a6239c3d8bdabc530a6a0816f7ff89a0aaf/library/alloc/src/boxed.rs:2468:9
[INFO] [stdout]   13:     0x648e63df6c08 - std::panicking::rust_panic_with_hook::h8942133a8b252070
[INFO] [stdout]                                at /rustc/90b35a6239c3d8bdabc530a6a0816f7ff89a0aaf/library/std/src/panicking.rs:809:13
[INFO] [stdout]   14:     0x648e63df69ca - std::panicking::begin_panic_handler::{{closure}}::hb5f5963570096b29
[INFO] [stdout]                                at /rustc/90b35a6239c3d8bdabc530a6a0816f7ff89a0aaf/library/std/src/panicking.rs:674:13
[INFO] [stdout]   15:     0x648e63df55e9 - std::sys::backtrace::__rust_end_short_backtrace::h6208cedc1922feda
[INFO] [stdout]                                at /rustc/90b35a6239c3d8bdabc530a6a0816f7ff89a0aaf/library/std/src/sys/backtrace.rs:170:18
[INFO] [stdout]   16:     0x648e63df665c - rust_begin_unwind
[INFO] [stdout]                                at /rustc/90b35a6239c3d8bdabc530a6a0816f7ff89a0aaf/library/std/src/panicking.rs:665:5
[INFO] [stdout]   17:     0x648e63cd0140 - core::panicking::panic_fmt::h0c3082644d1bf418
[INFO] [stdout]                                at /rustc/90b35a6239c3d8bdabc530a6a0816f7ff89a0aaf/library/core/src/panicking.rs:74:14
[INFO] [stdout]   18:     0x648e63cd0586 - core::result::unwrap_failed::hd20b4aa073bda1e2
[INFO] [stdout]                                at /rustc/90b35a6239c3d8bdabc530a6a0816f7ff89a0aaf/library/core/src/result.rs:1700:5
[INFO] [stdout]   19:     0x648e63cd84b6 - core::result::Result<T,E>::unwrap::h6e6ac17487306a75
[INFO] [stdout]                                at /rustc/90b35a6239c3d8bdabc530a6a0816f7ff89a0aaf/library/core/src/result.rs:1104:23
[INFO] [stdout]   20:     0x648e63cd84b6 - redis_test::it_can_set_with_ttl::h3f1dd2a45d7cb3cb
[INFO] [stdout]                                at /opt/rustwide/workdir/tests/redis_test.rs:153:19
[INFO] [stdout]   21:     0x648e63cd8257 - redis_test::it_can_set_with_ttl::{{closure}}::h0964729eee943803
[INFO] [stdout]                                at /opt/rustwide/workdir/tests/redis_test.rs:151:25
[INFO] [stdout]   22:     0x648e63cd1676 - core::ops::function::FnOnce::call_once::ha21633fd18c84091
[INFO] [stdout]                                at /rustc/90b35a6239c3d8bdabc530a6a0816f7ff89a0aaf/library/core/src/ops/function.rs:250:5
[INFO] [stdout]   23:     0x648e63d16d7b - core::ops::function::FnOnce::call_once::h109cf8051a59b34e
[INFO] [stdout]                                at /rustc/90b35a6239c3d8bdabc530a6a0816f7ff89a0aaf/library/core/src/ops/function.rs:250:5
[INFO] [stdout]   24:     0x648e63d16d7b - test::__rust_begin_short_backtrace::hf4fff89d377446ba
[INFO] [stdout]                                at /rustc/90b35a6239c3d8bdabc530a6a0816f7ff89a0aaf/library/test/src/lib.rs:621:18
[INFO] [stdout]   25:     0x648e63d165b7 - test::run_test_in_process::{{closure}}::h0e39181dd7ee5a43
[INFO] [stdout]                                at /rustc/90b35a6239c3d8bdabc530a6a0816f7ff89a0aaf/library/test/src/lib.rs:644:60
[INFO] [stdout]   26:     0x648e63d165b7 - <core::panic::unwind_safe::AssertUnwindSafe<F> as core::ops::function::FnOnce<()>>::call_once::hc5a66a30f0bdfd1f
[INFO] [stdout]                                at /rustc/90b35a6239c3d8bdabc530a6a0816f7ff89a0aaf/library/core/src/panic/unwind_safe.rs:272:9
[INFO] [stdout]   27:     0x648e63d165b7 - std::panicking::try::do_call::h873b7cf639554a5e
[INFO] [stdout]                                at /rustc/90b35a6239c3d8bdabc530a6a0816f7ff89a0aaf/library/std/src/panicking.rs:557:40
[INFO] [stdout]   28:     0x648e63d165b7 - std::panicking::try::hdb19862fad9c8bd1
[INFO] [stdout]                                at /rustc/90b35a6239c3d8bdabc530a6a0816f7ff89a0aaf/library/std/src/panicking.rs:520:19
[INFO] [stdout]   29:     0x648e63d165b7 - std::panic::catch_unwind::h281fe732d236d260
[INFO] [stdout]                                at /rustc/90b35a6239c3d8bdabc530a6a0816f7ff89a0aaf/library/std/src/panic.rs:358:14
[INFO] [stdout]   30:     0x648e63d165b7 - test::run_test_in_process::h949b6df8457ed338
[INFO] [stdout]                                at /rustc/90b35a6239c3d8bdabc530a6a0816f7ff89a0aaf/library/test/src/lib.rs:644:27
[INFO] [stdout]   31:     0x648e63d165b7 - test::run_test::{{closure}}::h52c556a6d4740e10
[INFO] [stdout]                                at /rustc/90b35a6239c3d8bdabc530a6a0816f7ff89a0aaf/library/test/src/lib.rs:565:43
[INFO] [stdout]   32:     0x648e63cdb894 - test::run_test::{{closure}}::h4237f6381c45ccb9
[INFO] [stdout]                                at /rustc/90b35a6239c3d8bdabc530a6a0816f7ff89a0aaf/library/test/src/lib.rs:595:41
[INFO] [stdout]   33:     0x648e63cdb894 - std::sys::backtrace::__rust_begin_short_backtrace::h505c97a579eca628
[INFO] [stdout]                                at /rustc/90b35a6239c3d8bdabc530a6a0816f7ff89a0aaf/library/std/src/sys/backtrace.rs:154:18
[INFO] [stdout]   34:     0x648e63cdef5e - std::thread::Builder::spawn_unchecked_::{{closure}}::{{closure}}::h9e86b2e2bc107ea3
[INFO] [stdout]                                at /rustc/90b35a6239c3d8bdabc530a6a0816f7ff89a0aaf/library/std/src/thread/mod.rs:538:17
[INFO] [stdout]   35:     0x648e63cdef5e - <core::panic::unwind_safe::AssertUnwindSafe<F> as core::ops::function::FnOnce<()>>::call_once::h8b06ddb275ff4a25
[INFO] [stdout]                                at /rustc/90b35a6239c3d8bdabc530a6a0816f7ff89a0aaf/library/core/src/panic/unwind_safe.rs:272:9
[INFO] [stdout]   36:     0x648e63cdef5e - std::panicking::try::do_call::hb26ecd7cd9a9355d
[INFO] [stdout]                                at /rustc/90b35a6239c3d8bdabc530a6a0816f7ff89a0aaf/library/std/src/panicking.rs:557:40
[INFO] [stdout]   37:     0x648e63cdef5e - std::panicking::try::h8ddeca9d705f9069
[INFO] [stdout]                                at /rustc/90b35a6239c3d8bdabc530a6a0816f7ff89a0aaf/library/std/src/panicking.rs:520:19
[INFO] [stdout]   38:     0x648e63cdef5e - std::panic::catch_unwind::h49e1c33078844c46
[INFO] [stdout]                                at /rustc/90b35a6239c3d8bdabc530a6a0816f7ff89a0aaf/library/std/src/panic.rs:358:14
[INFO] [stdout]   39:     0x648e63cdef5e - std::thread::Builder::spawn_unchecked_::{{closure}}::h6073db6ff56ad35d
[INFO] [stdout]                                at /rustc/90b35a6239c3d8bdabc530a6a0816f7ff89a0aaf/library/std/src/thread/mod.rs:537:30
[INFO] [stdout]   40:     0x648e63cdef5e - core::ops::function::FnOnce::call_once{{vtable.shim}}::h2c5a5f3779c774f1
[INFO] [stdout]                                at /rustc/90b35a6239c3d8bdabc530a6a0816f7ff89a0aaf/library/core/src/ops/function.rs:250:5
[INFO] [stdout]   41:     0x648e63dfaa3b - <alloc::boxed::Box<F,A> as core::ops::function::FnOnce<Args>>::call_once::hf75717d9f28faebf
[INFO] [stdout]                                at /rustc/90b35a6239c3d8bdabc530a6a0816f7ff89a0aaf/library/alloc/src/boxed.rs:2454:9
[INFO] [stdout]   42:     0x648e63dfaa3b - <alloc::boxed::Box<F,A> as core::ops::function::FnOnce<Args>>::call_once::h7bd883a5f3c5f3c1
[INFO] [stdout]                                at /rustc/90b35a6239c3d8bdabc530a6a0816f7ff89a0aaf/library/alloc/src/boxed.rs:2454:9
[INFO] [stdout]   43:     0x648e63dfaa3b - std::sys::pal::unix::thread::Thread::new::thread_start::hcc78f3943333fa94
[INFO] [stdout]                                at /rustc/90b35a6239c3d8bdabc530a6a0816f7ff89a0aaf/library/std/src/sys/pal/unix/thread.rs:105:17
[INFO] [stdout]   44:     0x70b371173ac3 - <unknown>
[INFO] [stdout]   45:     0x70b371204a04 - clone
[INFO] [stdout]   46:                0x0 - <unknown>
[INFO] [stdout] 
[INFO] [stdout] ---- it_can_connect_to_redis stdout ----
[INFO] [stdout] thread 'it_can_connect_to_redis' panicked at tests/redis_test.rs:34:5:
[INFO] [stdout] assertion failed: con.is_ok()
[INFO] [stdout] stack backtrace:
[INFO] [stdout]    0:     0x648e63df510a - std::backtrace_rs::backtrace::libunwind::trace::h5a5b8284f2d0c266
[INFO] [stdout]                                at /rustc/90b35a6239c3d8bdabc530a6a0816f7ff89a0aaf/library/std/src/../../backtrace/src/backtrace/libunwind.rs:116:5
[INFO] [stdout]    1:     0x648e63df510a - std::backtrace_rs::backtrace::trace_unsynchronized::h76d4f1c9b0b875e3
[INFO] [stdout]                                at /rustc/90b35a6239c3d8bdabc530a6a0816f7ff89a0aaf/library/std/src/../../backtrace/src/backtrace/mod.rs:66:5
[INFO] [stdout]    2:     0x648e63df510a - std::sys::backtrace::_print_fmt::hc4546b8364a537c6
[INFO] [stdout]                                at /rustc/90b35a6239c3d8bdabc530a6a0816f7ff89a0aaf/library/std/src/sys/backtrace.rs:66:9
[INFO] [stdout]    3:     0x648e63df510a - <std::sys::backtrace::BacktraceLock::print::DisplayBacktrace as core::fmt::Display>::fmt::h5b6bd5631a6d1f6b
[INFO] [stdout]                                at /rustc/90b35a6239c3d8bdabc530a6a0816f7ff89a0aaf/library/std/src/sys/backtrace.rs:39:26
[INFO] [stdout]    4:     0x648e63e1c2b3 - core::fmt::rt::Argument::fmt::h270f6602a2b96f62
[INFO] [stdout]                                at /rustc/90b35a6239c3d8bdabc530a6a0816f7ff89a0aaf/library/core/src/fmt/rt.rs:177:76
[INFO] [stdout]    5:     0x648e63e1c2b3 - core::fmt::write::h7550c97b06c86515
[INFO] [stdout]                                at /rustc/90b35a6239c3d8bdabc530a6a0816f7ff89a0aaf/library/core/src/fmt/mod.rs:1186:21
[INFO] [stdout]    6:     0x648e63df1163 - std::io::Write::write_fmt::h509ff860e5956e5e
[INFO] [stdout]                                at /rustc/90b35a6239c3d8bdabc530a6a0816f7ff89a0aaf/library/std/src/io/mod.rs:1839:15
[INFO] [stdout]    7:     0x648e63df4f52 - std::sys::backtrace::BacktraceLock::print::h2395ccd2c84ba3aa
[INFO] [stdout]                                at /rustc/90b35a6239c3d8bdabc530a6a0816f7ff89a0aaf/library/std/src/sys/backtrace.rs:42:9
[INFO] [stdout]    8:     0x648e63df656a - std::panicking::default_hook::{{closure}}::he19d4c7230e07961
[INFO] [stdout]                                at /rustc/90b35a6239c3d8bdabc530a6a0816f7ff89a0aaf/library/std/src/panicking.rs:268:22
[INFO] [stdout]    9:     0x648e63df6374 - std::panicking::default_hook::hf614597d3c67bbdb
[INFO] [stdout]                                at /rustc/90b35a6239c3d8bdabc530a6a0816f7ff89a0aaf/library/std/src/panicking.rs:292:9
[INFO] [stdout]   10:     0x648e63d123b9 - <alloc::boxed::Box<F,A> as core::ops::function::Fn<Args>>::call::h39b51ce4599c23d1
[INFO] [stdout]                                at /rustc/90b35a6239c3d8bdabc530a6a0816f7ff89a0aaf/library/alloc/src/boxed.rs:2468:9
[INFO] [stdout]   11:     0x648e63d123b9 - test::test_main::{{closure}}::he977ae839a582784
[INFO] [stdout]                                at /rustc/90b35a6239c3d8bdabc530a6a0816f7ff89a0aaf/library/test/src/lib.rs:133:21
[INFO] [stdout]   12:     0x648e63df6c08 - <alloc::boxed::Box<F,A> as core::ops::function::Fn<Args>>::call::h9455091b6b06f9fb
[INFO] [stdout]                                at /rustc/90b35a6239c3d8bdabc530a6a0816f7ff89a0aaf/library/alloc/src/boxed.rs:2468:9
[INFO] [stdout]   13:     0x648e63df6c08 - std::panicking::rust_panic_with_hook::h8942133a8b252070
[INFO] [stdout]                                at /rustc/90b35a6239c3d8bdabc530a6a0816f7ff89a0aaf/library/std/src/panicking.rs:809:13
[INFO] [stdout]   14:     0x648e63df6996 - std::panicking::begin_panic_handler::{{closure}}::hb5f5963570096b29
[INFO] [stdout]                                at /rustc/90b35a6239c3d8bdabc530a6a0816f7ff89a0aaf/library/std/src/panicking.rs:667:13
[INFO] [stdout]   15:     0x648e63df55e9 - std::sys::backtrace::__rust_end_short_backtrace::h6208cedc1922feda
[INFO] [stdout]                                at /rustc/90b35a6239c3d8bdabc530a6a0816f7ff89a0aaf/library/std/src/sys/backtrace.rs:170:18
[INFO] [stdout]   16:     0x648e63df665c - rust_begin_unwind
[INFO] [stdout]                                at /rustc/90b35a6239c3d8bdabc530a6a0816f7ff89a0aaf/library/std/src/panicking.rs:665:5
[INFO] [stdout]   17:     0x648e63cd0140 - core::panicking::panic_fmt::h0c3082644d1bf418
[INFO] [stdout]                                at /rustc/90b35a6239c3d8bdabc530a6a0816f7ff89a0aaf/library/core/src/panicking.rs:74:14
[INFO] [stdout]   18:     0x648e63cd01cc - core::panicking::panic::h957f98c65a3b3074
[INFO] [stdout]                                at /rustc/90b35a6239c3d8bdabc530a6a0816f7ff89a0aaf/library/core/src/panicking.rs:148:5
[INFO] [stdout]   19:     0x648e63cd4b79 - redis_test::it_can_connect_to_redis::h02de777a6822bbac
[INFO] [stdout]                                at /opt/rustwide/workdir/tests/redis_test.rs:34:5
[INFO] [stdout]   20:     0x648e63cd4987 - redis_test::it_can_connect_to_redis::{{closure}}::h42954ddaecc59972
[INFO] [stdout]                                at /opt/rustwide/workdir/tests/redis_test.rs:30:29
[INFO] [stdout]   21:     0x648e63cd1576 - core::ops::function::FnOnce::call_once::h3aae17470e0aa0bf
[INFO] [stdout]                                at /rustc/90b35a6239c3d8bdabc530a6a0816f7ff89a0aaf/library/core/src/ops/function.rs:250:5
[INFO] [stdout]   22:     0x648e63d16d7b - core::ops::function::FnOnce::call_once::h109cf8051a59b34e
[INFO] [stdout]                                at /rustc/90b35a6239c3d8bdabc530a6a0816f7ff89a0aaf/library/core/src/ops/function.rs:250:5
[INFO] [stdout]   23:     0x648e63d16d7b - test::__rust_begin_short_backtrace::hf4fff89d377446ba
[INFO] [stdout]                                at /rustc/90b35a6239c3d8bdabc530a6a0816f7ff89a0aaf/library/test/src/lib.rs:621:18
[INFO] [stdout]   24:     0x648e63d165b7 - test::run_test_in_process::{{closure}}::h0e39181dd7ee5a43
[INFO] [stdout]                                at /rustc/90b35a6239c3d8bdabc530a6a0816f7ff89a0aaf/library/test/src/lib.rs:644:60
[INFO] [stdout]   25:     0x648e63d165b7 - <core::panic::unwind_safe::AssertUnwindSafe<F> as core::ops::function::FnOnce<()>>::call_once::hc5a66a30f0bdfd1f
[INFO] [stdout]                                at /rustc/90b35a6239c3d8bdabc530a6a0816f7ff89a0aaf/library/core/src/panic/unwind_safe.rs:272:9
[INFO] [stdout]   26:     0x648e63d165b7 - std::panicking::try::do_call::h873b7cf639554a5e
[INFO] [stdout]                                at /rustc/90b35a6239c3d8bdabc530a6a0816f7ff89a0aaf/library/std/src/panicking.rs:557:40
[INFO] [stdout]   27:     0x648e63d165b7 - std::panicking::try::hdb19862fad9c8bd1
[INFO] [stdout]                                at /rustc/90b35a6239c3d8bdabc530a6a0816f7ff89a0aaf/library/std/src/panicking.rs:520:19
[INFO] [stdout]   28:     0x648e63d165b7 - std::panic::catch_unwind::h281fe732d236d260
[INFO] [stdout]                                at /rustc/90b35a6239c3d8bdabc530a6a0816f7ff89a0aaf/library/std/src/panic.rs:358:14
[INFO] [stdout]   29:     0x648e63d165b7 - test::run_test_in_process::h949b6df8457ed338
[INFO] [stdout]                                at /rustc/90b35a6239c3d8bdabc530a6a0816f7ff89a0aaf/library/test/src/lib.rs:644:27
[INFO] [stdout]   30:     0x648e63d165b7 - test::run_test::{{closure}}::h52c556a6d4740e10
[INFO] [stdout]                                at /rustc/90b35a6239c3d8bdabc530a6a0816f7ff89a0aaf/library/test/src/lib.rs:565:43
[INFO] [stdout]   31:     0x648e63cdb894 - test::run_test::{{closure}}::h4237f6381c45ccb9
[INFO] [stdout]                                at /rustc/90b35a6239c3d8bdabc530a6a0816f7ff89a0aaf/library/test/src/lib.rs:595:41
[INFO] [stdout]   32:     0x648e63cdb894 - std::sys::backtrace::__rust_begin_short_backtrace::h505c97a579eca628
[INFO] [stdout]                                at /rustc/90b35a6239c3d8bdabc530a6a0816f7ff89a0aaf/library/std/src/sys/backtrace.rs:154:18
[INFO] [stdout]   33:     0x648e63cdef5e - std::thread::Builder::spawn_unchecked_::{{closure}}::{{closure}}::h9e86b2e2bc107ea3
[INFO] [stdout]                                at /rustc/90b35a6239c3d8bdabc530a6a0816f7ff89a0aaf/library/std/src/thread/mod.rs:538:17
[INFO] [stdout]   34:     0x648e63cdef5e - <core::panic::unwind_safe::AssertUnwindSafe<F> as core::ops::function::FnOnce<()>>::call_once::h8b06ddb275ff4a25
[INFO] [stdout]                                at /rustc/90b35a6239c3d8bdabc530a6a0816f7ff89a0aaf/library/core/src/panic/unwind_safe.rs:272:9
[INFO] [stdout]   35:     0x648e63cdef5e - std::panicking::try::do_call::hb26ecd7cd9a9355d
[INFO] [stdout]                                at /rustc/90b35a6239c3d8bdabc530a6a0816f7ff89a0aaf/library/std/src/panicking.rs:557:40
[INFO] [stdout]   36:     0x648e63cdef5e - std::panicking::try::h8ddeca9d705f9069
[INFO] [stdout]                                at /rustc/90b35a6239c3d8bdabc530a6a0816f7ff89a0aaf/library/std/src/panicking.rs:520:19
[INFO] [stdout]   37:     0x648e63cdef5e - std::panic::catch_unwind::h49e1c33078844c46
[INFO] [stdout]                                at /rustc/90b35a6239c3d8bdabc530a6a0816f7ff89a0aaf/library/std/src/panic.rs:358:14
[INFO] [stdout]   38:     0x648e63cdef5e - std::thread::Builder::spawn_unchecked_::{{closure}}::h6073db6ff56ad35d
[INFO] [stdout]                                at /rustc/90b35a6239c3d8bdabc530a6a0816f7ff89a0aaf/library/std/src/thread/mod.rs:537:30
[INFO] [stdout]   39:     0x648e63cdef5e - core::ops::function::FnOnce::call_once{{vtable.shim}}::h2c5a5f3779c774f1
[INFO] [stdout]                                at /rustc/90b35a6239c3d8bdabc530a6a0816f7ff89a0aaf/library/core/src/ops/function.rs:250:5
[INFO] [stdout]   40:     0x648e63dfaa3b - <alloc::boxed::Box<F,A> as core::ops::function::FnOnce<Args>>::call_once::hf75717d9f28faebf
[INFO] [stdout]                                at /rustc/90b35a6239c3d8bdabc530a6a0816f7ff89a0aaf/library/alloc/src/boxed.rs:2454:9
[INFO] [stdout]   41:     0x648e63dfaa3b - <alloc::boxed::Box<F,A> as core::ops::function::FnOnce<Args>>::call_once::h7bd883a5f3c5f3c1
[INFO] [stdout]                                at /rustc/90b35a6239c3d8bdabc530a6a0816f7ff89a0aaf/library/alloc/src/boxed.rs:2454:9
[INFO] [stdout]   42:     0x648e63dfaa3b - std::sys::pal::unix::thread::Thread::new::thread_start::hcc78f3943333fa94
[INFO] [stdout]                                at /rustc/90b35a6239c3d8bdabc530a6a0816f7ff89a0aaf/library/std/src/sys/pal/unix/thread.rs:105:17
[INFO] [stdout]   43:     0x70b371173ac3 - <unknown>
[INFO] [stdout]   44:     0x70b371204a04 - clone
[INFO] [stdout]   45:                0x0 - <unknown>
[INFO] [stdout] 
[INFO] [stdout] 
[INFO] [stdout] failures:
[INFO] [stdout]     it_can_connect_to_redis
[INFO] [stdout]     it_can_get_and_set
[INFO] [stdout]     it_can_get_and_set_with_lru
[INFO] [stdout]     it_can_handle_del
[INFO] [stdout]     it_can_handle_echo
[INFO] [stdout]     it_can_handle_multiple_connections
[INFO] [stdout]     it_can_handle_pings_from_multiple_connections
[INFO] [stdout]     it_can_receive_pings
[INFO] [stdout]     it_can_set_on_start
[INFO] [stdout]     it_can_set_with_ttl
[INFO] [stdout] 
[INFO] [stdout] test result: FAILED. 0 passed; 10 failed; 0 ignored; 0 measured; 0 filtered out; finished in 0.07s
[INFO] [stdout] 
[INFO] running `Command { std: "docker" "inspect" "995766f4ead1316eb4761f274ed8c7e5ea2cc7c6db26f0427243635644978590", kill_on_drop: false }`
[INFO] running `Command { std: "docker" "rm" "-f" "995766f4ead1316eb4761f274ed8c7e5ea2cc7c6db26f0427243635644978590", kill_on_drop: false }`
[INFO] [stdout] 995766f4ead1316eb4761f274ed8c7e5ea2cc7c6db26f0427243635644978590
