[INFO] cloning repository https://github.com/nabacg/adv-of-code-2022
[INFO] running `Command { std: "git" "-c" "credential.helper=" "-c" "credential.helper=/workspace/cargo-home/bin/git-credential-null" "clone" "--bare" "https://github.com/nabacg/adv-of-code-2022" "/workspace/cache/git-repos/https%3A%2F%2Fgithub.com%2Fnabacg%2Fadv-of-code-2022", kill_on_drop: false }`
[INFO] [stderr] Cloning into bare repository '/workspace/cache/git-repos/https%3A%2F%2Fgithub.com%2Fnabacg%2Fadv-of-code-2022'...
[INFO] running `Command { std: "git" "rev-parse" "HEAD", kill_on_drop: false }`
[INFO] [stdout] 4c6f71e33d07ee3ce01510a3a036d57d8ca15291
[INFO] testing nabacg/adv-of-code-2022 against beta-2024-12-08 for beta-1.84.0-4-retry
[INFO] running `Command { std: "git" "clone" "/workspace/cache/git-repos/https%3A%2F%2Fgithub.com%2Fnabacg%2Fadv-of-code-2022" "/workspace/builds/worker-1-tc2/source", kill_on_drop: false }`
[INFO] [stderr] Cloning into '/workspace/builds/worker-1-tc2/source'...
[INFO] [stderr] done.
[INFO] validating manifest of git repo https://github.com/nabacg/adv-of-code-2022 on toolchain beta-2024-12-08
[INFO] running `Command { std: CARGO_HOME="/workspace/cargo-home" RUSTUP_HOME="/workspace/rustup-home" "/workspace/cargo-home/bin/cargo" "+beta-2024-12-08" "metadata" "--manifest-path" "Cargo.toml" "--no-deps", kill_on_drop: false }`
[INFO] started tweaking git repo https://github.com/nabacg/adv-of-code-2022
[INFO] finished tweaking git repo https://github.com/nabacg/adv-of-code-2022
[INFO] tweaked toml for git repo https://github.com/nabacg/adv-of-code-2022 written to /workspace/builds/worker-1-tc2/source/Cargo.toml
[INFO] crate git repo https://github.com/nabacg/adv-of-code-2022 already has a lockfile, it will not be regenerated
[INFO] running `Command { std: CARGO_HOME="/workspace/cargo-home" RUSTUP_HOME="/workspace/rustup-home" "/workspace/cargo-home/bin/cargo" "+beta-2024-12-08" "fetch" "--manifest-path" "Cargo.toml", kill_on_drop: false }`
[INFO] running `Command { std: "docker" "create" "-v" "/var/lib/crater-agent-workspace/builds/worker-1-tc2/target:/opt/rustwide/target:rw,Z" "-v" "/var/lib/crater-agent-workspace/builds/worker-1-tc2/source:/opt/rustwide/workdir:ro,Z" "-v" "/var/lib/crater-agent-workspace/cargo-home:/opt/rustwide/cargo-home:ro,Z" "-v" "/var/lib/crater-agent-workspace/rustup-home:/opt/rustwide/rustup-home:ro,Z" "-e" "SOURCE_DIR=/opt/rustwide/workdir" "-e" "CARGO_TARGET_DIR=/opt/rustwide/target" "-e" "CARGO_HOME=/opt/rustwide/cargo-home" "-e" "RUSTUP_HOME=/opt/rustwide/rustup-home" "-w" "/opt/rustwide/workdir" "-m" "1610612736" "--user" "0:0" "--network" "none" "ghcr.io/rust-lang/crates-build-env/linux@sha256:f3a9d4ad9d972b27faf3965f35b62e55ba32bbce8f20bc8fe909558a86702fde" "/opt/rustwide/cargo-home/bin/cargo" "+beta-2024-12-08" "metadata" "--no-deps" "--format-version=1", kill_on_drop: false }`
[INFO] [stdout] 0cde57c5de73a46a943aeff7eed9506d300d4ab4041c1c228954489c6e3c4031
[INFO] running `Command { std: "docker" "start" "-a" "0cde57c5de73a46a943aeff7eed9506d300d4ab4041c1c228954489c6e3c4031", kill_on_drop: false }`
[INFO] running `Command { std: "docker" "inspect" "0cde57c5de73a46a943aeff7eed9506d300d4ab4041c1c228954489c6e3c4031", kill_on_drop: false }`
[INFO] running `Command { std: "docker" "rm" "-f" "0cde57c5de73a46a943aeff7eed9506d300d4ab4041c1c228954489c6e3c4031", kill_on_drop: false }`
[INFO] [stdout] 0cde57c5de73a46a943aeff7eed9506d300d4ab4041c1c228954489c6e3c4031
[INFO] running `Command { std: "docker" "create" "-v" "/var/lib/crater-agent-workspace/builds/worker-1-tc2/target:/opt/rustwide/target:rw,Z" "-v" "/var/lib/crater-agent-workspace/builds/worker-1-tc2/source:/opt/rustwide/workdir:ro,Z" "-v" "/var/lib/crater-agent-workspace/cargo-home:/opt/rustwide/cargo-home:ro,Z" "-v" "/var/lib/crater-agent-workspace/rustup-home:/opt/rustwide/rustup-home:ro,Z" "-e" "SOURCE_DIR=/opt/rustwide/workdir" "-e" "CARGO_TARGET_DIR=/opt/rustwide/target" "-e" "CARGO_INCREMENTAL=0" "-e" "RUST_BACKTRACE=full" "-e" "RUSTFLAGS=--cap-lints=warn" "-e" "RUSTDOCFLAGS=--cap-lints=warn" "-e" "CARGO_HOME=/opt/rustwide/cargo-home" "-e" "RUSTUP_HOME=/opt/rustwide/rustup-home" "-w" "/opt/rustwide/workdir" "-m" "1610612736" "--user" "0:0" "--network" "none" "ghcr.io/rust-lang/crates-build-env/linux@sha256:f3a9d4ad9d972b27faf3965f35b62e55ba32bbce8f20bc8fe909558a86702fde" "/opt/rustwide/cargo-home/bin/cargo" "+beta-2024-12-08" "build" "--frozen" "--message-format=json", kill_on_drop: false }`
[INFO] [stdout] 65fc4c799c85c626f71aeedde2092a260cefc928666d3e1aeffdceaebf9a9bd5
[INFO] running `Command { std: "docker" "start" "-a" "65fc4c799c85c626f71aeedde2092a260cefc928666d3e1aeffdceaebf9a9bd5", kill_on_drop: false }`
[INFO] [stderr]    Compiling proc-macro2 v1.0.49
[INFO] [stderr]    Compiling quote v1.0.23
[INFO] [stderr]    Compiling unicode-ident v1.0.6
[INFO] [stderr]    Compiling syn v1.0.107
[INFO] [stderr]    Compiling thiserror v1.0.38
[INFO] [stderr]    Compiling ucd-trie v0.1.5
[INFO] [stderr]    Compiling once_cell v1.17.0
[INFO] [stderr]    Compiling regex-syntax v0.6.28
[INFO] [stderr]    Compiling either v1.8.0
[INFO] [stderr]    Compiling aho-corasick v0.7.20
[INFO] [stderr]    Compiling itertools v0.8.2
[INFO] [stderr]    Compiling regex v1.7.1
[INFO] [stderr]    Compiling thiserror-impl v1.0.38
[INFO] [stderr]    Compiling pest v2.5.2
[INFO] [stderr]    Compiling pest_meta v2.5.2
[INFO] [stderr]    Compiling pest_generator v2.5.2
[INFO] [stderr]    Compiling pest_derive v2.5.2
[INFO] [stderr]    Compiling adv-of-code-2022 v0.1.0 (/opt/rustwide/workdir)
[INFO] [stdout] warning: unused import: `collections::HashSet`
[INFO] [stdout]  --> src/day15/mod.rs:1:45
[INFO] [stdout]   |
[INFO] [stdout] 1 | use std::{error::Error, num::ParseIntError, collections::HashSet};
[INFO] [stdout]   |                                             ^^^^^^^^^^^^^^^^^^^^
[INFO] [stdout]   |
[INFO] [stdout]   = note: `#[warn(unused_imports)]` on by default
[INFO] [stdout] 
[INFO] [stdout] 
[INFO] [stdout] warning: unused variable: `min_x`
[INFO] [stdout]    --> src/day15/mod.rs:108:9
[INFO] [stdout]     |
[INFO] [stdout] 108 |     let min_x = sensors.iter().map(|s| s.pos.0 - (s.covered_range as i32)).min().ok_or("empty sensor list in min_x")?;
[INFO] [stdout]     |         ^^^^^ help: if this is intentional, prefix it with an underscore: `_min_x`
[INFO] [stdout]     |
[INFO] [stdout]     = note: `#[warn(unused_variables)]` on by default
[INFO] [stdout] 
[INFO] [stdout] 
[INFO] [stdout] warning: unused variable: `max_x`
[INFO] [stdout]    --> src/day15/mod.rs:109:9
[INFO] [stdout]     |
[INFO] [stdout] 109 |     let max_x = sensors.iter().map(|s| s.pos.0 + (s.covered_range as i32)).max().ok_or("empty sensor list in max_x")?;
[INFO] [stdout]     |         ^^^^^ help: if this is intentional, prefix it with an underscore: `_max_x`
[INFO] [stdout] 
[INFO] [stdout] 
[INFO] [stdout] warning: field `closest_beacon` is never read
[INFO] [stdout]   --> src/day15/mod.rs:12:5
[INFO] [stdout]    |
[INFO] [stdout] 10 | struct Sensor {
[INFO] [stdout]    |        ------ field in this struct
[INFO] [stdout] 11 |     pos: Coord,
[INFO] [stdout] 12 |     closest_beacon: Coord,
[INFO] [stdout]    |     ^^^^^^^^^^^^^^
[INFO] [stdout]    |
[INFO] [stdout]    = note: `Sensor` has a derived impl for the trait `Debug`, but this is intentionally ignored during dead code analysis
[INFO] [stdout]    = note: `#[warn(dead_code)]` on by default
[INFO] [stdout] 
[INFO] [stdout] 
[INFO] [stdout] warning: field `0` is never read
[INFO] [stdout]   --> src/day7.rs:11:15
[INFO] [stdout]    |
[INFO] [stdout] 11 |     DirOutput(String),
[INFO] [stdout]    |     --------- ^^^^^^
[INFO] [stdout]    |     |
[INFO] [stdout]    |     field in this variant
[INFO] [stdout]    |
[INFO] [stdout]    = note: `LsCmdOutput` has a derived impl for the trait `Debug`, but this is intentionally ignored during dead code analysis
[INFO] [stdout] help: consider changing the field to be of unit type to suppress this warning while preserving the field numbering, or remove the field
[INFO] [stdout]    |
[INFO] [stdout] 11 |     DirOutput(()),
[INFO] [stdout]    |               ~~
[INFO] [stdout] 
[INFO] [stdout] 
[INFO] [stderr]     Finished `dev` profile [unoptimized + debuginfo] target(s) in 15.59s
[INFO] running `Command { std: "docker" "inspect" "65fc4c799c85c626f71aeedde2092a260cefc928666d3e1aeffdceaebf9a9bd5", kill_on_drop: false }`
[INFO] running `Command { std: "docker" "rm" "-f" "65fc4c799c85c626f71aeedde2092a260cefc928666d3e1aeffdceaebf9a9bd5", kill_on_drop: false }`
[INFO] [stdout] 65fc4c799c85c626f71aeedde2092a260cefc928666d3e1aeffdceaebf9a9bd5
[INFO] running `Command { std: "docker" "create" "-v" "/var/lib/crater-agent-workspace/builds/worker-1-tc2/target:/opt/rustwide/target:rw,Z" "-v" "/var/lib/crater-agent-workspace/builds/worker-1-tc2/source:/opt/rustwide/workdir:ro,Z" "-v" "/var/lib/crater-agent-workspace/cargo-home:/opt/rustwide/cargo-home:ro,Z" "-v" "/var/lib/crater-agent-workspace/rustup-home:/opt/rustwide/rustup-home:ro,Z" "-e" "SOURCE_DIR=/opt/rustwide/workdir" "-e" "CARGO_TARGET_DIR=/opt/rustwide/target" "-e" "CARGO_INCREMENTAL=0" "-e" "RUST_BACKTRACE=full" "-e" "RUSTFLAGS=--cap-lints=warn" "-e" "RUSTDOCFLAGS=--cap-lints=warn" "-e" "CARGO_HOME=/opt/rustwide/cargo-home" "-e" "RUSTUP_HOME=/opt/rustwide/rustup-home" "-w" "/opt/rustwide/workdir" "-m" "1610612736" "--user" "0:0" "--network" "none" "ghcr.io/rust-lang/crates-build-env/linux@sha256:f3a9d4ad9d972b27faf3965f35b62e55ba32bbce8f20bc8fe909558a86702fde" "/opt/rustwide/cargo-home/bin/cargo" "+beta-2024-12-08" "test" "--frozen" "--no-run" "--message-format=json", kill_on_drop: false }`
[INFO] [stdout] 0bde92b23efeda1e7c7880b2f1f0bae93389eb068a4189aec1aa8979d711c871
[INFO] running `Command { std: "docker" "start" "-a" "0bde92b23efeda1e7c7880b2f1f0bae93389eb068a4189aec1aa8979d711c871", kill_on_drop: false }`
[INFO] [stderr]    Compiling adv-of-code-2022 v0.1.0 (/opt/rustwide/workdir)
[INFO] [stdout] warning: unused import: `collections::HashSet`
[INFO] [stdout]  --> src/day15/mod.rs:1:45
[INFO] [stdout]   |
[INFO] [stdout] 1 | use std::{error::Error, num::ParseIntError, collections::HashSet};
[INFO] [stdout]   |                                             ^^^^^^^^^^^^^^^^^^^^
[INFO] [stdout]   |
[INFO] [stdout]   = note: `#[warn(unused_imports)]` on by default
[INFO] [stdout] 
[INFO] [stdout] 
[INFO] [stdout] warning: unused variable: `min_x`
[INFO] [stdout]    --> src/day15/mod.rs:108:9
[INFO] [stdout]     |
[INFO] [stdout] 108 |     let min_x = sensors.iter().map(|s| s.pos.0 - (s.covered_range as i32)).min().ok_or("empty sensor list in min_x")?;
[INFO] [stdout]     |         ^^^^^ help: if this is intentional, prefix it with an underscore: `_min_x`
[INFO] [stdout]     |
[INFO] [stdout]     = note: `#[warn(unused_variables)]` on by default
[INFO] [stdout] 
[INFO] [stdout] 
[INFO] [stdout] warning: unused variable: `max_x`
[INFO] [stdout]    --> src/day15/mod.rs:109:9
[INFO] [stdout]     |
[INFO] [stdout] 109 |     let max_x = sensors.iter().map(|s| s.pos.0 + (s.covered_range as i32)).max().ok_or("empty sensor list in max_x")?;
[INFO] [stdout]     |         ^^^^^ help: if this is intentional, prefix it with an underscore: `_max_x`
[INFO] [stdout] 
[INFO] [stdout] 
[INFO] [stdout] warning: field `closest_beacon` is never read
[INFO] [stdout]   --> src/day15/mod.rs:12:5
[INFO] [stdout]    |
[INFO] [stdout] 10 | struct Sensor {
[INFO] [stdout]    |        ------ field in this struct
[INFO] [stdout] 11 |     pos: Coord,
[INFO] [stdout] 12 |     closest_beacon: Coord,
[INFO] [stdout]    |     ^^^^^^^^^^^^^^
[INFO] [stdout]    |
[INFO] [stdout]    = note: `Sensor` has a derived impl for the trait `Debug`, but this is intentionally ignored during dead code analysis
[INFO] [stdout]    = note: `#[warn(dead_code)]` on by default
[INFO] [stdout] 
[INFO] [stdout] 
[INFO] [stdout] warning: field `0` is never read
[INFO] [stdout]   --> src/day7.rs:11:15
[INFO] [stdout]    |
[INFO] [stdout] 11 |     DirOutput(String),
[INFO] [stdout]    |     --------- ^^^^^^
[INFO] [stdout]    |     |
[INFO] [stdout]    |     field in this variant
[INFO] [stdout]    |
[INFO] [stdout]    = note: `LsCmdOutput` has a derived impl for the trait `Debug`, but this is intentionally ignored during dead code analysis
[INFO] [stdout] help: consider changing the field to be of unit type to suppress this warning while preserving the field numbering, or remove the field
[INFO] [stdout]    |
[INFO] [stdout] 11 |     DirOutput(()),
[INFO] [stdout]    |               ~~
[INFO] [stdout] 
[INFO] [stdout] 
[INFO] [stdout] warning: unused import: `collections::HashSet`
[INFO] [stdout]  --> src/day15/mod.rs:1:45
[INFO] [stdout]   |
[INFO] [stdout] 1 | use std::{error::Error, num::ParseIntError, collections::HashSet};
[INFO] [stdout]   |                                             ^^^^^^^^^^^^^^^^^^^^
[INFO] [stdout]   |
[INFO] [stdout]   = note: `#[warn(unused_imports)]` on by default
[INFO] [stdout] 
[INFO] [stdout] 
[INFO] [stdout] warning: unused variable: `min_x`
[INFO] [stdout]    --> src/day15/mod.rs:108:9
[INFO] [stdout]     |
[INFO] [stdout] 108 |     let min_x = sensors.iter().map(|s| s.pos.0 - (s.covered_range as i32)).min().ok_or("empty sensor list in min_x")?;
[INFO] [stdout]     |         ^^^^^ help: if this is intentional, prefix it with an underscore: `_min_x`
[INFO] [stdout]     |
[INFO] [stdout]     = note: `#[warn(unused_variables)]` on by default
[INFO] [stdout] 
[INFO] [stdout] 
[INFO] [stdout] warning: unused variable: `max_x`
[INFO] [stdout]    --> src/day15/mod.rs:109:9
[INFO] [stdout]     |
[INFO] [stdout] 109 |     let max_x = sensors.iter().map(|s| s.pos.0 + (s.covered_range as i32)).max().ok_or("empty sensor list in max_x")?;
[INFO] [stdout]     |         ^^^^^ help: if this is intentional, prefix it with an underscore: `_max_x`
[INFO] [stdout] 
[INFO] [stdout] 
[INFO] [stdout] warning: field `closest_beacon` is never read
[INFO] [stdout]   --> src/day15/mod.rs:12:5
[INFO] [stdout]    |
[INFO] [stdout] 10 | struct Sensor {
[INFO] [stdout]    |        ------ field in this struct
[INFO] [stdout] 11 |     pos: Coord,
[INFO] [stdout] 12 |     closest_beacon: Coord,
[INFO] [stdout]    |     ^^^^^^^^^^^^^^
[INFO] [stdout]    |
[INFO] [stdout]    = note: `Sensor` has a derived impl for the trait `Debug`, but this is intentionally ignored during dead code analysis
[INFO] [stdout]    = note: `#[warn(dead_code)]` on by default
[INFO] [stdout] 
[INFO] [stdout] 
[INFO] [stdout] warning: field `0` is never read
[INFO] [stdout]   --> src/day7.rs:11:15
[INFO] [stdout]    |
[INFO] [stdout] 11 |     DirOutput(String),
[INFO] [stdout]    |     --------- ^^^^^^
[INFO] [stdout]    |     |
[INFO] [stdout]    |     field in this variant
[INFO] [stdout]    |
[INFO] [stdout]    = note: `LsCmdOutput` has a derived impl for the trait `Debug`, but this is intentionally ignored during dead code analysis
[INFO] [stdout] help: consider changing the field to be of unit type to suppress this warning while preserving the field numbering, or remove the field
[INFO] [stdout]    |
[INFO] [stdout] 11 |     DirOutput(()),
[INFO] [stdout]    |               ~~
[INFO] [stdout] 
[INFO] [stdout] 
[INFO] [stderr]     Finished `test` profile [unoptimized + debuginfo] target(s) in 2.04s
[INFO] running `Command { std: "docker" "inspect" "0bde92b23efeda1e7c7880b2f1f0bae93389eb068a4189aec1aa8979d711c871", kill_on_drop: false }`
[INFO] running `Command { std: "docker" "rm" "-f" "0bde92b23efeda1e7c7880b2f1f0bae93389eb068a4189aec1aa8979d711c871", kill_on_drop: false }`
[INFO] [stdout] 0bde92b23efeda1e7c7880b2f1f0bae93389eb068a4189aec1aa8979d711c871
[INFO] running `Command { std: "docker" "create" "-v" "/var/lib/crater-agent-workspace/builds/worker-1-tc2/target:/opt/rustwide/target:rw,Z" "-v" "/var/lib/crater-agent-workspace/builds/worker-1-tc2/source:/opt/rustwide/workdir:ro,Z" "-v" "/var/lib/crater-agent-workspace/cargo-home:/opt/rustwide/cargo-home:ro,Z" "-v" "/var/lib/crater-agent-workspace/rustup-home:/opt/rustwide/rustup-home:ro,Z" "-e" "SOURCE_DIR=/opt/rustwide/workdir" "-e" "CARGO_TARGET_DIR=/opt/rustwide/target" "-e" "CARGO_INCREMENTAL=0" "-e" "RUST_BACKTRACE=full" "-e" "RUSTFLAGS=--cap-lints=warn" "-e" "RUSTDOCFLAGS=--cap-lints=warn" "-e" "CARGO_HOME=/opt/rustwide/cargo-home" "-e" "RUSTUP_HOME=/opt/rustwide/rustup-home" "-w" "/opt/rustwide/workdir" "-m" "1610612736" "--user" "0:0" "--network" "none" "ghcr.io/rust-lang/crates-build-env/linux@sha256:f3a9d4ad9d972b27faf3965f35b62e55ba32bbce8f20bc8fe909558a86702fde" "/opt/rustwide/cargo-home/bin/cargo" "+beta-2024-12-08" "test" "--frozen", kill_on_drop: false }`
[INFO] [stdout] f1c5b514a91edd9191b7847bce44edb12b5a1d1461308c30cca43db22bade88a
[INFO] running `Command { std: "docker" "start" "-a" "f1c5b514a91edd9191b7847bce44edb12b5a1d1461308c30cca43db22bade88a", kill_on_drop: false }`
[INFO] [stderr] warning: unused import: `collections::HashSet`
[INFO] [stderr]  --> src/day15/mod.rs:1:45
[INFO] [stderr]   |
[INFO] [stderr] 1 | use std::{error::Error, num::ParseIntError, collections::HashSet};
[INFO] [stderr]   |                                             ^^^^^^^^^^^^^^^^^^^^
[INFO] [stderr]   |
[INFO] [stderr]   = note: `#[warn(unused_imports)]` on by default
[INFO] [stderr] 
[INFO] [stderr] warning: unused variable: `min_x`
[INFO] [stderr]    --> src/day15/mod.rs:108:9
[INFO] [stderr]     |
[INFO] [stderr] 108 |     let min_x = sensors.iter().map(|s| s.pos.0 - (s.covered_range as i32)).min().ok_or("empty sensor list in min_x")?;
[INFO] [stderr]     |         ^^^^^ help: if this is intentional, prefix it with an underscore: `_min_x`
[INFO] [stderr]     |
[INFO] [stderr]     = note: `#[warn(unused_variables)]` on by default
[INFO] [stderr] 
[INFO] [stderr] warning: unused variable: `max_x`
[INFO] [stderr]    --> src/day15/mod.rs:109:9
[INFO] [stderr]     |
[INFO] [stderr] 109 |     let max_x = sensors.iter().map(|s| s.pos.0 + (s.covered_range as i32)).max().ok_or("empty sensor list in max_x")?;
[INFO] [stderr]     |         ^^^^^ help: if this is intentional, prefix it with an underscore: `_max_x`
[INFO] [stderr] 
[INFO] [stderr] warning: field `closest_beacon` is never read
[INFO] [stderr]   --> src/day15/mod.rs:12:5
[INFO] [stderr]    |
[INFO] [stderr] 10 | struct Sensor {
[INFO] [stderr]    |        ------ field in this struct
[INFO] [stderr] 11 |     pos: Coord,
[INFO] [stderr] 12 |     closest_beacon: Coord,
[INFO] [stderr]    |     ^^^^^^^^^^^^^^
[INFO] [stderr]    |
[INFO] [stderr]    = note: `Sensor` has a derived impl for the trait `Debug`, but this is intentionally ignored during dead code analysis
[INFO] [stderr]    = note: `#[warn(dead_code)]` on by default
[INFO] [stderr] 
[INFO] [stderr] warning: field `0` is never read
[INFO] [stderr]   --> src/day7.rs:11:15
[INFO] [stderr]    |
[INFO] [stderr] 11 |     DirOutput(String),
[INFO] [stderr]    |     --------- ^^^^^^
[INFO] [stderr]    |     |
[INFO] [stderr]    |     field in this variant
[INFO] [stderr]    |
[INFO] [stderr]    = note: `LsCmdOutput` has a derived impl for the trait `Debug`, but this is intentionally ignored during dead code analysis
[INFO] [stderr] help: consider changing the field to be of unit type to suppress this warning while preserving the field numbering, or remove the field
[INFO] [stderr]    |
[INFO] [stderr] 11 |     DirOutput(()),
[INFO] [stderr]    |               ~~
[INFO] [stderr] 
[INFO] [stderr] warning: `adv-of-code-2022` (lib) generated 5 warnings (run `cargo fix --lib -p adv-of-code-2022` to apply 1 suggestion)
[INFO] [stderr] warning: `adv-of-code-2022` (lib test) generated 5 warnings (5 duplicates)
[INFO] [stderr]     Finished `test` profile [unoptimized + debuginfo] target(s) in 0.04s
[INFO] [stderr]      Running unittests src/lib.rs (/opt/rustwide/target/debug/deps/adv_of_code_2022-87c91caf614dbabc)
[INFO] [stdout] 
[INFO] [stdout] running 5 tests
[INFO] [stdout] test day11::parser::parser_test::parse_monkey_test ... ok
[INFO] [stdout] test day15::sensor_test::sensor_perimiter_test_range_one_with_bounds ... ok
[INFO] [stdout] test day11::parser::parser_test::parse_monkeys_test ... ok
[INFO] [stdout] test day15::sensor_test::sensor_perimiter_test_range_zero ... ok
[INFO] [stdout] test day15::sensor_test::sensor_perimiter_test_range_one ... FAILED
[INFO] [stdout] 
[INFO] [stdout] failures:
[INFO] [stdout] 
[INFO] [stdout] ---- day15::sensor_test::sensor_perimiter_test_range_one stdout ----
[INFO] [stdout] thread 'day15::sensor_test::sensor_perimiter_test_range_one' panicked at src/day15/mod.rs:34:9:
[INFO] [stdout] assertion `left == right` failed
[INFO] [stdout]   left: [(0, -2), (1, -1), (2, 0), (1, 1), (0, 2), (-1, 1), (-2, 0), (-1, -1)]
[INFO] [stdout]  right: [(0, -2), (1, -1), (2, 0), (1, 1), (0, 2), (-2, 0), (-1, 1), (-1, -1)]
[INFO] [stdout] stack backtrace:
[INFO] [stdout]    0:     0x621d300b5b6a - std::backtrace_rs::backtrace::libunwind::trace::h8810477743020387
[INFO] [stdout]                                at /rustc/202008a1b8de96d2e5b6bc02d379db03a877d34d/library/std/src/../../backtrace/src/backtrace/libunwind.rs:116:5
[INFO] [stdout]    1:     0x621d300b5b6a - std::backtrace_rs::backtrace::trace_unsynchronized::h3aa55355dd6c54a6
[INFO] [stdout]                                at /rustc/202008a1b8de96d2e5b6bc02d379db03a877d34d/library/std/src/../../backtrace/src/backtrace/mod.rs:66:5
[INFO] [stdout]    2:     0x621d300b5b6a - std::sys::backtrace::_print_fmt::h8588b0f62410823f
[INFO] [stdout]                                at /rustc/202008a1b8de96d2e5b6bc02d379db03a877d34d/library/std/src/sys/backtrace.rs:66:9
[INFO] [stdout]    3:     0x621d300b5b6a - <std::sys::backtrace::BacktraceLock::print::DisplayBacktrace as core::fmt::Display>::fmt::h98c26ac25ffe89bb
[INFO] [stdout]                                at /rustc/202008a1b8de96d2e5b6bc02d379db03a877d34d/library/std/src/sys/backtrace.rs:39:26
[INFO] [stdout]    4:     0x621d300db5f3 - core::fmt::rt::Argument::fmt::hf95377f4aebd453b
[INFO] [stdout]                                at /rustc/202008a1b8de96d2e5b6bc02d379db03a877d34d/library/core/src/fmt/rt.rs:177:76
[INFO] [stdout]    5:     0x621d300db5f3 - core::fmt::write::h0dd5f6e2238c7982
[INFO] [stdout]                                at /rustc/202008a1b8de96d2e5b6bc02d379db03a877d34d/library/core/src/fmt/mod.rs:1189:21
[INFO] [stdout]    6:     0x621d300b2d03 - std::io::Write::write_fmt::h03bb0ca26e6faf8c
[INFO] [stdout]                                at /rustc/202008a1b8de96d2e5b6bc02d379db03a877d34d/library/std/src/io/mod.rs:1884:15
[INFO] [stdout]    7:     0x621d300b59b2 - std::sys::backtrace::BacktraceLock::print::h5c19c1c038ee186d
[INFO] [stdout]                                at /rustc/202008a1b8de96d2e5b6bc02d379db03a877d34d/library/std/src/sys/backtrace.rs:42:9
[INFO] [stdout]    8:     0x621d300b6fed - std::panicking::default_hook::{{closure}}::h77172f079a1fcb13
[INFO] [stdout]                                at /rustc/202008a1b8de96d2e5b6bc02d379db03a877d34d/library/std/src/panicking.rs:268:22
[INFO] [stdout]    9:     0x621d300b6df7 - std::panicking::default_hook::he5f8e3b203ccddba
[INFO] [stdout]                                at /rustc/202008a1b8de96d2e5b6bc02d379db03a877d34d/library/std/src/panicking.rs:292:9
[INFO] [stdout]   10:     0x621d30074287 - <alloc::boxed::Box<F,A> as core::ops::function::Fn<Args>>::call::h7a3c7b4a1ae77f2f
[INFO] [stdout]                                at /rustc/202008a1b8de96d2e5b6bc02d379db03a877d34d/library/alloc/src/boxed.rs:1986:9
[INFO] [stdout]   11:     0x621d30074287 - test::test_main::{{closure}}::hf0d3b69ae9b353d1
[INFO] [stdout]                                at /rustc/202008a1b8de96d2e5b6bc02d379db03a877d34d/library/test/src/lib.rs:134:21
[INFO] [stdout]   12:     0x621d300b7698 - <alloc::boxed::Box<F,A> as core::ops::function::Fn<Args>>::call::h6332e82e7b189abd
[INFO] [stdout]                                at /rustc/202008a1b8de96d2e5b6bc02d379db03a877d34d/library/alloc/src/boxed.rs:1986:9
[INFO] [stdout]   13:     0x621d300b7698 - std::panicking::rust_panic_with_hook::h53863d4e9018df39
[INFO] [stdout]                                at /rustc/202008a1b8de96d2e5b6bc02d379db03a877d34d/library/std/src/panicking.rs:809:13
[INFO] [stdout]   14:     0x621d300b745a - std::panicking::begin_panic_handler::{{closure}}::h67280e6fa0757873
[INFO] [stdout]                                at /rustc/202008a1b8de96d2e5b6bc02d379db03a877d34d/library/std/src/panicking.rs:674:13
[INFO] [stdout]   15:     0x621d300b6049 - std::sys::backtrace::__rust_end_short_backtrace::h1dac3f54d6fbbeb2
[INFO] [stdout]                                at /rustc/202008a1b8de96d2e5b6bc02d379db03a877d34d/library/std/src/sys/backtrace.rs:170:18
[INFO] [stdout]   16:     0x621d300b70ec - rust_begin_unwind
[INFO] [stdout]                                at /rustc/202008a1b8de96d2e5b6bc02d379db03a877d34d/library/std/src/panicking.rs:665:5
[INFO] [stdout]   17:     0x621d2ffffaf0 - core::panicking::panic_fmt::h6792bd1b2bf01041
[INFO] [stdout]                                at /rustc/202008a1b8de96d2e5b6bc02d379db03a877d34d/library/core/src/panicking.rs:76:14
[INFO] [stdout]   18:     0x621d2ffffef4 - core::panicking::assert_failed_inner::hf2c17e6d30928787
[INFO] [stdout]   19:     0x621d3002970b - core::panicking::assert_failed::h3503501c6b03ae89
[INFO] [stdout]                                at /rustc/202008a1b8de96d2e5b6bc02d379db03a877d34d/library/core/src/panicking.rs:373:5
[INFO] [stdout]   20:     0x621d3002ae9b - adv_of_code_2022::day15::sensor_test::sensor_perimiter_test_range_one::h41c63bd7b59962da
[INFO] [stdout]                                at /opt/rustwide/workdir/src/day15/mod.rs:34:9
[INFO] [stdout]   21:     0x621d3002ace7 - adv_of_code_2022::day15::sensor_test::sensor_perimiter_test_range_one::{{closure}}::h61c7000d14c75ad5
[INFO] [stdout]                                at /opt/rustwide/workdir/src/day15/mod.rs:30:41
[INFO] [stdout]   22:     0x621d30028476 - core::ops::function::FnOnce::call_once::hec3d2d2da6f15ba6
[INFO] [stdout]                                at /rustc/202008a1b8de96d2e5b6bc02d379db03a877d34d/library/core/src/ops/function.rs:250:5
[INFO] [stdout]   23:     0x621d30078dab - core::ops::function::FnOnce::call_once::h871bf86719ec9aa4
[INFO] [stdout]                                at /rustc/202008a1b8de96d2e5b6bc02d379db03a877d34d/library/core/src/ops/function.rs:250:5
[INFO] [stdout]   24:     0x621d30078dab - test::__rust_begin_short_backtrace::h2167df1e2b7d76fd
[INFO] [stdout]                                at /rustc/202008a1b8de96d2e5b6bc02d379db03a877d34d/library/test/src/lib.rs:632:18
[INFO] [stdout]   25:     0x621d30078798 - test::run_test_in_process::{{closure}}::h15d92f75a3adfb79
[INFO] [stdout]                                at /rustc/202008a1b8de96d2e5b6bc02d379db03a877d34d/library/test/src/lib.rs:655:60
[INFO] [stdout]   26:     0x621d30078798 - <core::panic::unwind_safe::AssertUnwindSafe<F> as core::ops::function::FnOnce<()>>::call_once::hb6c8955835a8dbbb
[INFO] [stdout]                                at /rustc/202008a1b8de96d2e5b6bc02d379db03a877d34d/library/core/src/panic/unwind_safe.rs:272:9
[INFO] [stdout]   27:     0x621d30078798 - std::panicking::try::do_call::hc79d0fc888a0bd30
[INFO] [stdout]                                at /rustc/202008a1b8de96d2e5b6bc02d379db03a877d34d/library/std/src/panicking.rs:557:40
[INFO] [stdout]   28:     0x621d30078798 - std::panicking::try::hb8a7878e3a8589d6
[INFO] [stdout]                                at /rustc/202008a1b8de96d2e5b6bc02d379db03a877d34d/library/std/src/panicking.rs:520:19
[INFO] [stdout]   29:     0x621d30078798 - std::panic::catch_unwind::hb8e4600ff0ff5cfa
[INFO] [stdout]                                at /rustc/202008a1b8de96d2e5b6bc02d379db03a877d34d/library/std/src/panic.rs:358:14
[INFO] [stdout]   30:     0x621d30078798 - test::run_test_in_process::hc2900b0b18688dd6
[INFO] [stdout]                                at /rustc/202008a1b8de96d2e5b6bc02d379db03a877d34d/library/test/src/lib.rs:655:27
[INFO] [stdout]   31:     0x621d30078798 - test::run_test::{{closure}}::hac2a9cb07be3d48d
[INFO] [stdout]                                at /rustc/202008a1b8de96d2e5b6bc02d379db03a877d34d/library/test/src/lib.rs:576:43
[INFO] [stdout]   32:     0x621d3003c23a - test::run_test::{{closure}}::h4a5b729e66a38cd8
[INFO] [stdout]                                at /rustc/202008a1b8de96d2e5b6bc02d379db03a877d34d/library/test/src/lib.rs:606:41
[INFO] [stdout]   33:     0x621d3003c23a - std::sys::backtrace::__rust_begin_short_backtrace::h0496fb742492f573
[INFO] [stdout]                                at /rustc/202008a1b8de96d2e5b6bc02d379db03a877d34d/library/std/src/sys/backtrace.rs:154:18
[INFO] [stdout]   34:     0x621d3003fbb4 - std::thread::Builder::spawn_unchecked_::{{closure}}::{{closure}}::hbb6d257c550a54bd
[INFO] [stdout]                                at /rustc/202008a1b8de96d2e5b6bc02d379db03a877d34d/library/std/src/thread/mod.rs:561:17
[INFO] [stdout]   35:     0x621d3003fbb4 - <core::panic::unwind_safe::AssertUnwindSafe<F> as core::ops::function::FnOnce<()>>::call_once::h46696fe4a6832328
[INFO] [stdout]                                at /rustc/202008a1b8de96d2e5b6bc02d379db03a877d34d/library/core/src/panic/unwind_safe.rs:272:9
[INFO] [stdout]   36:     0x621d3003fbb4 - std::panicking::try::do_call::h2625a51b667bfb64
[INFO] [stdout]                                at /rustc/202008a1b8de96d2e5b6bc02d379db03a877d34d/library/std/src/panicking.rs:557:40
[INFO] [stdout]   37:     0x621d3003fbb4 - std::panicking::try::hb956a59a1973aa4c
[INFO] [stdout]                                at /rustc/202008a1b8de96d2e5b6bc02d379db03a877d34d/library/std/src/panicking.rs:520:19
[INFO] [stdout]   38:     0x621d3003fbb4 - std::panic::catch_unwind::h64f3b9d1067ef6a0
[INFO] [stdout]                                at /rustc/202008a1b8de96d2e5b6bc02d379db03a877d34d/library/std/src/panic.rs:358:14
[INFO] [stdout]   39:     0x621d3003fbb4 - std::thread::Builder::spawn_unchecked_::{{closure}}::h42b2841295b6c0b2
[INFO] [stdout]                                at /rustc/202008a1b8de96d2e5b6bc02d379db03a877d34d/library/std/src/thread/mod.rs:559:30
[INFO] [stdout]   40:     0x621d3003fbb4 - core::ops::function::FnOnce::call_once{{vtable.shim}}::h6127de71b8124639
[INFO] [stdout]                                at /rustc/202008a1b8de96d2e5b6bc02d379db03a877d34d/library/core/src/ops/function.rs:250:5
[INFO] [stdout]   41:     0x621d300bb5db - <alloc::boxed::Box<F,A> as core::ops::function::FnOnce<Args>>::call_once::h42f0ba71002a1b2c
[INFO] [stdout]                                at /rustc/202008a1b8de96d2e5b6bc02d379db03a877d34d/library/alloc/src/boxed.rs:1972:9
[INFO] [stdout]   42:     0x621d300bb5db - <alloc::boxed::Box<F,A> as core::ops::function::FnOnce<Args>>::call_once::had9e47d7a3dcecb8
[INFO] [stdout]                                at /rustc/202008a1b8de96d2e5b6bc02d379db03a877d34d/library/alloc/src/boxed.rs:1972:9
[INFO] [stdout]   43:     0x621d300bb5db - std::sys::pal::unix::thread::Thread::new::thread_start::h48cf765408f6f5f2
[INFO] [stdout]                                at /rustc/202008a1b8de96d2e5b6bc02d379db03a877d34d/library/std/src/sys/pal/unix/thread.rs:105:17
[INFO] [stdout]   44:     0x7be2f1801ac3 - <unknown>
[INFO] [stdout]   45:     0x7be2f1892a04 - clone
[INFO] [stdout]   46:                0x0 - <unknown>
[INFO] [stdout] 
[INFO] [stderr] error: test failed, to rerun pass `--lib`
[INFO] [stdout] 
[INFO] [stdout] failures:
[INFO] [stdout]     day15::sensor_test::sensor_perimiter_test_range_one
[INFO] [stdout] 
[INFO] [stdout] test result: FAILED. 4 passed; 1 failed; 0 ignored; 0 measured; 0 filtered out; finished in 0.05s
[INFO] [stdout] 
[INFO] running `Command { std: "docker" "inspect" "f1c5b514a91edd9191b7847bce44edb12b5a1d1461308c30cca43db22bade88a", kill_on_drop: false }`
[INFO] running `Command { std: "docker" "rm" "-f" "f1c5b514a91edd9191b7847bce44edb12b5a1d1461308c30cca43db22bade88a", kill_on_drop: false }`
[INFO] [stdout] f1c5b514a91edd9191b7847bce44edb12b5a1d1461308c30cca43db22bade88a
