[INFO] cloning repository https://github.com/n8ta/crlox
[INFO] running `Command { std: "git" "-c" "credential.helper=" "-c" "credential.helper=/workspace/cargo-home/bin/git-credential-null" "clone" "--bare" "https://github.com/n8ta/crlox" "/workspace/cache/git-repos/https%3A%2F%2Fgithub.com%2Fn8ta%2Fcrlox", kill_on_drop: false }`
[INFO] [stderr] Cloning into bare repository '/workspace/cache/git-repos/https%3A%2F%2Fgithub.com%2Fn8ta%2Fcrlox'...
[INFO] running `Command { std: "git" "rev-parse" "HEAD", kill_on_drop: false }`
[INFO] [stdout] 04b9ba5511781b30126b4d97744318e9f2964f3f
[INFO] testing n8ta/crlox against beta-2024-12-08 for beta-1.84.0-4-retry
[INFO] running `Command { std: "git" "clone" "/workspace/cache/git-repos/https%3A%2F%2Fgithub.com%2Fn8ta%2Fcrlox" "/workspace/builds/worker-3-tc2/source", kill_on_drop: false }`
[INFO] [stderr] Cloning into '/workspace/builds/worker-3-tc2/source'...
[INFO] [stderr] done.
[INFO] validating manifest of git repo https://github.com/n8ta/crlox on toolchain beta-2024-12-08
[INFO] running `Command { std: CARGO_HOME="/workspace/cargo-home" RUSTUP_HOME="/workspace/rustup-home" "/workspace/cargo-home/bin/cargo" "+beta-2024-12-08" "metadata" "--manifest-path" "Cargo.toml" "--no-deps", kill_on_drop: false }`
[INFO] started tweaking git repo https://github.com/n8ta/crlox
[INFO] finished tweaking git repo https://github.com/n8ta/crlox
[INFO] tweaked toml for git repo https://github.com/n8ta/crlox written to /workspace/builds/worker-3-tc2/source/Cargo.toml
[INFO] crate git repo https://github.com/n8ta/crlox already has a lockfile, it will not be regenerated
[INFO] running `Command { std: CARGO_HOME="/workspace/cargo-home" RUSTUP_HOME="/workspace/rustup-home" "/workspace/cargo-home/bin/cargo" "+beta-2024-12-08" "fetch" "--manifest-path" "Cargo.toml", kill_on_drop: false }`
[INFO] running `Command { std: "docker" "create" "-v" "/var/lib/crater-agent-workspace/builds/worker-3-tc2/target:/opt/rustwide/target:rw,Z" "-v" "/var/lib/crater-agent-workspace/builds/worker-3-tc2/source:/opt/rustwide/workdir:ro,Z" "-v" "/var/lib/crater-agent-workspace/cargo-home:/opt/rustwide/cargo-home:ro,Z" "-v" "/var/lib/crater-agent-workspace/rustup-home:/opt/rustwide/rustup-home:ro,Z" "-e" "SOURCE_DIR=/opt/rustwide/workdir" "-e" "CARGO_TARGET_DIR=/opt/rustwide/target" "-e" "CARGO_HOME=/opt/rustwide/cargo-home" "-e" "RUSTUP_HOME=/opt/rustwide/rustup-home" "-w" "/opt/rustwide/workdir" "-m" "1610612736" "--user" "0:0" "--network" "none" "ghcr.io/rust-lang/crates-build-env/linux@sha256:f3a9d4ad9d972b27faf3965f35b62e55ba32bbce8f20bc8fe909558a86702fde" "/opt/rustwide/cargo-home/bin/cargo" "+beta-2024-12-08" "metadata" "--no-deps" "--format-version=1", kill_on_drop: false }`
[INFO] [stdout] 8ebf244f43e7db99e16d63801dc303e0102a6dc711e5ad6c87b256003bd2377b
[INFO] running `Command { std: "docker" "start" "-a" "8ebf244f43e7db99e16d63801dc303e0102a6dc711e5ad6c87b256003bd2377b", kill_on_drop: false }`
[INFO] running `Command { std: "docker" "inspect" "8ebf244f43e7db99e16d63801dc303e0102a6dc711e5ad6c87b256003bd2377b", kill_on_drop: false }`
[INFO] running `Command { std: "docker" "rm" "-f" "8ebf244f43e7db99e16d63801dc303e0102a6dc711e5ad6c87b256003bd2377b", kill_on_drop: false }`
[INFO] [stdout] 8ebf244f43e7db99e16d63801dc303e0102a6dc711e5ad6c87b256003bd2377b
[INFO] running `Command { std: "docker" "create" "-v" "/var/lib/crater-agent-workspace/builds/worker-3-tc2/target:/opt/rustwide/target:rw,Z" "-v" "/var/lib/crater-agent-workspace/builds/worker-3-tc2/source:/opt/rustwide/workdir:ro,Z" "-v" "/var/lib/crater-agent-workspace/cargo-home:/opt/rustwide/cargo-home:ro,Z" "-v" "/var/lib/crater-agent-workspace/rustup-home:/opt/rustwide/rustup-home:ro,Z" "-e" "SOURCE_DIR=/opt/rustwide/workdir" "-e" "CARGO_TARGET_DIR=/opt/rustwide/target" "-e" "CARGO_INCREMENTAL=0" "-e" "RUST_BACKTRACE=full" "-e" "RUSTFLAGS=--cap-lints=warn" "-e" "RUSTDOCFLAGS=--cap-lints=warn" "-e" "CARGO_HOME=/opt/rustwide/cargo-home" "-e" "RUSTUP_HOME=/opt/rustwide/rustup-home" "-w" "/opt/rustwide/workdir" "-m" "1610612736" "--user" "0:0" "--network" "none" "ghcr.io/rust-lang/crates-build-env/linux@sha256:f3a9d4ad9d972b27faf3965f35b62e55ba32bbce8f20bc8fe909558a86702fde" "/opt/rustwide/cargo-home/bin/cargo" "+beta-2024-12-08" "build" "--frozen" "--message-format=json", kill_on_drop: false }`
[INFO] [stdout] 921c94b4a1c5645616abc0dce7da26d1e60ea1b935af8dd2d232f4b66e23711e
[INFO] running `Command { std: "docker" "start" "-a" "921c94b4a1c5645616abc0dce7da26d1e60ea1b935af8dd2d232f4b66e23711e", kill_on_drop: false }`
[INFO] [stderr]    Compiling libc v0.2.111
[INFO] [stderr]    Compiling atty v0.2.14
[INFO] [stderr]    Compiling colored v2.0.0
[INFO] [stderr]    Compiling rclox v0.1.0 (/opt/rustwide/workdir)
[INFO] [stdout] warning: unused import: `ERROR_TTYPE_ID`
[INFO] [stdout]  --> src/lexer/mod.rs:7:72
[INFO] [stdout]   |
[INFO] [stdout] 7 |                 NUMBER_TTYPE_ID, IDENTIFIER_TTYPE_ID, STRING_TTYPE_ID, ERROR_TTYPE_ID};
[INFO] [stdout]   |                                                                        ^^^^^^^^^^^^^^
[INFO] [stdout]   |
[INFO] [stdout]   = note: `#[warn(unused_imports)]` on by default
[INFO] [stdout] 
[INFO] [stdout] 
[INFO] [stdout] warning: elided lifetime has a name
[INFO] [stdout]   --> src/resolver/upvalue_identifier_pass.rs:49:49
[INFO] [stdout]    |
[INFO] [stdout] 48 | impl<'a> PartialResolver<'a> {
[INFO] [stdout]    |      -- lifetime `'a` declared here
[INFO] [stdout] 49 |     pub fn new(uniq: &'a mut UniqSymbolizer) -> PartialResolver { PartialResolver { uniq, stack: vec![FuncScope::new()] } }
[INFO] [stdout]    |                                                 ^^^^^^^^^^^^^^^ this elided lifetime gets resolved as `'a`
[INFO] [stdout]    |
[INFO] [stdout]    = note: `#[warn(elided_named_lifetimes)]` on by default
[INFO] [stdout] 
[INFO] [stdout] 
[INFO] [stdout] warning: unused imports: `Debug`, `Display`, and `Formatter`
[INFO] [stdout]  --> src/resolver/mod.rs:8:16
[INFO] [stdout]   |
[INFO] [stdout] 8 | use std::fmt::{Debug, Display, Formatter};
[INFO] [stdout]   |                ^^^^^  ^^^^^^^  ^^^^^^^^^
[INFO] [stdout] 
[INFO] [stdout] 
[INFO] [stdout] warning: unused imports: `ExprInContext`, `ExprTy`, `Expr`, `ParserFunc`, and `Stmt`
[INFO] [stdout]  --> src/resolver/mod.rs:9:18
[INFO] [stdout]   |
[INFO] [stdout] 9 | use crate::ast::{Expr, ExprInContext, ExprTy, Stmt, ParserFunc};
[INFO] [stdout]   |                  ^^^^  ^^^^^^^^^^^^^  ^^^^^^  ^^^^  ^^^^^^^^^^
[INFO] [stdout] 
[INFO] [stdout] 
[INFO] [stdout] warning: unused imports: `SourceRef` and `Symbol`
[INFO] [stdout]   --> src/resolver/mod.rs:10:20
[INFO] [stdout]    |
[INFO] [stdout] 10 | use crate::lexer::{SourceRef, Symbol, Symbolizer};
[INFO] [stdout]    |                    ^^^^^^^^^  ^^^^^^
[INFO] [stdout] 
[INFO] [stdout] 
[INFO] [stdout] warning: unused import: `crate::resolver::stack_placement_pass::pass`
[INFO] [stdout]   --> src/resolver/mod.rs:12:5
[INFO] [stdout]    |
[INFO] [stdout] 12 | use crate::resolver::stack_placement_pass::pass;
[INFO] [stdout]    |     ^^^^^^^^^^^^^^^^^^^^^^^^^^^^^^^^^^^^^^^^^^^
[INFO] [stdout] 
[INFO] [stdout] 
[INFO] [stdout] warning: unused import: `crate::resolver::upvalue_identifier_pass::PartialResolver`
[INFO] [stdout]   --> src/resolver/mod.rs:13:5
[INFO] [stdout]    |
[INFO] [stdout] 13 | use crate::resolver::upvalue_identifier_pass::PartialResolver;
[INFO] [stdout]    |     ^^^^^^^^^^^^^^^^^^^^^^^^^^^^^^^^^^^^^^^^^^^^^^^^^^^^^^^^^
[INFO] [stdout] 
[INFO] [stdout] 
[INFO] [stdout] warning: unused import: `crate::Source`
[INFO] [stdout]   --> src/resolver/mod.rs:14:5
[INFO] [stdout]    |
[INFO] [stdout] 14 | use crate::Source;
[INFO] [stdout]    |     ^^^^^^^^^^^^^
[INFO] [stdout] 
[INFO] [stdout] 
[INFO] [stdout] warning: unused import: `WrappedValue`
[INFO] [stdout]  --> src/runtime/mod.rs:7:46
[INFO] [stdout]   |
[INFO] [stdout] 7 | pub use crate::runtime::closure::{RtClosure, WrappedValue};
[INFO] [stdout]   |                                              ^^^^^^^^^^^^
[INFO] [stdout] 
[INFO] [stdout] 
[INFO] [stdout] warning: unnecessary parentheses around match arm expression
[INFO] [stdout]    --> src/vm.rs:459:51
[INFO] [stdout]     |
[INFO] [stdout] 459 |                 (Value::Num(a), Value::Num(b)) => (a == b),
[INFO] [stdout]     |                                                   ^      ^
[INFO] [stdout]     |
[INFO] [stdout]     = note: `#[warn(unused_parens)]` on by default
[INFO] [stdout] help: remove these parentheses
[INFO] [stdout]     |
[INFO] [stdout] 459 -                 (Value::Num(a), Value::Num(b)) => (a == b),
[INFO] [stdout] 459 +                 (Value::Num(a), Value::Num(b)) => a == b,
[INFO] [stdout]     |
[INFO] [stdout] 
[INFO] [stdout] 
[INFO] [stdout] warning: unnecessary parentheses around match arm expression
[INFO] [stdout]    --> src/vm.rs:460:57
[INFO] [stdout]     |
[INFO] [stdout] 460 |                 (Value::String(a), Value::String(b)) => (a == b),
[INFO] [stdout]     |                                                         ^      ^
[INFO] [stdout]     |
[INFO] [stdout] help: remove these parentheses
[INFO] [stdout]     |
[INFO] [stdout] 460 -                 (Value::String(a), Value::String(b)) => (a == b),
[INFO] [stdout] 460 +                 (Value::String(a), Value::String(b)) => a == b,
[INFO] [stdout]     |
[INFO] [stdout] 
[INFO] [stdout] 
[INFO] [stdout] warning: unnecessary parentheses around match arm expression
[INFO] [stdout]    --> src/vm.rs:461:53
[INFO] [stdout]     |
[INFO] [stdout] 461 |                 (Value::Bool(a), Value::Bool(b)) => (a == b),
[INFO] [stdout]     |                                                     ^      ^
[INFO] [stdout]     |
[INFO] [stdout] help: remove these parentheses
[INFO] [stdout]     |
[INFO] [stdout] 461 -                 (Value::Bool(a), Value::Bool(b)) => (a == b),
[INFO] [stdout] 461 +                 (Value::Bool(a), Value::Bool(b)) => a == b,
[INFO] [stdout]     |
[INFO] [stdout] 
[INFO] [stdout] 
[INFO] [stdout] warning: unnecessary parentheses around match arm expression
[INFO] [stdout]    --> src/vm.rs:462:45
[INFO] [stdout]     |
[INFO] [stdout] 462 |                 (Value::Nil, Value::Nil) => (a == b),
[INFO] [stdout]     |                                             ^      ^
[INFO] [stdout]     |
[INFO] [stdout] help: remove these parentheses
[INFO] [stdout]     |
[INFO] [stdout] 462 -                 (Value::Nil, Value::Nil) => (a == b),
[INFO] [stdout] 462 +                 (Value::Nil, Value::Nil) => a == b,
[INFO] [stdout]     |
[INFO] [stdout] 
[INFO] [stdout] 
[INFO] [stdout] warning: variants `Error` and `Stack` are never constructed
[INFO] [stdout]   --> src/lexer/types.rs:77:5
[INFO] [stdout]    |
[INFO] [stdout] 35 | pub enum TType {
[INFO] [stdout]    |          ----- variants in this enum
[INFO] [stdout] ...
[INFO] [stdout] 77 |     Error(String),
[INFO] [stdout]    |     ^^^^^
[INFO] [stdout] 78 |     EOF,
[INFO] [stdout] 79 |     Stack,
[INFO] [stdout]    |     ^^^^^
[INFO] [stdout]    |
[INFO] [stdout]    = note: `TType` has derived impls for the traits `Clone` and `Debug`, but these are intentionally ignored during dead code analysis
[INFO] [stdout]    = note: `#[warn(dead_code)]` on by default
[INFO] [stdout] 
[INFO] [stdout] 
[INFO] [stdout] warning: variants `Super` and `This` are never constructed
[INFO] [stdout]    --> src/ast/types.rs:122:5
[INFO] [stdout]     |
[INFO] [stdout] 110 | pub enum Expr<
[INFO] [stdout]     |          ---- variants in this enum
[INFO] [stdout] ...
[INFO] [stdout] 122 |     Super(Symbol),
[INFO] [stdout]     |     ^^^^^
[INFO] [stdout] ...
[INFO] [stdout] 125 |     This(),
[INFO] [stdout]     |     ^^^^
[INFO] [stdout]     |
[INFO] [stdout]     = note: `Expr` has derived impls for the traits `Debug` and `Clone`, but these are intentionally ignored during dead code analysis
[INFO] [stdout] 
[INFO] [stdout] 
[INFO] [stdout] warning: field `func` is never read
[INFO] [stdout]   --> src/bytecode_compiler/mod.rs:14:5
[INFO] [stdout]    |
[INFO] [stdout] 12 | struct SubCompiler {
[INFO] [stdout]    |        ----------- field in this struct
[INFO] [stdout] 13 |     chunk: Chunk,
[INFO] [stdout] 14 |     func: ResolvedFunc<VarRefResolved, VarRefResolved>,
[INFO] [stdout]    |     ^^^^
[INFO] [stdout] 
[INFO] [stdout] 
[INFO] [stdout] warning: variant `ProgramRoot` is never constructed
[INFO] [stdout]   --> src/resolver/types/var_decl.rs:12:5
[INFO] [stdout]    |
[INFO] [stdout] 9  | pub enum VarDeclType {
[INFO] [stdout]    |          ----------- variant in this enum
[INFO] [stdout] ...
[INFO] [stdout] 12 |     ProgramRoot // root function technically has a name and var decl
[INFO] [stdout]    |     ^^^^^^^^^^^
[INFO] [stdout]    |
[INFO] [stdout]    = note: `VarDeclType` has derived impls for the traits `Clone` and `Debug`, but these are intentionally ignored during dead code analysis
[INFO] [stdout] 
[INFO] [stdout] 
[INFO] [stdout] warning: variant `Method` is never constructed
[INFO] [stdout]   --> src/runtime/func.rs:76:5
[INFO] [stdout]    |
[INFO] [stdout] 75 | pub enum FuncType {
[INFO] [stdout]    |          -------- variant in this enum
[INFO] [stdout] 76 |     Method,
[INFO] [stdout]    |     ^^^^^^
[INFO] [stdout]    |
[INFO] [stdout]    = note: `FuncType` has derived impls for the traits `Clone` and `Debug`, but these are intentionally ignored during dead code analysis
[INFO] [stdout] 
[INFO] [stdout] 
[INFO] [stdout] warning: variants `True`, `False`, `SmallConst`, `Stack`, `Class`, and `Method` are never constructed
[INFO] [stdout]   --> src/ops.rs:14:5
[INFO] [stdout]    |
[INFO] [stdout] 6  | pub enum Op {
[INFO] [stdout]    |          -- variants in this enum
[INFO] [stdout] ...
[INFO] [stdout] 14 |     True,
[INFO] [stdout]    |     ^^^^
[INFO] [stdout] 15 |     False,
[INFO] [stdout]    |     ^^^^^
[INFO] [stdout] ...
[INFO] [stdout] 31 |     SmallConst(u8),
[INFO] [stdout]    |     ^^^^^^^^^^
[INFO] [stdout] 32 |     Closure(u8),
[INFO] [stdout] 33 |     Stack,
[INFO] [stdout]    |     ^^^^^
[INFO] [stdout] 34 |     RelJumpIfTrue(i16),
[INFO] [stdout] 35 |     Class(u8),
[INFO] [stdout]    |     ^^^^^
[INFO] [stdout] ...
[INFO] [stdout] 38 |     Method(u8)
[INFO] [stdout]    |     ^^^^^^
[INFO] [stdout]    |
[INFO] [stdout]    = note: `Op` has derived impls for the traits `Debug` and `Clone`, but these are intentionally ignored during dead code analysis
[INFO] [stdout] 
[INFO] [stdout] 
[INFO] [stderr]     Finished `dev` profile [unoptimized + debuginfo] target(s) in 4.00s
[INFO] running `Command { std: "docker" "inspect" "921c94b4a1c5645616abc0dce7da26d1e60ea1b935af8dd2d232f4b66e23711e", kill_on_drop: false }`
[INFO] running `Command { std: "docker" "rm" "-f" "921c94b4a1c5645616abc0dce7da26d1e60ea1b935af8dd2d232f4b66e23711e", kill_on_drop: false }`
[INFO] [stdout] 921c94b4a1c5645616abc0dce7da26d1e60ea1b935af8dd2d232f4b66e23711e
[INFO] running `Command { std: "docker" "create" "-v" "/var/lib/crater-agent-workspace/builds/worker-3-tc2/target:/opt/rustwide/target:rw,Z" "-v" "/var/lib/crater-agent-workspace/builds/worker-3-tc2/source:/opt/rustwide/workdir:ro,Z" "-v" "/var/lib/crater-agent-workspace/cargo-home:/opt/rustwide/cargo-home:ro,Z" "-v" "/var/lib/crater-agent-workspace/rustup-home:/opt/rustwide/rustup-home:ro,Z" "-e" "SOURCE_DIR=/opt/rustwide/workdir" "-e" "CARGO_TARGET_DIR=/opt/rustwide/target" "-e" "CARGO_INCREMENTAL=0" "-e" "RUST_BACKTRACE=full" "-e" "RUSTFLAGS=--cap-lints=warn" "-e" "RUSTDOCFLAGS=--cap-lints=warn" "-e" "CARGO_HOME=/opt/rustwide/cargo-home" "-e" "RUSTUP_HOME=/opt/rustwide/rustup-home" "-w" "/opt/rustwide/workdir" "-m" "1610612736" "--user" "0:0" "--network" "none" "ghcr.io/rust-lang/crates-build-env/linux@sha256:f3a9d4ad9d972b27faf3965f35b62e55ba32bbce8f20bc8fe909558a86702fde" "/opt/rustwide/cargo-home/bin/cargo" "+beta-2024-12-08" "test" "--frozen" "--no-run" "--message-format=json", kill_on_drop: false }`
[INFO] [stdout] e01d78958e86a77311816903c1f6a89c4f76d9715c8ca70e5be2bb9e38bb7d7e
[INFO] running `Command { std: "docker" "start" "-a" "e01d78958e86a77311816903c1f6a89c4f76d9715c8ca70e5be2bb9e38bb7d7e", kill_on_drop: false }`
[INFO] [stderr]    Compiling getrandom v0.2.3
[INFO] [stderr]    Compiling ppv-lite86 v0.2.15
[INFO] [stderr]    Compiling rand_core v0.6.3
[INFO] [stderr]    Compiling rand_chacha v0.3.1
[INFO] [stderr]    Compiling rand v0.8.4
[INFO] [stderr]    Compiling rclox v0.1.0 (/opt/rustwide/workdir)
[INFO] [stdout] warning: unused import: `ERROR_TTYPE_ID`
[INFO] [stdout]  --> src/lexer/mod.rs:7:72
[INFO] [stdout]   |
[INFO] [stdout] 7 |                 NUMBER_TTYPE_ID, IDENTIFIER_TTYPE_ID, STRING_TTYPE_ID, ERROR_TTYPE_ID};
[INFO] [stdout]   |                                                                        ^^^^^^^^^^^^^^
[INFO] [stdout]   |
[INFO] [stdout]   = note: `#[warn(unused_imports)]` on by default
[INFO] [stdout] 
[INFO] [stdout] 
[INFO] [stdout] warning: elided lifetime has a name
[INFO] [stdout]   --> src/resolver/upvalue_identifier_pass.rs:49:49
[INFO] [stdout]    |
[INFO] [stdout] 48 | impl<'a> PartialResolver<'a> {
[INFO] [stdout]    |      -- lifetime `'a` declared here
[INFO] [stdout] 49 |     pub fn new(uniq: &'a mut UniqSymbolizer) -> PartialResolver { PartialResolver { uniq, stack: vec![FuncScope::new()] } }
[INFO] [stdout]    |                                                 ^^^^^^^^^^^^^^^ this elided lifetime gets resolved as `'a`
[INFO] [stdout]    |
[INFO] [stdout]    = note: `#[warn(elided_named_lifetimes)]` on by default
[INFO] [stdout] 
[INFO] [stdout] 
[INFO] [stdout] warning: unused imports: `Debug`, `Display`, and `Formatter`
[INFO] [stdout]  --> src/resolver/mod.rs:8:16
[INFO] [stdout]   |
[INFO] [stdout] 8 | use std::fmt::{Debug, Display, Formatter};
[INFO] [stdout]   |                ^^^^^  ^^^^^^^  ^^^^^^^^^
[INFO] [stdout] 
[INFO] [stdout] 
[INFO] [stdout] warning: unused imports: `ExprInContext`, `ExprTy`, `Expr`, `ParserFunc`, and `Stmt`
[INFO] [stdout]  --> src/resolver/mod.rs:9:18
[INFO] [stdout]   |
[INFO] [stdout] 9 | use crate::ast::{Expr, ExprInContext, ExprTy, Stmt, ParserFunc};
[INFO] [stdout]   |                  ^^^^  ^^^^^^^^^^^^^  ^^^^^^  ^^^^  ^^^^^^^^^^
[INFO] [stdout] 
[INFO] [stdout] 
[INFO] [stdout] warning: unused imports: `SourceRef` and `Symbol`
[INFO] [stdout]   --> src/resolver/mod.rs:10:20
[INFO] [stdout]    |
[INFO] [stdout] 10 | use crate::lexer::{SourceRef, Symbol, Symbolizer};
[INFO] [stdout]    |                    ^^^^^^^^^  ^^^^^^
[INFO] [stdout] 
[INFO] [stdout] 
[INFO] [stdout] warning: unused import: `crate::resolver::stack_placement_pass::pass`
[INFO] [stdout]   --> src/resolver/mod.rs:12:5
[INFO] [stdout]    |
[INFO] [stdout] 12 | use crate::resolver::stack_placement_pass::pass;
[INFO] [stdout]    |     ^^^^^^^^^^^^^^^^^^^^^^^^^^^^^^^^^^^^^^^^^^^
[INFO] [stdout] 
[INFO] [stdout] 
[INFO] [stdout] warning: unused import: `crate::resolver::upvalue_identifier_pass::PartialResolver`
[INFO] [stdout]   --> src/resolver/mod.rs:13:5
[INFO] [stdout]    |
[INFO] [stdout] 13 | use crate::resolver::upvalue_identifier_pass::PartialResolver;
[INFO] [stdout]    |     ^^^^^^^^^^^^^^^^^^^^^^^^^^^^^^^^^^^^^^^^^^^^^^^^^^^^^^^^^
[INFO] [stdout] 
[INFO] [stdout] 
[INFO] [stdout] warning: unused import: `crate::Source`
[INFO] [stdout]   --> src/resolver/mod.rs:14:5
[INFO] [stdout]    |
[INFO] [stdout] 14 | use crate::Source;
[INFO] [stdout]    |     ^^^^^^^^^^^^^
[INFO] [stdout] 
[INFO] [stdout] 
[INFO] [stdout] warning: unused import: `WrappedValue`
[INFO] [stdout]  --> src/runtime/mod.rs:7:46
[INFO] [stdout]   |
[INFO] [stdout] 7 | pub use crate::runtime::closure::{RtClosure, WrappedValue};
[INFO] [stdout]   |                                              ^^^^^^^^^^^^
[INFO] [stdout] 
[INFO] [stdout] 
[INFO] [stdout] warning: unnecessary parentheses around match arm expression
[INFO] [stdout]    --> src/vm.rs:459:51
[INFO] [stdout]     |
[INFO] [stdout] 459 |                 (Value::Num(a), Value::Num(b)) => (a == b),
[INFO] [stdout]     |                                                   ^      ^
[INFO] [stdout]     |
[INFO] [stdout]     = note: `#[warn(unused_parens)]` on by default
[INFO] [stdout] help: remove these parentheses
[INFO] [stdout]     |
[INFO] [stdout] 459 -                 (Value::Num(a), Value::Num(b)) => (a == b),
[INFO] [stdout] 459 +                 (Value::Num(a), Value::Num(b)) => a == b,
[INFO] [stdout]     |
[INFO] [stdout] 
[INFO] [stdout] 
[INFO] [stdout] warning: unnecessary parentheses around match arm expression
[INFO] [stdout]    --> src/vm.rs:460:57
[INFO] [stdout]     |
[INFO] [stdout] 460 |                 (Value::String(a), Value::String(b)) => (a == b),
[INFO] [stdout]     |                                                         ^      ^
[INFO] [stdout]     |
[INFO] [stdout] help: remove these parentheses
[INFO] [stdout]     |
[INFO] [stdout] 460 -                 (Value::String(a), Value::String(b)) => (a == b),
[INFO] [stdout] 460 +                 (Value::String(a), Value::String(b)) => a == b,
[INFO] [stdout]     |
[INFO] [stdout] 
[INFO] [stdout] 
[INFO] [stdout] warning: unnecessary parentheses around match arm expression
[INFO] [stdout]    --> src/vm.rs:461:53
[INFO] [stdout]     |
[INFO] [stdout] 461 |                 (Value::Bool(a), Value::Bool(b)) => (a == b),
[INFO] [stdout]     |                                                     ^      ^
[INFO] [stdout]     |
[INFO] [stdout] help: remove these parentheses
[INFO] [stdout]     |
[INFO] [stdout] 461 -                 (Value::Bool(a), Value::Bool(b)) => (a == b),
[INFO] [stdout] 461 +                 (Value::Bool(a), Value::Bool(b)) => a == b,
[INFO] [stdout]     |
[INFO] [stdout] 
[INFO] [stdout] 
[INFO] [stdout] warning: unnecessary parentheses around match arm expression
[INFO] [stdout]    --> src/vm.rs:462:45
[INFO] [stdout]     |
[INFO] [stdout] 462 |                 (Value::Nil, Value::Nil) => (a == b),
[INFO] [stdout]     |                                             ^      ^
[INFO] [stdout]     |
[INFO] [stdout] help: remove these parentheses
[INFO] [stdout]     |
[INFO] [stdout] 462 -                 (Value::Nil, Value::Nil) => (a == b),
[INFO] [stdout] 462 +                 (Value::Nil, Value::Nil) => a == b,
[INFO] [stdout]     |
[INFO] [stdout] 
[INFO] [stdout] 
[INFO] [stdout] warning: variants `Error` and `Stack` are never constructed
[INFO] [stdout]   --> src/lexer/types.rs:77:5
[INFO] [stdout]    |
[INFO] [stdout] 35 | pub enum TType {
[INFO] [stdout]    |          ----- variants in this enum
[INFO] [stdout] ...
[INFO] [stdout] 77 |     Error(String),
[INFO] [stdout]    |     ^^^^^
[INFO] [stdout] 78 |     EOF,
[INFO] [stdout] 79 |     Stack,
[INFO] [stdout]    |     ^^^^^
[INFO] [stdout]    |
[INFO] [stdout]    = note: `TType` has derived impls for the traits `Clone` and `Debug`, but these are intentionally ignored during dead code analysis
[INFO] [stdout]    = note: `#[warn(dead_code)]` on by default
[INFO] [stdout] 
[INFO] [stdout] 
[INFO] [stdout] warning: variants `Super` and `This` are never constructed
[INFO] [stdout]    --> src/ast/types.rs:122:5
[INFO] [stdout]     |
[INFO] [stdout] 110 | pub enum Expr<
[INFO] [stdout]     |          ---- variants in this enum
[INFO] [stdout] ...
[INFO] [stdout] 122 |     Super(Symbol),
[INFO] [stdout]     |     ^^^^^
[INFO] [stdout] ...
[INFO] [stdout] 125 |     This(),
[INFO] [stdout]     |     ^^^^
[INFO] [stdout]     |
[INFO] [stdout]     = note: `Expr` has derived impls for the traits `Debug` and `Clone`, but these are intentionally ignored during dead code analysis
[INFO] [stdout] 
[INFO] [stdout] 
[INFO] [stdout] warning: field `func` is never read
[INFO] [stdout]   --> src/bytecode_compiler/mod.rs:14:5
[INFO] [stdout]    |
[INFO] [stdout] 12 | struct SubCompiler {
[INFO] [stdout]    |        ----------- field in this struct
[INFO] [stdout] 13 |     chunk: Chunk,
[INFO] [stdout] 14 |     func: ResolvedFunc<VarRefResolved, VarRefResolved>,
[INFO] [stdout]    |     ^^^^
[INFO] [stdout] 
[INFO] [stdout] 
[INFO] [stdout] warning: variant `ProgramRoot` is never constructed
[INFO] [stdout]   --> src/resolver/types/var_decl.rs:12:5
[INFO] [stdout]    |
[INFO] [stdout] 9  | pub enum VarDeclType {
[INFO] [stdout]    |          ----------- variant in this enum
[INFO] [stdout] ...
[INFO] [stdout] 12 |     ProgramRoot // root function technically has a name and var decl
[INFO] [stdout]    |     ^^^^^^^^^^^
[INFO] [stdout]    |
[INFO] [stdout]    = note: `VarDeclType` has derived impls for the traits `Clone` and `Debug`, but these are intentionally ignored during dead code analysis
[INFO] [stdout] 
[INFO] [stdout] 
[INFO] [stdout] warning: variant `Method` is never constructed
[INFO] [stdout]   --> src/runtime/func.rs:76:5
[INFO] [stdout]    |
[INFO] [stdout] 75 | pub enum FuncType {
[INFO] [stdout]    |          -------- variant in this enum
[INFO] [stdout] 76 |     Method,
[INFO] [stdout]    |     ^^^^^^
[INFO] [stdout]    |
[INFO] [stdout]    = note: `FuncType` has derived impls for the traits `Clone` and `Debug`, but these are intentionally ignored during dead code analysis
[INFO] [stdout] 
[INFO] [stdout] 
[INFO] [stdout] warning: variants `True`, `False`, `SmallConst`, `Stack`, `Class`, and `Method` are never constructed
[INFO] [stdout]   --> src/ops.rs:14:5
[INFO] [stdout]    |
[INFO] [stdout] 6  | pub enum Op {
[INFO] [stdout]    |          -- variants in this enum
[INFO] [stdout] ...
[INFO] [stdout] 14 |     True,
[INFO] [stdout]    |     ^^^^
[INFO] [stdout] 15 |     False,
[INFO] [stdout]    |     ^^^^^
[INFO] [stdout] ...
[INFO] [stdout] 31 |     SmallConst(u8),
[INFO] [stdout]    |     ^^^^^^^^^^
[INFO] [stdout] 32 |     Closure(u8),
[INFO] [stdout] 33 |     Stack,
[INFO] [stdout]    |     ^^^^^
[INFO] [stdout] 34 |     RelJumpIfTrue(i16),
[INFO] [stdout] 35 |     Class(u8),
[INFO] [stdout]    |     ^^^^^
[INFO] [stdout] ...
[INFO] [stdout] 38 |     Method(u8)
[INFO] [stdout]    |     ^^^^^^
[INFO] [stdout]    |
[INFO] [stdout]    = note: `Op` has derived impls for the traits `Debug` and `Clone`, but these are intentionally ignored during dead code analysis
[INFO] [stdout] 
[INFO] [stdout] 
[INFO] [stdout] warning: call to `.clone()` on a reference in this situation does nothing
[INFO] [stdout]   --> src/e2e_tests.rs:35:67
[INFO] [stdout]    |
[INFO] [stdout] 35 |         let out_path = tests_root.join(format!("out{}.txt", number.clone()));
[INFO] [stdout]    |                                                                   ^^^^^^^^ help: remove this redundant call
[INFO] [stdout]    |
[INFO] [stdout]    = note: the type `str` does not implement `Clone`, so calling `clone` on `&str` copies the reference, which does not do anything and can be removed
[INFO] [stdout]    = note: `#[warn(noop_method_call)]` on by default
[INFO] [stdout] 
[INFO] [stdout] 
[INFO] [stdout] warning: call to `.clone()` on a reference in this situation does nothing
[INFO] [stdout]   --> src/e2e_tests.rs:37:81
[INFO] [stdout]    |
[INFO] [stdout] 37 |             .expect(&format!("Expected a file called out{}.txt to exist", number.clone()));
[INFO] [stdout]    |                                                                                 ^^^^^^^^ help: remove this redundant call
[INFO] [stdout]    |
[INFO] [stdout]    = note: the type `str` does not implement `Clone`, so calling `clone` on `&str` copies the reference, which does not do anything and can be removed
[INFO] [stdout] 
[INFO] [stdout] 
[INFO] [stderr]     Finished `test` profile [unoptimized + debuginfo] target(s) in 4.45s
[INFO] running `Command { std: "docker" "inspect" "e01d78958e86a77311816903c1f6a89c4f76d9715c8ca70e5be2bb9e38bb7d7e", kill_on_drop: false }`
[INFO] running `Command { std: "docker" "rm" "-f" "e01d78958e86a77311816903c1f6a89c4f76d9715c8ca70e5be2bb9e38bb7d7e", kill_on_drop: false }`
[INFO] [stdout] e01d78958e86a77311816903c1f6a89c4f76d9715c8ca70e5be2bb9e38bb7d7e
[INFO] running `Command { std: "docker" "create" "-v" "/var/lib/crater-agent-workspace/builds/worker-3-tc2/target:/opt/rustwide/target:rw,Z" "-v" "/var/lib/crater-agent-workspace/builds/worker-3-tc2/source:/opt/rustwide/workdir:ro,Z" "-v" "/var/lib/crater-agent-workspace/cargo-home:/opt/rustwide/cargo-home:ro,Z" "-v" "/var/lib/crater-agent-workspace/rustup-home:/opt/rustwide/rustup-home:ro,Z" "-e" "SOURCE_DIR=/opt/rustwide/workdir" "-e" "CARGO_TARGET_DIR=/opt/rustwide/target" "-e" "CARGO_INCREMENTAL=0" "-e" "RUST_BACKTRACE=full" "-e" "RUSTFLAGS=--cap-lints=warn" "-e" "RUSTDOCFLAGS=--cap-lints=warn" "-e" "CARGO_HOME=/opt/rustwide/cargo-home" "-e" "RUSTUP_HOME=/opt/rustwide/rustup-home" "-w" "/opt/rustwide/workdir" "-m" "1610612736" "--user" "0:0" "--network" "none" "ghcr.io/rust-lang/crates-build-env/linux@sha256:f3a9d4ad9d972b27faf3965f35b62e55ba32bbce8f20bc8fe909558a86702fde" "/opt/rustwide/cargo-home/bin/cargo" "+beta-2024-12-08" "test" "--frozen", kill_on_drop: false }`
[INFO] [stdout] 7bafef532c0852b44d50bbb3ccdf2e06bf3382e3f8aab60cb75061d0ae330372
[INFO] running `Command { std: "docker" "start" "-a" "7bafef532c0852b44d50bbb3ccdf2e06bf3382e3f8aab60cb75061d0ae330372", kill_on_drop: false }`
[INFO] [stderr] warning: unused import: `ERROR_TTYPE_ID`
[INFO] [stderr]  --> src/lexer/mod.rs:7:72
[INFO] [stderr]   |
[INFO] [stderr] 7 |                 NUMBER_TTYPE_ID, IDENTIFIER_TTYPE_ID, STRING_TTYPE_ID, ERROR_TTYPE_ID};
[INFO] [stderr]   |                                                                        ^^^^^^^^^^^^^^
[INFO] [stderr]   |
[INFO] [stderr]   = note: `#[warn(unused_imports)]` on by default
[INFO] [stderr] 
[INFO] [stderr] warning: elided lifetime has a name
[INFO] [stderr]   --> src/resolver/upvalue_identifier_pass.rs:49:49
[INFO] [stderr]    |
[INFO] [stderr] 48 | impl<'a> PartialResolver<'a> {
[INFO] [stderr]    |      -- lifetime `'a` declared here
[INFO] [stderr] 49 |     pub fn new(uniq: &'a mut UniqSymbolizer) -> PartialResolver { PartialResolver { uniq, stack: vec![FuncScope::new()] } }
[INFO] [stderr]    |                                                 ^^^^^^^^^^^^^^^ this elided lifetime gets resolved as `'a`
[INFO] [stderr]    |
[INFO] [stderr]    = note: `#[warn(elided_named_lifetimes)]` on by default
[INFO] [stderr] 
[INFO] [stderr] warning: unused imports: `Debug`, `Display`, and `Formatter`
[INFO] [stderr]  --> src/resolver/mod.rs:8:16
[INFO] [stderr]   |
[INFO] [stderr] 8 | use std::fmt::{Debug, Display, Formatter};
[INFO] [stderr]   |                ^^^^^  ^^^^^^^  ^^^^^^^^^
[INFO] [stderr] 
[INFO] [stderr] warning: unused imports: `ExprInContext`, `ExprTy`, `Expr`, `ParserFunc`, and `Stmt`
[INFO] [stderr]  --> src/resolver/mod.rs:9:18
[INFO] [stderr]   |
[INFO] [stderr] 9 | use crate::ast::{Expr, ExprInContext, ExprTy, Stmt, ParserFunc};
[INFO] [stderr]   |                  ^^^^  ^^^^^^^^^^^^^  ^^^^^^  ^^^^  ^^^^^^^^^^
[INFO] [stderr] 
[INFO] [stderr] warning: unused imports: `SourceRef` and `Symbol`
[INFO] [stderr]   --> src/resolver/mod.rs:10:20
[INFO] [stderr]    |
[INFO] [stderr] 10 | use crate::lexer::{SourceRef, Symbol, Symbolizer};
[INFO] [stderr]    |                    ^^^^^^^^^  ^^^^^^
[INFO] [stderr] 
[INFO] [stderr] warning: unused import: `crate::resolver::stack_placement_pass::pass`
[INFO] [stderr]   --> src/resolver/mod.rs:12:5
[INFO] [stderr]    |
[INFO] [stderr] 12 | use crate::resolver::stack_placement_pass::pass;
[INFO] [stderr]    |     ^^^^^^^^^^^^^^^^^^^^^^^^^^^^^^^^^^^^^^^^^^^
[INFO] [stderr] 
[INFO] [stderr] warning: unused import: `crate::resolver::upvalue_identifier_pass::PartialResolver`
[INFO] [stderr]   --> src/resolver/mod.rs:13:5
[INFO] [stderr]    |
[INFO] [stderr] 13 | use crate::resolver::upvalue_identifier_pass::PartialResolver;
[INFO] [stderr]    |     ^^^^^^^^^^^^^^^^^^^^^^^^^^^^^^^^^^^^^^^^^^^^^^^^^^^^^^^^^
[INFO] [stderr] 
[INFO] [stderr] warning: unused import: `crate::Source`
[INFO] [stderr]   --> src/resolver/mod.rs:14:5
[INFO] [stderr]    |
[INFO] [stderr] 14 | use crate::Source;
[INFO] [stderr]    |     ^^^^^^^^^^^^^
[INFO] [stderr] 
[INFO] [stderr] warning: unused import: `WrappedValue`
[INFO] [stderr]  --> src/runtime/mod.rs:7:46
[INFO] [stderr]   |
[INFO] [stderr] 7 | pub use crate::runtime::closure::{RtClosure, WrappedValue};
[INFO] [stderr]   |                                              ^^^^^^^^^^^^
[INFO] [stderr] 
[INFO] [stderr] warning: unnecessary parentheses around match arm expression
[INFO] [stderr]    --> src/vm.rs:459:51
[INFO] [stderr]     |
[INFO] [stderr] 459 |                 (Value::Num(a), Value::Num(b)) => (a == b),
[INFO] [stderr]     |                                                   ^      ^
[INFO] [stderr]     |
[INFO] [stderr]     = note: `#[warn(unused_parens)]` on by default
[INFO] [stderr] help: remove these parentheses
[INFO] [stderr]     |
[INFO] [stderr] 459 -                 (Value::Num(a), Value::Num(b)) => (a == b),
[INFO] [stderr] 459 +                 (Value::Num(a), Value::Num(b)) => a == b,
[INFO] [stderr]     |
[INFO] [stderr] 
[INFO] [stderr] warning: unnecessary parentheses around match arm expression
[INFO] [stderr]    --> src/vm.rs:460:57
[INFO] [stderr]     |
[INFO] [stderr] 460 |                 (Value::String(a), Value::String(b)) => (a == b),
[INFO] [stderr]     |                                                         ^      ^
[INFO] [stderr]     |
[INFO] [stderr] help: remove these parentheses
[INFO] [stderr]     |
[INFO] [stderr] 460 -                 (Value::String(a), Value::String(b)) => (a == b),
[INFO] [stderr] 460 +                 (Value::String(a), Value::String(b)) => a == b,
[INFO] [stderr]     |
[INFO] [stderr] 
[INFO] [stderr] warning: unnecessary parentheses around match arm expression
[INFO] [stderr]    --> src/vm.rs:461:53
[INFO] [stderr]     |
[INFO] [stderr] 461 |                 (Value::Bool(a), Value::Bool(b)) => (a == b),
[INFO] [stderr]     |                                                     ^      ^
[INFO] [stderr]     |
[INFO] [stderr] help: remove these parentheses
[INFO] [stderr]     |
[INFO] [stderr] 461 -                 (Value::Bool(a), Value::Bool(b)) => (a == b),
[INFO] [stderr] 461 +                 (Value::Bool(a), Value::Bool(b)) => a == b,
[INFO] [stderr]     |
[INFO] [stderr] 
[INFO] [stderr] warning: unnecessary parentheses around match arm expression
[INFO] [stderr]    --> src/vm.rs:462:45
[INFO] [stderr]     |
[INFO] [stderr] 462 |                 (Value::Nil, Value::Nil) => (a == b),
[INFO] [stderr]     |                                             ^      ^
[INFO] [stderr]     |
[INFO] [stderr] help: remove these parentheses
[INFO] [stderr]     |
[INFO] [stderr] 462 -                 (Value::Nil, Value::Nil) => (a == b),
[INFO] [stderr] 462 +                 (Value::Nil, Value::Nil) => a == b,
[INFO] [stderr]     |
[INFO] [stderr] 
[INFO] [stderr] warning: variants `Error` and `Stack` are never constructed
[INFO] [stderr]   --> src/lexer/types.rs:77:5
[INFO] [stderr]    |
[INFO] [stderr] 35 | pub enum TType {
[INFO] [stderr]    |          ----- variants in this enum
[INFO] [stderr] ...
[INFO] [stderr] 77 |     Error(String),
[INFO] [stderr]    |     ^^^^^
[INFO] [stderr] 78 |     EOF,
[INFO] [stderr] 79 |     Stack,
[INFO] [stderr]    |     ^^^^^
[INFO] [stderr]    |
[INFO] [stderr]    = note: `TType` has derived impls for the traits `Clone` and `Debug`, but these are intentionally ignored during dead code analysis
[INFO] [stderr]    = note: `#[warn(dead_code)]` on by default
[INFO] [stderr] 
[INFO] [stderr] warning: variants `Super` and `This` are never constructed
[INFO] [stderr]    --> src/ast/types.rs:122:5
[INFO] [stderr]     |
[INFO] [stderr] 110 | pub enum Expr<
[INFO] [stderr]     |          ---- variants in this enum
[INFO] [stderr] ...
[INFO] [stderr] 122 |     Super(Symbol),
[INFO] [stderr]     |     ^^^^^
[INFO] [stderr] ...
[INFO] [stderr] 125 |     This(),
[INFO] [stderr]     |     ^^^^
[INFO] [stderr]     |
[INFO] [stderr]     = note: `Expr` has derived impls for the traits `Debug` and `Clone`, but these are intentionally ignored during dead code analysis
[INFO] [stderr] 
[INFO] [stderr] warning: field `func` is never read
[INFO] [stderr]   --> src/bytecode_compiler/mod.rs:14:5
[INFO] [stderr]    |
[INFO] [stderr] 12 | struct SubCompiler {
[INFO] [stderr]    |        ----------- field in this struct
[INFO] [stderr] 13 |     chunk: Chunk,
[INFO] [stderr] 14 |     func: ResolvedFunc<VarRefResolved, VarRefResolved>,
[INFO] [stderr]    |     ^^^^
[INFO] [stderr] 
[INFO] [stderr] warning: variant `ProgramRoot` is never constructed
[INFO] [stderr]   --> src/resolver/types/var_decl.rs:12:5
[INFO] [stderr]    |
[INFO] [stderr] 9  | pub enum VarDeclType {
[INFO] [stderr]    |          ----------- variant in this enum
[INFO] [stderr] ...
[INFO] [stderr] 12 |     ProgramRoot // root function technically has a name and var decl
[INFO] [stderr]    |     ^^^^^^^^^^^
[INFO] [stderr]    |
[INFO] [stderr]    = note: `VarDeclType` has derived impls for the traits `Clone` and `Debug`, but these are intentionally ignored during dead code analysis
[INFO] [stderr] 
[INFO] [stderr] warning: variant `Method` is never constructed
[INFO] [stderr]   --> src/runtime/func.rs:76:5
[INFO] [stderr]    |
[INFO] [stderr] 75 | pub enum FuncType {
[INFO] [stderr]    |          -------- variant in this enum
[INFO] [stderr] 76 |     Method,
[INFO] [stderr]    |     ^^^^^^
[INFO] [stderr]    |
[INFO] [stderr]    = note: `FuncType` has derived impls for the traits `Clone` and `Debug`, but these are intentionally ignored during dead code analysis
[INFO] [stderr] 
[INFO] [stderr] warning: variants `True`, `False`, `SmallConst`, `Stack`, `Class`, and `Method` are never constructed
[INFO] [stderr]   --> src/ops.rs:14:5
[INFO] [stderr]    |
[INFO] [stderr] 6  | pub enum Op {
[INFO] [stderr]    |          -- variants in this enum
[INFO] [stderr] ...
[INFO] [stderr] 14 |     True,
[INFO] [stderr]    |     ^^^^
[INFO] [stderr] 15 |     False,
[INFO] [stderr]    |     ^^^^^
[INFO] [stderr] ...
[INFO] [stderr] 31 |     SmallConst(u8),
[INFO] [stderr]    |     ^^^^^^^^^^
[INFO] [stderr] 32 |     Closure(u8),
[INFO] [stderr] 33 |     Stack,
[INFO] [stderr]    |     ^^^^^
[INFO] [stderr] 34 |     RelJumpIfTrue(i16),
[INFO] [stderr] 35 |     Class(u8),
[INFO] [stderr]    |     ^^^^^
[INFO] [stderr] ...
[INFO] [stderr] 38 |     Method(u8)
[INFO] [stderr]    |     ^^^^^^
[INFO] [stderr]    |
[INFO] [stderr]    = note: `Op` has derived impls for the traits `Debug` and `Clone`, but these are intentionally ignored during dead code analysis
[INFO] [stderr] 
[INFO] [stderr] warning: call to `.clone()` on a reference in this situation does nothing
[INFO] [stderr]   --> src/e2e_tests.rs:35:67
[INFO] [stderr]    |
[INFO] [stderr] 35 |         let out_path = tests_root.join(format!("out{}.txt", number.clone()));
[INFO] [stderr]    |                                                                   ^^^^^^^^ help: remove this redundant call
[INFO] [stderr]    |
[INFO] [stderr]    = note: the type `str` does not implement `Clone`, so calling `clone` on `&str` copies the reference, which does not do anything and can be removed
[INFO] [stderr]    = note: `#[warn(noop_method_call)]` on by default
[INFO] [stderr] 
[INFO] [stderr] warning: call to `.clone()` on a reference in this situation does nothing
[INFO] [stderr]   --> src/e2e_tests.rs:37:81
[INFO] [stderr]    |
[INFO] [stderr] 37 |             .expect(&format!("Expected a file called out{}.txt to exist", number.clone()));
[INFO] [stderr]    |                                                                                 ^^^^^^^^ help: remove this redundant call
[INFO] [stderr]    |
[INFO] [stderr]    = note: the type `str` does not implement `Clone`, so calling `clone` on `&str` copies the reference, which does not do anything and can be removed
[INFO] [stderr] 
[INFO] [stderr] warning: `rclox` (bin "rclox" test) generated 21 warnings (run `cargo fix --bin "rclox" --tests` to apply 14 suggestions)
[INFO] [stderr]     Finished `test` profile [unoptimized + debuginfo] target(s) in 0.03s
[INFO] [stderr]      Running unittests src/main.rs (/opt/rustwide/target/debug/deps/rclox-20276326a61f8202)
[INFO] [stdout] 
[INFO] [stdout] running 6 tests
[INFO] [stdout] test lexer::source_ref::source ... ok
[INFO] [stdout] test lexer::source_ref::merging ... ok
[INFO] [stdout] test lexer::source_ref::test_source_lines ... ok
[INFO] [stdout] test lexer::symbolizer::test ... ok
[INFO] [stdout] test resolver::test_plain_text ... ok
[INFO] [stdout] test e2e_tests::end_to_end_tests ... FAILED
[INFO] [stdout] 
[INFO] [stdout] failures:
[INFO] [stdout] 
[INFO] [stdout] ---- e2e_tests::end_to_end_tests stdout ----
[INFO] [stdout] src
[INFO] [stdout] tests_root
[INFO] [stdout] lox_path
[INFO] [stdout] thread 'e2e_tests::end_to_end_tests' panicked at src/e2e_tests.rs:14:43:
[INFO] [stdout] couldn't find lox exe @ {}: Os { code: 2, kind: NotFound, message: "No such file or directory" }
[INFO] [stdout] stack backtrace:
[INFO] [stdout]    0:     0x620a6cb353da - std::backtrace_rs::backtrace::libunwind::trace::h8810477743020387
[INFO] [stdout]                                at /rustc/202008a1b8de96d2e5b6bc02d379db03a877d34d/library/std/src/../../backtrace/src/backtrace/libunwind.rs:116:5
[INFO] [stderr] error: test failed, to rerun pass `--bin rclox`
[INFO] [stdout]    1:     0x620a6cb353da - std::backtrace_rs::backtrace::trace_unsynchronized::h3aa55355dd6c54a6
[INFO] [stdout]                                at /rustc/202008a1b8de96d2e5b6bc02d379db03a877d34d/library/std/src/../../backtrace/src/backtrace/mod.rs:66:5
[INFO] [stdout]    2:     0x620a6cb353da - std::sys::backtrace::_print_fmt::h8588b0f62410823f
[INFO] [stdout]                                at /rustc/202008a1b8de96d2e5b6bc02d379db03a877d34d/library/std/src/sys/backtrace.rs:66:9
[INFO] [stdout]    3:     0x620a6cb353da - <std::sys::backtrace::BacktraceLock::print::DisplayBacktrace as core::fmt::Display>::fmt::h98c26ac25ffe89bb
[INFO] [stdout]                                at /rustc/202008a1b8de96d2e5b6bc02d379db03a877d34d/library/std/src/sys/backtrace.rs:39:26
[INFO] [stdout]    4:     0x620a6cb5c903 - core::fmt::rt::Argument::fmt::hf95377f4aebd453b
[INFO] [stdout]                                at /rustc/202008a1b8de96d2e5b6bc02d379db03a877d34d/library/core/src/fmt/rt.rs:177:76
[INFO] [stdout]    5:     0x620a6cb5c903 - core::fmt::write::h0dd5f6e2238c7982
[INFO] [stdout]                                at /rustc/202008a1b8de96d2e5b6bc02d379db03a877d34d/library/core/src/fmt/mod.rs:1189:21
[INFO] [stdout]    6:     0x620a6cb32353 - std::io::Write::write_fmt::h03bb0ca26e6faf8c
[INFO] [stdout]                                at /rustc/202008a1b8de96d2e5b6bc02d379db03a877d34d/library/std/src/io/mod.rs:1884:15
[INFO] [stdout]    7:     0x620a6cb35222 - std::sys::backtrace::BacktraceLock::print::h5c19c1c038ee186d
[INFO] [stdout]                                at /rustc/202008a1b8de96d2e5b6bc02d379db03a877d34d/library/std/src/sys/backtrace.rs:42:9
[INFO] [stdout]    8:     0x620a6cb3685d - std::panicking::default_hook::{{closure}}::h77172f079a1fcb13
[INFO] [stdout]                                at /rustc/202008a1b8de96d2e5b6bc02d379db03a877d34d/library/std/src/panicking.rs:268:22
[INFO] [stdout]    9:     0x620a6cb36667 - std::panicking::default_hook::he5f8e3b203ccddba
[INFO] [stdout]                                at /rustc/202008a1b8de96d2e5b6bc02d379db03a877d34d/library/std/src/panicking.rs:292:9
[INFO] [stdout]   10:     0x620a6caf3c07 - <alloc::boxed::Box<F,A> as core::ops::function::Fn<Args>>::call::h7a3c7b4a1ae77f2f
[INFO] [stdout]                                at /rustc/202008a1b8de96d2e5b6bc02d379db03a877d34d/library/alloc/src/boxed.rs:1986:9
[INFO] [stdout]   11:     0x620a6caf3c07 - test::test_main::{{closure}}::hf0d3b69ae9b353d1
[INFO] [stdout]                                at /rustc/202008a1b8de96d2e5b6bc02d379db03a877d34d/library/test/src/lib.rs:134:21
[INFO] [stdout]   12:     0x620a6cb36f08 - <alloc::boxed::Box<F,A> as core::ops::function::Fn<Args>>::call::h6332e82e7b189abd
[INFO] [stdout]                                at /rustc/202008a1b8de96d2e5b6bc02d379db03a877d34d/library/alloc/src/boxed.rs:1986:9
[INFO] [stdout]   13:     0x620a6cb36f08 - std::panicking::rust_panic_with_hook::h53863d4e9018df39
[INFO] [stdout]                                at /rustc/202008a1b8de96d2e5b6bc02d379db03a877d34d/library/std/src/panicking.rs:809:13
[INFO] [stdout]   14:     0x620a6cb36cca - std::panicking::begin_panic_handler::{{closure}}::h67280e6fa0757873
[INFO] [stdout]                                at /rustc/202008a1b8de96d2e5b6bc02d379db03a877d34d/library/std/src/panicking.rs:674:13
[INFO] [stdout]   15:     0x620a6cb358b9 - std::sys::backtrace::__rust_end_short_backtrace::h1dac3f54d6fbbeb2
[INFO] [stdout]                                at /rustc/202008a1b8de96d2e5b6bc02d379db03a877d34d/library/std/src/sys/backtrace.rs:170:18
[INFO] [stdout]   16:     0x620a6cb3695c - rust_begin_unwind
[INFO] [stdout]                                at /rustc/202008a1b8de96d2e5b6bc02d379db03a877d34d/library/std/src/panicking.rs:665:5
[INFO] [stdout]   17:     0x620a6ca5db90 - core::panicking::panic_fmt::h6792bd1b2bf01041
[INFO] [stdout]                                at /rustc/202008a1b8de96d2e5b6bc02d379db03a877d34d/library/core/src/panicking.rs:76:14
[INFO] [stdout]   18:     0x620a6ca5dfd6 - core::result::unwrap_failed::h05e0602ed34287c5
[INFO] [stdout]                                at /rustc/202008a1b8de96d2e5b6bc02d379db03a877d34d/library/core/src/result.rs:1699:5
[INFO] [stdout]   19:     0x620a6ca98044 - core::result::Result<T,E>::expect::he80cea26988464ec
[INFO] [stdout]                                at /rustc/202008a1b8de96d2e5b6bc02d379db03a877d34d/library/core/src/result.rs:1061:23
[INFO] [stdout]   20:     0x620a6ca8196a - rclox::e2e_tests::end_to_end_tests::h286347e417387875
[INFO] [stdout]                                at /opt/rustwide/workdir/src/e2e_tests.rs:14:19
[INFO] [stdout]   21:     0x620a6ca81607 - rclox::e2e_tests::end_to_end_tests::{{closure}}::hd23284b7c8d224eb
[INFO] [stdout]                                at /opt/rustwide/workdir/src/e2e_tests.rs:2:22
[INFO] [stdout]   22:     0x620a6ca84ae6 - core::ops::function::FnOnce::call_once::h8b08c8f26759c740
[INFO] [stdout]                                at /rustc/202008a1b8de96d2e5b6bc02d379db03a877d34d/library/core/src/ops/function.rs:250:5
[INFO] [stdout]   23:     0x620a6caf872b - core::ops::function::FnOnce::call_once::h871bf86719ec9aa4
[INFO] [stdout]                                at /rustc/202008a1b8de96d2e5b6bc02d379db03a877d34d/library/core/src/ops/function.rs:250:5
[INFO] [stdout]   24:     0x620a6caf872b - test::__rust_begin_short_backtrace::h2167df1e2b7d76fd
[INFO] [stdout]                                at /rustc/202008a1b8de96d2e5b6bc02d379db03a877d34d/library/test/src/lib.rs:632:18
[INFO] [stdout]   25:     0x620a6caf8118 - test::run_test_in_process::{{closure}}::h15d92f75a3adfb79
[INFO] [stdout]                                at /rustc/202008a1b8de96d2e5b6bc02d379db03a877d34d/library/test/src/lib.rs:655:60
[INFO] [stdout]   26:     0x620a6caf8118 - <core::panic::unwind_safe::AssertUnwindSafe<F> as core::ops::function::FnOnce<()>>::call_once::hb6c8955835a8dbbb
[INFO] [stdout]                                at /rustc/202008a1b8de96d2e5b6bc02d379db03a877d34d/library/core/src/panic/unwind_safe.rs:272:9
[INFO] [stdout]   27:     0x620a6caf8118 - std::panicking::try::do_call::hc79d0fc888a0bd30
[INFO] [stdout]                                at /rustc/202008a1b8de96d2e5b6bc02d379db03a877d34d/library/std/src/panicking.rs:557:40
[INFO] [stdout]   28:     0x620a6caf8118 - std::panicking::try::hb8a7878e3a8589d6
[INFO] [stdout]                                at /rustc/202008a1b8de96d2e5b6bc02d379db03a877d34d/library/std/src/panicking.rs:520:19
[INFO] [stdout]   29:     0x620a6caf8118 - std::panic::catch_unwind::hb8e4600ff0ff5cfa
[INFO] [stdout]                                at /rustc/202008a1b8de96d2e5b6bc02d379db03a877d34d/library/std/src/panic.rs:358:14
[INFO] [stdout]   30:     0x620a6caf8118 - test::run_test_in_process::hc2900b0b18688dd6
[INFO] [stdout]                                at /rustc/202008a1b8de96d2e5b6bc02d379db03a877d34d/library/test/src/lib.rs:655:27
[INFO] [stdout]   31:     0x620a6caf8118 - test::run_test::{{closure}}::hac2a9cb07be3d48d
[INFO] [stdout]                                at /rustc/202008a1b8de96d2e5b6bc02d379db03a877d34d/library/test/src/lib.rs:576:43
[INFO] [stdout]   32:     0x620a6cabbbba - test::run_test::{{closure}}::h4a5b729e66a38cd8
[INFO] [stdout]                                at /rustc/202008a1b8de96d2e5b6bc02d379db03a877d34d/library/test/src/lib.rs:606:41
[INFO] [stdout]   33:     0x620a6cabbbba - std::sys::backtrace::__rust_begin_short_backtrace::h0496fb742492f573
[INFO] [stdout]                                at /rustc/202008a1b8de96d2e5b6bc02d379db03a877d34d/library/std/src/sys/backtrace.rs:154:18
[INFO] [stdout]   34:     0x620a6cabf534 - std::thread::Builder::spawn_unchecked_::{{closure}}::{{closure}}::hbb6d257c550a54bd
[INFO] [stdout]                                at /rustc/202008a1b8de96d2e5b6bc02d379db03a877d34d/library/std/src/thread/mod.rs:561:17
[INFO] [stdout]   35:     0x620a6cabf534 - <core::panic::unwind_safe::AssertUnwindSafe<F> as core::ops::function::FnOnce<()>>::call_once::h46696fe4a6832328
[INFO] [stdout]                                at /rustc/202008a1b8de96d2e5b6bc02d379db03a877d34d/library/core/src/panic/unwind_safe.rs:272:9
[INFO] [stdout]   36:     0x620a6cabf534 - std::panicking::try::do_call::h2625a51b667bfb64
[INFO] [stdout]                                at /rustc/202008a1b8de96d2e5b6bc02d379db03a877d34d/library/std/src/panicking.rs:557:40
[INFO] [stdout]   37:     0x620a6cabf534 - std::panicking::try::hb956a59a1973aa4c
[INFO] [stdout]                                at /rustc/202008a1b8de96d2e5b6bc02d379db03a877d34d/library/std/src/panicking.rs:520:19
[INFO] [stdout]   38:     0x620a6cabf534 - std::panic::catch_unwind::h64f3b9d1067ef6a0
[INFO] [stdout]                                at /rustc/202008a1b8de96d2e5b6bc02d379db03a877d34d/library/std/src/panic.rs:358:14
[INFO] [stdout]   39:     0x620a6cabf534 - std::thread::Builder::spawn_unchecked_::{{closure}}::h42b2841295b6c0b2
[INFO] [stdout]                                at /rustc/202008a1b8de96d2e5b6bc02d379db03a877d34d/library/std/src/thread/mod.rs:559:30
[INFO] [stdout]   40:     0x620a6cabf534 - core::ops::function::FnOnce::call_once{{vtable.shim}}::h6127de71b8124639
[INFO] [stdout]                                at /rustc/202008a1b8de96d2e5b6bc02d379db03a877d34d/library/core/src/ops/function.rs:250:5
[INFO] [stdout]   41:     0x620a6cb3b39b - <alloc::boxed::Box<F,A> as core::ops::function::FnOnce<Args>>::call_once::h42f0ba71002a1b2c
[INFO] [stdout]                                at /rustc/202008a1b8de96d2e5b6bc02d379db03a877d34d/library/alloc/src/boxed.rs:1972:9
[INFO] [stdout]   42:     0x620a6cb3b39b - <alloc::boxed::Box<F,A> as core::ops::function::FnOnce<Args>>::call_once::had9e47d7a3dcecb8
[INFO] [stdout]                                at /rustc/202008a1b8de96d2e5b6bc02d379db03a877d34d/library/alloc/src/boxed.rs:1972:9
[INFO] [stdout]   43:     0x620a6cb3b39b - std::sys::pal::unix::thread::Thread::new::thread_start::h48cf765408f6f5f2
[INFO] [stdout]                                at /rustc/202008a1b8de96d2e5b6bc02d379db03a877d34d/library/std/src/sys/pal/unix/thread.rs:105:17
[INFO] [stdout]   44:     0x7b734b036ac3 - <unknown>
[INFO] [stdout]   45:     0x7b734b0c7a04 - clone
[INFO] [stdout]   46:                0x0 - <unknown>
[INFO] [stdout] 
[INFO] [stdout] 
[INFO] [stdout] failures:
[INFO] [stdout]     e2e_tests::end_to_end_tests
[INFO] [stdout] 
[INFO] [stdout] test result: FAILED. 5 passed; 1 failed; 0 ignored; 0 measured; 0 filtered out; finished in 0.03s
[INFO] [stdout] 
[INFO] running `Command { std: "docker" "inspect" "7bafef532c0852b44d50bbb3ccdf2e06bf3382e3f8aab60cb75061d0ae330372", kill_on_drop: false }`
[INFO] running `Command { std: "docker" "rm" "-f" "7bafef532c0852b44d50bbb3ccdf2e06bf3382e3f8aab60cb75061d0ae330372", kill_on_drop: false }`
[INFO] [stdout] 7bafef532c0852b44d50bbb3ccdf2e06bf3382e3f8aab60cb75061d0ae330372
