[INFO] cloning repository https://github.com/mtkennerly/regashii
[INFO] running `Command { std: "git" "-c" "credential.helper=" "-c" "credential.helper=/workspace/cargo-home/bin/git-credential-null" "clone" "--bare" "https://github.com/mtkennerly/regashii" "/workspace/cache/git-repos/https%3A%2F%2Fgithub.com%2Fmtkennerly%2Fregashii", kill_on_drop: false }`
[INFO] [stderr] Cloning into bare repository '/workspace/cache/git-repos/https%3A%2F%2Fgithub.com%2Fmtkennerly%2Fregashii'...
[INFO] running `Command { std: "git" "rev-parse" "HEAD", kill_on_drop: false }`
[INFO] [stdout] a9ad4d79526f0ce3ae0b978ed40f0f004a7430b9
[INFO] testing mtkennerly/regashii against 1.83.0 for beta-1.84.0-4-retry
[INFO] running `Command { std: "git" "clone" "/workspace/cache/git-repos/https%3A%2F%2Fgithub.com%2Fmtkennerly%2Fregashii" "/workspace/builds/worker-3-tc1/source", kill_on_drop: false }`
[INFO] [stderr] Cloning into '/workspace/builds/worker-3-tc1/source'...
[INFO] [stderr] done.
[INFO] validating manifest of git repo https://github.com/mtkennerly/regashii on toolchain 1.83.0
[INFO] running `Command { std: CARGO_HOME="/workspace/cargo-home" RUSTUP_HOME="/workspace/rustup-home" "/workspace/cargo-home/bin/cargo" "+1.83.0" "metadata" "--manifest-path" "Cargo.toml" "--no-deps", kill_on_drop: false }`
[INFO] started tweaking git repo https://github.com/mtkennerly/regashii
[INFO] finished tweaking git repo https://github.com/mtkennerly/regashii
[INFO] tweaked toml for git repo https://github.com/mtkennerly/regashii written to /workspace/builds/worker-3-tc1/source/Cargo.toml
[INFO] crate git repo https://github.com/mtkennerly/regashii already has a lockfile, it will not be regenerated
[INFO] running `Command { std: CARGO_HOME="/workspace/cargo-home" RUSTUP_HOME="/workspace/rustup-home" "/workspace/cargo-home/bin/cargo" "+1.83.0" "fetch" "--manifest-path" "Cargo.toml", kill_on_drop: false }`
[INFO] [stderr]     Updating crates.io index
[INFO] [stderr]  Downloading crates ...
[INFO] [stderr]   Downloaded utf16string v0.2.0
[INFO] running `Command { std: "docker" "create" "-v" "/var/lib/crater-agent-workspace/builds/worker-3-tc1/target:/opt/rustwide/target:rw,Z" "-v" "/var/lib/crater-agent-workspace/builds/worker-3-tc1/source:/opt/rustwide/workdir:ro,Z" "-v" "/var/lib/crater-agent-workspace/cargo-home:/opt/rustwide/cargo-home:ro,Z" "-v" "/var/lib/crater-agent-workspace/rustup-home:/opt/rustwide/rustup-home:ro,Z" "-e" "SOURCE_DIR=/opt/rustwide/workdir" "-e" "CARGO_TARGET_DIR=/opt/rustwide/target" "-e" "CARGO_HOME=/opt/rustwide/cargo-home" "-e" "RUSTUP_HOME=/opt/rustwide/rustup-home" "-w" "/opt/rustwide/workdir" "-m" "1610612736" "--user" "0:0" "--network" "none" "ghcr.io/rust-lang/crates-build-env/linux@sha256:f3a9d4ad9d972b27faf3965f35b62e55ba32bbce8f20bc8fe909558a86702fde" "/opt/rustwide/cargo-home/bin/cargo" "+1.83.0" "metadata" "--no-deps" "--format-version=1", kill_on_drop: false }`
[INFO] [stdout] 311eed949b5dc1ecdd97203a49677c35066c098c43bd652c4f7740ec3cdab2b9
[INFO] running `Command { std: "docker" "start" "-a" "311eed949b5dc1ecdd97203a49677c35066c098c43bd652c4f7740ec3cdab2b9", kill_on_drop: false }`
[INFO] running `Command { std: "docker" "inspect" "311eed949b5dc1ecdd97203a49677c35066c098c43bd652c4f7740ec3cdab2b9", kill_on_drop: false }`
[INFO] running `Command { std: "docker" "rm" "-f" "311eed949b5dc1ecdd97203a49677c35066c098c43bd652c4f7740ec3cdab2b9", kill_on_drop: false }`
[INFO] [stdout] 311eed949b5dc1ecdd97203a49677c35066c098c43bd652c4f7740ec3cdab2b9
[INFO] running `Command { std: "docker" "create" "-v" "/var/lib/crater-agent-workspace/builds/worker-3-tc1/target:/opt/rustwide/target:rw,Z" "-v" "/var/lib/crater-agent-workspace/builds/worker-3-tc1/source:/opt/rustwide/workdir:ro,Z" "-v" "/var/lib/crater-agent-workspace/cargo-home:/opt/rustwide/cargo-home:ro,Z" "-v" "/var/lib/crater-agent-workspace/rustup-home:/opt/rustwide/rustup-home:ro,Z" "-e" "SOURCE_DIR=/opt/rustwide/workdir" "-e" "CARGO_TARGET_DIR=/opt/rustwide/target" "-e" "CARGO_INCREMENTAL=0" "-e" "RUST_BACKTRACE=full" "-e" "RUSTFLAGS=--cap-lints=warn" "-e" "RUSTDOCFLAGS=--cap-lints=warn" "-e" "CARGO_HOME=/opt/rustwide/cargo-home" "-e" "RUSTUP_HOME=/opt/rustwide/rustup-home" "-w" "/opt/rustwide/workdir" "-m" "1610612736" "--user" "0:0" "--network" "none" "ghcr.io/rust-lang/crates-build-env/linux@sha256:f3a9d4ad9d972b27faf3965f35b62e55ba32bbce8f20bc8fe909558a86702fde" "/opt/rustwide/cargo-home/bin/cargo" "+1.83.0" "build" "--frozen" "--message-format=json", kill_on_drop: false }`
[INFO] [stdout] 6acbdaca2a34f42027049c61e51dda986b87441b235bdb334b026ecb7e4dea5b
[INFO] running `Command { std: "docker" "start" "-a" "6acbdaca2a34f42027049c61e51dda986b87441b235bdb334b026ecb7e4dea5b", kill_on_drop: false }`
[INFO] [stderr]    Compiling proc-macro2 v1.0.83
[INFO] [stderr]    Compiling unicode-ident v1.0.12
[INFO] [stderr]    Compiling memchr v2.7.2
[INFO] [stderr]    Compiling regex-syntax v0.8.3
[INFO] [stderr]    Compiling thiserror v1.0.61
[INFO] [stderr]    Compiling byteorder v1.5.0
[INFO] [stderr]    Compiling minimal-lexical v0.2.1
[INFO] [stderr]    Compiling utf16string v0.2.0
[INFO] [stderr]    Compiling aho-corasick v1.1.3
[INFO] [stderr]    Compiling nom v7.1.3
[INFO] [stderr]    Compiling quote v1.0.36
[INFO] [stderr]    Compiling syn v2.0.65
[INFO] [stderr]    Compiling regex-automata v0.4.6
[INFO] [stderr]    Compiling thiserror-impl v1.0.61
[INFO] [stderr]    Compiling regex v1.10.4
[INFO] [stderr]    Compiling regashii v0.2.0 (/opt/rustwide/workdir)
[INFO] [stderr]     Finished `dev` profile [unoptimized + debuginfo] target(s) in 23.49s
[INFO] running `Command { std: "docker" "inspect" "6acbdaca2a34f42027049c61e51dda986b87441b235bdb334b026ecb7e4dea5b", kill_on_drop: false }`
[INFO] running `Command { std: "docker" "rm" "-f" "6acbdaca2a34f42027049c61e51dda986b87441b235bdb334b026ecb7e4dea5b", kill_on_drop: false }`
[INFO] [stdout] 6acbdaca2a34f42027049c61e51dda986b87441b235bdb334b026ecb7e4dea5b
[INFO] running `Command { std: "docker" "create" "-v" "/var/lib/crater-agent-workspace/builds/worker-3-tc1/target:/opt/rustwide/target:rw,Z" "-v" "/var/lib/crater-agent-workspace/builds/worker-3-tc1/source:/opt/rustwide/workdir:ro,Z" "-v" "/var/lib/crater-agent-workspace/cargo-home:/opt/rustwide/cargo-home:ro,Z" "-v" "/var/lib/crater-agent-workspace/rustup-home:/opt/rustwide/rustup-home:ro,Z" "-e" "SOURCE_DIR=/opt/rustwide/workdir" "-e" "CARGO_TARGET_DIR=/opt/rustwide/target" "-e" "CARGO_INCREMENTAL=0" "-e" "RUST_BACKTRACE=full" "-e" "RUSTFLAGS=--cap-lints=warn" "-e" "RUSTDOCFLAGS=--cap-lints=warn" "-e" "CARGO_HOME=/opt/rustwide/cargo-home" "-e" "RUSTUP_HOME=/opt/rustwide/rustup-home" "-w" "/opt/rustwide/workdir" "-m" "1610612736" "--user" "0:0" "--network" "none" "ghcr.io/rust-lang/crates-build-env/linux@sha256:f3a9d4ad9d972b27faf3965f35b62e55ba32bbce8f20bc8fe909558a86702fde" "/opt/rustwide/cargo-home/bin/cargo" "+1.83.0" "test" "--frozen" "--no-run" "--message-format=json", kill_on_drop: false }`
[INFO] [stdout] 3190ee523f1f22fe8beffcccaceff8c00226748d348f269c48d1ae652f869a49
[INFO] running `Command { std: "docker" "start" "-a" "3190ee523f1f22fe8beffcccaceff8c00226748d348f269c48d1ae652f869a49", kill_on_drop: false }`
[INFO] [stderr]    Compiling syn v2.0.65
[INFO] [stderr]    Compiling cfg-if v1.0.0
[INFO] [stderr]    Compiling diff v0.1.13
[INFO] [stderr]    Compiling yansi v0.5.1
[INFO] [stderr]    Compiling pretty_assertions v1.4.0
[INFO] [stderr]    Compiling test-case-core v3.3.1
[INFO] [stderr]    Compiling thiserror-impl v1.0.61
[INFO] [stderr]    Compiling test-case-macros v3.3.1
[INFO] [stderr]    Compiling test-case v3.3.1
[INFO] [stderr]    Compiling thiserror v1.0.61
[INFO] [stderr]    Compiling regashii v0.2.0 (/opt/rustwide/workdir)
[INFO] [stderr]     Finished `test` profile [unoptimized + debuginfo] target(s) in 20.09s
[INFO] running `Command { std: "docker" "inspect" "3190ee523f1f22fe8beffcccaceff8c00226748d348f269c48d1ae652f869a49", kill_on_drop: false }`
[INFO] running `Command { std: "docker" "rm" "-f" "3190ee523f1f22fe8beffcccaceff8c00226748d348f269c48d1ae652f869a49", kill_on_drop: false }`
[INFO] [stdout] 3190ee523f1f22fe8beffcccaceff8c00226748d348f269c48d1ae652f869a49
[INFO] running `Command { std: "docker" "create" "-v" "/var/lib/crater-agent-workspace/builds/worker-3-tc1/target:/opt/rustwide/target:rw,Z" "-v" "/var/lib/crater-agent-workspace/builds/worker-3-tc1/source:/opt/rustwide/workdir:ro,Z" "-v" "/var/lib/crater-agent-workspace/cargo-home:/opt/rustwide/cargo-home:ro,Z" "-v" "/var/lib/crater-agent-workspace/rustup-home:/opt/rustwide/rustup-home:ro,Z" "-e" "SOURCE_DIR=/opt/rustwide/workdir" "-e" "CARGO_TARGET_DIR=/opt/rustwide/target" "-e" "CARGO_INCREMENTAL=0" "-e" "RUST_BACKTRACE=full" "-e" "RUSTFLAGS=--cap-lints=warn" "-e" "RUSTDOCFLAGS=--cap-lints=warn" "-e" "CARGO_HOME=/opt/rustwide/cargo-home" "-e" "RUSTUP_HOME=/opt/rustwide/rustup-home" "-w" "/opt/rustwide/workdir" "-m" "1610612736" "--user" "0:0" "--network" "none" "ghcr.io/rust-lang/crates-build-env/linux@sha256:f3a9d4ad9d972b27faf3965f35b62e55ba32bbce8f20bc8fe909558a86702fde" "/opt/rustwide/cargo-home/bin/cargo" "+1.83.0" "test" "--frozen", kill_on_drop: false }`
[INFO] [stdout] b82e69dc374916a896a11aec911ad938e7a0957e2a5ddbf37d1592c25bf96ff3
[INFO] running `Command { std: "docker" "start" "-a" "b82e69dc374916a896a11aec911ad938e7a0957e2a5ddbf37d1592c25bf96ff3", kill_on_drop: false }`
[INFO] [stderr]     Finished `test` profile [unoptimized + debuginfo] target(s) in 0.05s
[INFO] [stderr]      Running unittests src/lib.rs (/opt/rustwide/target/debug/deps/regashii-923bbc69303fe82a)
[INFO] [stdout] 
[INFO] [stdout] running 141 tests
[INFO] [stdout] test deserialize::tests::element_normalization::concatenated_lines ... ok
[INFO] [stdout] test deserialize::tests::element_normalization::quoted_semicolons ... ok
[INFO] [stdout] test deserialize::tests::element_normalization::semicolon_and_bracket_in_key_name ... ok
[INFO] [stdout] test deserialize::tests::element_normalization::concatenated_line_with_comment ... ok
[INFO] [stdout] test deserialize::tests::element_normalization::quoted_semicolons_plus_escaped_quotes ... ok
[INFO] [stdout] test deserialize::tests::element_normalization::garbage_after_value_data ... ok
[INFO] [stdout] test deserialize::tests::element_normalization::semicolon_in_key_name ... ok
[INFO] [stdout] test deserialize::tests::escaped_keys_regedit5::null ... ok
[INFO] [stdout] test deserialize::tests::escaped_keys_regedit5::quote ... ok
[INFO] [stdout] test deserialize::tests::element_normalization::whole_line_comment ... ok
[INFO] [stdout] test deserialize::tests::escaped_keys_regedit5::unicode ... ok
[INFO] [stdout] test deserialize::tests::escaped_keys_wine::quote ... ok
[INFO] [stdout] test deserialize::tests::escaped_keys_wine::bracket ... ok
[INFO] [stdout] test deserialize::tests::escaped_value_data_regedit5::empty ... ok
[INFO] [stdout] test deserialize::tests::element_normalization::comment_after_key ... ok
[INFO] [stdout] test deserialize::tests::element_normalization::quote_in_key_name ... ok
[INFO] [stdout] test deserialize::tests::element_normalization::bracket_in_key_name ... ok
[INFO] [stdout] test deserialize::tests::escaped_keys_regedit5::regular_backslash ... ok
[INFO] [stdout] test deserialize::tests::escaped_keys_wine::regular_backslash ... ok
[INFO] [stdout] test deserialize::tests::escaped_value_data_wine::empty ... ok
[INFO] [stdout] test deserialize::tests::escaped_value_data_wine::new_line ... ok
[INFO] [stdout] test deserialize::tests::escaped_keys_wine::unicode ... ok
[INFO] [stdout] test deserialize::tests::escaped_value_data_wine::backslash_not_carriage_return ... ok
[INFO] [stdout] test deserialize::tests::escaped_value_data_wine::null ... ok
[INFO] [stdout] test deserialize::tests::escaped_value_data_wine::regular_backslash ... ok
[INFO] [stdout] test deserialize::tests::escaped_value_data_regedit5::regular_backslash ... ok
[INFO] [stdout] test deserialize::tests::escaped_value_data_wine::backslash_not_new_line ... ok
[INFO] [stdout] test deserialize::tests::escaped_keys_wine::surrogate_pair ... ok
[INFO] [stdout] test deserialize::tests::escaped_value_data_wine::unicode ... ok
[INFO] [stdout] test deserialize::tests::escaped_value_data_wine::carriage_return ... ok
[INFO] [stdout] test deserialize::tests::escaped_value_data_wine::quote ... ok
[INFO] [stdout] test deserialize::tests::invalid_format ... ok
[INFO] [stdout] test deserialize::tests::invalid_keys::inner_leading_space ... ok
[INFO] [stdout] test deserialize::tests::invalid_keys::blank_delete_key ... ok
[INFO] [stdout] test deserialize::tests::invalid_keys::no_closing_bracket ... ok
[INFO] [stdout] test deserialize::tests::invalid_keys::blank_add_key ... ok
[INFO] [stdout] test deserialize::tests::invalid_named_values_none::str_with_unmatched_quote ... ok
[INFO] [stdout] test deserialize::tests::invalid_named_values_err::name_with_unmatched_quote ... ok
[INFO] [stdout] test deserialize::tests::valid_keys::addendum ... ok
[INFO] [stdout] test deserialize::tests::valid_keys::addendum_with_comment ... ok
[INFO] [stdout] test deserialize::tests::valid_keys::comment ... ok
[INFO] [stdout] test deserialize::tests::invalid_named_values_none::sz_with_unmatched_quote ... ok
[INFO] [stdout] test deserialize::tests::valid_keys::one_backslash ... ok
[INFO] [stdout] test deserialize::tests::valid_keys::multiple_backslashes ... ok
[INFO] [stdout] test deserialize::tests::invalid_value_data::str_invalid ... ok
[INFO] [stdout] test deserialize::tests::valid_keys::inner_trailing_space ... ok
[INFO] [stdout] test deserialize::tests::valid_keys::simple ... ok
[INFO] [stdout] test deserialize::tests::valid_named_values::quoted_equal_signs ... ok
[INFO] [stdout] test deserialize::tests::valid_value_data::delete ... ok
[INFO] [stdout] test deserialize::tests::valid_value_data::hex_a ... ok
[INFO] [stdout] test deserialize::tests::valid_value_data::hex_empty ... ok
[INFO] [stdout] test deserialize::tests::valid_value_data::hex_expand_sz_empty ... ok
[INFO] [stdout] test deserialize::tests::valid_value_data::hex_multi_sz_empty ... ok
[INFO] [stdout] test deserialize::tests::valid_value_data::hex_qword_0 ... ok
[INFO] [stdout] test deserialize::tests::valid_value_data::hex_qword_1 ... ok
[INFO] [stdout] test deserialize::tests::valid_value_data::hex_qword_255 ... ok
[INFO] [stdout] test deserialize::tests::valid_value_data::sz_empty ... ok
[INFO] [stdout] test deserialize::tests::format_normalization::comment_after_format ... ok
[INFO] [stdout] test deserialize::tests::valid_value_data::sz_escaped_characters ... ok
[INFO] [stdout] test deserialize::tests::valid_value_data::sz_simple ... ok
[INFO] [stdout] test deserialize::tests::valid_named_values::simple ... ok
[INFO] [stdout] test deserialize::tests::valid_named_values::whitespace ... ok
[INFO] [stdout] test deserialize::tests::valid_value_data::dword_0 ... ok
[INFO] [stdout] test deserialize::tests::valid_value_data::dword_255 ... ok
[INFO] [stdout] test deserialize::tests::valid_value_data_wine::str_multi ... ok
[INFO] [stdout] test deserialize::tests::valid_value_data_wine::str_expand ... ok
[INFO] [stdout] test deserialize::tests::valid_value_data_wine::str_sz ... ok
[INFO] [stdout] test deserialize::tests::valid_value_names::sz_escaped_characters ... ok
[INFO] [stdout] test deserialize::tests::valid_value_names::default ... ok
[INFO] [stdout] test deserialize::tests::valid_value_names::default_whitespace ... ok
[INFO] [stdout] test deserialize::tests::valid_value_names::sz_inner_equal_signs ... ok
[INFO] [stdout] test deserialize::tests::valid_value_names::sz_simple ... ok
[INFO] [stdout] test deserialize::tests::valid_wine_global_options::arch ... ok
[INFO] [stdout] test deserialize::tests::valid_wine_global_options::other ... ok
[INFO] [stdout] test deserialize::tests::valid_wine_key_options::class ... ok
[INFO] [stdout] test deserialize::tests::valid_wine_key_options::link ... ok
[INFO] [stdout] test deserialize::tests::valid_wine_key_options::other ... ok
[INFO] [stdout] test deserialize::tests::valid_wine_key_options::time ... ok
[INFO] [stdout] test serialize::tests::escaped_keys_wine2::bracket ... ok
[INFO] [stdout] test serialize::tests::escaped_keys_wine2::quote ... ok
[INFO] [stdout] test deserialize::tests::escaped_value_data_regedit5::quote ... ok
[INFO] [stdout] test serialize::tests::escaped_keys_wine2::regular_backslash ... ok
[INFO] [stdout] test serialize::tests::escaped_keys_wine2::unicode ... ok
[INFO] [stdout] test serialize::tests::escaped_values_regedit5::carriage_return ... ok
[INFO] [stdout] test serialize::tests::escaped_values_regedit5::empty ... ok
[INFO] [stdout] test serialize::tests::escaped_values_regedit5::new_line ... ok
[INFO] [stdout] test serialize::tests::escaped_values_regedit5::quote ... ok
[INFO] [stdout] test deserialize::tests::valid_keys::extra_brackets ... ok
[INFO] [stdout] test serialize::tests::escaped_values_regedit5::regular_backslash ... ok
[INFO] [stdout] test serialize::tests::escaped_values_wine2::carriage_return ... ok
[INFO] [stdout] test serialize::tests::escaped_values_wine2::null ... ok
[INFO] [stdout] test serialize::tests::escaped_values_wine2::quote ... ok
[INFO] [stdout] test serialize::tests::escaped_values_wine2::unicode ... ok
[INFO] [stdout] test serialize::tests::valid_keys::add ... ok
[INFO] [stdout] test serialize::tests::valid_keys::addendum ... ok
[INFO] [stdout] test serialize::tests::valid_keys::delete ... ok
[INFO] [stdout] test serialize::tests::valid_keys::multiple_backslashes ... ok
[INFO] [stdout] test serialize::tests::valid_keys::one_backslash ... ok
[INFO] [stdout] test serialize::tests::escaped_values_regedit5::unicode ... ok
[INFO] [stdout] test serialize::tests::valid_value_names::default ... ok
[INFO] [stdout] test serialize::tests::escaped_keys_wine2::surrogate_pair ... ok
[INFO] [stdout] test serialize::tests::valid_value_names::sz_escaped_characters ... ok
[INFO] [stdout] test serialize::tests::valid_values::delete ... ok
[INFO] [stdout] test serialize::tests::valid_values::dword_0 ... ok
[INFO] [stdout] test serialize::tests::valid_values::hex_a ... ok
[INFO] [stdout] test serialize::tests::valid_values::dword_255 ... ok
[INFO] [stdout] test serialize::tests::valid_values::hex_empty ... ok
[INFO] [stdout] test serialize::tests::valid_values::hex_expand_sz_empty ... ok
[INFO] [stdout] test serialize::tests::valid_values::hex_qword_0 ... ok
[INFO] [stdout] test serialize::tests::valid_values::hex_qword_1 ... ok
[INFO] [stdout] test serialize::tests::valid_values::hex_qword_255 ... ok
[INFO] [stdout] test serialize::tests::valid_values::str_expand ... ok
[INFO] [stdout] test serialize::tests::escaped_values_regedit5::null ... ok
[INFO] [stdout] test serialize::tests::valid_value_names::sz_inner_equal_signs ... ok
[INFO] [stdout] test serialize::tests::escaped_values_wine2::empty ... ok
[INFO] [stdout] test serialize::tests::escaped_values_wine2::new_line ... ok
[INFO] [stdout] test serialize::tests::escaped_values_wine2::regular_backslash ... ok
[INFO] [stdout] test serialize::tests::valid_value_names::sz_simple ... ok
[INFO] [stdout] test serialize::tests::valid_values::hex_multi_sz_empty ... ok
[INFO] [stdout] test serialize::tests::valid_wine_global_options::arch ... ok
[INFO] [stdout] test serialize::tests::valid_wine_global_options::other ... ok
[INFO] [stdout] test serialize::tests::valid_wine_key_options::class ... ok
[INFO] [stdout] test serialize::tests::valid_wine_key_options::other ... ok
[INFO] [stdout] test serialize::tests::valid_wine_key_options::time ... ok
[INFO] [stdout] test serialize::tests::valid_values::str_sz ... ok
[INFO] [stdout] test tests::japanese_regedit4 ... ok
[INFO] [stdout] test tests::complex_regedit4 ... ok
[INFO] [stdout] test tests::complex_regedit5 ... ok
[INFO] [stdout] test tests::japanese_regedit5 ... ok
[INFO] [stdout] test tests::key_name ... ok
[INFO] [stdout] test tests::irregular_regedit5 ... ok
[INFO] [stdout] test tests::multi_sz_separation_regedit4 ... ok
[INFO] [stdout] test tests::multi_sz_separation_regedit5 ... ok
[INFO] [stdout] test tests::repetition_regedit5 ... ok
[INFO] [stdout] test serialize::tests::valid_values::str_multi ... ok
[INFO] [stdout] test serialize::tests::valid_values::sz_escaped_characters ... ok
[INFO] [stdout] test serialize::tests::valid_wine_key_options::link ... ok
[INFO] [stdout] test tests::simple_regedit4 ... ok
[INFO] [stdout] test tests::wine_v2 ... ok
[INFO] [stdout] test serialize::tests::valid_values::sz_simple ... ok
[INFO] [stdout] test tests::simple_regedit5 ... ok
[INFO] [stdout] 
[INFO] [stdout] test result: ok. 141 passed; 0 failed; 0 ignored; 0 measured; 0 filtered out; finished in 0.09s
[INFO] [stdout] 
[INFO] [stderr]    Doc-tests regashii
[INFO] [stdout] 
[INFO] [stdout] running 2 tests
[INFO] [stdout] test src/../README.md - (line 64) ... FAILED
[INFO] [stdout] test src/../README.md - (line 34) ... ok
[INFO] [stdout] 
[INFO] [stdout] failures:
[INFO] [stdout] 
[INFO] [stdout] ---- src/../README.md - (line 64) stdout ----
[INFO] [stdout] Test executable failed (exit status: 101).
[INFO] [stdout] 
[INFO] [stdout] stderr:
[INFO] [stdout] thread 'main' panicked at src/../README.md:15:39:
[INFO] [stdout] called `Result::unwrap()` on an `Err` value: Io(Os { code: 30, kind: ReadOnlyFilesystem, message: "Read-only file system" })
[INFO] [stdout] stack backtrace:
[INFO] [stdout]    0:     0x643bd24a0a1a - std::backtrace_rs::backtrace::libunwind::trace::h5a5b8284f2d0c266
[INFO] [stdout]                                at /rustc/90b35a6239c3d8bdabc530a6a0816f7ff89a0aaf/library/std/src/../../backtrace/src/backtrace/libunwind.rs:116:5
[INFO] [stdout]    1:     0x643bd24a0a1a - std::backtrace_rs::backtrace::trace_unsynchronized::h76d4f1c9b0b875e3
[INFO] [stdout]                                at /rustc/90b35a6239c3d8bdabc530a6a0816f7ff89a0aaf/library/std/src/../../backtrace/src/backtrace/mod.rs:66:5
[INFO] [stdout]    2:     0x643bd24a0a1a - std::sys::backtrace::_print_fmt::hc4546b8364a537c6
[INFO] [stdout]                                at /rustc/90b35a6239c3d8bdabc530a6a0816f7ff89a0aaf/library/std/src/sys/backtrace.rs:66:9
[INFO] [stdout]    3:     0x643bd24a0a1a - <std::sys::backtrace::BacktraceLock::print::DisplayBacktrace as core::fmt::Display>::fmt::h5b6bd5631a6d1f6b
[INFO] [stdout]                                at /rustc/90b35a6239c3d8bdabc530a6a0816f7ff89a0aaf/library/std/src/sys/backtrace.rs:39:26
[INFO] [stdout]    4:     0x643bd24bd123 - core::fmt::rt::Argument::fmt::h270f6602a2b96f62
[INFO] [stdout]                                at /rustc/90b35a6239c3d8bdabc530a6a0816f7ff89a0aaf/library/core/src/fmt/rt.rs:177:76
[INFO] [stdout]    5:     0x643bd24bd123 - core::fmt::write::h7550c97b06c86515
[INFO] [stdout]                                at /rustc/90b35a6239c3d8bdabc530a6a0816f7ff89a0aaf/library/core/src/fmt/mod.rs:1186:21
[INFO] [stdout]    6:     0x643bd249e7c3 - std::io::Write::write_fmt::h7b09c64fe0be9c84
[INFO] [stdout]                                at /rustc/90b35a6239c3d8bdabc530a6a0816f7ff89a0aaf/library/std/src/io/mod.rs:1839:15
[INFO] [stdout]    7:     0x643bd24a0862 - std::sys::backtrace::BacktraceLock::print::h2395ccd2c84ba3aa
[INFO] [stdout]                                at /rustc/90b35a6239c3d8bdabc530a6a0816f7ff89a0aaf/library/std/src/sys/backtrace.rs:42:9
[INFO] [stdout]    8:     0x643bd24a180c - std::panicking::default_hook::{{closure}}::he19d4c7230e07961
[INFO] [stdout]                                at /rustc/90b35a6239c3d8bdabc530a6a0816f7ff89a0aaf/library/std/src/panicking.rs:268:22
[INFO] [stdout]    9:     0x643bd24a1652 - std::panicking::default_hook::hf614597d3c67bbdb
[INFO] [stdout]                                at /rustc/90b35a6239c3d8bdabc530a6a0816f7ff89a0aaf/library/std/src/panicking.rs:295:9
[INFO] [stdout]   10:     0x643bd24a1de7 - std::panicking::rust_panic_with_hook::h8942133a8b252070
[INFO] [stdout]                                at /rustc/90b35a6239c3d8bdabc530a6a0816f7ff89a0aaf/library/std/src/panicking.rs:801:13
[INFO] [stdout]   11:     0x643bd24a1c7a - std::panicking::begin_panic_handler::{{closure}}::hb5f5963570096b29
[INFO] [stdout]                                at /rustc/90b35a6239c3d8bdabc530a6a0816f7ff89a0aaf/library/std/src/panicking.rs:674:13
[INFO] [stdout]   12:     0x643bd24a0ef9 - std::sys::backtrace::__rust_end_short_backtrace::h6208cedc1922feda
[INFO] [stdout]                                at /rustc/90b35a6239c3d8bdabc530a6a0816f7ff89a0aaf/library/std/src/sys/backtrace.rs:170:18
[INFO] [stdout]   13:     0x643bd24a190c - rust_begin_unwind
[INFO] [stdout]                                at /rustc/90b35a6239c3d8bdabc530a6a0816f7ff89a0aaf/library/std/src/panicking.rs:665:5
[INFO] [stdout]   14:     0x643bd24010e0 - core::panicking::panic_fmt::h0c3082644d1bf418
[INFO] [stdout]                                at /rustc/90b35a6239c3d8bdabc530a6a0816f7ff89a0aaf/library/core/src/panicking.rs:74:14
[INFO] [stdout]   15:     0x643bd24014f6 - core::result::unwrap_failed::hd20b4aa073bda1e2
[INFO] [stdout]                                at /rustc/90b35a6239c3d8bdabc530a6a0816f7ff89a0aaf/library/core/src/result.rs:1700:5
[INFO] [stdout]   16:     0x643bd2402bf6 - rust_out::main::_doctest_main_src____README_md_64_0::h7cf11959fb44bfd1
[INFO] [stdout]   17:     0x643bd2402956 - rust_out::main::h86d391cc11b8a827
[INFO] [stdout]   18:     0x643bd2401c73 - core::ops::function::FnOnce::call_once::hd1e0b33d350e8c2e
[INFO] [stdout]   19:     0x643bd2401bf6 - std::sys::backtrace::__rust_begin_short_backtrace::hb7c4fd168269da08
[INFO] [stdout]   20:     0x643bd2401bd9 - std::rt::lang_start::{{closure}}::h7630186e3858a44d
[INFO] [stdout]   21:     0x643bd249cb1e - core::ops::function::impls::<impl core::ops::function::FnOnce<A> for &F>::call_once::hfdb85f4ee94732d3
[INFO] [stdout]                                at /rustc/90b35a6239c3d8bdabc530a6a0816f7ff89a0aaf/library/core/src/ops/function.rs:284:13
[INFO] [stdout]   22:     0x643bd249cb1e - std::panicking::try::do_call::h6e577310f330cbef
[INFO] [stdout]                                at /rustc/90b35a6239c3d8bdabc530a6a0816f7ff89a0aaf/library/std/src/panicking.rs:557:40
[INFO] [stdout]   23:     0x643bd249cb1e - std::panicking::try::ha588d438267d2645
[INFO] [stdout]                                at /rustc/90b35a6239c3d8bdabc530a6a0816f7ff89a0aaf/library/std/src/panicking.rs:520:19
[INFO] [stdout]   24:     0x643bd249cb1e - std::panic::catch_unwind::h429fda1e025f26d9
[INFO] [stdout]                                at /rustc/90b35a6239c3d8bdabc530a6a0816f7ff89a0aaf/library/std/src/panic.rs:358:14
[INFO] [stdout]   25:     0x643bd249cb1e - std::rt::lang_start_internal::{{closure}}::h7b731265e841c4bf
[INFO] [stdout]                                at /rustc/90b35a6239c3d8bdabc530a6a0816f7ff89a0aaf/library/std/src/rt.rs:174:48
[INFO] [stdout]   26:     0x643bd249cb1e - std::panicking::try::do_call::hc0f6a675b7ae5a36
[INFO] [stdout]                                at /rustc/90b35a6239c3d8bdabc530a6a0816f7ff89a0aaf/library/std/src/panicking.rs:557:40
[INFO] [stdout]   27:     0x643bd249cb1e - std::panicking::try::h4c93b7ff0671f1ff
[INFO] [stdout]                                at /rustc/90b35a6239c3d8bdabc530a6a0816f7ff89a0aaf/library/std/src/panicking.rs:520:19
[INFO] [stdout]   28:     0x643bd249cb1e - std::panic::catch_unwind::hcc1e154961d16ce6
[INFO] [stdout]                                at /rustc/90b35a6239c3d8bdabc530a6a0816f7ff89a0aaf/library/std/src/panic.rs:358:14
[INFO] [stdout]   29:     0x643bd249cb1e - std::rt::lang_start_internal::h1c66660c99c8424c
[INFO] [stdout]                                at /rustc/90b35a6239c3d8bdabc530a6a0816f7ff89a0aaf/library/std/src/rt.rs:174:20
[INFO] [stdout]   30:     0x643bd2401bb7 - std::rt::lang_start::hcdb31f4834f76b8c
[INFO] [stdout]   31:     0x643bd2402cd5 - main
[INFO] [stdout]   32:     0x7e3f3e1bbd90 - <unknown>
[INFO] [stdout]   33:     0x7e3f3e1bbe40 - __libc_start_main
[INFO] [stdout]   34:     0x643bd24018b5 - _start
[INFO] [stdout]   35:                0x0 - <unknown>
[INFO] [stdout] 
[INFO] [stdout] 
[INFO] [stdout] 
[INFO] [stdout] failures:
[INFO] [stdout]     src/../README.md - (line 64)
[INFO] [stdout] 
[INFO] [stdout] test result: FAILED. 1 passed; 1 failed; 0 ignored; 0 measured; 0 filtered out; finished in 2.31s
[INFO] [stdout] 
[INFO] [stderr] error: doctest failed, to rerun pass `--doc`
[INFO] running `Command { std: "docker" "inspect" "b82e69dc374916a896a11aec911ad938e7a0957e2a5ddbf37d1592c25bf96ff3", kill_on_drop: false }`
[INFO] running `Command { std: "docker" "rm" "-f" "b82e69dc374916a896a11aec911ad938e7a0957e2a5ddbf37d1592c25bf96ff3", kill_on_drop: false }`
[INFO] [stdout] b82e69dc374916a896a11aec911ad938e7a0957e2a5ddbf37d1592c25bf96ff3
