[INFO] cloning repository https://github.com/mrasore98/metronome
[INFO] running `Command { std: "git" "-c" "credential.helper=" "-c" "credential.helper=/workspace/cargo-home/bin/git-credential-null" "clone" "--bare" "https://github.com/mrasore98/metronome" "/workspace/cache/git-repos/https%3A%2F%2Fgithub.com%2Fmrasore98%2Fmetronome", kill_on_drop: false }`
[INFO] [stderr] Cloning into bare repository '/workspace/cache/git-repos/https%3A%2F%2Fgithub.com%2Fmrasore98%2Fmetronome'...
[INFO] running `Command { std: "git" "rev-parse" "HEAD", kill_on_drop: false }`
[INFO] [stdout] b66336e68e3c31d428bbed1a635d5d384342ca15
[INFO] testing mrasore98/metronome against beta-2024-12-08 for beta-1.84.0-4-retry
[INFO] running `Command { std: "git" "clone" "/workspace/cache/git-repos/https%3A%2F%2Fgithub.com%2Fmrasore98%2Fmetronome" "/workspace/builds/worker-3-tc2/source", kill_on_drop: false }`
[INFO] [stderr] Cloning into '/workspace/builds/worker-3-tc2/source'...
[INFO] [stderr] done.
[INFO] validating manifest of git repo https://github.com/mrasore98/metronome on toolchain beta-2024-12-08
[INFO] running `Command { std: CARGO_HOME="/workspace/cargo-home" RUSTUP_HOME="/workspace/rustup-home" "/workspace/cargo-home/bin/cargo" "+beta-2024-12-08" "metadata" "--manifest-path" "Cargo.toml" "--no-deps", kill_on_drop: false }`
[INFO] started tweaking git repo https://github.com/mrasore98/metronome
[INFO] finished tweaking git repo https://github.com/mrasore98/metronome
[INFO] tweaked toml for git repo https://github.com/mrasore98/metronome written to /workspace/builds/worker-3-tc2/source/Cargo.toml
[INFO] crate git repo https://github.com/mrasore98/metronome already has a lockfile, it will not be regenerated
[INFO] running `Command { std: CARGO_HOME="/workspace/cargo-home" RUSTUP_HOME="/workspace/rustup-home" "/workspace/cargo-home/bin/cargo" "+beta-2024-12-08" "fetch" "--manifest-path" "Cargo.toml", kill_on_drop: false }`
[INFO] running `Command { std: "docker" "create" "-v" "/var/lib/crater-agent-workspace/builds/worker-3-tc2/target:/opt/rustwide/target:rw,Z" "-v" "/var/lib/crater-agent-workspace/builds/worker-3-tc2/source:/opt/rustwide/workdir:ro,Z" "-v" "/var/lib/crater-agent-workspace/cargo-home:/opt/rustwide/cargo-home:ro,Z" "-v" "/var/lib/crater-agent-workspace/rustup-home:/opt/rustwide/rustup-home:ro,Z" "-e" "SOURCE_DIR=/opt/rustwide/workdir" "-e" "CARGO_TARGET_DIR=/opt/rustwide/target" "-e" "CARGO_HOME=/opt/rustwide/cargo-home" "-e" "RUSTUP_HOME=/opt/rustwide/rustup-home" "-w" "/opt/rustwide/workdir" "-m" "1610612736" "--user" "0:0" "--network" "none" "ghcr.io/rust-lang/crates-build-env/linux@sha256:f3a9d4ad9d972b27faf3965f35b62e55ba32bbce8f20bc8fe909558a86702fde" "/opt/rustwide/cargo-home/bin/cargo" "+beta-2024-12-08" "metadata" "--no-deps" "--format-version=1", kill_on_drop: false }`
[INFO] [stdout] 64f7d63e019496223c8a7bf7f75faebd2ae6bc6b0bea2a2349ba23c4f7560cf0
[INFO] running `Command { std: "docker" "start" "-a" "64f7d63e019496223c8a7bf7f75faebd2ae6bc6b0bea2a2349ba23c4f7560cf0", kill_on_drop: false }`
[INFO] running `Command { std: "docker" "inspect" "64f7d63e019496223c8a7bf7f75faebd2ae6bc6b0bea2a2349ba23c4f7560cf0", kill_on_drop: false }`
[INFO] running `Command { std: "docker" "rm" "-f" "64f7d63e019496223c8a7bf7f75faebd2ae6bc6b0bea2a2349ba23c4f7560cf0", kill_on_drop: false }`
[INFO] [stdout] 64f7d63e019496223c8a7bf7f75faebd2ae6bc6b0bea2a2349ba23c4f7560cf0
[INFO] running `Command { std: "docker" "create" "-v" "/var/lib/crater-agent-workspace/builds/worker-3-tc2/target:/opt/rustwide/target:rw,Z" "-v" "/var/lib/crater-agent-workspace/builds/worker-3-tc2/source:/opt/rustwide/workdir:ro,Z" "-v" "/var/lib/crater-agent-workspace/cargo-home:/opt/rustwide/cargo-home:ro,Z" "-v" "/var/lib/crater-agent-workspace/rustup-home:/opt/rustwide/rustup-home:ro,Z" "-e" "SOURCE_DIR=/opt/rustwide/workdir" "-e" "CARGO_TARGET_DIR=/opt/rustwide/target" "-e" "CARGO_INCREMENTAL=0" "-e" "RUST_BACKTRACE=full" "-e" "RUSTFLAGS=--cap-lints=warn" "-e" "RUSTDOCFLAGS=--cap-lints=warn" "-e" "CARGO_HOME=/opt/rustwide/cargo-home" "-e" "RUSTUP_HOME=/opt/rustwide/rustup-home" "-w" "/opt/rustwide/workdir" "-m" "1610612736" "--user" "0:0" "--network" "none" "ghcr.io/rust-lang/crates-build-env/linux@sha256:f3a9d4ad9d972b27faf3965f35b62e55ba32bbce8f20bc8fe909558a86702fde" "/opt/rustwide/cargo-home/bin/cargo" "+beta-2024-12-08" "build" "--frozen" "--message-format=json", kill_on_drop: false }`
[INFO] [stdout] 0b6a766ddc8d018a1c1ba8324a7d8b45f6405f56eb1341edfdaab75eb3299e99
[INFO] running `Command { std: "docker" "start" "-a" "0b6a766ddc8d018a1c1ba8324a7d8b45f6405f56eb1341edfdaab75eb3299e99", kill_on_drop: false }`
[INFO] [stderr]    Compiling version_check v0.9.4
[INFO] [stderr]    Compiling proc-macro2 v1.0.79
[INFO] [stderr]    Compiling autocfg v1.2.0
[INFO] [stderr]    Compiling unicode-ident v1.0.12
[INFO] [stderr]    Compiling utf8parse v0.2.1
[INFO] [stderr]    Compiling once_cell v1.19.0
[INFO] [stderr]    Compiling pkg-config v0.3.30
[INFO] [stderr]    Compiling cc v1.0.92
[INFO] [stderr]    Compiling cfg-if v1.0.0
[INFO] [stderr]    Compiling vcpkg v0.2.15
[INFO] [stderr]    Compiling zerocopy v0.7.32
[INFO] [stderr]    Compiling allocator-api2 v0.2.16
[INFO] [stderr]    Compiling rustversion v1.0.15
[INFO] [stderr]    Compiling anstyle v1.0.6
[INFO] [stderr]    Compiling colorchoice v1.0.0
[INFO] [stderr]    Compiling anstyle-query v1.0.2
[INFO] [stderr]    Compiling anstyle-parse v0.2.3
[INFO] [stderr]    Compiling iana-time-zone v0.1.60
[INFO] [stderr]    Compiling strsim v0.11.1
[INFO] [stderr]    Compiling clap_lex v0.7.0
[INFO] [stderr]    Compiling fallible-iterator v0.3.0
[INFO] [stderr]    Compiling smallvec v1.13.2
[INFO] [stderr]    Compiling fallible-streaming-iterator v0.1.9
[INFO] [stderr]    Compiling anstream v0.6.13
[INFO] [stderr]    Compiling heck v0.4.1
[INFO] [stderr]    Compiling bitflags v2.5.0
[INFO] [stderr]    Compiling strum v0.26.2
[INFO] [stderr]    Compiling clap_builder v4.5.2
[INFO] [stderr]    Compiling num-traits v0.2.18
[INFO] [stderr]    Compiling ahash v0.8.11
[INFO] [stderr]    Compiling hashbrown v0.14.3
[INFO] [stderr]    Compiling quote v1.0.35
[INFO] [stderr]    Compiling syn v2.0.58
[INFO] [stderr]    Compiling libsqlite3-sys v0.28.0
[INFO] [stderr]    Compiling hashlink v0.9.0
[INFO] [stderr]    Compiling chrono v0.4.37
[INFO] [stderr]    Compiling clap v4.5.4
[INFO] [stderr]    Compiling strum_macros v0.26.2
[INFO] [stderr]    Compiling rusqlite v0.31.0
[INFO] [stderr]    Compiling metronome v0.2.1 (/opt/rustwide/workdir)
[INFO] [stderr]     Finished `dev` profile [unoptimized + debuginfo] target(s) in 33.20s
[INFO] running `Command { std: "docker" "inspect" "0b6a766ddc8d018a1c1ba8324a7d8b45f6405f56eb1341edfdaab75eb3299e99", kill_on_drop: false }`
[INFO] running `Command { std: "docker" "rm" "-f" "0b6a766ddc8d018a1c1ba8324a7d8b45f6405f56eb1341edfdaab75eb3299e99", kill_on_drop: false }`
[INFO] [stdout] 0b6a766ddc8d018a1c1ba8324a7d8b45f6405f56eb1341edfdaab75eb3299e99
[INFO] running `Command { std: "docker" "create" "-v" "/var/lib/crater-agent-workspace/builds/worker-3-tc2/target:/opt/rustwide/target:rw,Z" "-v" "/var/lib/crater-agent-workspace/builds/worker-3-tc2/source:/opt/rustwide/workdir:ro,Z" "-v" "/var/lib/crater-agent-workspace/cargo-home:/opt/rustwide/cargo-home:ro,Z" "-v" "/var/lib/crater-agent-workspace/rustup-home:/opt/rustwide/rustup-home:ro,Z" "-e" "SOURCE_DIR=/opt/rustwide/workdir" "-e" "CARGO_TARGET_DIR=/opt/rustwide/target" "-e" "CARGO_INCREMENTAL=0" "-e" "RUST_BACKTRACE=full" "-e" "RUSTFLAGS=--cap-lints=warn" "-e" "RUSTDOCFLAGS=--cap-lints=warn" "-e" "CARGO_HOME=/opt/rustwide/cargo-home" "-e" "RUSTUP_HOME=/opt/rustwide/rustup-home" "-w" "/opt/rustwide/workdir" "-m" "1610612736" "--user" "0:0" "--network" "none" "ghcr.io/rust-lang/crates-build-env/linux@sha256:f3a9d4ad9d972b27faf3965f35b62e55ba32bbce8f20bc8fe909558a86702fde" "/opt/rustwide/cargo-home/bin/cargo" "+beta-2024-12-08" "test" "--frozen" "--no-run" "--message-format=json", kill_on_drop: false }`
[INFO] [stdout] 5b6ae31ee5d9a17adb08ede9954082598065bcc2bcdd2d23135ccc591e1c351d
[INFO] running `Command { std: "docker" "start" "-a" "5b6ae31ee5d9a17adb08ede9954082598065bcc2bcdd2d23135ccc591e1c351d", kill_on_drop: false }`
[INFO] [stderr]    Compiling metronome v0.2.1 (/opt/rustwide/workdir)
[INFO] [stderr]     Finished `test` profile [unoptimized + debuginfo] target(s) in 2.65s
[INFO] running `Command { std: "docker" "inspect" "5b6ae31ee5d9a17adb08ede9954082598065bcc2bcdd2d23135ccc591e1c351d", kill_on_drop: false }`
[INFO] running `Command { std: "docker" "rm" "-f" "5b6ae31ee5d9a17adb08ede9954082598065bcc2bcdd2d23135ccc591e1c351d", kill_on_drop: false }`
[INFO] [stdout] 5b6ae31ee5d9a17adb08ede9954082598065bcc2bcdd2d23135ccc591e1c351d
[INFO] running `Command { std: "docker" "create" "-v" "/var/lib/crater-agent-workspace/builds/worker-3-tc2/target:/opt/rustwide/target:rw,Z" "-v" "/var/lib/crater-agent-workspace/builds/worker-3-tc2/source:/opt/rustwide/workdir:ro,Z" "-v" "/var/lib/crater-agent-workspace/cargo-home:/opt/rustwide/cargo-home:ro,Z" "-v" "/var/lib/crater-agent-workspace/rustup-home:/opt/rustwide/rustup-home:ro,Z" "-e" "SOURCE_DIR=/opt/rustwide/workdir" "-e" "CARGO_TARGET_DIR=/opt/rustwide/target" "-e" "CARGO_INCREMENTAL=0" "-e" "RUST_BACKTRACE=full" "-e" "RUSTFLAGS=--cap-lints=warn" "-e" "RUSTDOCFLAGS=--cap-lints=warn" "-e" "CARGO_HOME=/opt/rustwide/cargo-home" "-e" "RUSTUP_HOME=/opt/rustwide/rustup-home" "-w" "/opt/rustwide/workdir" "-m" "1610612736" "--user" "0:0" "--network" "none" "ghcr.io/rust-lang/crates-build-env/linux@sha256:f3a9d4ad9d972b27faf3965f35b62e55ba32bbce8f20bc8fe909558a86702fde" "/opt/rustwide/cargo-home/bin/cargo" "+beta-2024-12-08" "test" "--frozen", kill_on_drop: false }`
[INFO] [stdout] 9d5732947527ae53ba4e811c51288511d7109002aede3233e4a86f26782afc60
[INFO] running `Command { std: "docker" "start" "-a" "9d5732947527ae53ba4e811c51288511d7109002aede3233e4a86f26782afc60", kill_on_drop: false }`
[INFO] [stderr]     Finished `test` profile [unoptimized + debuginfo] target(s) in 0.08s
[INFO] [stderr]      Running unittests src/main.rs (/opt/rustwide/target/debug/deps/metronome-cd9fa21dfdba11c0)
[INFO] [stdout] 
[INFO] [stdout] running 11 tests
[INFO] [stdout] test core::tests::test_end_all_active ... FAILED
[INFO] [stdout] test core::tests::test_filtered_list ... FAILED
[INFO] [stdout] test core::tests::test_list_all ... FAILED
[INFO] [stdout] test core::tests::test_sum_task_times ... FAILED
[INFO] [stdout] test core::tests::test_list_active ... FAILED
[INFO] [stdout] test core::tests::test_end_task ... FAILED
[INFO] [stdout] test core::tests::test_filtered_total ... FAILED
[INFO] [stdout] test core::tests::test_start_task_no_category ... FAILED
[INFO] [stdout] test core::tests::test_list_complete ... FAILED
[INFO] [stdout] test core::tests::test_category_total ... FAILED
[INFO] [stdout] test core::tests::test_start_task_with_category ... FAILED
[INFO] [stdout] 
[INFO] [stdout] failures:
[INFO] [stdout] 
[INFO] [stdout] ---- core::tests::test_end_all_active stdout ----
[INFO] [stdout] Error: SqliteFailure(Error { code: CannotOpen, extended_code: 14 }, Some("unable to open database file: unit_tests.db"))
[INFO] [stdout] 
[INFO] [stdout] ---- core::tests::test_filtered_list stdout ----
[INFO] [stdout] Error: SqliteFailure(Error { code: CannotOpen, extended_code: 14 }, Some("unable to open database file: unit_tests.db"))
[INFO] [stdout] 
[INFO] [stdout] ---- core::tests::test_list_all stdout ----
[INFO] [stdout] Error: SqliteFailure(Error { code: CannotOpen, extended_code: 14 }, Some("unable to open database file: unit_tests.db"))
[INFO] [stdout] 
[INFO] [stdout] ---- core::tests::test_sum_task_times stdout ----
[INFO] [stdout] Error: SqliteFailure(Error { code: CannotOpen, extended_code: 14 }, Some("unable to open database file: unit_tests.db"))
[INFO] [stdout] 
[INFO] [stdout] ---- core::tests::test_list_active stdout ----
[INFO] [stdout] Error: SqliteFailure(Error { code: CannotOpen, extended_code: 14 }, Some("unable to open database file: unit_tests.db"))
[INFO] [stdout] 
[INFO] [stdout] ---- core::tests::test_end_task stdout ----
[INFO] [stdout] Error: SqliteFailure(Error { code: CannotOpen, extended_code: 14 }, Some("unable to open database file: unit_tests.db"))
[INFO] [stdout] 
[INFO] [stdout] ---- core::tests::test_filtered_total stdout ----
[INFO] [stdout] Error: SqliteFailure(Error { code: CannotOpen, extended_code: 14 }, Some("unable to open database file: unit_tests.db"))
[INFO] [stdout] 
[INFO] [stdout] ---- core::tests::test_start_task_no_category stdout ----
[INFO] [stdout] Error: SqliteFailure(Error { code: CannotOpen, extended_code: 14 }, Some("unable to open database file: unit_tests.db"))
[INFO] [stdout] 
[INFO] [stdout] ---- core::tests::test_list_complete stdout ----
[INFO] [stdout] Error: SqliteFailure(Error { code: CannotOpen, extended_code: 14 }, Some("unable to open database file: unit_tests.db"))
[INFO] [stdout] 
[INFO] [stdout] ---- core::tests::test_category_total stdout ----
[INFO] [stdout] Error: SqliteFailure(Error { code: CannotOpen, extended_code: 14 }, Some("unable to open database file: unit_tests.db"))
[INFO] [stdout] 
[INFO] [stdout] ---- core::tests::test_start_task_with_category stdout ----
[INFO] [stdout] Error: SqliteFailure(Error { code: CannotOpen, extended_code: 14 }, Some("unable to open database file: unit_tests.db"))
[INFO] [stdout] 
[INFO] [stdout] 
[INFO] [stdout] failures:
[INFO] [stdout]     core::tests::test_category_total
[INFO] [stdout]     core::tests::test_end_all_active
[INFO] [stdout]     core::tests::test_end_task
[INFO] [stdout]     core::tests::test_filtered_list
[INFO] [stdout]     core::tests::test_filtered_total
[INFO] [stdout]     core::tests::test_list_active
[INFO] [stdout]     core::tests::test_list_all
[INFO] [stdout]     core::tests::test_list_complete
[INFO] [stdout]     core::tests::test_start_task_no_category
[INFO] [stdout]     core::tests::test_start_task_with_category
[INFO] [stdout]     core::tests::test_sum_task_times
[INFO] [stdout] 
[INFO] [stdout] test result: FAILED. 0 passed; 11 failed; 0 ignored; 0 measured; 0 filtered out; finished in 0.01s
[INFO] [stdout] 
[INFO] [stderr] error: test failed, to rerun pass `--bin metronome`
[INFO] running `Command { std: "docker" "inspect" "9d5732947527ae53ba4e811c51288511d7109002aede3233e4a86f26782afc60", kill_on_drop: false }`
[INFO] running `Command { std: "docker" "rm" "-f" "9d5732947527ae53ba4e811c51288511d7109002aede3233e4a86f26782afc60", kill_on_drop: false }`
[INFO] [stdout] 9d5732947527ae53ba4e811c51288511d7109002aede3233e4a86f26782afc60
