[INFO] cloning repository https://github.com/mrandr1an/eureka
[INFO] running `Command { std: "git" "-c" "credential.helper=" "-c" "credential.helper=/workspace/cargo-home/bin/git-credential-null" "clone" "--bare" "https://github.com/mrandr1an/eureka" "/workspace/cache/git-repos/https%3A%2F%2Fgithub.com%2Fmrandr1an%2Feureka", kill_on_drop: false }`
[INFO] [stderr] Cloning into bare repository '/workspace/cache/git-repos/https%3A%2F%2Fgithub.com%2Fmrandr1an%2Feureka'...
[INFO] running `Command { std: "git" "rev-parse" "HEAD", kill_on_drop: false }`
[INFO] [stdout] f2c4294f399bf9411059c81ad79849f37d7be3c6
[INFO] testing mrandr1an/eureka against 1.83.0 for beta-1.84.0-4-retry
[INFO] running `Command { std: "git" "clone" "/workspace/cache/git-repos/https%3A%2F%2Fgithub.com%2Fmrandr1an%2Feureka" "/workspace/builds/worker-0-tc1/source", kill_on_drop: false }`
[INFO] [stderr] Cloning into '/workspace/builds/worker-0-tc1/source'...
[INFO] [stderr] done.
[INFO] validating manifest of git repo https://github.com/mrandr1an/eureka on toolchain 1.83.0
[INFO] running `Command { std: CARGO_HOME="/workspace/cargo-home" RUSTUP_HOME="/workspace/rustup-home" "/workspace/cargo-home/bin/cargo" "+1.83.0" "metadata" "--manifest-path" "Cargo.toml" "--no-deps", kill_on_drop: false }`
[INFO] started tweaking git repo https://github.com/mrandr1an/eureka
[INFO] finished tweaking git repo https://github.com/mrandr1an/eureka
[INFO] tweaked toml for git repo https://github.com/mrandr1an/eureka written to /workspace/builds/worker-0-tc1/source/Cargo.toml
[INFO] running `Command { std: CARGO_HOME="/workspace/cargo-home" RUSTUP_HOME="/workspace/rustup-home" "/workspace/cargo-home/bin/cargo" "+1.83.0" "generate-lockfile" "--manifest-path" "Cargo.toml", kill_on_drop: false }`
[INFO] [stderr]     Updating crates.io index
[INFO] [stderr]      Locking 43 packages to latest compatible versions
[INFO] [stderr]       Adding thiserror v1.0.69 (available: v2.0.7)
[INFO] running `Command { std: CARGO_HOME="/workspace/cargo-home" RUSTUP_HOME="/workspace/rustup-home" "/workspace/cargo-home/bin/cargo" "+1.83.0" "fetch" "--manifest-path" "Cargo.toml", kill_on_drop: false }`
[INFO] [stderr]  Downloading crates ...
[INFO] [stderr]   Downloaded supports-hyperlinks v3.1.0
[INFO] [stderr]   Downloaded supports-color v3.0.2
[INFO] [stderr]   Downloaded miette-derive v7.4.0
[INFO] [stderr]   Downloaded miette v7.4.0
[INFO] running `Command { std: "docker" "create" "-v" "/var/lib/crater-agent-workspace/builds/worker-0-tc1/target:/opt/rustwide/target:rw,Z" "-v" "/var/lib/crater-agent-workspace/builds/worker-0-tc1/source:/opt/rustwide/workdir:ro,Z" "-v" "/var/lib/crater-agent-workspace/cargo-home:/opt/rustwide/cargo-home:ro,Z" "-v" "/var/lib/crater-agent-workspace/rustup-home:/opt/rustwide/rustup-home:ro,Z" "-e" "SOURCE_DIR=/opt/rustwide/workdir" "-e" "CARGO_TARGET_DIR=/opt/rustwide/target" "-e" "CARGO_HOME=/opt/rustwide/cargo-home" "-e" "RUSTUP_HOME=/opt/rustwide/rustup-home" "-w" "/opt/rustwide/workdir" "-m" "1610612736" "--user" "0:0" "--network" "none" "ghcr.io/rust-lang/crates-build-env/linux@sha256:f3a9d4ad9d972b27faf3965f35b62e55ba32bbce8f20bc8fe909558a86702fde" "/opt/rustwide/cargo-home/bin/cargo" "+1.83.0" "metadata" "--no-deps" "--format-version=1", kill_on_drop: false }`
[INFO] [stdout] 9c524f1bef44e142583e213f0f4ad4fe9622f9beb336803a43e22e6c32de421b
[INFO] running `Command { std: "docker" "start" "-a" "9c524f1bef44e142583e213f0f4ad4fe9622f9beb336803a43e22e6c32de421b", kill_on_drop: false }`
[INFO] running `Command { std: "docker" "inspect" "9c524f1bef44e142583e213f0f4ad4fe9622f9beb336803a43e22e6c32de421b", kill_on_drop: false }`
[INFO] running `Command { std: "docker" "rm" "-f" "9c524f1bef44e142583e213f0f4ad4fe9622f9beb336803a43e22e6c32de421b", kill_on_drop: false }`
[INFO] [stdout] 9c524f1bef44e142583e213f0f4ad4fe9622f9beb336803a43e22e6c32de421b
[INFO] running `Command { std: "docker" "create" "-v" "/var/lib/crater-agent-workspace/builds/worker-0-tc1/target:/opt/rustwide/target:rw,Z" "-v" "/var/lib/crater-agent-workspace/builds/worker-0-tc1/source:/opt/rustwide/workdir:ro,Z" "-v" "/var/lib/crater-agent-workspace/cargo-home:/opt/rustwide/cargo-home:ro,Z" "-v" "/var/lib/crater-agent-workspace/rustup-home:/opt/rustwide/rustup-home:ro,Z" "-e" "SOURCE_DIR=/opt/rustwide/workdir" "-e" "CARGO_TARGET_DIR=/opt/rustwide/target" "-e" "CARGO_INCREMENTAL=0" "-e" "RUST_BACKTRACE=full" "-e" "RUSTFLAGS=--cap-lints=warn" "-e" "RUSTDOCFLAGS=--cap-lints=warn" "-e" "CARGO_HOME=/opt/rustwide/cargo-home" "-e" "RUSTUP_HOME=/opt/rustwide/rustup-home" "-w" "/opt/rustwide/workdir" "-m" "1610612736" "--user" "0:0" "--network" "none" "ghcr.io/rust-lang/crates-build-env/linux@sha256:f3a9d4ad9d972b27faf3965f35b62e55ba32bbce8f20bc8fe909558a86702fde" "/opt/rustwide/cargo-home/bin/cargo" "+1.83.0" "build" "--frozen" "--message-format=json", kill_on_drop: false }`
[INFO] [stdout] 9aec6d9437bae884ed6445521fac0f83ba5c5a1f411d77a486a8670ad598c86b
[INFO] running `Command { std: "docker" "start" "-a" "9aec6d9437bae884ed6445521fac0f83ba5c5a1f411d77a486a8670ad598c86b", kill_on_drop: false }`
[INFO] [stderr]    Compiling proc-macro2 v1.0.92
[INFO] [stderr]    Compiling unicode-ident v1.0.14
[INFO] [stderr]    Compiling libc v0.2.168
[INFO] [stderr]    Compiling gimli v0.31.1
[INFO] [stderr]    Compiling rustix v0.38.42
[INFO] [stderr]    Compiling adler2 v2.0.0
[INFO] [stderr]    Compiling memchr v2.7.4
[INFO] [stderr]    Compiling linux-raw-sys v0.4.14
[INFO] [stderr]    Compiling miniz_oxide v0.8.0
[INFO] [stderr]    Compiling owo-colors v4.1.0
[INFO] [stderr]    Compiling bitflags v2.6.0
[INFO] [stderr]    Compiling object v0.36.5
[INFO] [stderr]    Compiling cfg-if v1.0.0
[INFO] [stderr]    Compiling rustc-demangle v0.1.24
[INFO] [stderr]    Compiling thiserror v1.0.69
[INFO] [stderr]    Compiling unicode-linebreak v0.1.5
[INFO] [stderr]    Compiling unicode-width v0.1.14
[INFO] [stderr]    Compiling is_ci v1.2.0
[INFO] [stderr]    Compiling quote v1.0.37
[INFO] [stderr]    Compiling supports-color v3.0.2
[INFO] [stderr]    Compiling textwrap v0.16.1
[INFO] [stderr]    Compiling syn v2.0.90
[INFO] [stderr]    Compiling supports-hyperlinks v3.1.0
[INFO] [stderr]    Compiling supports-unicode v3.0.0
[INFO] [stderr]    Compiling terminal_size v0.4.1
[INFO] [stderr]    Compiling unicode-segmentation v1.12.0
[INFO] [stderr]    Compiling addr2line v0.24.2
[INFO] [stderr]    Compiling thiserror-impl v1.0.69
[INFO] [stderr]    Compiling miette-derive v7.4.0
[INFO] [stderr]    Compiling backtrace v0.3.74
[INFO] [stderr]    Compiling backtrace-ext v0.2.1
[INFO] [stderr]    Compiling miette v7.4.0
[INFO] [stderr]    Compiling eureka v0.1.0 (/opt/rustwide/workdir)
[INFO] [stdout] warning: unused variable: `r`
[INFO] [stdout]   --> src/frontend/parsers/expr.rs:62:26
[INFO] [stdout]    |
[INFO] [stdout] 62 |             Either::Left(r) => PostfixOp::Fact,
[INFO] [stdout]    |                          ^ help: if this is intentional, prefix it with an underscore: `_r`
[INFO] [stdout]    |
[INFO] [stdout]    = note: `#[warn(unused_variables)]` on by default
[INFO] [stdout] 
[INFO] [stdout] 
[INFO] [stdout] warning: unused variable: `input`
[INFO] [stdout]   --> src/frontend/parsers/expr.rs:77:11
[INFO] [stdout]    |
[INFO] [stdout] 77 | pub fn op(input: Lexer) -> ParserR<Op, Perror> {
[INFO] [stdout]    |           ^^^^^ help: if this is intentional, prefix it with an underscore: `_input`
[INFO] [stdout] 
[INFO] [stdout] 
[INFO] [stdout] warning: unused variable: `len`
[INFO] [stdout]   --> src/main.rs:21:9
[INFO] [stdout]    |
[INFO] [stdout] 21 |     let len = src.len();
[INFO] [stdout]    |         ^^^ help: if this is intentional, prefix it with an underscore: `_len`
[INFO] [stdout] 
[INFO] [stdout] 
[INFO] [stdout] warning: struct `Split` is never constructed
[INFO] [stdout]  --> src/frontend/lexers/lexer.rs:7:12
[INFO] [stdout]   |
[INFO] [stdout] 7 | pub struct Split<'lexer> {
[INFO] [stdout]   |            ^^^^^
[INFO] [stdout]   |
[INFO] [stdout]   = note: `#[warn(dead_code)]` on by default
[INFO] [stdout] 
[INFO] [stdout] 
[INFO] [stdout] warning: field `name` is never read
[INFO] [stdout]   --> src/frontend/lexers/lexer.rs:15:9
[INFO] [stdout]    |
[INFO] [stdout] 14 | pub struct Lexer<'lexer> {
[INFO] [stdout]    |            ----- field in this struct
[INFO] [stdout] 15 |     pub name: &'lexer str,
[INFO] [stdout]    |         ^^^^
[INFO] [stdout]    |
[INFO] [stdout]    = note: `Lexer` has derived impls for the traits `Debug` and `Clone`, but these are intentionally ignored during dead code analysis
[INFO] [stdout] 
[INFO] [stdout] 
[INFO] [stdout] warning: associated items `new` and `peek` are never used
[INFO] [stdout]   --> src/frontend/lexers/lexer.rs:22:12
[INFO] [stdout]    |
[INFO] [stdout] 21 | impl<'lexer> Lexer<'lexer> {
[INFO] [stdout]    | -------------------------- associated items in this implementation
[INFO] [stdout] 22 |     pub fn new(name: &'lexer str, src: &'lexer str) -> Self {
[INFO] [stdout]    |            ^^^
[INFO] [stdout] ...
[INFO] [stdout] 31 |     pub fn peek(&self) -> Option<<Self as Iterator>::Item> {
[INFO] [stdout]    |            ^^^^
[INFO] [stdout] 
[INFO] [stdout] 
[INFO] [stdout] warning: multiple methods are never used
[INFO] [stdout]   --> src/frontend/lexers/token.rs:60:12
[INFO] [stdout]    |
[INFO] [stdout] 52 | impl<'a> Token<'a> {
[INFO] [stdout]    | ------------------ methods in this implementation
[INFO] [stdout] ...
[INFO] [stdout] 60 |     pub fn is_op(&self) -> bool {
[INFO] [stdout]    |            ^^^^^
[INFO] [stdout] ...
[INFO] [stdout] 64 |     pub fn is_prefix(&self) -> bool {
[INFO] [stdout]    |            ^^^^^^^^^
[INFO] [stdout] ...
[INFO] [stdout] 71 |     pub fn is_postfix(&self) -> bool {
[INFO] [stdout]    |            ^^^^^^^^^^
[INFO] [stdout] ...
[INFO] [stdout] 78 |     pub fn is_midfix(&self) -> bool {
[INFO] [stdout]    |            ^^^^^^^^^
[INFO] [stdout] ...
[INFO] [stdout] 85 |     pub fn is_reserved(&self) -> bool {
[INFO] [stdout]    |            ^^^^^^^^^^^
[INFO] [stdout] ...
[INFO] [stdout] 89 |     pub fn is_keyword(&self) -> bool {
[INFO] [stdout]    |            ^^^^^^^^^^
[INFO] [stdout] ...
[INFO] [stdout] 93 |     pub fn is_num(&self) -> bool {
[INFO] [stdout]    |            ^^^^^^
[INFO] [stdout] ...
[INFO] [stdout] 97 |     pub fn is_unknown(&self) -> bool {
[INFO] [stdout]    |            ^^^^^^^^^^
[INFO] [stdout] 
[INFO] [stdout] 
[INFO] [stdout] warning: variant `Ptr` is never constructed
[INFO] [stdout]    --> src/frontend/lexers/token.rs:210:5
[INFO] [stdout]     |
[INFO] [stdout] 207 | pub enum Type {
[INFO] [stdout]     |          ---- variant in this enum
[INFO] [stdout] ...
[INFO] [stdout] 210 |     Ptr(Box<Type>), //ex. ΠΡΑΓΜΑΤΙΚΟΣ*
[INFO] [stdout]     |     ^^^
[INFO] [stdout]     |
[INFO] [stdout]     = note: `Type` has derived impls for the traits `Clone` and `Debug`, but these are intentionally ignored during dead code analysis
[INFO] [stdout] 
[INFO] [stdout] 
[INFO] [stdout] warning: variants `Atom` and `Cons` are never constructed
[INFO] [stdout]   --> src/frontend/parsers/expr.rs:25:5
[INFO] [stdout]    |
[INFO] [stdout] 24 | pub enum S<'a> {
[INFO] [stdout]    |          - variants in this enum
[INFO] [stdout] 25 |     Atom(Value<'a>),
[INFO] [stdout]    |     ^^^^
[INFO] [stdout] 26 |     Cons(Op<'a>, Vec<S<'a>>),
[INFO] [stdout]    |     ^^^^
[INFO] [stdout] 
[INFO] [stdout] 
[INFO] [stdout] warning: function `binop` is never used
[INFO] [stdout]   --> src/frontend/parsers/expr.rs:44:8
[INFO] [stdout]    |
[INFO] [stdout] 44 | pub fn binop(input: Lexer) -> ParserR<BinOp, Perror> {
[INFO] [stdout]    |        ^^^^^
[INFO] [stdout] 
[INFO] [stdout] 
[INFO] [stdout] warning: function `postop` is never used
[INFO] [stdout]   --> src/frontend/parsers/expr.rs:59:8
[INFO] [stdout]    |
[INFO] [stdout] 59 | pub fn postop(input: Lexer) -> ParserR<PostfixOp, Perror> {
[INFO] [stdout]    |        ^^^^^^
[INFO] [stdout] 
[INFO] [stdout] 
[INFO] [stdout] warning: function `preop` is never used
[INFO] [stdout]   --> src/frontend/parsers/expr.rs:68:8
[INFO] [stdout]    |
[INFO] [stdout] 68 | pub fn preop(input: Lexer) -> ParserR<PrefixOp, Perror> {
[INFO] [stdout]    |        ^^^^^
[INFO] [stdout] 
[INFO] [stdout] 
[INFO] [stdout] warning: function `op` is never used
[INFO] [stdout]   --> src/frontend/parsers/expr.rs:77:8
[INFO] [stdout]    |
[INFO] [stdout] 77 | pub fn op(input: Lexer) -> ParserR<Op, Perror> {
[INFO] [stdout]    |        ^^
[INFO] [stdout] 
[INFO] [stdout] 
[INFO] [stdout] warning: function `expr` is never used
[INFO] [stdout]   --> src/frontend/parsers/expr.rs:81:8
[INFO] [stdout]    |
[INFO] [stdout] 81 | pub fn expr(input: Lexer) -> ParserR<S, Perror> {
[INFO] [stdout]    |        ^^^^
[INFO] [stdout] 
[INFO] [stdout] 
[INFO] [stdout] warning: function `expr_bp` is never used
[INFO] [stdout]   --> src/frontend/parsers/expr.rs:85:8
[INFO] [stdout]    |
[INFO] [stdout] 85 | pub fn expr_bp(mut input: Lexer, min_bp: u8) -> ParserR<S, Perror> {
[INFO] [stdout]    |        ^^^^^^^
[INFO] [stdout] 
[INFO] [stdout] 
[INFO] [stdout] warning: type alias `Perror` is never used
[INFO] [stdout]   --> src/frontend/parsers/lib/error.rs:11:10
[INFO] [stdout]    |
[INFO] [stdout] 11 | pub type Perror = Box<dyn Diagnostic + Send + Sync>;
[INFO] [stdout]    |          ^^^^^^
[INFO] [stdout] 
[INFO] [stdout] 
[INFO] [stdout] warning: methods `report` and `boxed` are never used
[INFO] [stdout]   --> src/frontend/parsers/lib/error.rs:14:8
[INFO] [stdout]    |
[INFO] [stdout] 13 | pub trait ParserError: Send + Sync {
[INFO] [stdout]    |           ----------- methods in this trait
[INFO] [stdout] 14 |     fn report(self) -> miette::Report;
[INFO] [stdout]    |        ^^^^^^
[INFO] [stdout] 15 |     fn boxed(self) -> Box<dyn Diagnostic + Send + Sync>;
[INFO] [stdout]    |        ^^^^^
[INFO] [stdout] 
[INFO] [stdout] 
[INFO] [stdout] warning: associated function `new` is never used
[INFO] [stdout]   --> src/frontend/parsers/lib/error.rs:66:12
[INFO] [stdout]    |
[INFO] [stdout] 61 | / impl<E, G> Expected<E, G>
[INFO] [stdout] 62 | | where
[INFO] [stdout] 63 | |     E: Into<TokenKind> + Debug + Display,
[INFO] [stdout] 64 | |     G: Into<TokenKind> + Debug + Display,
[INFO] [stdout]    | |_________________________________________- associated function in this implementation
[INFO] [stdout] 65 |   {
[INFO] [stdout] 66 |       pub fn new<'a, 'b: 'a>(lexer: &'a Lexer<'b>, range: Range<usize>, expected: E, got: G) -> Self {
[INFO] [stdout]    |              ^^^
[INFO] [stdout] 
[INFO] [stdout] 
[INFO] [stdout] warning: associated function `new` is never used
[INFO] [stdout]   --> src/frontend/parsers/lib/error.rs:97:12
[INFO] [stdout]    |
[INFO] [stdout] 93 | / impl<E> UnexpectedEOF<E>
[INFO] [stdout] 94 | | where
[INFO] [stdout] 95 | |     E: Into<TokenKind> + Debug + Display,
[INFO] [stdout]    | |_________________________________________- associated function in this implementation
[INFO] [stdout] 96 |   {
[INFO] [stdout] 97 |       pub fn new<'a, 'b: 'a>(lexer: &'a Lexer<'b>, expected: E) -> Self {
[INFO] [stdout]    |              ^^^
[INFO] [stdout] 
[INFO] [stdout] 
[INFO] [stdout] warning: associated items `new` and `add` are never used
[INFO] [stdout]    --> src/frontend/parsers/lib/error.rs:115:12
[INFO] [stdout]     |
[INFO] [stdout] 114 | impl Multiple {
[INFO] [stdout]     | ------------- associated items in this implementation
[INFO] [stdout] 115 |     pub fn new() -> Self {
[INFO] [stdout]     |            ^^^
[INFO] [stdout] ...
[INFO] [stdout] 119 |     pub fn add(&mut self, error: Perror) {
[INFO] [stdout]     |            ^^^
[INFO] [stdout] 
[INFO] [stdout] 
[INFO] [stdout] warning: methods `parse`, `map`, `map_err`, and `map_or` are never used
[INFO] [stdout]   --> src/frontend/parsers/lib/parser.rs:16:8
[INFO] [stdout]    |
[INFO] [stdout] 13 | pub trait Parser<'parser>: Sized {
[INFO] [stdout]    |           ------ methods in this trait
[INFO] [stdout] ...
[INFO] [stdout] 16 |     fn parse(self, input: Lexer<'parser>) -> ParserR<'parser, Self::Output, Self::Error>;
[INFO] [stdout]    |        ^^^^^
[INFO] [stdout] 17 |
[INFO] [stdout] 18 |     fn map<F, O>(self, map_fn: F) -> impl Parser<'parser, Output = O, Error = Self::Error>
[INFO] [stdout]    |        ^^^
[INFO] [stdout] ...
[INFO] [stdout] 28 |     fn map_err<F, O: ParserError>(self, map_fn: F) -> impl Parser<'parser, Error = O>
[INFO] [stdout]    |        ^^^^^^^
[INFO] [stdout] ...
[INFO] [stdout] 38 |     fn map_or<F, O, E: ParserError>(
[INFO] [stdout]    |        ^^^^^^
[INFO] [stdout] 
[INFO] [stdout] 
[INFO] [stdout] warning: function `just` is never used
[INFO] [stdout]   --> src/frontend/parsers/lib/parser.rs:68:8
[INFO] [stdout]    |
[INFO] [stdout] 68 | pub fn just<'parser, T: Into<TokenKind>>(
[INFO] [stdout]    |        ^^^^
[INFO] [stdout] 
[INFO] [stdout] 
[INFO] [stdout] warning: function `expect` is never used
[INFO] [stdout]   --> src/frontend/parsers/lib/parser.rs:91:8
[INFO] [stdout]    |
[INFO] [stdout] 91 | pub fn expect<'parser, P, E>(parser: P) -> impl Combinator<'parser>
[INFO] [stdout]    |        ^^^^^^
[INFO] [stdout] 
[INFO] [stdout] 
[INFO] [stdout] warning: function `pair` is never used
[INFO] [stdout]   --> src/frontend/parsers/lib/parser.rs:99:8
[INFO] [stdout]    |
[INFO] [stdout] 99 | pub fn pair<'parser, P1, P2>(p1: P1, p2: P2) -> impl Pair<'parser, P1::Output, P2::Output>
[INFO] [stdout]    |        ^^^^
[INFO] [stdout] 
[INFO] [stdout] 
[INFO] [stdout] warning: function `either` is never used
[INFO] [stdout]    --> src/frontend/parsers/lib/parser.rs:107:8
[INFO] [stdout]     |
[INFO] [stdout] 107 | pub fn either<'parser, P1, P2>(
[INFO] [stdout]     |        ^^^^^^
[INFO] [stdout] 
[INFO] [stdout] 
[INFO] [stdout] warning: function `until` is never used
[INFO] [stdout]    --> src/frontend/parsers/lib/parser.rs:118:8
[INFO] [stdout]     |
[INFO] [stdout] 118 | pub fn until<'parser, T: Into<TokenKind>, P, O>(
[INFO] [stdout]     |        ^^^^^
[INFO] [stdout] 
[INFO] [stdout] 
[INFO] [stdout] warning: trait `Combinator` is never used
[INFO] [stdout]    --> src/frontend/parsers/lib/parser.rs:148:11
[INFO] [stdout]     |
[INFO] [stdout] 148 | pub trait Combinator<'parser>: Parser<'parser, Error = Perror> {
[INFO] [stdout]     |           ^^^^^^^^^^
[INFO] [stdout] 
[INFO] [stdout] 
[INFO] [stdout] warning: trait `Pair` is never used
[INFO] [stdout]    --> src/frontend/parsers/lib/parser.rs:230:11
[INFO] [stdout]     |
[INFO] [stdout] 230 | pub trait Pair<'parser, O1, O2>: Combinator<'parser, Output = (O1, O2)> {
[INFO] [stdout]     |           ^^^^
[INFO] [stdout] 
[INFO] [stdout] 
[INFO] [stdout] warning: trait `Flatten` is never used
[INFO] [stdout]    --> src/frontend/parsers/lib/parser.rs:248:11
[INFO] [stdout]     |
[INFO] [stdout] 248 | pub trait Flatten<'parser, T>: Combinator<'parser, Output = Either<T, T>> {
[INFO] [stdout]     |           ^^^^^^^
[INFO] [stdout] 
[INFO] [stdout] 
[INFO] [stdout] warning: variants `Ok` and `Err` are never constructed
[INFO] [stdout]  --> src/frontend/parsers/lib/result.rs:4:5
[INFO] [stdout]   |
[INFO] [stdout] 3 | pub enum ParserR<'parser, Output, Error> {
[INFO] [stdout]   |          ------- variants in this enum
[INFO] [stdout] 4 |     Ok((Output, Lexer<'parser>)),
[INFO] [stdout]   |     ^^
[INFO] [stdout] 5 |     Err(Error),
[INFO] [stdout]   |     ^^^
[INFO] [stdout] 
[INFO] [stdout] 
[INFO] [stdout] warning: enum `Either` is never used
[INFO] [stdout]   --> src/frontend/parsers/lib/result.rs:10:10
[INFO] [stdout]    |
[INFO] [stdout] 10 | pub enum Either<Left, Right> {
[INFO] [stdout]    |          ^^^^^^
[INFO] [stdout] 
[INFO] [stdout] 
[INFO] [stdout] warning: variants `Procedure`, `Function`, `Method`, `Param`, and `Variable` are never constructed
[INFO] [stdout]   --> src/frontend/parsers/symboltable.rs:14:5
[INFO] [stdout]    |
[INFO] [stdout] 13 | pub enum Symbol {
[INFO] [stdout]    |          ------ variants in this enum
[INFO] [stdout] 14 |     Procedure {
[INFO] [stdout]    |     ^^^^^^^^^
[INFO] [stdout] ...
[INFO] [stdout] 17 |     Function {
[INFO] [stdout]    |     ^^^^^^^^
[INFO] [stdout] ...
[INFO] [stdout] 21 |     Method {
[INFO] [stdout]    |     ^^^^^^
[INFO] [stdout] ...
[INFO] [stdout] 25 |     Param {
[INFO] [stdout]    |     ^^^^^
[INFO] [stdout] ...
[INFO] [stdout] 28 |     Variable {
[INFO] [stdout]    |     ^^^^^^^^
[INFO] [stdout] 
[INFO] [stdout] 
[INFO] [stdout] warning: fields `parent` and `children` are never read
[INFO] [stdout]   --> src/frontend/parsers/symboltable.rs:44:5
[INFO] [stdout]    |
[INFO] [stdout] 42 | pub struct SymbolTable<'a> {
[INFO] [stdout]    |            ----------- fields in this struct
[INFO] [stdout] 43 |     table: HashMap<Identifier<'a>, Symbol>,
[INFO] [stdout] 44 |     parent: Option<Weak<Table<'a>>>,
[INFO] [stdout]    |     ^^^^^^
[INFO] [stdout] 45 |     children: Option<Rc<Table<'a>>>,
[INFO] [stdout]    |     ^^^^^^^^
[INFO] [stdout] 
[INFO] [stdout] 
[INFO] [stdout] warning: associated items `global`, `new`, `add_function`, `add_method`, `add_procedure`, and `add_variable` are never used
[INFO] [stdout]    --> src/frontend/parsers/symboltable.rs:51:12
[INFO] [stdout]     |
[INFO] [stdout] 50  | impl<'a> Table<'a> {
[INFO] [stdout]     | ------------------ associated items in this implementation
[INFO] [stdout] 51  |     pub fn global() -> Rc<Self> {
[INFO] [stdout]     |            ^^^^^^
[INFO] [stdout] ...
[INFO] [stdout] 59  |     pub fn new(parent: &Rc<Table<'a>>) -> Rc<Self> {
[INFO] [stdout]     |            ^^^
[INFO] [stdout] ...
[INFO] [stdout] 67  |     fn add_function(self: Rc<Self>, f: &Function<'a>) -> Option<Symbol> {
[INFO] [stdout]     |        ^^^^^^^^^^^^
[INFO] [stdout] ...
[INFO] [stdout] 84  |     fn add_method(self: Rc<Self>, f: &Method<'a>) -> Option<Symbol> {
[INFO] [stdout]     |        ^^^^^^^^^^
[INFO] [stdout] ...
[INFO] [stdout] 101 |     fn add_procedure(self: Rc<Self>, f: &Procedure<'a>) -> Option<Symbol> {
[INFO] [stdout]     |        ^^^^^^^^^^^^^
[INFO] [stdout] ...
[INFO] [stdout] 115 |     fn add_variable(self: Rc<Self>, f: &Variable<'a>) -> Option<Symbol> {
[INFO] [stdout]     |        ^^^^^^^^^^^^
[INFO] [stdout] 
[INFO] [stdout] 
[INFO] [stdout] warning: function `real` is never used
[INFO] [stdout]   --> src/frontend/parsers/value.rs:15:8
[INFO] [stdout]    |
[INFO] [stdout] 15 | pub fn real(mut input: Lexer) -> ParserR<Value, Perror> {
[INFO] [stdout]    |        ^^^^
[INFO] [stdout] 
[INFO] [stdout] 
[INFO] [stdout] warning: function `id` is never used
[INFO] [stdout]   --> src/frontend/parsers/value.rs:34:8
[INFO] [stdout]    |
[INFO] [stdout] 34 | pub fn id(input: Lexer) -> ParserR<Value, Perror> {
[INFO] [stdout]    |        ^^
[INFO] [stdout] 
[INFO] [stdout] 
[INFO] [stdout] warning: function `char` is never used
[INFO] [stdout]   --> src/frontend/parsers/value.rs:55:8
[INFO] [stdout]    |
[INFO] [stdout] 55 | pub fn char(input: Lexer) -> ParserR<Value, Perror> {
[INFO] [stdout]    |        ^^^^
[INFO] [stdout] 
[INFO] [stdout] 
[INFO] [stdout] warning: function `value` is never used
[INFO] [stdout]   --> src/frontend/parsers/value.rs:67:8
[INFO] [stdout]    |
[INFO] [stdout] 67 | pub fn value(input: Lexer) -> ParserR<Value, Perror> {
[INFO] [stdout]    |        ^^^^^
[INFO] [stdout] 
[INFO] [stdout] 
[INFO] [stdout] warning: trait `AST` is never used
[INFO] [stdout]  --> src/frontend/syntaxtrees/ast.rs:3:11
[INFO] [stdout]   |
[INFO] [stdout] 3 | pub trait AST: Display + Debug + Eq + PartialEq {
[INFO] [stdout]   |           ^^^
[INFO] [stdout] 
[INFO] [stdout] 
[INFO] [stdout] warning: variants `Binary`, `UnaryLHS`, `UnaryRHS`, `Assign`, and `Id` are never constructed
[INFO] [stdout]   --> src/frontend/syntaxtrees/exprs.rs:22:5
[INFO] [stdout]    |
[INFO] [stdout] 21 | pub enum ExprVariant<'a> {
[INFO] [stdout]    |          ----------- variants in this enum
[INFO] [stdout] 22 |     Binary(Binary<'a>),
[INFO] [stdout]    |     ^^^^^^
[INFO] [stdout] 23 |     UnaryLHS(UnaryLHS<'a>),
[INFO] [stdout]    |     ^^^^^^^^
[INFO] [stdout] 24 |     UnaryRHS(UnaryRHS<'a>),
[INFO] [stdout]    |     ^^^^^^^^
[INFO] [stdout] 25 |     Assign(Assign<'a>),
[INFO] [stdout]    |     ^^^^^^
[INFO] [stdout] 26 |     Id(Value<'a>),
[INFO] [stdout]    |     ^^
[INFO] [stdout] 
[INFO] [stdout] 
[INFO] [stdout] warning: associated function `new` is never used
[INFO] [stdout]   --> src/frontend/syntaxtrees/exprs.rs:30:12
[INFO] [stdout]    |
[INFO] [stdout] 29 | impl<'a> ExprVariant<'a> {
[INFO] [stdout]    | ------------------------ associated function in this implementation
[INFO] [stdout] 30 |     pub fn new(s: S<'a>) -> Self {
[INFO] [stdout]    |            ^^^
[INFO] [stdout] 
[INFO] [stdout] 
[INFO] [stdout] warning: variants `Add`, `Sub`, `Mul`, and `Div` are never constructed
[INFO] [stdout]   --> src/frontend/syntaxtrees/exprs.rs:94:5
[INFO] [stdout]    |
[INFO] [stdout] 93 | pub enum BinOp {
[INFO] [stdout]    |          ----- variants in this enum
[INFO] [stdout] 94 |     Add,
[INFO] [stdout]    |     ^^^
[INFO] [stdout] 95 |     Sub,
[INFO] [stdout]    |     ^^^
[INFO] [stdout] 96 |     Mul,
[INFO] [stdout]    |     ^^^
[INFO] [stdout] 97 |     Div,
[INFO] [stdout]    |     ^^^
[INFO] [stdout] 
[INFO] [stdout] 
[INFO] [stdout] warning: method `bp` is never used
[INFO] [stdout]    --> src/frontend/syntaxtrees/exprs.rs:101:12
[INFO] [stdout]     |
[INFO] [stdout] 100 | impl BinOp {
[INFO] [stdout]     | ---------- method in this implementation
[INFO] [stdout] 101 |     pub fn bp(&self) -> (u8, u8) {
[INFO] [stdout]     |            ^^
[INFO] [stdout] 
[INFO] [stdout] 
[INFO] [stdout] warning: variants `Goto` and `AdrOf` are never constructed
[INFO] [stdout]    --> src/frontend/syntaxtrees/exprs.rs:150:5
[INFO] [stdout]     |
[INFO] [stdout] 149 | pub enum PrefixOp {
[INFO] [stdout]     |          -------- variants in this enum
[INFO] [stdout] 150 |     Goto,
[INFO] [stdout]     |     ^^^^
[INFO] [stdout] 151 |     AdrOf,
[INFO] [stdout]     |     ^^^^^
[INFO] [stdout] 
[INFO] [stdout] 
[INFO] [stdout] warning: method `bp` is never used
[INFO] [stdout]    --> src/frontend/syntaxtrees/exprs.rs:155:12
[INFO] [stdout]     |
[INFO] [stdout] 154 | impl PrefixOp {
[INFO] [stdout]     | ------------- method in this implementation
[INFO] [stdout] 155 |     pub fn bp(&self) -> ((), u8) {
[INFO] [stdout]     |            ^^
[INFO] [stdout] 
[INFO] [stdout] 
[INFO] [stdout] warning: variants `Fact` and `Call` are never constructed
[INFO] [stdout]    --> src/frontend/syntaxtrees/exprs.rs:190:5
[INFO] [stdout]     |
[INFO] [stdout] 189 | pub enum PostfixOp<'a> {
[INFO] [stdout]     |          --------- variants in this enum
[INFO] [stdout] 190 |     Fact,
[INFO] [stdout]     |     ^^^^
[INFO] [stdout] 191 |     Call(Vec<Value<'a>>),
[INFO] [stdout]     |     ^^^^
[INFO] [stdout] 
[INFO] [stdout] 
[INFO] [stdout] warning: method `bp` is never used
[INFO] [stdout]    --> src/frontend/syntaxtrees/exprs.rs:195:12
[INFO] [stdout]     |
[INFO] [stdout] 194 | impl<'a> PostfixOp<'a> {
[INFO] [stdout]     | ---------------------- method in this implementation
[INFO] [stdout] 195 |     pub fn bp(&self) -> (u8, ()) {
[INFO] [stdout]     |            ^^
[INFO] [stdout] 
[INFO] [stdout] 
[INFO] [stdout] warning: variants `Pre`, `Post`, and `Mid` are never constructed
[INFO] [stdout]    --> src/frontend/syntaxtrees/exprs.rs:268:5
[INFO] [stdout]     |
[INFO] [stdout] 267 | pub enum Operator<'a> {
[INFO] [stdout]     |          -------- variants in this enum
[INFO] [stdout] 268 |     Pre(PrefixOp),
[INFO] [stdout]     |     ^^^
[INFO] [stdout] 269 |     Post(PostfixOp<'a>),
[INFO] [stdout]     |     ^^^^
[INFO] [stdout] 270 |     Mid(BinOp),
[INFO] [stdout]     |     ^^^
[INFO] [stdout] 
[INFO] [stdout] 
[INFO] [stdout] warning: method `bp` is never used
[INFO] [stdout]    --> src/frontend/syntaxtrees/exprs.rs:274:12
[INFO] [stdout]     |
[INFO] [stdout] 273 | impl<'a> Operator<'a> {
[INFO] [stdout]     | --------------------- method in this implementation
[INFO] [stdout] 274 |     pub fn bp(&self) -> (Option<u8>, Option<u8>) {
[INFO] [stdout]     |            ^^
[INFO] [stdout] 
[INFO] [stdout] 
[INFO] [stdout] warning: struct `Source` is never constructed
[INFO] [stdout]  --> src/frontend/syntaxtrees/primitive.rs:5:12
[INFO] [stdout]   |
[INFO] [stdout] 5 | pub struct Source<'a>(Vec<Node<'a>>);
[INFO] [stdout]   |            ^^^^^^
[INFO] [stdout] 
[INFO] [stdout] 
[INFO] [stdout] warning: struct `Node` is never constructed
[INFO] [stdout]  --> src/frontend/syntaxtrees/primitive.rs:7:12
[INFO] [stdout]   |
[INFO] [stdout] 7 | pub struct Node<'a> {
[INFO] [stdout]   |            ^^^^
[INFO] [stdout] 
[INFO] [stdout] 
[INFO] [stdout] warning: enum `NodeKind` is never used
[INFO] [stdout]   --> src/frontend/syntaxtrees/primitive.rs:12:10
[INFO] [stdout]    |
[INFO] [stdout] 12 | pub enum NodeKind<'a> {
[INFO] [stdout]    |          ^^^^^^^^
[INFO] [stdout] 
[INFO] [stdout] 
[INFO] [stdout] warning: enum `Routine` is never used
[INFO] [stdout]   --> src/frontend/syntaxtrees/primitive.rs:16:10
[INFO] [stdout]    |
[INFO] [stdout] 16 | pub enum Routine<'a> {
[INFO] [stdout]    |          ^^^^^^^
[INFO] [stdout] 
[INFO] [stdout] 
[INFO] [stdout] warning: variants `Real`, `Char`, `Ptr`, `Aggregate`, and `Variant` are never constructed
[INFO] [stdout]  --> src/frontend/syntaxtrees/types.rs:5:5
[INFO] [stdout]   |
[INFO] [stdout] 4 | pub enum Type {
[INFO] [stdout]   |          ---- variants in this enum
[INFO] [stdout] 5 |     Real,
[INFO] [stdout]   |     ^^^^
[INFO] [stdout] 6 |     Char,
[INFO] [stdout]   |     ^^^^
[INFO] [stdout] 7 |     Ptr(Box<Type>),
[INFO] [stdout]   |     ^^^
[INFO] [stdout] 8 |     Aggregate(Vec<Type>),
[INFO] [stdout]   |     ^^^^^^^^^
[INFO] [stdout] 9 |     Variant(Vec<Type>),
[INFO] [stdout]   |     ^^^^^^^
[INFO] [stdout]   |
[INFO] [stdout]   = note: `Type` has a derived impl for the trait `Clone`, but this is intentionally ignored during dead code analysis
[INFO] [stdout] 
[INFO] [stdout] 
[INFO] [stdout] warning: variants `Id`, `Real`, and `Char` are never constructed
[INFO] [stdout]  --> src/frontend/syntaxtrees/value.rs:7:5
[INFO] [stdout]   |
[INFO] [stdout] 6 | pub enum Value<'val> {
[INFO] [stdout]   |          ----- variants in this enum
[INFO] [stdout] 7 |     Id(Identifier<'val>),
[INFO] [stdout]   |     ^^
[INFO] [stdout] 8 |     Real(i64),
[INFO] [stdout]   |     ^^^^
[INFO] [stdout] 9 |     Char(char),
[INFO] [stdout]   |     ^^^^
[INFO] [stdout] 
[INFO] [stdout] 
[INFO] [stderr]     Finished `dev` profile [unoptimized + debuginfo] target(s) in 28.98s
[INFO] running `Command { std: "docker" "inspect" "9aec6d9437bae884ed6445521fac0f83ba5c5a1f411d77a486a8670ad598c86b", kill_on_drop: false }`
[INFO] running `Command { std: "docker" "rm" "-f" "9aec6d9437bae884ed6445521fac0f83ba5c5a1f411d77a486a8670ad598c86b", kill_on_drop: false }`
[INFO] [stdout] 9aec6d9437bae884ed6445521fac0f83ba5c5a1f411d77a486a8670ad598c86b
[INFO] running `Command { std: "docker" "create" "-v" "/var/lib/crater-agent-workspace/builds/worker-0-tc1/target:/opt/rustwide/target:rw,Z" "-v" "/var/lib/crater-agent-workspace/builds/worker-0-tc1/source:/opt/rustwide/workdir:ro,Z" "-v" "/var/lib/crater-agent-workspace/cargo-home:/opt/rustwide/cargo-home:ro,Z" "-v" "/var/lib/crater-agent-workspace/rustup-home:/opt/rustwide/rustup-home:ro,Z" "-e" "SOURCE_DIR=/opt/rustwide/workdir" "-e" "CARGO_TARGET_DIR=/opt/rustwide/target" "-e" "CARGO_INCREMENTAL=0" "-e" "RUST_BACKTRACE=full" "-e" "RUSTFLAGS=--cap-lints=warn" "-e" "RUSTDOCFLAGS=--cap-lints=warn" "-e" "CARGO_HOME=/opt/rustwide/cargo-home" "-e" "RUSTUP_HOME=/opt/rustwide/rustup-home" "-w" "/opt/rustwide/workdir" "-m" "1610612736" "--user" "0:0" "--network" "none" "ghcr.io/rust-lang/crates-build-env/linux@sha256:f3a9d4ad9d972b27faf3965f35b62e55ba32bbce8f20bc8fe909558a86702fde" "/opt/rustwide/cargo-home/bin/cargo" "+1.83.0" "test" "--frozen" "--no-run" "--message-format=json", kill_on_drop: false }`
[INFO] [stdout] 5bc4a6a9d73d6e2bfb5ae560f737b0fbbd019939ba947ce9c5445869940517f2
[INFO] running `Command { std: "docker" "start" "-a" "5bc4a6a9d73d6e2bfb5ae560f737b0fbbd019939ba947ce9c5445869940517f2", kill_on_drop: false }`
[INFO] [stderr]    Compiling eureka v0.1.0 (/opt/rustwide/workdir)
[INFO] [stdout] warning: unused variable: `r`
[INFO] [stdout]   --> src/frontend/parsers/expr.rs:62:26
[INFO] [stdout]    |
[INFO] [stdout] 62 |             Either::Left(r) => PostfixOp::Fact,
[INFO] [stdout]    |                          ^ help: if this is intentional, prefix it with an underscore: `_r`
[INFO] [stdout]    |
[INFO] [stdout]    = note: `#[warn(unused_variables)]` on by default
[INFO] [stdout] 
[INFO] [stdout] 
[INFO] [stdout] warning: unused variable: `input`
[INFO] [stdout]   --> src/frontend/parsers/expr.rs:77:11
[INFO] [stdout]    |
[INFO] [stdout] 77 | pub fn op(input: Lexer) -> ParserR<Op, Perror> {
[INFO] [stdout]    |           ^^^^^ help: if this is intentional, prefix it with an underscore: `_input`
[INFO] [stdout] 
[INFO] [stdout] 
[INFO] [stdout] warning: unused variable: `a`
[INFO] [stdout]    --> src/frontend/parsers/lib/parser.rs:400:13
[INFO] [stdout]     |
[INFO] [stdout] 400 |         let a = just("1");
[INFO] [stdout]     |             ^ help: if this is intentional, prefix it with an underscore: `_a`
[INFO] [stdout] 
[INFO] [stdout] 
[INFO] [stdout] warning: unused variable: `len`
[INFO] [stdout]   --> src/main.rs:21:9
[INFO] [stdout]    |
[INFO] [stdout] 21 |     let len = src.len();
[INFO] [stdout]    |         ^^^ help: if this is intentional, prefix it with an underscore: `_len`
[INFO] [stdout] 
[INFO] [stdout] 
[INFO] [stdout] warning: struct `Split` is never constructed
[INFO] [stdout]  --> src/frontend/lexers/lexer.rs:7:12
[INFO] [stdout]   |
[INFO] [stdout] 7 | pub struct Split<'lexer> {
[INFO] [stdout]   |            ^^^^^
[INFO] [stdout]   |
[INFO] [stdout]   = note: `#[warn(dead_code)]` on by default
[INFO] [stdout] 
[INFO] [stdout] 
[INFO] [stdout] warning: multiple methods are never used
[INFO] [stdout]   --> src/frontend/lexers/token.rs:60:12
[INFO] [stdout]    |
[INFO] [stdout] 52 | impl<'a> Token<'a> {
[INFO] [stdout]    | ------------------ methods in this implementation
[INFO] [stdout] ...
[INFO] [stdout] 60 |     pub fn is_op(&self) -> bool {
[INFO] [stdout]    |            ^^^^^
[INFO] [stdout] ...
[INFO] [stdout] 64 |     pub fn is_prefix(&self) -> bool {
[INFO] [stdout]    |            ^^^^^^^^^
[INFO] [stdout] ...
[INFO] [stdout] 71 |     pub fn is_postfix(&self) -> bool {
[INFO] [stdout]    |            ^^^^^^^^^^
[INFO] [stdout] ...
[INFO] [stdout] 78 |     pub fn is_midfix(&self) -> bool {
[INFO] [stdout]    |            ^^^^^^^^^
[INFO] [stdout] ...
[INFO] [stdout] 85 |     pub fn is_reserved(&self) -> bool {
[INFO] [stdout]    |            ^^^^^^^^^^^
[INFO] [stdout] ...
[INFO] [stdout] 89 |     pub fn is_keyword(&self) -> bool {
[INFO] [stdout]    |            ^^^^^^^^^^
[INFO] [stdout] ...
[INFO] [stdout] 97 |     pub fn is_unknown(&self) -> bool {
[INFO] [stdout]    |            ^^^^^^^^^^
[INFO] [stdout] 
[INFO] [stdout] 
[INFO] [stdout] warning: variant `Ptr` is never constructed
[INFO] [stdout]    --> src/frontend/lexers/token.rs:210:5
[INFO] [stdout]     |
[INFO] [stdout] 207 | pub enum Type {
[INFO] [stdout]     |          ---- variant in this enum
[INFO] [stdout] ...
[INFO] [stdout] 210 |     Ptr(Box<Type>), //ex. ΠΡΑΓΜΑΤΙΚΟΣ*
[INFO] [stdout]     |     ^^^
[INFO] [stdout]     |
[INFO] [stdout]     = note: `Type` has derived impls for the traits `Clone` and `Debug`, but these are intentionally ignored during dead code analysis
[INFO] [stdout] 
[INFO] [stdout] 
[INFO] [stdout] warning: function `op` is never used
[INFO] [stdout]   --> src/frontend/parsers/expr.rs:77:8
[INFO] [stdout]    |
[INFO] [stdout] 77 | pub fn op(input: Lexer) -> ParserR<Op, Perror> {
[INFO] [stdout]    |        ^^
[INFO] [stdout] 
[INFO] [stdout] 
[INFO] [stdout] warning: method `map_err` is never used
[INFO] [stdout]   --> src/frontend/parsers/lib/parser.rs:28:8
[INFO] [stdout]    |
[INFO] [stdout] 13 | pub trait Parser<'parser>: Sized {
[INFO] [stdout]    |           ------ method in this trait
[INFO] [stdout] ...
[INFO] [stdout] 28 |     fn map_err<F, O: ParserError>(self, map_fn: F) -> impl Parser<'parser, Error = O>
[INFO] [stdout]    |        ^^^^^^^
[INFO] [stdout] 
[INFO] [stdout] 
[INFO] [stdout] warning: function `expect` is never used
[INFO] [stdout]   --> src/frontend/parsers/lib/parser.rs:91:8
[INFO] [stdout]    |
[INFO] [stdout] 91 | pub fn expect<'parser, P, E>(parser: P) -> impl Combinator<'parser>
[INFO] [stdout]    |        ^^^^^^
[INFO] [stdout] 
[INFO] [stdout] 
[INFO] [stdout] warning: method `then_all_until_eof` is never used
[INFO] [stdout]    --> src/frontend/parsers/lib/parser.rs:216:8
[INFO] [stdout]     |
[INFO] [stdout] 148 | pub trait Combinator<'parser>: Parser<'parser, Error = Perror> {
[INFO] [stdout]     |           ---------- method in this trait
[INFO] [stdout] ...
[INFO] [stdout] 216 |     fn then_all_until_eof(self) -> impl Pair<'parser, Self::Output, Vec<Token<'parser>>> {
[INFO] [stdout]     |        ^^^^^^^^^^^^^^^^^^
[INFO] [stdout] 
[INFO] [stdout] 
[INFO] [stdout] warning: variants `Procedure`, `Function`, `Method`, `Param`, and `Variable` are never constructed
[INFO] [stdout]   --> src/frontend/parsers/symboltable.rs:14:5
[INFO] [stdout]    |
[INFO] [stdout] 13 | pub enum Symbol {
[INFO] [stdout]    |          ------ variants in this enum
[INFO] [stdout] 14 |     Procedure {
[INFO] [stdout]    |     ^^^^^^^^^
[INFO] [stdout] ...
[INFO] [stdout] 17 |     Function {
[INFO] [stdout]    |     ^^^^^^^^
[INFO] [stdout] ...
[INFO] [stdout] 21 |     Method {
[INFO] [stdout]    |     ^^^^^^
[INFO] [stdout] ...
[INFO] [stdout] 25 |     Param {
[INFO] [stdout]    |     ^^^^^
[INFO] [stdout] ...
[INFO] [stdout] 28 |     Variable {
[INFO] [stdout]    |     ^^^^^^^^
[INFO] [stdout] 
[INFO] [stdout] 
[INFO] [stdout] warning: fields `parent` and `children` are never read
[INFO] [stdout]   --> src/frontend/parsers/symboltable.rs:44:5
[INFO] [stdout]    |
[INFO] [stdout] 42 | pub struct SymbolTable<'a> {
[INFO] [stdout]    |            ----------- fields in this struct
[INFO] [stdout] 43 |     table: HashMap<Identifier<'a>, Symbol>,
[INFO] [stdout] 44 |     parent: Option<Weak<Table<'a>>>,
[INFO] [stdout]    |     ^^^^^^
[INFO] [stdout] 45 |     children: Option<Rc<Table<'a>>>,
[INFO] [stdout]    |     ^^^^^^^^
[INFO] [stdout] 
[INFO] [stdout] 
[INFO] [stdout] warning: associated items `global`, `new`, `add_function`, `add_method`, `add_procedure`, and `add_variable` are never used
[INFO] [stdout]    --> src/frontend/parsers/symboltable.rs:51:12
[INFO] [stdout]     |
[INFO] [stdout] 50  | impl<'a> Table<'a> {
[INFO] [stdout]     | ------------------ associated items in this implementation
[INFO] [stdout] 51  |     pub fn global() -> Rc<Self> {
[INFO] [stdout]     |            ^^^^^^
[INFO] [stdout] ...
[INFO] [stdout] 59  |     pub fn new(parent: &Rc<Table<'a>>) -> Rc<Self> {
[INFO] [stdout]     |            ^^^
[INFO] [stdout] ...
[INFO] [stdout] 67  |     fn add_function(self: Rc<Self>, f: &Function<'a>) -> Option<Symbol> {
[INFO] [stdout]     |        ^^^^^^^^^^^^
[INFO] [stdout] ...
[INFO] [stdout] 84  |     fn add_method(self: Rc<Self>, f: &Method<'a>) -> Option<Symbol> {
[INFO] [stdout]     |        ^^^^^^^^^^
[INFO] [stdout] ...
[INFO] [stdout] 101 |     fn add_procedure(self: Rc<Self>, f: &Procedure<'a>) -> Option<Symbol> {
[INFO] [stdout]     |        ^^^^^^^^^^^^^
[INFO] [stdout] ...
[INFO] [stdout] 115 |     fn add_variable(self: Rc<Self>, f: &Variable<'a>) -> Option<Symbol> {
[INFO] [stdout]     |        ^^^^^^^^^^^^
[INFO] [stdout] 
[INFO] [stdout] 
[INFO] [stdout] warning: trait `AST` is never used
[INFO] [stdout]  --> src/frontend/syntaxtrees/ast.rs:3:11
[INFO] [stdout]   |
[INFO] [stdout] 3 | pub trait AST: Display + Debug + Eq + PartialEq {
[INFO] [stdout]   |           ^^^
[INFO] [stdout] 
[INFO] [stdout] 
[INFO] [stdout] warning: variant `Assign` is never constructed
[INFO] [stdout]   --> src/frontend/syntaxtrees/exprs.rs:25:5
[INFO] [stdout]    |
[INFO] [stdout] 21 | pub enum ExprVariant<'a> {
[INFO] [stdout]    |          ----------- variant in this enum
[INFO] [stdout] ...
[INFO] [stdout] 25 |     Assign(Assign<'a>),
[INFO] [stdout]    |     ^^^^^^
[INFO] [stdout] 
[INFO] [stdout] 
[INFO] [stdout] warning: variant `Goto` is never constructed
[INFO] [stdout]    --> src/frontend/syntaxtrees/exprs.rs:150:5
[INFO] [stdout]     |
[INFO] [stdout] 149 | pub enum PrefixOp {
[INFO] [stdout]     |          -------- variant in this enum
[INFO] [stdout] 150 |     Goto,
[INFO] [stdout]     |     ^^^^
[INFO] [stdout] 
[INFO] [stdout] 
[INFO] [stdout] warning: method `bp` is never used
[INFO] [stdout]    --> src/frontend/syntaxtrees/exprs.rs:274:12
[INFO] [stdout]     |
[INFO] [stdout] 273 | impl<'a> Operator<'a> {
[INFO] [stdout]     | --------------------- method in this implementation
[INFO] [stdout] 274 |     pub fn bp(&self) -> (Option<u8>, Option<u8>) {
[INFO] [stdout]     |            ^^
[INFO] [stdout] 
[INFO] [stdout] 
[INFO] [stdout] warning: struct `Source` is never constructed
[INFO] [stdout]  --> src/frontend/syntaxtrees/primitive.rs:5:12
[INFO] [stdout]   |
[INFO] [stdout] 5 | pub struct Source<'a>(Vec<Node<'a>>);
[INFO] [stdout]   |            ^^^^^^
[INFO] [stdout] 
[INFO] [stdout] 
[INFO] [stdout] warning: struct `Node` is never constructed
[INFO] [stdout]  --> src/frontend/syntaxtrees/primitive.rs:7:12
[INFO] [stdout]   |
[INFO] [stdout] 7 | pub struct Node<'a> {
[INFO] [stdout]   |            ^^^^
[INFO] [stdout] 
[INFO] [stdout] 
[INFO] [stdout] warning: enum `NodeKind` is never used
[INFO] [stdout]   --> src/frontend/syntaxtrees/primitive.rs:12:10
[INFO] [stdout]    |
[INFO] [stdout] 12 | pub enum NodeKind<'a> {
[INFO] [stdout]    |          ^^^^^^^^
[INFO] [stdout] 
[INFO] [stdout] 
[INFO] [stdout] warning: enum `Routine` is never used
[INFO] [stdout]   --> src/frontend/syntaxtrees/primitive.rs:16:10
[INFO] [stdout]    |
[INFO] [stdout] 16 | pub enum Routine<'a> {
[INFO] [stdout]    |          ^^^^^^^
[INFO] [stdout] 
[INFO] [stdout] 
[INFO] [stdout] warning: variants `Real`, `Char`, `Ptr`, `Aggregate`, and `Variant` are never constructed
[INFO] [stdout]  --> src/frontend/syntaxtrees/types.rs:5:5
[INFO] [stdout]   |
[INFO] [stdout] 4 | pub enum Type {
[INFO] [stdout]   |          ---- variants in this enum
[INFO] [stdout] 5 |     Real,
[INFO] [stdout]   |     ^^^^
[INFO] [stdout] 6 |     Char,
[INFO] [stdout]   |     ^^^^
[INFO] [stdout] 7 |     Ptr(Box<Type>),
[INFO] [stdout]   |     ^^^
[INFO] [stdout] 8 |     Aggregate(Vec<Type>),
[INFO] [stdout]   |     ^^^^^^^^^
[INFO] [stdout] 9 |     Variant(Vec<Type>),
[INFO] [stdout]   |     ^^^^^^^
[INFO] [stdout]   |
[INFO] [stdout]   = note: `Type` has a derived impl for the trait `Clone`, but this is intentionally ignored during dead code analysis
[INFO] [stdout] 
[INFO] [stdout] 
[INFO] [stderr]     Finished `test` profile [unoptimized + debuginfo] target(s) in 2.47s
[INFO] running `Command { std: "docker" "inspect" "5bc4a6a9d73d6e2bfb5ae560f737b0fbbd019939ba947ce9c5445869940517f2", kill_on_drop: false }`
[INFO] running `Command { std: "docker" "rm" "-f" "5bc4a6a9d73d6e2bfb5ae560f737b0fbbd019939ba947ce9c5445869940517f2", kill_on_drop: false }`
[INFO] [stdout] 5bc4a6a9d73d6e2bfb5ae560f737b0fbbd019939ba947ce9c5445869940517f2
[INFO] running `Command { std: "docker" "create" "-v" "/var/lib/crater-agent-workspace/builds/worker-0-tc1/target:/opt/rustwide/target:rw,Z" "-v" "/var/lib/crater-agent-workspace/builds/worker-0-tc1/source:/opt/rustwide/workdir:ro,Z" "-v" "/var/lib/crater-agent-workspace/cargo-home:/opt/rustwide/cargo-home:ro,Z" "-v" "/var/lib/crater-agent-workspace/rustup-home:/opt/rustwide/rustup-home:ro,Z" "-e" "SOURCE_DIR=/opt/rustwide/workdir" "-e" "CARGO_TARGET_DIR=/opt/rustwide/target" "-e" "CARGO_INCREMENTAL=0" "-e" "RUST_BACKTRACE=full" "-e" "RUSTFLAGS=--cap-lints=warn" "-e" "RUSTDOCFLAGS=--cap-lints=warn" "-e" "CARGO_HOME=/opt/rustwide/cargo-home" "-e" "RUSTUP_HOME=/opt/rustwide/rustup-home" "-w" "/opt/rustwide/workdir" "-m" "1610612736" "--user" "0:0" "--network" "none" "ghcr.io/rust-lang/crates-build-env/linux@sha256:f3a9d4ad9d972b27faf3965f35b62e55ba32bbce8f20bc8fe909558a86702fde" "/opt/rustwide/cargo-home/bin/cargo" "+1.83.0" "test" "--frozen", kill_on_drop: false }`
[INFO] [stdout] e99fb0769585f1bcf3be98394f30c402ed39866460f5b63709eb9f706f71149f
[INFO] running `Command { std: "docker" "start" "-a" "e99fb0769585f1bcf3be98394f30c402ed39866460f5b63709eb9f706f71149f", kill_on_drop: false }`
[INFO] [stderr] warning: unused variable: `r`
[INFO] [stderr]   --> src/frontend/parsers/expr.rs:62:26
[INFO] [stderr]    |
[INFO] [stderr] 62 |             Either::Left(r) => PostfixOp::Fact,
[INFO] [stderr]    |                          ^ help: if this is intentional, prefix it with an underscore: `_r`
[INFO] [stderr]    |
[INFO] [stderr]    = note: `#[warn(unused_variables)]` on by default
[INFO] [stderr] 
[INFO] [stderr] warning: unused variable: `input`
[INFO] [stderr]   --> src/frontend/parsers/expr.rs:77:11
[INFO] [stderr]    |
[INFO] [stderr] 77 | pub fn op(input: Lexer) -> ParserR<Op, Perror> {
[INFO] [stderr]    |           ^^^^^ help: if this is intentional, prefix it with an underscore: `_input`
[INFO] [stderr] 
[INFO] [stderr] warning: unused variable: `a`
[INFO] [stderr]    --> src/frontend/parsers/lib/parser.rs:400:13
[INFO] [stderr]     |
[INFO] [stderr] 400 |         let a = just("1");
[INFO] [stderr]     |             ^ help: if this is intentional, prefix it with an underscore: `_a`
[INFO] [stderr] 
[INFO] [stderr] warning: unused variable: `len`
[INFO] [stderr]   --> src/main.rs:21:9
[INFO] [stderr]    |
[INFO] [stderr] 21 |     let len = src.len();
[INFO] [stderr]    |         ^^^ help: if this is intentional, prefix it with an underscore: `_len`
[INFO] [stderr] 
[INFO] [stderr] warning: struct `Split` is never constructed
[INFO] [stderr]  --> src/frontend/lexers/lexer.rs:7:12
[INFO] [stderr]   |
[INFO] [stderr] 7 | pub struct Split<'lexer> {
[INFO] [stderr]   |            ^^^^^
[INFO] [stderr]   |
[INFO] [stderr]   = note: `#[warn(dead_code)]` on by default
[INFO] [stderr] 
[INFO] [stderr] warning: multiple methods are never used
[INFO] [stderr]   --> src/frontend/lexers/token.rs:60:12
[INFO] [stderr]    |
[INFO] [stderr] 52 | impl<'a> Token<'a> {
[INFO] [stderr]    | ------------------ methods in this implementation
[INFO] [stderr] ...
[INFO] [stderr] 60 |     pub fn is_op(&self) -> bool {
[INFO] [stderr]    |            ^^^^^
[INFO] [stderr] ...
[INFO] [stderr] 64 |     pub fn is_prefix(&self) -> bool {
[INFO] [stderr]    |            ^^^^^^^^^
[INFO] [stderr] ...
[INFO] [stderr] 71 |     pub fn is_postfix(&self) -> bool {
[INFO] [stderr]    |            ^^^^^^^^^^
[INFO] [stderr] ...
[INFO] [stderr] 78 |     pub fn is_midfix(&self) -> bool {
[INFO] [stderr]    |            ^^^^^^^^^
[INFO] [stderr] ...
[INFO] [stderr] 85 |     pub fn is_reserved(&self) -> bool {
[INFO] [stderr]    |            ^^^^^^^^^^^
[INFO] [stderr] ...
[INFO] [stderr] 89 |     pub fn is_keyword(&self) -> bool {
[INFO] [stderr]    |            ^^^^^^^^^^
[INFO] [stderr] ...
[INFO] [stderr] 97 |     pub fn is_unknown(&self) -> bool {
[INFO] [stderr]    |            ^^^^^^^^^^
[INFO] [stderr] 
[INFO] [stderr] warning: variant `Ptr` is never constructed
[INFO] [stderr]    --> src/frontend/lexers/token.rs:210:5
[INFO] [stderr]     |
[INFO] [stderr] 207 | pub enum Type {
[INFO] [stderr]     |          ---- variant in this enum
[INFO] [stderr] ...
[INFO] [stderr] 210 |     Ptr(Box<Type>), //ex. ΠΡΑΓΜΑΤΙΚΟΣ*
[INFO] [stderr]     |     ^^^
[INFO] [stderr]     |
[INFO] [stderr]     = note: `Type` has derived impls for the traits `Clone` and `Debug`, but these are intentionally ignored during dead code analysis
[INFO] [stderr] 
[INFO] [stderr] warning: function `op` is never used
[INFO] [stderr]   --> src/frontend/parsers/expr.rs:77:8
[INFO] [stderr]    |
[INFO] [stderr] 77 | pub fn op(input: Lexer) -> ParserR<Op, Perror> {
[INFO] [stderr]    |        ^^
[INFO] [stderr] 
[INFO] [stderr] warning: method `map_err` is never used
[INFO] [stderr]   --> src/frontend/parsers/lib/parser.rs:28:8
[INFO] [stderr]    |
[INFO] [stderr] 13 | pub trait Parser<'parser>: Sized {
[INFO] [stderr]    |           ------ method in this trait
[INFO] [stderr] ...
[INFO] [stderr] 28 |     fn map_err<F, O: ParserError>(self, map_fn: F) -> impl Parser<'parser, Error = O>
[INFO] [stderr]    |        ^^^^^^^
[INFO] [stderr] 
[INFO] [stderr] warning: function `expect` is never used
[INFO] [stderr]   --> src/frontend/parsers/lib/parser.rs:91:8
[INFO] [stderr]    |
[INFO] [stderr] 91 | pub fn expect<'parser, P, E>(parser: P) -> impl Combinator<'parser>
[INFO] [stderr]    |        ^^^^^^
[INFO] [stderr] 
[INFO] [stderr] warning: method `then_all_until_eof` is never used
[INFO] [stderr]    --> src/frontend/parsers/lib/parser.rs:216:8
[INFO] [stderr]     |
[INFO] [stderr] 148 | pub trait Combinator<'parser>: Parser<'parser, Error = Perror> {
[INFO] [stderr]     |           ---------- method in this trait
[INFO] [stderr] ...
[INFO] [stderr] 216 |     fn then_all_until_eof(self) -> impl Pair<'parser, Self::Output, Vec<Token<'parser>>> {
[INFO] [stderr]     |        ^^^^^^^^^^^^^^^^^^
[INFO] [stderr] 
[INFO] [stderr] warning: variants `Procedure`, `Function`, `Method`, `Param`, and `Variable` are never constructed
[INFO] [stderr]   --> src/frontend/parsers/symboltable.rs:14:5
[INFO] [stderr]    |
[INFO] [stderr] 13 | pub enum Symbol {
[INFO] [stderr]    |          ------ variants in this enum
[INFO] [stderr] 14 |     Procedure {
[INFO] [stderr]    |     ^^^^^^^^^
[INFO] [stderr] ...
[INFO] [stderr] 17 |     Function {
[INFO] [stderr]    |     ^^^^^^^^
[INFO] [stderr] ...
[INFO] [stderr] 21 |     Method {
[INFO] [stderr]    |     ^^^^^^
[INFO] [stderr] ...
[INFO] [stderr] 25 |     Param {
[INFO] [stderr]    |     ^^^^^
[INFO] [stderr] ...
[INFO] [stderr] 28 |     Variable {
[INFO] [stderr]    |     ^^^^^^^^
[INFO] [stderr] 
[INFO] [stderr] warning: fields `parent` and `children` are never read
[INFO] [stderr]   --> src/frontend/parsers/symboltable.rs:44:5
[INFO] [stderr]    |
[INFO] [stderr] 42 | pub struct SymbolTable<'a> {
[INFO] [stderr]    |            ----------- fields in this struct
[INFO] [stderr] 43 |     table: HashMap<Identifier<'a>, Symbol>,
[INFO] [stderr] 44 |     parent: Option<Weak<Table<'a>>>,
[INFO] [stderr]    |     ^^^^^^
[INFO] [stderr] 45 |     children: Option<Rc<Table<'a>>>,
[INFO] [stderr]    |     ^^^^^^^^
[INFO] [stderr] 
[INFO] [stderr] warning: associated items `global`, `new`, `add_function`, `add_method`, `add_procedure`, and `add_variable` are never used
[INFO] [stderr]    --> src/frontend/parsers/symboltable.rs:51:12
[INFO] [stderr]     |
[INFO] [stderr] 50  | impl<'a> Table<'a> {
[INFO] [stderr]     | ------------------ associated items in this implementation
[INFO] [stderr] 51  |     pub fn global() -> Rc<Self> {
[INFO] [stderr]     |            ^^^^^^
[INFO] [stderr] ...
[INFO] [stderr] 59  |     pub fn new(parent: &Rc<Table<'a>>) -> Rc<Self> {
[INFO] [stderr]     |            ^^^
[INFO] [stderr] ...
[INFO] [stderr] 67  |     fn add_function(self: Rc<Self>, f: &Function<'a>) -> Option<Symbol> {
[INFO] [stderr]     |        ^^^^^^^^^^^^
[INFO] [stderr] ...
[INFO] [stderr] 84  |     fn add_method(self: Rc<Self>, f: &Method<'a>) -> Option<Symbol> {
[INFO] [stderr]     |        ^^^^^^^^^^
[INFO] [stderr] ...
[INFO] [stderr] 101 |     fn add_procedure(self: Rc<Self>, f: &Procedure<'a>) -> Option<Symbol> {
[INFO] [stderr]     |        ^^^^^^^^^^^^^
[INFO] [stderr] ...
[INFO] [stderr] 115 |     fn add_variable(self: Rc<Self>, f: &Variable<'a>) -> Option<Symbol> {
[INFO] [stderr]     |        ^^^^^^^^^^^^
[INFO] [stderr] 
[INFO] [stderr] warning: trait `AST` is never used
[INFO] [stderr]  --> src/frontend/syntaxtrees/ast.rs:3:11
[INFO] [stderr]   |
[INFO] [stderr] 3 | pub trait AST: Display + Debug + Eq + PartialEq {
[INFO] [stderr]   |           ^^^
[INFO] [stderr] 
[INFO] [stderr] warning: variant `Assign` is never constructed
[INFO] [stderr]   --> src/frontend/syntaxtrees/exprs.rs:25:5
[INFO] [stderr]    |
[INFO] [stderr] 21 | pub enum ExprVariant<'a> {
[INFO] [stderr]    |          ----------- variant in this enum
[INFO] [stderr] ...
[INFO] [stderr] 25 |     Assign(Assign<'a>),
[INFO] [stderr]    |     ^^^^^^
[INFO] [stderr] 
[INFO] [stderr] warning: variant `Goto` is never constructed
[INFO] [stderr]    --> src/frontend/syntaxtrees/exprs.rs:150:5
[INFO] [stderr]     |
[INFO] [stderr] 149 | pub enum PrefixOp {
[INFO] [stderr]     |          -------- variant in this enum
[INFO] [stderr] 150 |     Goto,
[INFO] [stderr]     |     ^^^^
[INFO] [stderr] 
[INFO] [stderr] warning: method `bp` is never used
[INFO] [stderr]    --> src/frontend/syntaxtrees/exprs.rs:274:12
[INFO] [stderr]     |
[INFO] [stderr] 273 | impl<'a> Operator<'a> {
[INFO] [stderr]     | --------------------- method in this implementation
[INFO] [stderr] 274 |     pub fn bp(&self) -> (Option<u8>, Option<u8>) {
[INFO] [stderr]     |            ^^
[INFO] [stderr] 
[INFO] [stderr] warning: struct `Source` is never constructed
[INFO] [stderr]  --> src/frontend/syntaxtrees/primitive.rs:5:12
[INFO] [stderr]   |
[INFO] [stderr] 5 | pub struct Source<'a>(Vec<Node<'a>>);
[INFO] [stderr]   |            ^^^^^^
[INFO] [stderr] 
[INFO] [stderr] warning: struct `Node` is never constructed
[INFO] [stderr]  --> src/frontend/syntaxtrees/primitive.rs:7:12
[INFO] [stderr]   |
[INFO] [stderr] 7 | pub struct Node<'a> {
[INFO] [stderr]   |            ^^^^
[INFO] [stderr] 
[INFO] [stderr] warning: enum `NodeKind` is never used
[INFO] [stderr]   --> src/frontend/syntaxtrees/primitive.rs:12:10
[INFO] [stderr]    |
[INFO] [stderr] 12 | pub enum NodeKind<'a> {
[INFO] [stderr]    |          ^^^^^^^^
[INFO] [stderr] 
[INFO] [stderr] warning: enum `Routine` is never used
[INFO] [stderr]   --> src/frontend/syntaxtrees/primitive.rs:16:10
[INFO] [stderr]    |
[INFO] [stderr] 16 | pub enum Routine<'a> {
[INFO] [stderr]    |          ^^^^^^^
[INFO] [stderr] 
[INFO] [stderr] warning: variants `Real`, `Char`, `Ptr`, `Aggregate`, and `Variant` are never constructed
[INFO] [stderr]  --> src/frontend/syntaxtrees/types.rs:5:5
[INFO] [stderr]   |
[INFO] [stderr] 4 | pub enum Type {
[INFO] [stderr]   |          ---- variants in this enum
[INFO] [stderr] 5 |     Real,
[INFO] [stderr]   |     ^^^^
[INFO] [stderr] 6 |     Char,
[INFO] [stderr]   |     ^^^^
[INFO] [stderr] 7 |     Ptr(Box<Type>),
[INFO] [stderr]   |     ^^^
[INFO] [stderr] 8 |     Aggregate(Vec<Type>),
[INFO] [stderr]   |     ^^^^^^^^^
[INFO] [stderr] 9 |     Variant(Vec<Type>),
[INFO] [stderr]   |     ^^^^^^^
[INFO] [stderr]   |
[INFO] [stderr]   = note: `Type` has a derived impl for the trait `Clone`, but this is intentionally ignored during dead code analysis
[INFO] [stderr] 
[INFO] [stderr] warning: `eureka` (bin "eureka" test) generated 23 warnings
[INFO] [stderr]     Finished `test` profile [unoptimized + debuginfo] target(s) in 0.06s
[INFO] [stderr]      Running unittests src/main.rs (/opt/rustwide/target/debug/deps/eureka-85e44001762e2a68)
[INFO] [stdout] 
[INFO] [stdout] running 21 tests
[INFO] [stdout] test frontend::lexers::lexer::test::lex ... ok
[INFO] [stdout] test frontend::parsers::expr::test::expr_parse ... ok
[INFO] [stdout] test frontend::lexers::lexer::test::addr ... ok
[INFO] [stdout] test frontend::lexers::lexer::test::peek_test ... ok
[INFO] [stdout] test frontend::parsers::lib::parser::test::just_test ... ok
[INFO] [stdout] test frontend::parsers::lib::parser::test::or_test1 ... ok
[INFO] [stdout] test frontend::parsers::lib::parser::test::or_test2 ... ok
[INFO] [stdout] test frontend::parsers::lib::parser::test::pair_parse ... ok
[INFO] [stdout] test frontend::parsers::lib::parser::test::paired_test ... ok
[INFO] [stdout] test frontend::parsers::lib::parser::test::then_ignore ... ok
[INFO] [stdout] test frontend::parsers::lib::parser::test::then_test ... ok
[INFO] [stdout] test frontend::parsers::lib::parser::test::until_parse ... ok
[INFO] [stdout] test frontend::parsers::value::test::parse_char ... ok
[INFO] [stdout] test frontend::parsers::value::test::parse_id ... ok
[INFO] [stdout] test frontend::parsers::lib::parser::test::all_until_parse ... ok
[INFO] [stdout] test frontend::parsers::value::test::parse_real ... ok
[INFO] [stdout] test frontend::parsers::lib::parser::test::either_parse ... ok
[INFO] [stdout] test frontend::parsers::value::test::parse_id_fail - should panic ... ok
[INFO] [stdout] test frontend::parsers::expr::test::random_test ... FAILED
[INFO] [stdout] test frontend::parsers::expr::test::simple_pratt ... FAILED
[INFO] [stdout] test frontend::parsers::expr::test::postop_parse ... FAILED
[INFO] [stdout] 
[INFO] [stdout] failures:
[INFO] [stdout] 
[INFO] [stdout] ---- frontend::parsers::expr::test::random_test stdout ----
[INFO] [stdout] thread 'frontend::parsers::expr::test::random_test' panicked at src/frontend/parsers/expr.rs:201:17:
[INFO] [stdout] assertion `left == right` failed
[INFO] [stdout]   left: "(+ (+ (+ <Value Real 45> (! <Value Real 2>)) (ΔΙΕΥΘΥΝΣΗ  <Value Real 12>)) (* (<Params <Value Real 3> > <Value Real 5>) <Value Real 3>))"
[INFO] [stdout]  right: "<Value Real 45>"
[INFO] [stdout] stack backtrace:
[INFO] [stdout]    0:     0x5743b6884cfa - std::backtrace_rs::backtrace::libunwind::trace::h5a5b8284f2d0c266
[INFO] [stdout]                                at /rustc/90b35a6239c3d8bdabc530a6a0816f7ff89a0aaf/library/std/src/../../backtrace/src/backtrace/libunwind.rs:116:5
[INFO] [stdout]    1:     0x5743b6884cfa - std::backtrace_rs::backtrace::trace_unsynchronized::h76d4f1c9b0b875e3
[INFO] [stdout]                                at /rustc/90b35a6239c3d8bdabc530a6a0816f7ff89a0aaf/library/std/src/../../backtrace/src/backtrace/mod.rs:66:5
[INFO] [stdout]    2:     0x5743b6884cfa - std::sys::backtrace::_print_fmt::hc4546b8364a537c6
[INFO] [stdout]                                at /rustc/90b35a6239c3d8bdabc530a6a0816f7ff89a0aaf/library/std/src/sys/backtrace.rs:66:9
[INFO] [stdout]    3:     0x5743b6884cfa - <std::sys::backtrace::BacktraceLock::print::DisplayBacktrace as core::fmt::Display>::fmt::h5b6bd5631a6d1f6b
[INFO] [stdout]                                at /rustc/90b35a6239c3d8bdabc530a6a0816f7ff89a0aaf/library/std/src/sys/backtrace.rs:39:26
[INFO] [stdout]    4:     0x5743b68aabb3 - core::fmt::rt::Argument::fmt::h270f6602a2b96f62
[INFO] [stdout]                                at /rustc/90b35a6239c3d8bdabc530a6a0816f7ff89a0aaf/library/core/src/fmt/rt.rs:177:76
[INFO] [stdout]    5:     0x5743b68aabb3 - core::fmt::write::h7550c97b06c86515
[INFO] [stdout]                                at /rustc/90b35a6239c3d8bdabc530a6a0816f7ff89a0aaf/library/core/src/fmt/mod.rs:1186:21
[INFO] [stdout]    6:     0x5743b6881e43 - std::io::Write::write_fmt::h509ff860e5956e5e
[INFO] [stdout]                                at /rustc/90b35a6239c3d8bdabc530a6a0816f7ff89a0aaf/library/std/src/io/mod.rs:1839:15
[INFO] [stdout]    7:     0x5743b6884b42 - std::sys::backtrace::BacktraceLock::print::h2395ccd2c84ba3aa
[INFO] [stdout]                                at /rustc/90b35a6239c3d8bdabc530a6a0816f7ff89a0aaf/library/std/src/sys/backtrace.rs:42:9
[INFO] [stdout]    8:     0x5743b688615a - std::panicking::default_hook::{{closure}}::he19d4c7230e07961
[INFO] [stdout]                                at /rustc/90b35a6239c3d8bdabc530a6a0816f7ff89a0aaf/library/std/src/panicking.rs:268:22
[INFO] [stdout]    9:     0x5743b6885f64 - std::panicking::default_hook::hf614597d3c67bbdb
[INFO] [stdout]                                at /rustc/90b35a6239c3d8bdabc530a6a0816f7ff89a0aaf/library/std/src/panicking.rs:292:9
[INFO] [stdout]   10:     0x5743b67c99e9 - <alloc::boxed::Box<F,A> as core::ops::function::Fn<Args>>::call::h39b51ce4599c23d1
[INFO] [stdout]                                at /rustc/90b35a6239c3d8bdabc530a6a0816f7ff89a0aaf/library/alloc/src/boxed.rs:2468:9
[INFO] [stdout]   11:     0x5743b67c99e9 - test::test_main::{{closure}}::he977ae839a582784
[INFO] [stdout]                                at /rustc/90b35a6239c3d8bdabc530a6a0816f7ff89a0aaf/library/test/src/lib.rs:133:21
[INFO] [stdout]   12:     0x5743b68867f8 - <alloc::boxed::Box<F,A> as core::ops::function::Fn<Args>>::call::h9455091b6b06f9fb
[INFO] [stdout]                                at /rustc/90b35a6239c3d8bdabc530a6a0816f7ff89a0aaf/library/alloc/src/boxed.rs:2468:9
[INFO] [stdout]   13:     0x5743b68867f8 - std::panicking::rust_panic_with_hook::h8942133a8b252070
[INFO] [stdout]                                at /rustc/90b35a6239c3d8bdabc530a6a0816f7ff89a0aaf/library/std/src/panicking.rs:809:13
[INFO] [stdout]   14:     0x5743b68865ba - std::panicking::begin_panic_handler::{{closure}}::hb5f5963570096b29
[INFO] [stdout]                                at /rustc/90b35a6239c3d8bdabc530a6a0816f7ff89a0aaf/library/std/src/panicking.rs:674:13
[INFO] [stdout]   15:     0x5743b68851d9 - std::sys::backtrace::__rust_end_short_backtrace::h6208cedc1922feda
[INFO] [stdout]                                at /rustc/90b35a6239c3d8bdabc530a6a0816f7ff89a0aaf/library/std/src/sys/backtrace.rs:170:18
[INFO] [stdout]   16:     0x5743b688624c - rust_begin_unwind
[INFO] [stdout]                                at /rustc/90b35a6239c3d8bdabc530a6a0816f7ff89a0aaf/library/std/src/panicking.rs:665:5
[INFO] [stdout]   17:     0x5743b676eb50 - core::panicking::panic_fmt::h0c3082644d1bf418
[INFO] [stdout]                                at /rustc/90b35a6239c3d8bdabc530a6a0816f7ff89a0aaf/library/core/src/panicking.rs:74:14
[INFO] [stdout]   18:     0x5743b676ef1b - core::panicking::assert_failed_inner::h2ddf1fcc067fa858
[INFO] [stdout]   19:     0x5743b677d622 - core::panicking::assert_failed::he0082dfaac6e3495
[INFO] [stdout]                                at /rustc/90b35a6239c3d8bdabc530a6a0816f7ff89a0aaf/library/core/src/panicking.rs:367:5
[INFO] [stdout]   20:     0x5743b678c23e - eureka::frontend::parsers::expr::test::random_test::ha1bcc143fa6b19b3
[INFO] [stdout]                                at /opt/rustwide/workdir/src/frontend/parsers/expr.rs:201:17
[INFO] [stdout]   21:     0x5743b678c077 - eureka::frontend::parsers::expr::test::random_test::{{closure}}::hac1f6e5e64bbd9d2
[INFO] [stdout]                                at /opt/rustwide/workdir/src/frontend/parsers/expr.rs:197:25
[INFO] [stdout]   22:     0x5743b677aef6 - core::ops::function::FnOnce::call_once::h69d8cd9773c9346e
[INFO] [stdout]                                at /rustc/90b35a6239c3d8bdabc530a6a0816f7ff89a0aaf/library/core/src/ops/function.rs:250:5
[INFO] [stdout]   23:     0x5743b67ce3ab - core::ops::function::FnOnce::call_once::h109cf8051a59b34e
[INFO] [stdout]                                at /rustc/90b35a6239c3d8bdabc530a6a0816f7ff89a0aaf/library/core/src/ops/function.rs:250:5
[INFO] [stdout]   24:     0x5743b67ce3ab - test::__rust_begin_short_backtrace::hf4fff89d377446ba
[INFO] [stdout]                                at /rustc/90b35a6239c3d8bdabc530a6a0816f7ff89a0aaf/library/test/src/lib.rs:621:18
[INFO] [stdout]   25:     0x5743b67cdbe7 - test::run_test_in_process::{{closure}}::h0e39181dd7ee5a43
[INFO] [stdout]                                at /rustc/90b35a6239c3d8bdabc530a6a0816f7ff89a0aaf/library/test/src/lib.rs:644:60
[INFO] [stdout]   26:     0x5743b67cdbe7 - <core::panic::unwind_safe::AssertUnwindSafe<F> as core::ops::function::FnOnce<()>>::call_once::hc5a66a30f0bdfd1f
[INFO] [stdout]                                at /rustc/90b35a6239c3d8bdabc530a6a0816f7ff89a0aaf/library/core/src/panic/unwind_safe.rs:272:9
[INFO] [stdout]   27:     0x5743b67cdbe7 - std::panicking::try::do_call::h873b7cf639554a5e
[INFO] [stdout]                                at /rustc/90b35a6239c3d8bdabc530a6a0816f7ff89a0aaf/library/std/src/panicking.rs:557:40
[INFO] [stdout]   28:     0x5743b67cdbe7 - std::panicking::try::hdb19862fad9c8bd1
[INFO] [stdout]                                at /rustc/90b35a6239c3d8bdabc530a6a0816f7ff89a0aaf/library/std/src/panicking.rs:520:19
[INFO] [stdout]   29:     0x5743b67cdbe7 - std::panic::catch_unwind::h281fe732d236d260
[INFO] [stdout]                                at /rustc/90b35a6239c3d8bdabc530a6a0816f7ff89a0aaf/library/std/src/panic.rs:358:14
[INFO] [stdout]   30:     0x5743b67cdbe7 - test::run_test_in_process::h949b6df8457ed338
[INFO] [stdout]                                at /rustc/90b35a6239c3d8bdabc530a6a0816f7ff89a0aaf/library/test/src/lib.rs:644:27
[INFO] [stdout]   31:     0x5743b67cdbe7 - test::run_test::{{closure}}::h52c556a6d4740e10
[INFO] [stdout]                                at /rustc/90b35a6239c3d8bdabc530a6a0816f7ff89a0aaf/library/test/src/lib.rs:565:43
[INFO] [stdout]   32:     0x5743b6792ec4 - test::run_test::{{closure}}::h4237f6381c45ccb9
[INFO] [stdout]                                at /rustc/90b35a6239c3d8bdabc530a6a0816f7ff89a0aaf/library/test/src/lib.rs:595:41
[INFO] [stdout]   33:     0x5743b6792ec4 - std::sys::backtrace::__rust_begin_short_backtrace::h505c97a579eca628
[INFO] [stdout]                                at /rustc/90b35a6239c3d8bdabc530a6a0816f7ff89a0aaf/library/std/src/sys/backtrace.rs:154:18
[INFO] [stdout]   34:     0x5743b679658e - std::thread::Builder::spawn_unchecked_::{{closure}}::{{closure}}::h9e86b2e2bc107ea3
[INFO] [stdout]                                at /rustc/90b35a6239c3d8bdabc530a6a0816f7ff89a0aaf/library/std/src/thread/mod.rs:538:17
[INFO] [stdout]   35:     0x5743b679658e - <core::panic::unwind_safe::AssertUnwindSafe<F> as core::ops::function::FnOnce<()>>::call_once::h8b06ddb275ff4a25
[INFO] [stdout]                                at /rustc/90b35a6239c3d8bdabc530a6a0816f7ff89a0aaf/library/core/src/panic/unwind_safe.rs:272:9
[INFO] [stdout]   36:     0x5743b679658e - std::panicking::try::do_call::hb26ecd7cd9a9355d
[INFO] [stdout]                                at /rustc/90b35a6239c3d8bdabc530a6a0816f7ff89a0aaf/library/std/src/panicking.rs:557:40
[INFO] [stdout]   37:     0x5743b679658e - std::panicking::try::h8ddeca9d705f9069
[INFO] [stdout]                                at /rustc/90b35a6239c3d8bdabc530a6a0816f7ff89a0aaf/library/std/src/panicking.rs:520:19
[INFO] [stdout]   38:     0x5743b679658e - std::panic::catch_unwind::h49e1c33078844c46
[INFO] [stdout]                                at /rustc/90b35a6239c3d8bdabc530a6a0816f7ff89a0aaf/library/std/src/panic.rs:358:14
[INFO] [stdout]   39:     0x5743b679658e - std::thread::Builder::spawn_unchecked_::{{closure}}::h6073db6ff56ad35d
[INFO] [stdout]                                at /rustc/90b35a6239c3d8bdabc530a6a0816f7ff89a0aaf/library/std/src/thread/mod.rs:537:30
[INFO] [stdout]   40:     0x5743b679658e - core::ops::function::FnOnce::call_once{{vtable.shim}}::h2c5a5f3779c774f1
[INFO] [stdout]                                at /rustc/90b35a6239c3d8bdabc530a6a0816f7ff89a0aaf/library/core/src/ops/function.rs:250:5
[INFO] [stdout]   41:     0x5743b688a54b - <alloc::boxed::Box<F,A> as core::ops::function::FnOnce<Args>>::call_once::hf75717d9f28faebf
[INFO] [stdout]                                at /rustc/90b35a6239c3d8bdabc530a6a0816f7ff89a0aaf/library/alloc/src/boxed.rs:2454:9
[INFO] [stdout]   42:     0x5743b688a54b - <alloc::boxed::Box<F,A> as core::ops::function::FnOnce<Args>>::call_once::h7bd883a5f3c5f3c1
[INFO] [stdout]                                at /rustc/90b35a6239c3d8bdabc530a6a0816f7ff89a0aaf/library/alloc/src/boxed.rs:2454:9
[INFO] [stdout]   43:     0x5743b688a54b - std::sys::pal::unix::thread::Thread::new::thread_start::hcc78f3943333fa94
[INFO] [stdout]                                at /rustc/90b35a6239c3d8bdabc530a6a0816f7ff89a0aaf/library/std/src/sys/pal/unix/thread.rs:105:17
[INFO] [stdout]   44:     0x7b456ca73ac3 - <unknown>
[INFO] [stdout]   45:     0x7b456cb04a04 - clone
[INFO] [stdout]   46:                0x0 - <unknown>
[INFO] [stdout] 
[INFO] [stdout] ---- frontend::parsers::expr::test::simple_pratt stdout ----
[INFO] [stdout] thread 'frontend::parsers::expr::test::simple_pratt' panicked at src/frontend/parsers/expr.rs:155:17:
[INFO] [stdout] assertion `left == right` failed
[INFO] [stdout]   left: "(+ (+ <Value Real 45> (ΔΙΕΥΘΥΝΣΗ  <Value Real 2>)) (* (! <Value Real 2>) (<Params <Value Real 1> <Value Real 1> > <Value hello>)))"
[INFO] [stdout]  right: "(+ (+ <Value Real 45> (ΔΙΕΥΘΥΝΣΗ  <Value Real 2>)) (* (! <Value Real 2>) (<Value Real 1> <Value Real 1>  <Value hello>)))"
[INFO] [stdout] stack backtrace:
[INFO] [stdout]    0:     0x5743b6884cfa - std::backtrace_rs::backtrace::libunwind::trace::h5a5b8284f2d0c266
[INFO] [stdout]                                at /rustc/90b35a6239c3d8bdabc530a6a0816f7ff89a0aaf/library/std/src/../../backtrace/src/backtrace/libunwind.rs:116:5
[INFO] [stdout]    1:     0x5743b6884cfa - std::backtrace_rs::backtrace::trace_unsynchronized::h76d4f1c9b0b875e3
[INFO] [stdout]                                at /rustc/90b35a6239c3d8bdabc530a6a0816f7ff89a0aaf/library/std/src/../../backtrace/src/backtrace/mod.rs:66:5
[INFO] [stdout]    2:     0x5743b6884cfa - std::sys::backtrace::_print_fmt::hc4546b8364a537c6
[INFO] [stdout]                                at /rustc/90b35a6239c3d8bdabc530a6a0816f7ff89a0aaf/library/std/src/sys/backtrace.rs:66:9
[INFO] [stdout]    3:     0x5743b6884cfa - <std::sys::backtrace::BacktraceLock::print::DisplayBacktrace as core::fmt::Display>::fmt::h5b6bd5631a6d1f6b
[INFO] [stdout]                                at /rustc/90b35a6239c3d8bdabc530a6a0816f7ff89a0aaf/library/std/src/sys/backtrace.rs:39:26
[INFO] [stdout]    4:     0x5743b68aabb3 - core::fmt::rt::Argument::fmt::h270f6602a2b96f62
[INFO] [stdout]                                at /rustc/90b35a6239c3d8bdabc530a6a0816f7ff89a0aaf/library/core/src/fmt/rt.rs:177:76
[INFO] [stdout]    5:     0x5743b68aabb3 - core::fmt::write::h7550c97b06c86515
[INFO] [stdout]                                at /rustc/90b35a6239c3d8bdabc530a6a0816f7ff89a0aaf/library/core/src/fmt/mod.rs:1186:21
[INFO] [stdout]    6:     0x5743b6881e43 - std::io::Write::write_fmt::h509ff860e5956e5e
[INFO] [stdout]                                at /rustc/90b35a6239c3d8bdabc530a6a0816f7ff89a0aaf/library/std/src/io/mod.rs:1839:15
[INFO] [stdout]    7:     0x5743b6884b42 - std::sys::backtrace::BacktraceLock::print::h2395ccd2c84ba3aa
[INFO] [stdout]                                at /rustc/90b35a6239c3d8bdabc530a6a0816f7ff89a0aaf/library/std/src/sys/backtrace.rs:42:9
[INFO] [stdout]    8:     0x5743b688615a - std::panicking::default_hook::{{closure}}::he19d4c7230e07961
[INFO] [stdout]                                at /rustc/90b35a6239c3d8bdabc530a6a0816f7ff89a0aaf/library/std/src/panicking.rs:268:22
[INFO] [stdout]    9:     0x5743b6885f64 - std::panicking::default_hook::hf614597d3c67bbdb
[INFO] [stdout]                                at /rustc/90b35a6239c3d8bdabc530a6a0816f7ff89a0aaf/library/std/src/panicking.rs:292:9
[INFO] [stdout]   10:     0x5743b67c99e9 - <alloc::boxed::Box<F,A> as core::ops::function::Fn<Args>>::call::h39b51ce4599c23d1
[INFO] [stdout]                                at /rustc/90b35a6239c3d8bdabc530a6a0816f7ff89a0aaf/library/alloc/src/boxed.rs:2468:9
[INFO] [stdout]   11:     0x5743b67c99e9 - test::test_main::{{closure}}::he977ae839a582784
[INFO] [stdout]                                at /rustc/90b35a6239c3d8bdabc530a6a0816f7ff89a0aaf/library/test/src/lib.rs:133:21
[INFO] [stdout]   12:     0x5743b68867f8 - <alloc::boxed::Box<F,A> as core::ops::function::Fn<Args>>::call::h9455091b6b06f9fb
[INFO] [stdout]                                at /rustc/90b35a6239c3d8bdabc530a6a0816f7ff89a0aaf/library/alloc/src/boxed.rs:2468:9
[INFO] [stdout]   13:     0x5743b68867f8 - std::panicking::rust_panic_with_hook::h8942133a8b252070
[INFO] [stdout]                                at /rustc/90b35a6239c3d8bdabc530a6a0816f7ff89a0aaf/library/std/src/panicking.rs:809:13
[INFO] [stdout]   14:     0x5743b68865ba - std::panicking::begin_panic_handler::{{closure}}::hb5f5963570096b29
[INFO] [stdout]                                at /rustc/90b35a6239c3d8bdabc530a6a0816f7ff89a0aaf/library/std/src/panicking.rs:674:13
[INFO] [stdout]   15:     0x5743b68851d9 - std::sys::backtrace::__rust_end_short_backtrace::h6208cedc1922feda
[INFO] [stdout]                                at /rustc/90b35a6239c3d8bdabc530a6a0816f7ff89a0aaf/library/std/src/sys/backtrace.rs:170:18
[INFO] [stdout]   16:     0x5743b688624c - rust_begin_unwind
[INFO] [stdout]                                at /rustc/90b35a6239c3d8bdabc530a6a0816f7ff89a0aaf/library/std/src/panicking.rs:665:5
[INFO] [stdout]   17:     0x5743b676eb50 - core::panicking::panic_fmt::h0c3082644d1bf418
[INFO] [stdout]                                at /rustc/90b35a6239c3d8bdabc530a6a0816f7ff89a0aaf/library/core/src/panicking.rs:74:14
[INFO] [stdout]   18:     0x5743b676ef1b - core::panicking::assert_failed_inner::h2ddf1fcc067fa858
[INFO] [stdout]   19:     0x5743b677d622 - core::panicking::assert_failed::he0082dfaac6e3495
[INFO] [stdout]                                at /rustc/90b35a6239c3d8bdabc530a6a0816f7ff89a0aaf/library/core/src/panicking.rs:367:5
[INFO] [stdout]   20:     0x5743b678ba0e - eureka::frontend::parsers::expr::test::simple_pratt::h8c21a61752b38f15
[INFO] [stdout]                                at /opt/rustwide/workdir/src/frontend/parsers/expr.rs:155:17
[INFO] [stdout]   21:     0x5743b678b847 - eureka::frontend::parsers::expr::test::simple_pratt::{{closure}}::h29596ea163663ac2
[INFO] [stdout]                                at /opt/rustwide/workdir/src/frontend/parsers/expr.rs:151:26
[INFO] [stdout]   22:     0x5743b677b0b6 - core::ops::function::FnOnce::call_once::h7edb7be30f0a07bf
[INFO] [stdout]                                at /rustc/90b35a6239c3d8bdabc530a6a0816f7ff89a0aaf/library/core/src/ops/function.rs:250:5
[INFO] [stdout]   23:     0x5743b67ce3ab - core::ops::function::FnOnce::call_once::h109cf8051a59b34e
[INFO] [stdout]                                at /rustc/90b35a6239c3d8bdabc530a6a0816f7ff89a0aaf/library/core/src/ops/function.rs:250:5
[INFO] [stdout]   24:     0x5743b67ce3ab - test::__rust_begin_short_backtrace::hf4fff89d377446ba
[INFO] [stdout]                                at /rustc/90b35a6239c3d8bdabc530a6a0816f7ff89a0aaf/library/test/src/lib.rs:621:18
[INFO] [stdout]   25:     0x5743b67cdbe7 - test::run_test_in_process::{{closure}}::h0e39181dd7ee5a43
[INFO] [stdout]                                at /rustc/90b35a6239c3d8bdabc530a6a0816f7ff89a0aaf/library/test/src/lib.rs:644:60
[INFO] [stdout]   26:     0x5743b67cdbe7 - <core::panic::unwind_safe::AssertUnwindSafe<F> as core::ops::function::FnOnce<()>>::call_once::hc5a66a30f0bdfd1f
[INFO] [stdout]                                at /rustc/90b35a6239c3d8bdabc530a6a0816f7ff89a0aaf/library/core/src/panic/unwind_safe.rs:272:9
[INFO] [stdout]   27:     0x5743b67cdbe7 - std::panicking::try::do_call::h873b7cf639554a5e
[INFO] [stdout]                                at /rustc/90b35a6239c3d8bdabc530a6a0816f7ff89a0aaf/library/std/src/panicking.rs:557:40
[INFO] [stdout]   28:     0x5743b67cdbe7 - std::panicking::try::hdb19862fad9c8bd1
[INFO] [stdout]                                at /rustc/90b35a6239c3d8bdabc530a6a0816f7ff89a0aaf/library/std/src/panicking.rs:520:19
[INFO] [stdout]   29:     0x5743b67cdbe7 - std::panic::catch_unwind::h281fe732d236d260
[INFO] [stdout]                                at /rustc/90b35a6239c3d8bdabc530a6a0816f7ff89a0aaf/library/std/src/panic.rs:358:14
[INFO] [stdout]   30:     0x5743b67cdbe7 - test::run_test_in_process::h949b6df8457ed338
[INFO] [stdout]                                at /rustc/90b35a6239c3d8bdabc530a6a0816f7ff89a0aaf/library/test/src/lib.rs:644:27
[INFO] [stdout]   31:     0x5743b67cdbe7 - test::run_test::{{closure}}::h52c556a6d4740e10
[INFO] [stdout]                                at /rustc/90b35a6239c3d8bdabc530a6a0816f7ff89a0aaf/library/test/src/lib.rs:565:43
[INFO] [stdout]   32:     0x5743b6792ec4 - test::run_test::{{closure}}::h4237f6381c45ccb9
[INFO] [stdout]                                at /rustc/90b35a6239c3d8bdabc530a6a0816f7ff89a0aaf/library/test/src/lib.rs:595:41
[INFO] [stdout]   33:     0x5743b6792ec4 - std::sys::backtrace::__rust_begin_short_backtrace::h505c97a579eca628
[INFO] [stdout]                                at /rustc/90b35a6239c3d8bdabc530a6a0816f7ff89a0aaf/library/std/src/sys/backtrace.rs:154:18
[INFO] [stdout]   34:     0x5743b679658e - std::thread::Builder::spawn_unchecked_::{{closure}}::{{closure}}::h9e86b2e2bc107ea3
[INFO] [stdout]                                at /rustc/90b35a6239c3d8bdabc530a6a0816f7ff89a0aaf/library/std/src/thread/mod.rs:538:17
[INFO] [stdout]   35:     0x5743b679658e - <core::panic::unwind_safe::AssertUnwindSafe<F> as core::ops::function::FnOnce<()>>::call_once::h8b06ddb275ff4a25
[INFO] [stdout]                                at /rustc/90b35a6239c3d8bdabc530a6a0816f7ff89a0aaf/library/core/src/panic/unwind_safe.rs:272:9
[INFO] [stdout]   36:     0x5743b679658e - std::panicking::try::do_call::hb26ecd7cd9a9355d
[INFO] [stdout]                                at /rustc/90b35a6239c3d8bdabc530a6a0816f7ff89a0aaf/library/std/src/panicking.rs:557:40
[INFO] [stdout]   37:     0x5743b679658e - std::panicking::try::h8ddeca9d705f9069
[INFO] [stdout]                                at /rustc/90b35a6239c3d8bdabc530a6a0816f7ff89a0aaf/library/std/src/panicking.rs:520:19
[INFO] [stdout]   38:     0x5743b679658e - std::panic::catch_unwind::h49e1c33078844c46
[INFO] [stdout]                                at /rustc/90b35a6239c3d8bdabc530a6a0816f7ff89a0aaf/library/std/src/panic.rs:358:14
[INFO] [stdout]   39:     0x5743b679658e - std::thread::Builder::spawn_unchecked_::{{closure}}::h6073db6ff56ad35d
[INFO] [stdout]                                at /rustc/90b35a6239c3d8bdabc530a6a0816f7ff89a0aaf/library/std/src/thread/mod.rs:537:30
[INFO] [stdout]   40:     0x5743b679658e - core::ops::function::FnOnce::call_once{{vtable.shim}}::h2c5a5f3779c774f1
[INFO] [stdout]                                at /rustc/90b35a6239c3d8bdabc530a6a0816f7ff89a0aaf/library/core/src/ops/function.rs:250:5
[INFO] [stdout]   41:     0x5743b688a54b - <alloc::boxed::Box<F,A> as core::ops::function::FnOnce<Args>>::call_once::hf75717d9f28faebf
[INFO] [stdout]                                at /rustc/90b35a6239c3d8bdabc530a6a0816f7ff89a0aaf/library/alloc/src/boxed.rs:2454:9
[INFO] [stdout]   42:     0x5743b688a54b - <alloc::boxed::Box<F,A> as core::ops::function::FnOnce<Args>>::call_once::h7bd883a5f3c5f3c1
[INFO] [stdout]                                at /rustc/90b35a6239c3d8bdabc530a6a0816f7ff89a0aaf/library/alloc/src/boxed.rs:2454:9
[INFO] [stdout]   43:     0x5743b688a54b - std::sys::pal::unix::thread::Thread::new::thread_start::hcc78f3943333fa94
[INFO] [stdout]                                at /rustc/90b35a6239c3d8bdabc530a6a0816f7ff89a0aaf/library/std/src/sys/pal/unix/thread.rs:105:17
[INFO] [stdout]   44:     0x7b456ca73ac3 - <unknown>
[INFO] [stdout]   45:     0x7b456cb04a04 - clone
[INFO] [stdout]   46:                0x0 - <unknown>
[INFO] [stdout] 
[INFO] [stdout] ---- frontend::parsers::expr::test::postop_parse stdout ----
[INFO] [stdout] thread 'frontend::parsers::expr::test::postop_parse' panicked at src/frontend/parsers/expr.rs:170:17:
[INFO] [stdout] assertion `left == right` failed
[INFO] [stdout]   left: "<Params <Value Char f> <Value Real 32> <Value Real 34> >"
[INFO] [stdout]  right: "(+ (+ <Value Real 45> (ΔΙΕΥΘΥΝΣΗ  <Value Real 2>)) (* <Value Real 2> <Value Real 4>))"
[INFO] [stdout] stack backtrace:
[INFO] [stdout]    0:     0x5743b6884cfa - std::backtrace_rs::backtrace::libunwind::trace::h5a5b8284f2d0c266
[INFO] [stdout]                                at /rustc/90b35a6239c3d8bdabc530a6a0816f7ff89a0aaf/library/std/src/../../backtrace/src/backtrace/libunwind.rs:116:5
[INFO] [stdout]    1:     0x5743b6884cfa - std::backtrace_rs::backtrace::trace_unsynchronized::h76d4f1c9b0b875e3
[INFO] [stdout]                                at /rustc/90b35a6239c3d8bdabc530a6a0816f7ff89a0aaf/library/std/src/../../backtrace/src/backtrace/mod.rs:66:5
[INFO] [stdout]    2:     0x5743b6884cfa - std::sys::backtrace::_print_fmt::hc4546b8364a537c6
[INFO] [stdout]                                at /rustc/90b35a6239c3d8bdabc530a6a0816f7ff89a0aaf/library/std/src/sys/backtrace.rs:66:9
[INFO] [stdout]    3:     0x5743b6884cfa - <std::sys::backtrace::BacktraceLock::print::DisplayBacktrace as core::fmt::Display>::fmt::h5b6bd5631a6d1f6b
[INFO] [stdout]                                at /rustc/90b35a6239c3d8bdabc530a6a0816f7ff89a0aaf/library/std/src/sys/backtrace.rs:39:26
[INFO] [stdout]    4:     0x5743b68aabb3 - core::fmt::rt::Argument::fmt::h270f6602a2b96f62
[INFO] [stdout]                                at /rustc/90b35a6239c3d8bdabc530a6a0816f7ff89a0aaf/library/core/src/fmt/rt.rs:177:76
[INFO] [stdout]    5:     0x5743b68aabb3 - core::fmt::write::h7550c97b06c86515
[INFO] [stdout]                                at /rustc/90b35a6239c3d8bdabc530a6a0816f7ff89a0aaf/library/core/src/fmt/mod.rs:1186:21
[INFO] [stdout]    6:     0x5743b6881e43 - std::io::Write::write_fmt::h509ff860e5956e5e
[INFO] [stdout]                                at /rustc/90b35a6239c3d8bdabc530a6a0816f7ff89a0aaf/library/std/src/io/mod.rs:1839:15
[INFO] [stdout]    7:     0x5743b6884b42 - std::sys::backtrace::BacktraceLock::print::h2395ccd2c84ba3aa
[INFO] [stdout]                                at /rustc/90b35a6239c3d8bdabc530a6a0816f7ff89a0aaf/library/std/src/sys/backtrace.rs:42:9
[INFO] [stdout]    8:     0x5743b688615a - std::panicking::default_hook::{{closure}}::he19d4c7230e07961
[INFO] [stdout]                                at /rustc/90b35a6239c3d8bdabc530a6a0816f7ff89a0aaf/library/std/src/panicking.rs:268:22
[INFO] [stdout]    9:     0x5743b6885f64 - std::panicking::default_hook::hf614597d3c67bbdb
[INFO] [stdout]                                at /rustc/90b35a6239c3d8bdabc530a6a0816f7ff89a0aaf/library/std/src/panicking.rs:292:9
[INFO] [stdout]   10:     0x5743b67c99e9 - <alloc::boxed::Box<F,A> as core::ops::function::Fn<Args>>::call::h39b51ce4599c23d1
[INFO] [stdout]                                at /rustc/90b35a6239c3d8bdabc530a6a0816f7ff89a0aaf/library/alloc/src/boxed.rs:2468:9
[INFO] [stdout]   11:     0x5743b67c99e9 - test::test_main::{{closure}}::he977ae839a582784
[INFO] [stdout]                                at /rustc/90b35a6239c3d8bdabc530a6a0816f7ff89a0aaf/library/test/src/lib.rs:133:21
[INFO] [stdout]   12:     0x5743b68867f8 - <alloc::boxed::Box<F,A> as core::ops::function::Fn<Args>>::call::h9455091b6b06f9fb
[INFO] [stdout]                                at /rustc/90b35a6239c3d8bdabc530a6a0816f7ff89a0aaf/library/alloc/src/boxed.rs:2468:9
[INFO] [stdout]   13:     0x5743b68867f8 - std::panicking::rust_panic_with_hook::h8942133a8b252070
[INFO] [stdout]                                at /rustc/90b35a6239c3d8bdabc530a6a0816f7ff89a0aaf/library/std/src/panicking.rs:809:13
[INFO] [stdout]   14:     0x5743b68865ba - std::panicking::begin_panic_handler::{{closure}}::hb5f5963570096b29
[INFO] [stdout]                                at /rustc/90b35a6239c3d8bdabc530a6a0816f7ff89a0aaf/library/std/src/panicking.rs:674:13
[INFO] [stdout]   15:     0x5743b68851d9 - std::sys::backtrace::__rust_end_short_backtrace::h6208cedc1922feda
[INFO] [stdout]                                at /rustc/90b35a6239c3d8bdabc530a6a0816f7ff89a0aaf/library/std/src/sys/backtrace.rs:170:18
[INFO] [stdout]   16:     0x5743b688624c - rust_begin_unwind
[INFO] [stdout]                                at /rustc/90b35a6239c3d8bdabc530a6a0816f7ff89a0aaf/library/std/src/panicking.rs:665:5
[INFO] [stdout]   17:     0x5743b676eb50 - core::panicking::panic_fmt::h0c3082644d1bf418
[INFO] [stdout]                                at /rustc/90b35a6239c3d8bdabc530a6a0816f7ff89a0aaf/library/core/src/panicking.rs:74:14
[INFO] [stdout]   18:     0x5743b676ef1b - core::panicking::assert_failed_inner::h2ddf1fcc067fa858
[INFO] [stdout]   19:     0x5743b677d622 - core::panicking::assert_failed::he0082dfaac6e3495
[INFO] [stdout]                                at /rustc/90b35a6239c3d8bdabc530a6a0816f7ff89a0aaf/library/core/src/panicking.rs:367:5
[INFO] [stdout]   20:     0x5743b678bc4e - eureka::frontend::parsers::expr::test::postop_parse::hca380fd18f0875c0
[INFO] [stdout]                                at /opt/rustwide/workdir/src/frontend/parsers/expr.rs:170:17
[INFO] [stdout]   21:     0x5743b678ba97 - eureka::frontend::parsers::expr::test::postop_parse::{{closure}}::h31df4e21bd8cbe3d
[INFO] [stdout]                                at /opt/rustwide/workdir/src/frontend/parsers/expr.rs:166:26
[INFO] [stdout]   22:     0x5743b677aff6 - core::ops::function::FnOnce::call_once::h794b11522e6bcb03
[INFO] [stdout]                                at /rustc/90b35a6239c3d8bdabc530a6a0816f7ff89a0aaf/library/core/src/ops/function.rs:250:5
[INFO] [stdout]   23:     0x5743b67ce3ab - core::ops::function::FnOnce::call_once::h109cf8051a59b34e
[INFO] [stdout]                                at /rustc/90b35a6239c3d8bdabc530a6a0816f7ff89a0aaf/library/core/src/ops/function.rs:250:5
[INFO] [stdout]   24:     0x5743b67ce3ab - test::__rust_begin_short_backtrace::hf4fff89d377446ba
[INFO] [stdout]                                at /rustc/90b35a6239c3d8bdabc530a6a0816f7ff89a0aaf/library/test/src/lib.rs:621:18
[INFO] [stdout]   25:     0x5743b67cdbe7 - test::run_test_in_process::{{closure}}::h0e39181dd7ee5a43
[INFO] [stdout]                                at /rustc/90b35a6239c3d8bdabc530a6a0816f7ff89a0aaf/library/test/src/lib.rs:644:60
[INFO] [stdout]   26:     0x5743b67cdbe7 - <core::panic::unwind_safe::AssertUnwindSafe<F> as core::ops::function::FnOnce<()>>::call_once::hc5a66a30f0bdfd1f
[INFO] [stdout]                                at /rustc/90b35a6239c3d8bdabc530a6a0816f7ff89a0aaf/library/core/src/panic/unwind_safe.rs:272:9
[INFO] [stdout]   27:     0x5743b67cdbe7 - std::panicking::try::do_call::h873b7cf639554a5e
[INFO] [stdout]                                at /rustc/90b35a6239c3d8bdabc530a6a0816f7ff89a0aaf/library/std/src/panicking.rs:557:40
[INFO] [stdout]   28:     0x5743b67cdbe7 - std::panicking::try::hdb19862fad9c8bd1
[INFO] [stdout]                                at /rustc/90b35a6239c3d8bdabc530a6a0816f7ff89a0aaf/library/std/src/panicking.rs:520:19
[INFO] [stdout]   29:     0x5743b67cdbe7 - std::panic::catch_unwind::h281fe732d236d260
[INFO] [stdout]                                at /rustc/90b35a6239c3d8bdabc530a6a0816f7ff89a0aaf/library/std/src/panic.rs:358:14
[INFO] [stdout]   30:     0x5743b67cdbe7 - test::run_test_in_process::h949b6df8457ed338
[INFO] [stdout]                                at /rustc/90b35a6239c3d8bdabc530a6a0816f7ff89a0aaf/library/test/src/lib.rs:644:27
[INFO] [stdout]   31:     0x5743b67cdbe7 - test::run_test::{{closure}}::h52c556a6d4740e10
[INFO] [stdout]                                at /rustc/90b35a6239c3d8bdabc530a6a0816f7ff89a0aaf/library/test/src/lib.rs:565:43
[INFO] [stdout]   32:     0x5743b6792ec4 - test::run_test::{{closure}}::h4237f6381c45ccb9
[INFO] [stdout]                                at /rustc/90b35a6239c3d8bdabc530a6a0816f7ff89a0aaf/library/test/src/lib.rs:595:41
[INFO] [stdout]   33:     0x5743b6792ec4 - std::sys::backtrace::__rust_begin_short_backtrace::h505c97a579eca628
[INFO] [stdout]                                at /rustc/90b35a6239c3d8bdabc530a6a0816f7ff89a0aaf/library/std/src/sys/backtrace.rs:154:18
[INFO] [stdout]   34:     0x5743b679658e - std::thread::Builder::spawn_unchecked_::{{closure}}::{{closure}}::h9e86b2e2bc107ea3
[INFO] [stdout]                                at /rustc/90b35a6239c3d8bdabc530a6a0816f7ff89a0aaf/library/std/src/thread/mod.rs:538:17
[INFO] [stdout]   35:     0x5743b679658e - <core::panic::unwind_safe::AssertUnwindSafe<F> as core::ops::function::FnOnce<()>>::call_once::h8b06ddb275ff4a25
[INFO] [stdout]                                at /rustc/90b35a6239c3d8bdabc530a6a0816f7ff89a0aaf/library/core/src/panic/unwind_safe.rs:272:9
[INFO] [stdout]   36:     0x5743b679658e - std::panicking::try::do_call::hb26ecd7cd9a9355d
[INFO] [stdout]                                at /rustc/90b35a6239c3d8bdabc530a6a0816f7ff89a0aaf/library/std/src/panicking.rs:557:40
[INFO] [stdout]   37:     0x5743b679658e - std::panicking::try::h8ddeca9d705f9069
[INFO] [stdout]                                at /rustc/90b35a6239c3d8bdabc530a6a0816f7ff89a0aaf/library/std/src/panicking.rs:520:19
[INFO] [stdout]   38:     0x5743b679658e - std::panic::catch_unwind::h49e1c33078844c46
[INFO] [stdout]                                at /rustc/90b35a6239c3d8bdabc530a6a0816f7ff89a0aaf/library/std/src/panic.rs:358:14
[INFO] [stdout]   39:     0x5743b679658e - std::thread::Builder::spawn_unchecked_::{{closure}}::h6073db6ff56ad35d
[INFO] [stdout]                                at /rustc/90b35a6239c3d8bdabc530a6a0816f7ff89a0aaf/library/std/src/thread/mod.rs:537:30
[INFO] [stdout]   40:     0x5743b679658e - core::ops::function::FnOnce::call_once{{vtable.shim}}::h2c5a5f3779c774f1
[INFO] [stdout]                                at /rustc/90b35a6239c3d8bdabc530a6a0816f7ff89a0aaf/library/core/src/ops/function.rs:250:5
[INFO] [stdout]   41:     0x5743b688a54b - <alloc::boxed::Box<F,A> as core::ops::function::FnOnce<Args>>::call_once::hf75717d9f28faebf
[INFO] [stdout]                                at /rustc/90b35a6239c3d8bdabc530a6a0816f7ff89a0aaf/library/alloc/src/boxed.rs:2454:9
[INFO] [stdout]   42:     0x5743b688a54b - <alloc::boxed::Box<F,A> as core::ops::function::FnOnce<Args>>::call_once::h7bd883a5f3c5f3c1
[INFO] [stdout]                                at /rustc/90b35a6239c3d8bdabc530a6a0816f7ff89a0aaf/library/alloc/src/boxed.rs:2454:9
[INFO] [stdout]   43:     0x5743b688a54b - std::sys::pal::unix::thread::Thread::new::thread_start::hcc78f3943333fa94
[INFO] [stdout]                                at /rustc/90b35a6239c3d8bdabc530a6a0816f7ff89a0aaf/library/std/src/sys/pal/unix/thread.rs:105:17
[INFO] [stdout]   44:     0x7b456ca73ac3 - <unknown>
[INFO] [stdout]   45:     0x7b456cb04a04 - clone
[INFO] [stdout]   46:                0x0 - <unknown>
[INFO] [stdout] 
[INFO] [stdout] 
[INFO] [stdout] failures:
[INFO] [stdout]     frontend::parsers::expr::test::postop_parse
[INFO] [stdout]     frontend::parsers::expr::test::random_test
[INFO] [stdout]     frontend::parsers::expr::test::simple_pratt
[INFO] [stdout] 
[INFO] [stdout] test result: FAILED. 18 passed; 3 failed; 0 ignored; 0 measured; 0 filtered out; finished in 0.05s
[INFO] [stdout] 
[INFO] [stderr] error: test failed, to rerun pass `--bin eureka`
[INFO] running `Command { std: "docker" "inspect" "e99fb0769585f1bcf3be98394f30c402ed39866460f5b63709eb9f706f71149f", kill_on_drop: false }`
[INFO] running `Command { std: "docker" "rm" "-f" "e99fb0769585f1bcf3be98394f30c402ed39866460f5b63709eb9f706f71149f", kill_on_drop: false }`
[INFO] [stdout] e99fb0769585f1bcf3be98394f30c402ed39866460f5b63709eb9f706f71149f
