[INFO] cloning repository https://github.com/mrDIMAS/rectutils
[INFO] running `Command { std: "git" "-c" "credential.helper=" "-c" "credential.helper=/workspace/cargo-home/bin/git-credential-null" "clone" "--bare" "https://github.com/mrDIMAS/rectutils" "/workspace/cache/git-repos/https%3A%2F%2Fgithub.com%2FmrDIMAS%2Frectutils", kill_on_drop: false }`
[INFO] [stderr] Cloning into bare repository '/workspace/cache/git-repos/https%3A%2F%2Fgithub.com%2FmrDIMAS%2Frectutils'...
[INFO] running `Command { std: "git" "rev-parse" "HEAD", kill_on_drop: false }`
[INFO] [stdout] e35620086c6dc21accd5df29ee952adb7b854c7a
[INFO] testing mrDIMAS/rectutils against beta-2024-12-08 for beta-1.84.0-4-retry
[INFO] running `Command { std: "git" "clone" "/workspace/cache/git-repos/https%3A%2F%2Fgithub.com%2FmrDIMAS%2Frectutils" "/workspace/builds/worker-0-tc2/source", kill_on_drop: false }`
[INFO] [stderr] Cloning into '/workspace/builds/worker-0-tc2/source'...
[INFO] [stderr] done.
[INFO] validating manifest of git repo https://github.com/mrDIMAS/rectutils on toolchain beta-2024-12-08
[INFO] running `Command { std: CARGO_HOME="/workspace/cargo-home" RUSTUP_HOME="/workspace/rustup-home" "/workspace/cargo-home/bin/cargo" "+beta-2024-12-08" "metadata" "--manifest-path" "Cargo.toml" "--no-deps", kill_on_drop: false }`
[INFO] started tweaking git repo https://github.com/mrDIMAS/rectutils
[INFO] finished tweaking git repo https://github.com/mrDIMAS/rectutils
[INFO] tweaked toml for git repo https://github.com/mrDIMAS/rectutils written to /workspace/builds/worker-0-tc2/source/Cargo.toml
[INFO] crate git repo https://github.com/mrDIMAS/rectutils already has a lockfile, it will not be regenerated
[INFO] running `Command { std: CARGO_HOME="/workspace/cargo-home" RUSTUP_HOME="/workspace/rustup-home" "/workspace/cargo-home/bin/cargo" "+beta-2024-12-08" "fetch" "--manifest-path" "Cargo.toml", kill_on_drop: false }`
[INFO] [stderr]     Updating crates.io index
[INFO] [stderr]      Locking 4 packages to latest compatible versions
[INFO] [stderr]     Updating nalgebra v0.32.4 -> v0.33.2
[INFO] [stderr]     Updating nalgebra-macros v0.2.1 -> v0.2.2
[INFO] [stderr]     Updating simba v0.8.1 -> v0.9.0
[INFO] [stderr]     Updating syn v1.0.109 -> v2.0.58 (available: v2.0.90)
[INFO] running `Command { std: "docker" "create" "-v" "/var/lib/crater-agent-workspace/builds/worker-0-tc2/target:/opt/rustwide/target:rw,Z" "-v" "/var/lib/crater-agent-workspace/builds/worker-0-tc2/source:/opt/rustwide/workdir:ro,Z" "-v" "/var/lib/crater-agent-workspace/cargo-home:/opt/rustwide/cargo-home:ro,Z" "-v" "/var/lib/crater-agent-workspace/rustup-home:/opt/rustwide/rustup-home:ro,Z" "-e" "SOURCE_DIR=/opt/rustwide/workdir" "-e" "CARGO_TARGET_DIR=/opt/rustwide/target" "-e" "CARGO_HOME=/opt/rustwide/cargo-home" "-e" "RUSTUP_HOME=/opt/rustwide/rustup-home" "-w" "/opt/rustwide/workdir" "-m" "1610612736" "--user" "0:0" "--network" "none" "ghcr.io/rust-lang/crates-build-env/linux@sha256:f3a9d4ad9d972b27faf3965f35b62e55ba32bbce8f20bc8fe909558a86702fde" "/opt/rustwide/cargo-home/bin/cargo" "+beta-2024-12-08" "metadata" "--no-deps" "--format-version=1", kill_on_drop: false }`
[INFO] [stdout] d4335e81b3d8be04ced9dd08e3527332c6cf494d44767996689e06431368c035
[INFO] running `Command { std: "docker" "start" "-a" "d4335e81b3d8be04ced9dd08e3527332c6cf494d44767996689e06431368c035", kill_on_drop: false }`
[INFO] running `Command { std: "docker" "inspect" "d4335e81b3d8be04ced9dd08e3527332c6cf494d44767996689e06431368c035", kill_on_drop: false }`
[INFO] running `Command { std: "docker" "rm" "-f" "d4335e81b3d8be04ced9dd08e3527332c6cf494d44767996689e06431368c035", kill_on_drop: false }`
[INFO] [stdout] d4335e81b3d8be04ced9dd08e3527332c6cf494d44767996689e06431368c035
[INFO] running `Command { std: "docker" "create" "-v" "/var/lib/crater-agent-workspace/builds/worker-0-tc2/target:/opt/rustwide/target:rw,Z" "-v" "/var/lib/crater-agent-workspace/builds/worker-0-tc2/source:/opt/rustwide/workdir:ro,Z" "-v" "/var/lib/crater-agent-workspace/cargo-home:/opt/rustwide/cargo-home:ro,Z" "-v" "/var/lib/crater-agent-workspace/rustup-home:/opt/rustwide/rustup-home:ro,Z" "-e" "SOURCE_DIR=/opt/rustwide/workdir" "-e" "CARGO_TARGET_DIR=/opt/rustwide/target" "-e" "CARGO_INCREMENTAL=0" "-e" "RUST_BACKTRACE=full" "-e" "RUSTFLAGS=--cap-lints=warn" "-e" "RUSTDOCFLAGS=--cap-lints=warn" "-e" "CARGO_HOME=/opt/rustwide/cargo-home" "-e" "RUSTUP_HOME=/opt/rustwide/rustup-home" "-w" "/opt/rustwide/workdir" "-m" "1610612736" "--user" "0:0" "--network" "none" "ghcr.io/rust-lang/crates-build-env/linux@sha256:f3a9d4ad9d972b27faf3965f35b62e55ba32bbce8f20bc8fe909558a86702fde" "/opt/rustwide/cargo-home/bin/cargo" "+beta-2024-12-08" "build" "--frozen" "--message-format=json", kill_on_drop: false }`
[INFO] [stdout] 47440718dc77a64afc439dff7440f04d2a46dbf1b3efb723da97369269cebf83
[INFO] running `Command { std: "docker" "start" "-a" "47440718dc77a64afc439dff7440f04d2a46dbf1b3efb723da97369269cebf83", kill_on_drop: false }`
[INFO] [stderr]    Compiling num-traits v0.2.18
[INFO] [stderr]    Compiling proc-macro2 v1.0.78
[INFO] [stderr]    Compiling bytemuck v1.14.3
[INFO] [stderr]    Compiling paste v1.0.14
[INFO] [stderr]    Compiling num-rational v0.4.1
[INFO] [stderr]    Compiling matrixmultiply v0.3.8
[INFO] [stderr]    Compiling rawpointer v0.2.1
[INFO] [stderr]    Compiling arrayvec v0.7.4
[INFO] [stderr]    Compiling safe_arch v0.7.1
[INFO] [stderr]    Compiling wide v0.7.15
[INFO] [stderr]    Compiling quote v1.0.35
[INFO] [stderr]    Compiling syn v2.0.58
[INFO] [stderr]    Compiling num-complex v0.4.5
[INFO] [stderr]    Compiling approx v0.5.1
[INFO] [stderr]    Compiling num-integer v0.1.46
[INFO] [stderr]    Compiling simba v0.9.0
[INFO] [stderr]    Compiling nalgebra-macros v0.2.2
[INFO] [stderr]    Compiling nalgebra v0.33.2
[INFO] [stderr]    Compiling rectutils v0.3.0 (/opt/rustwide/workdir)
[INFO] [stderr]     Finished `dev` profile [unoptimized + debuginfo] target(s) in 24.33s
[INFO] running `Command { std: "docker" "inspect" "47440718dc77a64afc439dff7440f04d2a46dbf1b3efb723da97369269cebf83", kill_on_drop: false }`
[INFO] running `Command { std: "docker" "rm" "-f" "47440718dc77a64afc439dff7440f04d2a46dbf1b3efb723da97369269cebf83", kill_on_drop: false }`
[INFO] [stdout] 47440718dc77a64afc439dff7440f04d2a46dbf1b3efb723da97369269cebf83
[INFO] running `Command { std: "docker" "create" "-v" "/var/lib/crater-agent-workspace/builds/worker-0-tc2/target:/opt/rustwide/target:rw,Z" "-v" "/var/lib/crater-agent-workspace/builds/worker-0-tc2/source:/opt/rustwide/workdir:ro,Z" "-v" "/var/lib/crater-agent-workspace/cargo-home:/opt/rustwide/cargo-home:ro,Z" "-v" "/var/lib/crater-agent-workspace/rustup-home:/opt/rustwide/rustup-home:ro,Z" "-e" "SOURCE_DIR=/opt/rustwide/workdir" "-e" "CARGO_TARGET_DIR=/opt/rustwide/target" "-e" "CARGO_INCREMENTAL=0" "-e" "RUST_BACKTRACE=full" "-e" "RUSTFLAGS=--cap-lints=warn" "-e" "RUSTDOCFLAGS=--cap-lints=warn" "-e" "CARGO_HOME=/opt/rustwide/cargo-home" "-e" "RUSTUP_HOME=/opt/rustwide/rustup-home" "-w" "/opt/rustwide/workdir" "-m" "1610612736" "--user" "0:0" "--network" "none" "ghcr.io/rust-lang/crates-build-env/linux@sha256:f3a9d4ad9d972b27faf3965f35b62e55ba32bbce8f20bc8fe909558a86702fde" "/opt/rustwide/cargo-home/bin/cargo" "+beta-2024-12-08" "test" "--frozen" "--no-run" "--message-format=json", kill_on_drop: false }`
[INFO] [stdout] 5cba87e12ad930065afd675b27c7171d23d07fe3881464afc468ea403e76d785
[INFO] running `Command { std: "docker" "start" "-a" "5cba87e12ad930065afd675b27c7171d23d07fe3881464afc468ea403e76d785", kill_on_drop: false }`
[INFO] [stderr]    Compiling rectutils v0.3.0 (/opt/rustwide/workdir)
[INFO] [stderr]     Finished `test` profile [unoptimized + debuginfo] target(s) in 1.18s
[INFO] running `Command { std: "docker" "inspect" "5cba87e12ad930065afd675b27c7171d23d07fe3881464afc468ea403e76d785", kill_on_drop: false }`
[INFO] running `Command { std: "docker" "rm" "-f" "5cba87e12ad930065afd675b27c7171d23d07fe3881464afc468ea403e76d785", kill_on_drop: false }`
[INFO] [stdout] 5cba87e12ad930065afd675b27c7171d23d07fe3881464afc468ea403e76d785
[INFO] running `Command { std: "docker" "create" "-v" "/var/lib/crater-agent-workspace/builds/worker-0-tc2/target:/opt/rustwide/target:rw,Z" "-v" "/var/lib/crater-agent-workspace/builds/worker-0-tc2/source:/opt/rustwide/workdir:ro,Z" "-v" "/var/lib/crater-agent-workspace/cargo-home:/opt/rustwide/cargo-home:ro,Z" "-v" "/var/lib/crater-agent-workspace/rustup-home:/opt/rustwide/rustup-home:ro,Z" "-e" "SOURCE_DIR=/opt/rustwide/workdir" "-e" "CARGO_TARGET_DIR=/opt/rustwide/target" "-e" "CARGO_INCREMENTAL=0" "-e" "RUST_BACKTRACE=full" "-e" "RUSTFLAGS=--cap-lints=warn" "-e" "RUSTDOCFLAGS=--cap-lints=warn" "-e" "CARGO_HOME=/opt/rustwide/cargo-home" "-e" "RUSTUP_HOME=/opt/rustwide/rustup-home" "-w" "/opt/rustwide/workdir" "-m" "1610612736" "--user" "0:0" "--network" "none" "ghcr.io/rust-lang/crates-build-env/linux@sha256:f3a9d4ad9d972b27faf3965f35b62e55ba32bbce8f20bc8fe909558a86702fde" "/opt/rustwide/cargo-home/bin/cargo" "+beta-2024-12-08" "test" "--frozen", kill_on_drop: false }`
[INFO] [stdout] 91628f492b1314b7fac4453dc00f67e8503c3325e81c27695fb3aced5a6e43ca
[INFO] running `Command { std: "docker" "start" "-a" "91628f492b1314b7fac4453dc00f67e8503c3325e81c27695fb3aced5a6e43ca", kill_on_drop: false }`
[INFO] [stderr]     Finished `test` profile [unoptimized + debuginfo] target(s) in 0.03s
[INFO] [stderr]      Running unittests src/lib.rs (/opt/rustwide/target/debug/deps/rectutils-a22f648ea6060c91)
[INFO] [stdout] 
[INFO] [stdout] running 34 tests
[INFO] [stdout] test pack::test::rect_packer_find_free ... ok
[INFO] [stdout] test pack::test::rect_packer_new ... ok
[INFO] [stdout] test pack::test::rect_pack_node_new ... ok
[INFO] [stdout] test quadtree::test::quad_tree_point_query ... ok
[INFO] [stdout] test pack::test::rect_packer_clear ... ok
[INFO] [stdout] test quadtree::test::quad_tree_split_threshold ... ok
[INFO] [stdout] test quadtree::test::query_storage_for_vec ... ok
[INFO] [stdout] test quadtree::test::test_quad_tree ... ok
[INFO] [stdout] test tests::default_for_rect ... ok
[INFO] [stdout] test quadtree::test::default_for_quad_tree ... ok
[INFO] [stdout] test tests::from_points1 ... ok
[INFO] [stdout] test quadtree::test::query_storage_for_array_vec ... ok
[INFO] [stdout] test tests::intersects1 ... ok
[INFO] [stdout] test tests::intersects2 ... ok
[INFO] [stdout] test tests::not_intersects1 ... ok
[INFO] [stdout] test tests::not_intersects2 ... ok
[INFO] [stdout] test tests::option_rect_clip ... ok
[INFO] [stdout] test tests::option_rect_extend_to_contain ... ok
[INFO] [stdout] test tests::from_points2 ... ok
[INFO] [stdout] test tests::option_rect_push ... ok
[INFO] [stdout] test tests::rect_center ... ok
[INFO] [stdout] test tests::rect_clip_by ... ok
[INFO] [stdout] test tests::rect_contains ... ok
[INFO] [stdout] test tests::rect_deflate ... ok
[INFO] [stdout] test tests::rect_getters ... ok
[INFO] [stdout] test tests::rect_inflate ... ok
[INFO] [stdout] test tests::rect_intersects_circle ... ok
[INFO] [stdout] test tests::rect_transform ... ok
[INFO] [stdout] test tests::rect_with_position ... ok
[INFO] [stdout] test tests::rect_with_size ... ok
[INFO] [stdout] test tests::rect_extend_to_contain ... ok
[INFO] [stdout] test tests::rect_translate ... ok
[INFO] [stdout] test tests::rect_push ... ok
[INFO] [stdout] test tests::rect_push2 ... ok
[INFO] [stdout] 
[INFO] [stdout] test result: ok. 34 passed; 0 failed; 0 ignored; 0 measured; 0 filtered out; finished in 0.02s
[INFO] [stdout] 
[INFO] [stderr]    Doc-tests rectutils
[INFO] [stdout] 
[INFO] [stdout] running 1 test
[INFO] [stdout] test src/lib.rs - OptionRect<T>::extend_to_contain (line 77) ... FAILED
[INFO] [stdout] 
[INFO] [stdout] failures:
[INFO] [stdout] 
[INFO] [stdout] ---- src/lib.rs - OptionRect<T>::extend_to_contain (line 77) stdout ----
[INFO] [stdout] error[E0433]: failed to resolve: use of undeclared type `OptionRect`
[INFO] [stdout]   --> src/lib.rs:84:25
[INFO] [stdout]    |
[INFO] [stdout] 10 | let mut bounding_rect = OptionRect::default();
[INFO] [stdout]    |                         ^^^^^^^^^^ use of undeclared type `OptionRect`
[INFO] [stdout]    |
[INFO] [stdout] help: consider importing this struct
[INFO] [stdout]    |
[INFO] [stdout] 2  + use rectutils::OptionRect;
[INFO] [stdout]    |
[INFO] [stdout] 
[INFO] [stdout] error: aborting due to 1 previous error
[INFO] [stdout] 
[INFO] [stdout] For more information about this error, try `rustc --explain E0433`.
[INFO] [stdout] Couldn't compile the test.
[INFO] [stdout] 
[INFO] [stdout] failures:
[INFO] [stdout]     src/lib.rs - OptionRect<T>::extend_to_contain (line 77)
[INFO] [stdout] 
[INFO] [stdout] test result: FAILED. 0 passed; 1 failed; 0 ignored; 0 measured; 0 filtered out; finished in 0.14s
[INFO] [stdout] 
[INFO] [stderr] error: doctest failed, to rerun pass `--doc`
[INFO] running `Command { std: "docker" "inspect" "91628f492b1314b7fac4453dc00f67e8503c3325e81c27695fb3aced5a6e43ca", kill_on_drop: false }`
[INFO] running `Command { std: "docker" "rm" "-f" "91628f492b1314b7fac4453dc00f67e8503c3325e81c27695fb3aced5a6e43ca", kill_on_drop: false }`
[INFO] [stdout] 91628f492b1314b7fac4453dc00f67e8503c3325e81c27695fb3aced5a6e43ca
