[INFO] cloning repository https://github.com/moparisthebest/die
[INFO] running `Command { std: "git" "-c" "credential.helper=" "-c" "credential.helper=/workspace/cargo-home/bin/git-credential-null" "clone" "--bare" "https://github.com/moparisthebest/die" "/workspace/cache/git-repos/https%3A%2F%2Fgithub.com%2Fmoparisthebest%2Fdie", kill_on_drop: false }`
[INFO] [stderr] Cloning into bare repository '/workspace/cache/git-repos/https%3A%2F%2Fgithub.com%2Fmoparisthebest%2Fdie'...
[INFO] running `Command { std: "git" "rev-parse" "HEAD", kill_on_drop: false }`
[INFO] [stdout] 0c52f365627335813385f3421a7780dcafc3e6b8
[INFO] testing moparisthebest/die against beta-2024-12-08 for beta-1.84.0-4-retry
[INFO] running `Command { std: "git" "clone" "/workspace/cache/git-repos/https%3A%2F%2Fgithub.com%2Fmoparisthebest%2Fdie" "/workspace/builds/worker-4-tc2/source", kill_on_drop: false }`
[INFO] [stderr] Cloning into '/workspace/builds/worker-4-tc2/source'...
[INFO] [stderr] done.
[INFO] validating manifest of git repo https://github.com/moparisthebest/die on toolchain beta-2024-12-08
[INFO] running `Command { std: CARGO_HOME="/workspace/cargo-home" RUSTUP_HOME="/workspace/rustup-home" "/workspace/cargo-home/bin/cargo" "+beta-2024-12-08" "metadata" "--manifest-path" "Cargo.toml" "--no-deps", kill_on_drop: false }`
[INFO] started tweaking git repo https://github.com/moparisthebest/die
[INFO] finished tweaking git repo https://github.com/moparisthebest/die
[INFO] tweaked toml for git repo https://github.com/moparisthebest/die written to /workspace/builds/worker-4-tc2/source/Cargo.toml
[INFO] crate git repo https://github.com/moparisthebest/die already has a lockfile, it will not be regenerated
[INFO] running `Command { std: CARGO_HOME="/workspace/cargo-home" RUSTUP_HOME="/workspace/rustup-home" "/workspace/cargo-home/bin/cargo" "+beta-2024-12-08" "fetch" "--manifest-path" "Cargo.toml", kill_on_drop: false }`
[INFO] [stderr] warning: no edition set: defaulting to the 2015 edition while the latest is 2021
[INFO] running `Command { std: "docker" "create" "-v" "/var/lib/crater-agent-workspace/builds/worker-4-tc2/target:/opt/rustwide/target:rw,Z" "-v" "/var/lib/crater-agent-workspace/builds/worker-4-tc2/source:/opt/rustwide/workdir:ro,Z" "-v" "/var/lib/crater-agent-workspace/cargo-home:/opt/rustwide/cargo-home:ro,Z" "-v" "/var/lib/crater-agent-workspace/rustup-home:/opt/rustwide/rustup-home:ro,Z" "-e" "SOURCE_DIR=/opt/rustwide/workdir" "-e" "CARGO_TARGET_DIR=/opt/rustwide/target" "-e" "CARGO_HOME=/opt/rustwide/cargo-home" "-e" "RUSTUP_HOME=/opt/rustwide/rustup-home" "-w" "/opt/rustwide/workdir" "-m" "1610612736" "--user" "0:0" "--network" "none" "ghcr.io/rust-lang/crates-build-env/linux@sha256:f3a9d4ad9d972b27faf3965f35b62e55ba32bbce8f20bc8fe909558a86702fde" "/opt/rustwide/cargo-home/bin/cargo" "+beta-2024-12-08" "metadata" "--no-deps" "--format-version=1", kill_on_drop: false }`
[INFO] [stdout] e33c251355bf35f87bbd09a616dc2fb8c5c9bf8bf2780935af847254d0ae0037
[INFO] running `Command { std: "docker" "start" "-a" "e33c251355bf35f87bbd09a616dc2fb8c5c9bf8bf2780935af847254d0ae0037", kill_on_drop: false }`
[INFO] running `Command { std: "docker" "inspect" "e33c251355bf35f87bbd09a616dc2fb8c5c9bf8bf2780935af847254d0ae0037", kill_on_drop: false }`
[INFO] running `Command { std: "docker" "rm" "-f" "e33c251355bf35f87bbd09a616dc2fb8c5c9bf8bf2780935af847254d0ae0037", kill_on_drop: false }`
[INFO] [stdout] e33c251355bf35f87bbd09a616dc2fb8c5c9bf8bf2780935af847254d0ae0037
[INFO] running `Command { std: "docker" "create" "-v" "/var/lib/crater-agent-workspace/builds/worker-4-tc2/target:/opt/rustwide/target:rw,Z" "-v" "/var/lib/crater-agent-workspace/builds/worker-4-tc2/source:/opt/rustwide/workdir:ro,Z" "-v" "/var/lib/crater-agent-workspace/cargo-home:/opt/rustwide/cargo-home:ro,Z" "-v" "/var/lib/crater-agent-workspace/rustup-home:/opt/rustwide/rustup-home:ro,Z" "-e" "SOURCE_DIR=/opt/rustwide/workdir" "-e" "CARGO_TARGET_DIR=/opt/rustwide/target" "-e" "CARGO_INCREMENTAL=0" "-e" "RUST_BACKTRACE=full" "-e" "RUSTFLAGS=--cap-lints=warn" "-e" "RUSTDOCFLAGS=--cap-lints=warn" "-e" "CARGO_HOME=/opt/rustwide/cargo-home" "-e" "RUSTUP_HOME=/opt/rustwide/rustup-home" "-w" "/opt/rustwide/workdir" "-m" "1610612736" "--user" "0:0" "--network" "none" "ghcr.io/rust-lang/crates-build-env/linux@sha256:f3a9d4ad9d972b27faf3965f35b62e55ba32bbce8f20bc8fe909558a86702fde" "/opt/rustwide/cargo-home/bin/cargo" "+beta-2024-12-08" "build" "--frozen" "--message-format=json", kill_on_drop: false }`
[INFO] [stdout] 8640d6ffdfb466f1a5a4bc8c539e696696e0577b66305a0309896641e80ce9fe
[INFO] running `Command { std: "docker" "start" "-a" "8640d6ffdfb466f1a5a4bc8c539e696696e0577b66305a0309896641e80ce9fe", kill_on_drop: false }`
[INFO] [stderr] warning: no edition set: defaulting to the 2015 edition while the latest is 2021
[INFO] [stderr]    Compiling die v0.2.0 (/opt/rustwide/workdir)
[INFO] [stderr]     Finished `dev` profile [unoptimized + debuginfo] target(s) in 0.09s
[INFO] running `Command { std: "docker" "inspect" "8640d6ffdfb466f1a5a4bc8c539e696696e0577b66305a0309896641e80ce9fe", kill_on_drop: false }`
[INFO] running `Command { std: "docker" "rm" "-f" "8640d6ffdfb466f1a5a4bc8c539e696696e0577b66305a0309896641e80ce9fe", kill_on_drop: false }`
[INFO] [stdout] 8640d6ffdfb466f1a5a4bc8c539e696696e0577b66305a0309896641e80ce9fe
[INFO] running `Command { std: "docker" "create" "-v" "/var/lib/crater-agent-workspace/builds/worker-4-tc2/target:/opt/rustwide/target:rw,Z" "-v" "/var/lib/crater-agent-workspace/builds/worker-4-tc2/source:/opt/rustwide/workdir:ro,Z" "-v" "/var/lib/crater-agent-workspace/cargo-home:/opt/rustwide/cargo-home:ro,Z" "-v" "/var/lib/crater-agent-workspace/rustup-home:/opt/rustwide/rustup-home:ro,Z" "-e" "SOURCE_DIR=/opt/rustwide/workdir" "-e" "CARGO_TARGET_DIR=/opt/rustwide/target" "-e" "CARGO_INCREMENTAL=0" "-e" "RUST_BACKTRACE=full" "-e" "RUSTFLAGS=--cap-lints=warn" "-e" "RUSTDOCFLAGS=--cap-lints=warn" "-e" "CARGO_HOME=/opt/rustwide/cargo-home" "-e" "RUSTUP_HOME=/opt/rustwide/rustup-home" "-w" "/opt/rustwide/workdir" "-m" "1610612736" "--user" "0:0" "--network" "none" "ghcr.io/rust-lang/crates-build-env/linux@sha256:f3a9d4ad9d972b27faf3965f35b62e55ba32bbce8f20bc8fe909558a86702fde" "/opt/rustwide/cargo-home/bin/cargo" "+beta-2024-12-08" "test" "--frozen" "--no-run" "--message-format=json", kill_on_drop: false }`
[INFO] [stdout] ecda135d36b3a1c03d470b3b63a60153fca850be0cb907e33ac31060f1f67651
[INFO] running `Command { std: "docker" "start" "-a" "ecda135d36b3a1c03d470b3b63a60153fca850be0cb907e33ac31060f1f67651", kill_on_drop: false }`
[INFO] [stderr] warning: no edition set: defaulting to the 2015 edition while the latest is 2021
[INFO] [stderr]    Compiling die v0.2.0 (/opt/rustwide/workdir)
[INFO] [stderr]     Finished `test` profile [unoptimized + debuginfo] target(s) in 0.50s
[INFO] running `Command { std: "docker" "inspect" "ecda135d36b3a1c03d470b3b63a60153fca850be0cb907e33ac31060f1f67651", kill_on_drop: false }`
[INFO] running `Command { std: "docker" "rm" "-f" "ecda135d36b3a1c03d470b3b63a60153fca850be0cb907e33ac31060f1f67651", kill_on_drop: false }`
[INFO] [stdout] ecda135d36b3a1c03d470b3b63a60153fca850be0cb907e33ac31060f1f67651
[INFO] running `Command { std: "docker" "create" "-v" "/var/lib/crater-agent-workspace/builds/worker-4-tc2/target:/opt/rustwide/target:rw,Z" "-v" "/var/lib/crater-agent-workspace/builds/worker-4-tc2/source:/opt/rustwide/workdir:ro,Z" "-v" "/var/lib/crater-agent-workspace/cargo-home:/opt/rustwide/cargo-home:ro,Z" "-v" "/var/lib/crater-agent-workspace/rustup-home:/opt/rustwide/rustup-home:ro,Z" "-e" "SOURCE_DIR=/opt/rustwide/workdir" "-e" "CARGO_TARGET_DIR=/opt/rustwide/target" "-e" "CARGO_INCREMENTAL=0" "-e" "RUST_BACKTRACE=full" "-e" "RUSTFLAGS=--cap-lints=warn" "-e" "RUSTDOCFLAGS=--cap-lints=warn" "-e" "CARGO_HOME=/opt/rustwide/cargo-home" "-e" "RUSTUP_HOME=/opt/rustwide/rustup-home" "-w" "/opt/rustwide/workdir" "-m" "1610612736" "--user" "0:0" "--network" "none" "ghcr.io/rust-lang/crates-build-env/linux@sha256:f3a9d4ad9d972b27faf3965f35b62e55ba32bbce8f20bc8fe909558a86702fde" "/opt/rustwide/cargo-home/bin/cargo" "+beta-2024-12-08" "test" "--frozen", kill_on_drop: false }`
[INFO] [stdout] 6f18447f82df25bb60bc11b1d715bf9b65ef86658885f9699b952efb5ae579bc
[INFO] running `Command { std: "docker" "start" "-a" "6f18447f82df25bb60bc11b1d715bf9b65ef86658885f9699b952efb5ae579bc", kill_on_drop: false }`
[INFO] [stderr] warning: no edition set: defaulting to the 2015 edition while the latest is 2021
[INFO] [stderr]     Finished `test` profile [unoptimized + debuginfo] target(s) in 0.02s
[INFO] [stderr]      Running unittests src/lib.rs (/opt/rustwide/target/debug/deps/die-669af62f02e8e570)
[INFO] [stderr]    Doc-tests die
[INFO] [stdout] 
[INFO] [stdout] running 0 tests
[INFO] [stdout] 
[INFO] [stdout] test result: ok. 0 passed; 0 failed; 0 ignored; 0 measured; 0 filtered out; finished in 0.00s
[INFO] [stdout] 
[INFO] [stdout] 
[INFO] [stdout] running 11 tests
[INFO] [stdout] test src/lib.rs - die (line 34) ... FAILED
[INFO] [stdout] test src/lib.rs - Die::die (line 102) ... FAILED
[INFO] [stdout] test src/lib.rs - die (line 24) ... FAILED
[INFO] [stdout] test src/lib.rs - die (line 44) ... FAILED
[INFO] [stdout] test src/lib.rs - die (line 39) ... FAILED
[INFO] [stdout] test src/lib.rs - die (line 49) ... FAILED
[INFO] [stdout] test src/lib.rs - die (line 54) ... FAILED
[INFO] [stdout] test src/lib.rs - Die::die (line 107) ... FAILED
[INFO] [stdout] test src/lib.rs - die (line 29) ... FAILED
[INFO] [stdout] test src/lib.rs - Die::die_code (line 139) ... FAILED
[INFO] [stdout] test src/lib.rs - Die::die_code (line 134) ... FAILED
[INFO] [stdout] 
[INFO] [stdout] failures:
[INFO] [stdout] 
[INFO] [stdout] ---- src/lib.rs - die (line 34) stdout ----
[INFO] [stdout] Test executable failed (exit status: 3).
[INFO] [stdout] 
[INFO] [stdout] stderr:
[INFO] [stdout] argument to -e must be numeric
[INFO] [stdout] 
[INFO] [stdout] 
[INFO] [stdout] ---- src/lib.rs - Die::die (line 102) stdout ----
[INFO] [stdout] Test executable failed (exit status: 1).
[INFO] [stdout] 
[INFO] [stdout] stderr:
[INFO] [stdout] strange error
[INFO] [stdout] 
[INFO] [stdout] 
[INFO] [stdout] ---- src/lib.rs - die (line 24) stdout ----
[INFO] [stdout] Test executable failed (exit status: 1).
[INFO] [stdout] 
[INFO] [stdout] stderr:
[INFO] [stdout] argument to -e must be numeric
[INFO] [stdout] 
[INFO] [stdout] 
[INFO] [stdout] ---- src/lib.rs - die (line 44) stdout ----
[INFO] [stdout] Test executable failed (exit status: 1).
[INFO] [stdout] 
[INFO] [stdout] stderr:
[INFO] [stdout] argument -e must be 1
[INFO] [stdout] 
[INFO] [stdout] 
[INFO] [stdout] ---- src/lib.rs - die (line 39) stdout ----
[INFO] [stdout] Test executable failed (exit status: 4).
[INFO] [stdout] 
[INFO] [stdout] stderr:
[INFO] [stdout] argument -e must be 1
[INFO] [stdout] 
[INFO] [stdout] 
[INFO] [stdout] ---- src/lib.rs - die (line 49) stdout ----
[INFO] [stdout] Test executable failed (exit status: 2).
[INFO] [stdout] 
[INFO] [stdout] ---- src/lib.rs - die (line 54) stdout ----
[INFO] [stdout] Test executable failed (exit status: 1).
[INFO] [stdout] 
[INFO] [stdout] ---- src/lib.rs - Die::die (line 107) stdout ----
[INFO] [stdout] Test executable failed (exit status: 1).
[INFO] [stdout] 
[INFO] [stdout] stderr:
[INFO] [stdout] strange error
[INFO] [stdout] 
[INFO] [stdout] 
[INFO] [stdout] ---- src/lib.rs - die (line 29) stdout ----
[INFO] [stdout] Test executable failed (exit status: 2).
[INFO] [stdout] 
[INFO] [stdout] stderr:
[INFO] [stdout] argument to -e must be numeric
[INFO] [stdout] 
[INFO] [stdout] 
[INFO] [stdout] ---- src/lib.rs - Die::die_code (line 139) stdout ----
[INFO] [stdout] Test executable failed (exit status: 3).
[INFO] [stdout] 
[INFO] [stdout] stderr:
[INFO] [stdout] strange
[INFO] [stdout] 
[INFO] [stdout] 
[INFO] [stdout] ---- src/lib.rs - Die::die_code (line 134) stdout ----
[INFO] [stdout] Test executable failed (exit status: 3).
[INFO] [stdout] 
[INFO] [stdout] stderr:
[INFO] [stdout] strange
[INFO] [stdout] 
[INFO] [stdout] 
[INFO] [stdout] 
[INFO] [stdout] failures:
[INFO] [stdout]     src/lib.rs - Die::die (line 102)
[INFO] [stdout]     src/lib.rs - Die::die (line 107)
[INFO] [stdout]     src/lib.rs - Die::die_code (line 134)
[INFO] [stdout]     src/lib.rs - Die::die_code (line 139)
[INFO] [stdout]     src/lib.rs - die (line 24)
[INFO] [stdout]     src/lib.rs - die (line 29)
[INFO] [stdout]     src/lib.rs - die (line 34)
[INFO] [stdout]     src/lib.rs - die (line 39)
[INFO] [stdout]     src/lib.rs - die (line 44)
[INFO] [stdout]     src/lib.rs - die (line 49)
[INFO] [stdout]     src/lib.rs - die (line 54)
[INFO] [stdout] 
[INFO] [stdout] test result: FAILED. 0 passed; 11 failed; 0 ignored; 0 measured; 0 filtered out; finished in 0.96s
[INFO] [stdout] 
[INFO] [stderr] error: doctest failed, to rerun pass `--doc`
[INFO] running `Command { std: "docker" "inspect" "6f18447f82df25bb60bc11b1d715bf9b65ef86658885f9699b952efb5ae579bc", kill_on_drop: false }`
[INFO] running `Command { std: "docker" "rm" "-f" "6f18447f82df25bb60bc11b1d715bf9b65ef86658885f9699b952efb5ae579bc", kill_on_drop: false }`
[INFO] [stdout] 6f18447f82df25bb60bc11b1d715bf9b65ef86658885f9699b952efb5ae579bc
