[INFO] cloning repository https://github.com/mook/paperback
[INFO] running `Command { std: "git" "-c" "credential.helper=" "-c" "credential.helper=/workspace/cargo-home/bin/git-credential-null" "clone" "--bare" "https://github.com/mook/paperback" "/workspace/cache/git-repos/https%3A%2F%2Fgithub.com%2Fmook%2Fpaperback", kill_on_drop: false }`
[INFO] [stderr] Cloning into bare repository '/workspace/cache/git-repos/https%3A%2F%2Fgithub.com%2Fmook%2Fpaperback'...
[INFO] running `Command { std: "git" "rev-parse" "HEAD", kill_on_drop: false }`
[INFO] [stdout] 7189d0a7ee0a1e73e76123bf9546750d99750556
[INFO] testing mook/paperback against 1.83.0 for beta-1.84.0-4-retry
[INFO] running `Command { std: "git" "clone" "/workspace/cache/git-repos/https%3A%2F%2Fgithub.com%2Fmook%2Fpaperback" "/workspace/builds/worker-0-tc1/source", kill_on_drop: false }`
[INFO] [stderr] Cloning into '/workspace/builds/worker-0-tc1/source'...
[INFO] [stderr] done.
[INFO] validating manifest of git repo https://github.com/mook/paperback on toolchain 1.83.0
[INFO] running `Command { std: CARGO_HOME="/workspace/cargo-home" RUSTUP_HOME="/workspace/rustup-home" "/workspace/cargo-home/bin/cargo" "+1.83.0" "metadata" "--manifest-path" "Cargo.toml" "--no-deps", kill_on_drop: false }`
[INFO] started tweaking git repo https://github.com/mook/paperback
[INFO] finished tweaking git repo https://github.com/mook/paperback
[INFO] tweaked toml for git repo https://github.com/mook/paperback written to /workspace/builds/worker-0-tc1/source/Cargo.toml
[INFO] crate git repo https://github.com/mook/paperback already has a lockfile, it will not be regenerated
[INFO] running `Command { std: CARGO_HOME="/workspace/cargo-home" RUSTUP_HOME="/workspace/rustup-home" "/workspace/cargo-home/bin/cargo" "+1.83.0" "fetch" "--manifest-path" "Cargo.toml", kill_on_drop: false }`
[INFO] [stderr]     Updating crates.io index
[INFO] [stderr]  Downloading crates ...
[INFO] [stderr]   Downloaded vergen-gix v1.0.2
[INFO] [stderr]   Downloaded gix-object v0.44.0
[INFO] [stderr]   Downloaded gix-traverse v0.41.0
[INFO] [stderr]   Downloaded gix-revwalk v0.15.0
[INFO] [stderr]   Downloaded vergen v9.0.1
[INFO] [stderr]   Downloaded gix-validate v0.9.0
[INFO] [stderr]   Downloaded vergen-lib v0.1.4
[INFO] [stderr]   Downloaded usvg-tree v0.35.0
[INFO] [stderr]   Downloaded gix-ref v0.47.0
[INFO] [stderr]   Downloaded svg2pdf v0.8.0
[INFO] [stderr]   Downloaded assert_fs v1.1.2
[INFO] [stderr]   Downloaded svgtypes v0.11.0
[INFO] [stderr]   Downloaded gix-diff v0.46.0
[INFO] [stderr]   Downloaded usvg-parser v0.35.0
[INFO] [stderr]   Downloaded qrcode v0.14.1
[INFO] [stderr]   Downloaded gix-pack v0.53.0
[INFO] [stderr]   Downloaded gix-config v0.40.0
[INFO] [stderr]   Downloaded gix-index v0.35.0
[INFO] [stderr]   Downloaded gix-odb v0.63.0
[INFO] [stderr]   Downloaded pom v3.4.0
[INFO] [stderr]   Downloaded usvg v0.35.0
[INFO] [stderr]   Downloaded bit_reverse v0.1.8
[INFO] [stderr]   Downloaded codepage-437 v0.1.0
[INFO] [stderr]   Downloaded gix-revision v0.29.0
[INFO] [stderr]   Downloaded gix-actor v0.32.0
[INFO] [stderr]   Downloaded pdf-writer v0.9.3
[INFO] [stderr]   Downloaded jiff v0.1.13
[INFO] [stderr]   Downloaded chksum-hash-core v0.0.0
[INFO] [stderr]   Downloaded chksum-hash-sha2-512 v0.0.1
[INFO] [stderr]   Downloaded usvg-text-layout v0.35.0
[INFO] [stderr]   Downloaded rxing-one-d-proc-derive v0.5.3
[INFO] [stderr]   Downloaded gix-refspec v0.25.0
[INFO] [stderr]   Downloaded jiff-tzdb v0.1.1
[INFO] [stderr]   Downloaded jiff-tzdb-platform v0.1.1
[INFO] [stderr]   Downloaded reed-solomon-simd v2.2.2
[INFO] [stderr]   Downloaded imageproc v0.25.0
[INFO] [stderr]   Downloaded gix-date v0.9.0
[INFO] [stderr]   Downloaded gix-discover v0.35.0
[INFO] [stderr]   Downloaded gix v0.66.0
[INFO] [stderr]   Downloaded rxing v0.6.1
[INFO] [stderr]   Downloaded printpdf v0.7.0
[INFO] [stderr]   Downloaded lopdf v0.31.0
[INFO] running `Command { std: "docker" "create" "-v" "/var/lib/crater-agent-workspace/builds/worker-0-tc1/target:/opt/rustwide/target:rw,Z" "-v" "/var/lib/crater-agent-workspace/builds/worker-0-tc1/source:/opt/rustwide/workdir:ro,Z" "-v" "/var/lib/crater-agent-workspace/cargo-home:/opt/rustwide/cargo-home:ro,Z" "-v" "/var/lib/crater-agent-workspace/rustup-home:/opt/rustwide/rustup-home:ro,Z" "-e" "SOURCE_DIR=/opt/rustwide/workdir" "-e" "CARGO_TARGET_DIR=/opt/rustwide/target" "-e" "CARGO_HOME=/opt/rustwide/cargo-home" "-e" "RUSTUP_HOME=/opt/rustwide/rustup-home" "-w" "/opt/rustwide/workdir" "-m" "1610612736" "--user" "0:0" "--network" "none" "ghcr.io/rust-lang/crates-build-env/linux@sha256:f3a9d4ad9d972b27faf3965f35b62e55ba32bbce8f20bc8fe909558a86702fde" "/opt/rustwide/cargo-home/bin/cargo" "+1.83.0" "metadata" "--no-deps" "--format-version=1", kill_on_drop: false }`
[INFO] [stdout] 8483f7771646bd0f48b45af62fd926b17ecc8eaced5740a785a73461b0c248e5
[INFO] running `Command { std: "docker" "start" "-a" "8483f7771646bd0f48b45af62fd926b17ecc8eaced5740a785a73461b0c248e5", kill_on_drop: false }`
[INFO] running `Command { std: "docker" "inspect" "8483f7771646bd0f48b45af62fd926b17ecc8eaced5740a785a73461b0c248e5", kill_on_drop: false }`
[INFO] running `Command { std: "docker" "rm" "-f" "8483f7771646bd0f48b45af62fd926b17ecc8eaced5740a785a73461b0c248e5", kill_on_drop: false }`
[INFO] [stdout] 8483f7771646bd0f48b45af62fd926b17ecc8eaced5740a785a73461b0c248e5
[INFO] running `Command { std: "docker" "create" "-v" "/var/lib/crater-agent-workspace/builds/worker-0-tc1/target:/opt/rustwide/target:rw,Z" "-v" "/var/lib/crater-agent-workspace/builds/worker-0-tc1/source:/opt/rustwide/workdir:ro,Z" "-v" "/var/lib/crater-agent-workspace/cargo-home:/opt/rustwide/cargo-home:ro,Z" "-v" "/var/lib/crater-agent-workspace/rustup-home:/opt/rustwide/rustup-home:ro,Z" "-e" "SOURCE_DIR=/opt/rustwide/workdir" "-e" "CARGO_TARGET_DIR=/opt/rustwide/target" "-e" "CARGO_INCREMENTAL=0" "-e" "RUST_BACKTRACE=full" "-e" "RUSTFLAGS=--cap-lints=warn" "-e" "RUSTDOCFLAGS=--cap-lints=warn" "-e" "CARGO_HOME=/opt/rustwide/cargo-home" "-e" "RUSTUP_HOME=/opt/rustwide/rustup-home" "-w" "/opt/rustwide/workdir" "-m" "1610612736" "--user" "0:0" "--network" "none" "ghcr.io/rust-lang/crates-build-env/linux@sha256:f3a9d4ad9d972b27faf3965f35b62e55ba32bbce8f20bc8fe909558a86702fde" "/opt/rustwide/cargo-home/bin/cargo" "+1.83.0" "build" "--frozen" "--message-format=json", kill_on_drop: false }`
[INFO] [stdout] 0d7814fcc5a479ce51ca9899f2b97e1650d1cbca1c91db6ded5ef9cd84c6f78b
[INFO] running `Command { std: "docker" "start" "-a" "0d7814fcc5a479ce51ca9899f2b97e1650d1cbca1c91db6ded5ef9cd84c6f78b", kill_on_drop: false }`
[INFO] [stderr]    Compiling proc-macro2 v1.0.86
[INFO] [stderr]    Compiling unicode-ident v1.0.13
[INFO] [stderr]    Compiling cfg-if v1.0.0
[INFO] [stderr]    Compiling autocfg v1.4.0
[INFO] [stderr]    Compiling libc v0.2.159
[INFO] [stderr]    Compiling memchr v2.7.4
[INFO] [stderr]    Compiling thiserror v1.0.64
[INFO] [stderr]    Compiling adler2 v2.0.0
[INFO] [stderr]    Compiling crc32fast v1.4.2
[INFO] [stderr]    Compiling once_cell v1.19.0
[INFO] [stderr]    Compiling tinyvec_macros v0.1.1
[INFO] [stderr]    Compiling tinyvec v1.8.0
[INFO] [stderr]    Compiling regex-syntax v0.8.4
[INFO] [stderr]    Compiling itoa v1.0.11
[INFO] [stderr]    Compiling fastrand v2.1.1
[INFO] [stderr]    Compiling lock_api v0.4.12
[INFO] [stderr]    Compiling libm v0.2.8
[INFO] [stderr]    Compiling scopeguard v1.2.0
[INFO] [stderr]    Compiling num-traits v0.2.19
[INFO] [stderr]    Compiling gix-trace v0.1.10
[INFO] [stderr]    Compiling faster-hex v0.9.0
[INFO] [stderr]    Compiling quote v1.0.37
[INFO] [stderr]    Compiling miniz_oxide v0.8.0
[INFO] [stderr]    Compiling same-file v1.0.6
[INFO] [stderr]    Compiling syn v2.0.79
[INFO] [stderr]    Compiling version_check v0.9.5
[INFO] [stderr]    Compiling walkdir v2.5.0
[INFO] [stderr]    Compiling sha1_smol v1.0.1
[INFO] [stderr]    Compiling unicode-normalization v0.1.24
[INFO] [stderr]    Compiling prodash v28.0.0
[INFO] [stderr]    Compiling flate2 v1.0.34
[INFO] [stderr]    Compiling smallvec v1.13.2
[INFO] [stderr]    Compiling bytemuck v1.18.0
[INFO] [stderr]    Compiling parking_lot_core v0.9.10
[INFO] [stderr]    Compiling regex-automata v0.4.7
[INFO] [stderr]    Compiling gix-utils v0.1.12
[INFO] [stderr]    Compiling jiff v0.1.13
[INFO] [stderr]    Compiling siphasher v0.3.11
[INFO] [stderr]    Compiling winnow v0.6.20
[INFO] [stderr]    Compiling simd-adler32 v0.3.7
[INFO] [stderr]    Compiling parking_lot v0.12.3
[INFO] [stderr]    Compiling bitflags v2.6.0
[INFO] [stderr]    Compiling arrayvec v0.7.6
[INFO] [stderr]    Compiling ahash v0.8.11
[INFO] [stderr]    Compiling memmap2 v0.9.5
[INFO] [stderr]    Compiling log v0.4.22
[INFO] [stderr]    Compiling fnv v1.0.7
[INFO] [stderr]    Compiling anyhow v1.0.89
[INFO] [stderr]    Compiling rustix v0.38.37
[INFO] [stderr]    Compiling zerocopy v0.7.35
[INFO] [stderr]    Compiling allocator-api2 v0.2.18
[INFO] [stderr]    Compiling home v0.5.9
[INFO] [stderr]    Compiling linux-raw-sys v0.4.14
[INFO] [stderr]    Compiling rustversion v1.0.17
[INFO] [stderr]    Compiling strsim v0.11.1
[INFO] [stderr]    Compiling hashbrown v0.14.5
[INFO] [stderr]    Compiling num-integer v0.1.46
[INFO] [stderr]    Compiling bstr v1.10.0
[INFO] [stderr]    Compiling bitflags v1.3.2
[INFO] [stderr]    Compiling signal-hook v0.3.17
[INFO] [stderr]    Compiling signal-hook-registry v1.4.2
[INFO] [stderr]    Compiling ident_case v1.0.1
[INFO] [stderr]    Compiling crossbeam-utils v0.8.20
[INFO] [stderr]    Compiling darling_core v0.20.10
[INFO] [stderr]    Compiling num-bigint v0.4.6
[INFO] [stderr]    Compiling byteorder v1.5.0
[INFO] [stderr]    Compiling paste v1.0.15
[INFO] [stderr]    Compiling weezl v0.1.8
[INFO] [stderr]    Compiling either v1.13.0
[INFO] [stderr]    Compiling tempfile v3.12.0
[INFO] [stderr]    Compiling crossbeam-epoch v0.9.18
[INFO] [stderr]    Compiling fdeflate v0.3.5
[INFO] [stderr]    Compiling phf_shared v0.11.2
[INFO] [stderr]    Compiling aho-corasick v1.1.3
[INFO] [stderr]    Compiling num-rational v0.4.2
[INFO] [stderr]    Compiling color_quant v1.1.0
[INFO] [stderr]    Compiling serde v1.0.210
[INFO] [stderr]    Compiling thiserror-impl v1.0.64
[INFO] [stderr]    Compiling rand_core v0.6.4
[INFO] [stderr]    Compiling minimal-lexical v0.2.1
[INFO] [stderr]    Compiling jpeg-decoder v0.3.1
[INFO] [stderr]    Compiling adler v1.0.2
[INFO] [stderr]    Compiling ryu v1.0.18
[INFO] [stderr]    Compiling float-cmp v0.9.0
[INFO] [stderr]    Compiling rayon-core v1.12.1
[INFO] [stderr]    Compiling built v0.7.4
[INFO] [stderr]    Compiling powerfmt v0.2.0
[INFO] [stderr]    Compiling aligned-vec v0.5.0
[INFO] [stderr]    Compiling v_frame v0.3.8
[INFO] [stderr]    Compiling deranged v0.3.11
[INFO] [stderr]    Compiling rav1e v0.7.1
[INFO] [stderr]    Compiling strict-num v0.1.1
[INFO] [stderr]    Compiling nom v7.1.3
[INFO] [stderr]    Compiling miniz_oxide v0.7.4
[INFO] [stderr]    Compiling darling_macro v0.20.10
[INFO] [stderr]    Compiling rand v0.8.5
[INFO] [stderr]    Compiling gix-hash v0.14.2
[INFO] [stderr]    Compiling gix-date v0.9.0
[INFO] [stderr]    Compiling gix-features v0.38.2
[INFO] [stderr]    Compiling gix-actor v0.32.0
[INFO] [stderr]    Compiling gix-validate v0.9.0
[INFO] [stderr]    Compiling gix-path v0.10.11
[INFO] [stderr]    Compiling gix-chunk v0.4.8
[INFO] [stderr]    Compiling gix-fs v0.11.3
[INFO] [stderr]    Compiling gix-hashtable v0.5.2
[INFO] [stderr]    Compiling gix-object v0.44.0
[INFO] [stderr]    Compiling gix-commitgraph v0.24.3
[INFO] [stderr]    Compiling gix-tempfile v14.0.2
[INFO] [stderr]    Compiling darling v0.20.10
[INFO] [stderr]    Compiling derive_builder_core v0.20.1
[INFO] [stderr]    Compiling zerocopy-derive v0.7.35
[INFO] [stderr]    Compiling profiling-procmacros v1.0.15
[INFO] [stderr]    Compiling gix-lock v14.0.0
[INFO] [stderr]    Compiling gif v0.13.1
[INFO] [stderr]    Compiling png v0.17.14
[INFO] [stderr]    Compiling crossbeam-deque v0.8.5
[INFO] [stderr]    Compiling gix-revwalk v0.15.0
[INFO] [stderr]    Compiling kurbo v0.9.5
[INFO] [stderr]    Compiling slotmap v1.0.7
[INFO] [stderr]    Compiling percent-encoding v2.3.1
[INFO] [stderr]    Compiling arrayref v0.3.9
[INFO] [stderr]    Compiling unicode-general-category v0.6.0
[INFO] [stderr]    Compiling unicode-bidi v0.3.15
[INFO] [stderr]    Compiling num-conv v0.1.0
[INFO] [stderr]    Compiling time-core v0.1.2
[INFO] [stderr]    Compiling encoding_index_tests v0.1.4
[INFO] [stderr]    Compiling svgtypes v0.11.0
[INFO] [stderr]    Compiling idna v0.5.0
[INFO] [stderr]    Compiling form_urlencoded v1.2.1
[INFO] [stderr]    Compiling tiny-skia-path v0.10.0
[INFO] [stderr]    Compiling derive_builder_macro v0.20.1
[INFO] [stderr]    Compiling gix-ref v0.47.0
[INFO] [stderr]    Compiling av1-grain v0.2.3
[INFO] [stderr]    Compiling profiling v1.0.15
[INFO] [stderr]    Compiling phf_generator v0.11.2
[INFO] [stderr]    Compiling arg_enum_proc_macro v0.3.4
[INFO] [stderr]    Compiling num-derive v0.4.2
[INFO] [stderr]    Compiling itertools v0.12.1
[INFO] [stderr]    Compiling vergen-lib v0.1.4
[INFO] [stderr]    Compiling regex v1.10.6
[INFO] [stderr]    Compiling gix-sec v0.10.8
[INFO] [stderr]    Compiling simd_helpers v0.1.0
[INFO] [stderr]    Compiling spin v0.9.8
[INFO] [stderr]    Compiling getrandom v0.2.15
[INFO] [stderr]    Compiling maybe-rayon v0.1.1
[INFO] [stderr]    Compiling imgref v1.10.1
[INFO] [stderr]    Compiling ttf-parser v0.19.2
[INFO] [stderr]    Compiling new_debug_unreachable v1.0.6
[INFO] [stderr]    Compiling roxmltree v0.20.0
[INFO] [stderr]    Compiling quick-error v2.0.1
[INFO] [stderr]    Compiling clru v0.6.2
[INFO] [stderr]    Compiling noop_proc_macro v0.3.0
[INFO] [stderr]    Compiling bitstream-io v2.5.3
[INFO] [stderr]    Compiling rctree v0.5.0
[INFO] [stderr]    Compiling gix-pack v0.53.0
[INFO] [stderr]    Compiling loop9 v0.1.5
[INFO] [stderr]    Compiling usvg-tree v0.35.0
[INFO] [stderr]    Compiling fontconfig-parser v0.5.7
[INFO] [stderr]    Compiling flume v0.11.0
[INFO] [stderr]    Compiling parse-zoneinfo v0.3.1
[INFO] [stderr]    Compiling ppv-lite86 v0.2.20
[INFO] [stderr]    Compiling derive_builder v0.20.1
[INFO] [stderr]    Compiling phf_codegen v0.11.2
[INFO] [stderr]    Compiling url v2.5.2
[INFO] [stderr]    Compiling gix-traverse v0.41.0
[INFO] [stderr]    Compiling gix-revision v0.29.0
[INFO] [stderr]    Compiling gix-glob v0.16.5
[INFO] [stderr]    Compiling gix-config-value v0.14.8
[INFO] [stderr]    Compiling gix-quote v0.4.12
[INFO] [stderr]    Compiling gix-bitmap v0.2.11
[INFO] [stderr]    Compiling phf v0.11.2
[INFO] [stderr]    Compiling vergen v9.0.1
[INFO] [stderr]    Compiling avif-serialize v0.8.1
[INFO] [stderr]    Compiling zune-inflate v0.2.54
[INFO] [stderr]    Compiling num-complex v0.4.6
[INFO] [stderr]    Compiling safe_arch v0.7.2
[INFO] [stderr]    Compiling rgb v0.8.50
[INFO] [stderr]    Compiling filetime v0.2.25
[INFO] [stderr]    Compiling memmap2 v0.6.2
[INFO] [stderr]    Compiling csv-core v0.1.11
[INFO] [stderr]    Compiling matrixmultiply v0.3.9
[INFO] [stderr]    Compiling half v2.4.1
[INFO] [stderr]    Compiling arc-swap v1.7.1
[INFO] [stderr]    Compiling byteorder-lite v0.1.0
[INFO] [stderr]    Compiling unicode-bom v2.0.3
[INFO] [stderr]    Compiling lebe v0.5.2
[INFO] [stderr]    Compiling unicode-script v0.5.7
[INFO] [stderr]    Compiling readme-rustdocifier v0.1.1
[INFO] [stderr]    Compiling unicode-ccc v0.1.2
[INFO] [stderr]    Compiling zune-core v0.4.12
[INFO] [stderr]    Compiling xmlparser v0.13.6
[INFO] [stderr]    Compiling typenum v1.17.0
[INFO] [stderr]    Compiling ttf-parser v0.18.1
[INFO] [stderr]    Compiling bit_field v0.10.2
[INFO] [stderr]    Compiling unicode-bidi-mirroring v0.1.0
[INFO] [stderr]    Compiling exr v1.72.0
[INFO] [stderr]    Compiling zune-jpeg v0.4.13
[INFO] [stderr]    Compiling image-webp v0.1.3
[INFO] [stderr]    Compiling gix-odb v0.63.0
[INFO] [stderr]    Compiling roxmltree v0.18.1
[INFO] [stderr]    Compiling gix-config v0.40.0
[INFO] [stderr]    Compiling wide v0.7.28
[INFO] [stderr]    Compiling csv v1.3.0
[INFO] [stderr]    Compiling fontdb v0.14.1
[INFO] [stderr]    Compiling gix-index v0.35.0
[INFO] [stderr]    Compiling chrono-tz-build v0.3.0
[INFO] [stderr]    Compiling rustybuzz v0.7.0
[INFO] [stderr]    Compiling ravif v0.11.10
[INFO] [stderr]    Compiling gix-refspec v0.25.0
[INFO] [stderr]    Compiling gix-url v0.27.5
[INFO] [stderr]    Compiling rand_chacha v0.3.1
[INFO] [stderr]    Compiling gix-discover v0.35.0
[INFO] [stderr]    Compiling rayon v1.10.0
[INFO] [stderr]    Compiling gix-diff v0.46.0
[INFO] [stderr]    Compiling tiff v0.9.1
[INFO] [stderr]    Compiling vergen-gix v1.0.2
[INFO] [stderr]    Compiling simplecss v0.2.1
[INFO] [stderr]    Compiling approx v0.5.1
[INFO] [stderr]    Compiling qoi v0.4.1
[INFO] [stderr]    Compiling unicode-vo v0.1.0
[INFO] [stderr]    Compiling utf8parse v0.2.2
[INFO] [stderr]    Compiling num_threads v0.1.7
[INFO] [stderr]    Compiling rawpointer v0.2.1
[INFO] [stderr]    Compiling data-url v0.2.0
[INFO] [stderr]    Compiling imagesize v0.12.0
[INFO] [stderr]    Compiling ttf-parser v0.24.1
[INFO] [stderr]    Compiling usvg-parser v0.35.0
[INFO] [stderr]    Compiling time v0.3.36
[INFO] [stderr]    Compiling usvg-text-layout v0.35.0
[INFO] [stderr]    Compiling anstyle-parse v0.2.5
[INFO] [stderr]    Compiling simba v0.8.1
[INFO] [stderr]    Compiling image v0.25.2
[INFO] [stderr]    Compiling gix v0.66.0
[INFO] [stderr]    Compiling owned_ttf_parser v0.24.0
[INFO] [stderr]    Compiling chrono-tz v0.9.0
[INFO] [stderr]    Compiling codepage-437 v0.1.0
[INFO] [stderr]    Compiling num-iter v0.1.45
[INFO] [stderr]    Compiling ab_glyph_rasterizer v0.1.8
[INFO] [stderr]    Compiling pico-args v0.5.0
[INFO] [stderr]    Compiling bit-vec v0.6.3
[INFO] [stderr]    Compiling colorchoice v1.0.2
[INFO] [stderr]    Compiling xmlwriter v0.1.0
[INFO] [stderr]    Compiling anstyle-query v1.1.1
[INFO] [stderr]    Compiling iana-time-zone v0.1.61
[INFO] [stderr]    Compiling is_terminal_polyfill v1.70.1
[INFO] [stderr]    Compiling anstyle v1.0.8
[INFO] [stderr]    Compiling base64 v0.21.7
[INFO] [stderr]    Compiling anstream v0.6.15
[INFO] [stderr]    Compiling chrono v0.4.38
[INFO] [stderr]    Compiling bit-set v0.5.3
[INFO] [stderr]    Compiling pom v3.4.0
[INFO] [stderr]    Compiling usvg v0.35.0
[INFO] [stderr]    Compiling ab_glyph v0.2.28
[INFO] [stderr]    Compiling num v0.4.3
[INFO] [stderr]    Compiling reed-solomon-simd v2.2.2
[INFO] [stderr]    Compiling rand_distr v0.4.3
[INFO] [stderr]    Compiling encoding-index-tradchinese v1.20141219.5
[INFO] [stderr]    Compiling encoding-index-singlebyte v1.20141219.5
[INFO] [stderr]    Compiling encoding-index-korean v1.20141219.5
[INFO] [stderr]    Compiling encoding-index-simpchinese v1.20141219.5
[INFO] [stderr]    Compiling encoding-index-japanese v1.20141219.5
[INFO] [stderr]    Compiling image v0.24.9
[INFO] [stderr]    Compiling pdf-writer v0.9.3
[INFO] [stderr]    Compiling paperback-generate-fonts v0.1.0 (/opt/rustwide/workdir/generate-fonts)
[INFO] [stderr]    Compiling encoding_rs v0.8.34
[INFO] [stderr]    Compiling nalgebra v0.32.6
[INFO] [stderr]    Compiling lazy_static v1.5.0
[INFO] [stderr]    Compiling heck v0.5.0
[INFO] [stderr]    Compiling linked-hash-map v0.5.6
[INFO] [stderr]    Compiling md5 v0.7.0
[INFO] [stderr]    Compiling clap_lex v0.7.2
[INFO] [stderr]    Compiling clap_builder v4.5.18
[INFO] [stderr]    Compiling clap_derive v4.5.18
[INFO] [stderr]    Compiling lopdf v0.31.0
[INFO] [stderr]    Compiling svg2pdf v0.8.0
[INFO] [stderr]    Compiling uriparse v0.6.4
[INFO] [stderr]    Compiling paperback v0.1.0 (/opt/rustwide/workdir)
[INFO] [stderr]    Compiling encoding v0.2.33
[INFO] [stderr]    Compiling fancy-regex v0.13.0
[INFO] [stderr]    Compiling multimap v0.10.0
[INFO] [stderr]    Compiling owned_ttf_parser v0.19.0
[INFO] [stderr]    Compiling rxing-one-d-proc-derive v0.5.3
[INFO] [stderr]    Compiling unicode-segmentation v1.12.0
[INFO] [stderr]    Compiling bit_reverse v0.1.8
[INFO] [stderr]    Compiling fixedbitset v0.4.2
[INFO] [stderr]    Compiling chksum-hash-core v0.0.0
[INFO] [stderr]    Compiling urlencoding v2.1.3
[INFO] [stderr]    Compiling chksum-hash-sha2-512 v0.0.1
[INFO] [stderr]    Compiling printpdf v0.7.0
[INFO] [stderr]    Compiling clap v4.5.18
[INFO] [stderr]    Compiling qrcode v0.14.1
[INFO] [stderr]    Compiling itertools v0.13.0
[INFO] [stderr]    Compiling base58 v0.2.0
[INFO] [stderr]    Compiling imageproc v0.25.0
[INFO] [stderr]    Compiling rxing v0.6.1
[INFO] [stdout] warning: method `height` is never used
[INFO] [stdout]   --> src/create/render.rs:25:19
[INFO] [stdout]    |
[INFO] [stdout] 21 | impl Bounds {
[INFO] [stdout]    | ----------- method in this implementation
[INFO] [stdout] ...
[INFO] [stdout] 25 |     pub(crate) fn height(&self) -> Mm {
[INFO] [stdout]    |                   ^^^^^^
[INFO] [stdout]    |
[INFO] [stdout]    = note: `#[warn(dead_code)]` on by default
[INFO] [stdout] 
[INFO] [stdout] 
[INFO] [stdout] warning: field `bottom` is never read
[INFO] [stdout]   --> src/fonts/metrics.rs:10:16
[INFO] [stdout]    |
[INFO] [stdout] 7  | pub(crate) struct Bounds {
[INFO] [stdout]    |                   ------ field in this struct
[INFO] [stdout] ...
[INFO] [stdout] 10 |     pub(crate) bottom: Mm,
[INFO] [stdout]    |                ^^^^^^
[INFO] [stdout] 
[INFO] [stdout] 
[INFO] [stdout] warning: method `height` is never used
[INFO] [stdout]   --> src/fonts/metrics.rs:18:19
[INFO] [stdout]    |
[INFO] [stdout] 14 | impl Bounds {
[INFO] [stdout]    | ----------- method in this implementation
[INFO] [stdout] ...
[INFO] [stdout] 18 |     pub(crate) fn height(&self) -> Mm {
[INFO] [stdout]    |                   ^^^^^^
[INFO] [stdout] 
[INFO] [stdout] 
[INFO] [stderr]     Finished `dev` profile [unoptimized + debuginfo] target(s) in 4m 19s
[INFO] running `Command { std: "docker" "inspect" "0d7814fcc5a479ce51ca9899f2b97e1650d1cbca1c91db6ded5ef9cd84c6f78b", kill_on_drop: false }`
[INFO] running `Command { std: "docker" "rm" "-f" "0d7814fcc5a479ce51ca9899f2b97e1650d1cbca1c91db6ded5ef9cd84c6f78b", kill_on_drop: false }`
[INFO] [stdout] 0d7814fcc5a479ce51ca9899f2b97e1650d1cbca1c91db6ded5ef9cd84c6f78b
[INFO] running `Command { std: "docker" "create" "-v" "/var/lib/crater-agent-workspace/builds/worker-0-tc1/target:/opt/rustwide/target:rw,Z" "-v" "/var/lib/crater-agent-workspace/builds/worker-0-tc1/source:/opt/rustwide/workdir:ro,Z" "-v" "/var/lib/crater-agent-workspace/cargo-home:/opt/rustwide/cargo-home:ro,Z" "-v" "/var/lib/crater-agent-workspace/rustup-home:/opt/rustwide/rustup-home:ro,Z" "-e" "SOURCE_DIR=/opt/rustwide/workdir" "-e" "CARGO_TARGET_DIR=/opt/rustwide/target" "-e" "CARGO_INCREMENTAL=0" "-e" "RUST_BACKTRACE=full" "-e" "RUSTFLAGS=--cap-lints=warn" "-e" "RUSTDOCFLAGS=--cap-lints=warn" "-e" "CARGO_HOME=/opt/rustwide/cargo-home" "-e" "RUSTUP_HOME=/opt/rustwide/rustup-home" "-w" "/opt/rustwide/workdir" "-m" "1610612736" "--user" "0:0" "--network" "none" "ghcr.io/rust-lang/crates-build-env/linux@sha256:f3a9d4ad9d972b27faf3965f35b62e55ba32bbce8f20bc8fe909558a86702fde" "/opt/rustwide/cargo-home/bin/cargo" "+1.83.0" "test" "--frozen" "--no-run" "--message-format=json", kill_on_drop: false }`
[INFO] [stdout] 8a947137c43dc2f34deb6e9629c4309d0aa93418681daa6c3090b51451631200
[INFO] running `Command { std: "docker" "start" "-a" "8a947137c43dc2f34deb6e9629c4309d0aa93418681daa6c3090b51451631200", kill_on_drop: false }`
[INFO] [stderr]    Compiling fastrand v2.1.1
[INFO] [stderr]    Compiling same-file v1.0.6
[INFO] [stderr]    Compiling bitflags v2.6.0
[INFO] [stderr]    Compiling linux-raw-sys v0.4.14
[INFO] [stderr]    Compiling rustix v0.38.37
[INFO] [stderr]    Compiling aho-corasick v1.1.3
[INFO] [stderr]    Compiling doc-comment v0.3.3
[INFO] [stderr]    Compiling predicates-core v1.0.8
[INFO] [stderr]    Compiling termtree v0.4.1
[INFO] [stderr]    Compiling walkdir v2.5.0
[INFO] [stderr]    Compiling difflib v0.4.0
[INFO] [stderr]    Compiling gix-utils v0.1.12
[INFO] [stderr]    Compiling gix-sec v0.10.8
[INFO] [stderr]    Compiling gix-config-value v0.14.8
[INFO] [stderr]    Compiling gix-features v0.38.2
[INFO] [stderr]    Compiling gix-actor v0.32.0
[INFO] [stderr]    Compiling gix-quote v0.4.12
[INFO] [stderr]    Compiling gix-fs v0.11.3
[INFO] [stderr]    Compiling gix-commitgraph v0.24.3
[INFO] [stderr]    Compiling gix-glob v0.16.5
[INFO] [stderr]    Compiling gix-url v0.27.5
[INFO] [stderr]    Compiling predicates v3.1.2
[INFO] [stderr]    Compiling gix-object v0.44.0
[INFO] [stderr]    Compiling predicates-tree v1.0.11
[INFO] [stderr]    Compiling assert_cmd v2.0.16
[INFO] [stderr]    Compiling wait-timeout v0.2.0
[INFO] [stderr]    Compiling regex-automata v0.4.7
[INFO] [stderr]    Compiling gix-revwalk v0.15.0
[INFO] [stderr]    Compiling gix-revision v0.29.0
[INFO] [stderr]    Compiling gix-traverse v0.41.0
[INFO] [stderr]    Compiling gix-pack v0.53.0
[INFO] [stderr]    Compiling gix-diff v0.46.0
[INFO] [stderr]    Compiling gix-refspec v0.25.0
[INFO] [stderr]    Compiling tempfile v3.12.0
[INFO] [stderr]    Compiling gix-tempfile v14.0.2
[INFO] [stderr]    Compiling gix-odb v0.63.0
[INFO] [stderr]    Compiling gix-lock v14.0.0
[INFO] [stderr]    Compiling gix-ref v0.47.0
[INFO] [stderr]    Compiling gix-index v0.35.0
[INFO] [stderr]    Compiling gix-config v0.40.0
[INFO] [stderr]    Compiling gix-discover v0.35.0
[INFO] [stderr]    Compiling bstr v1.10.0
[INFO] [stderr]    Compiling regex v1.10.6
[INFO] [stderr]    Compiling fancy-regex v0.13.0
[INFO] [stderr]    Compiling gix v0.66.0
[INFO] [stderr]    Compiling rxing v0.6.1
[INFO] [stderr]    Compiling globset v0.4.15
[INFO] [stderr]    Compiling pom v3.4.0
[INFO] [stderr]    Compiling lopdf v0.31.0
[INFO] [stderr]    Compiling ignore v0.4.23
[INFO] [stderr]    Compiling globwalk v0.9.1
[INFO] [stderr]    Compiling assert_fs v1.1.2
[INFO] [stderr]    Compiling printpdf v0.7.0
[INFO] [stderr]    Compiling vergen-gix v1.0.2
[INFO] [stderr]    Compiling paperback v0.1.0 (/opt/rustwide/workdir)
[INFO] [stdout] warning: method `height` is never used
[INFO] [stdout]   --> src/create/render.rs:25:19
[INFO] [stdout]    |
[INFO] [stdout] 21 | impl Bounds {
[INFO] [stdout]    | ----------- method in this implementation
[INFO] [stdout] ...
[INFO] [stdout] 25 |     pub(crate) fn height(&self) -> Mm {
[INFO] [stdout]    |                   ^^^^^^
[INFO] [stdout]    |
[INFO] [stdout]    = note: `#[warn(dead_code)]` on by default
[INFO] [stdout] 
[INFO] [stdout] 
[INFO] [stdout] warning: field `bottom` is never read
[INFO] [stdout]   --> src/fonts/metrics.rs:10:16
[INFO] [stdout]    |
[INFO] [stdout] 7  | pub(crate) struct Bounds {
[INFO] [stdout]    |                   ------ field in this struct
[INFO] [stdout] ...
[INFO] [stdout] 10 |     pub(crate) bottom: Mm,
[INFO] [stdout]    |                ^^^^^^
[INFO] [stdout] 
[INFO] [stdout] 
[INFO] [stdout] warning: method `height` is never used
[INFO] [stdout]   --> src/fonts/metrics.rs:18:19
[INFO] [stdout]    |
[INFO] [stdout] 14 | impl Bounds {
[INFO] [stdout]    | ----------- method in this implementation
[INFO] [stdout] ...
[INFO] [stdout] 18 |     pub(crate) fn height(&self) -> Mm {
[INFO] [stdout]    |                   ^^^^^^
[INFO] [stdout] 
[INFO] [stdout] 
[INFO] [stdout] warning: method `height` is never used
[INFO] [stdout]   --> src/create/render.rs:25:19
[INFO] [stdout]    |
[INFO] [stdout] 21 | impl Bounds {
[INFO] [stdout]    | ----------- method in this implementation
[INFO] [stdout] ...
[INFO] [stdout] 25 |     pub(crate) fn height(&self) -> Mm {
[INFO] [stdout]    |                   ^^^^^^
[INFO] [stdout]    |
[INFO] [stdout]    = note: `#[warn(dead_code)]` on by default
[INFO] [stdout] 
[INFO] [stdout] 
[INFO] [stdout] warning: field `bottom` is never read
[INFO] [stdout]   --> src/fonts/metrics.rs:10:16
[INFO] [stdout]    |
[INFO] [stdout] 7  | pub(crate) struct Bounds {
[INFO] [stdout]    |                   ------ field in this struct
[INFO] [stdout] ...
[INFO] [stdout] 10 |     pub(crate) bottom: Mm,
[INFO] [stdout]    |                ^^^^^^
[INFO] [stdout] 
[INFO] [stdout] 
[INFO] [stdout] warning: method `height` is never used
[INFO] [stdout]   --> src/fonts/metrics.rs:18:19
[INFO] [stdout]    |
[INFO] [stdout] 14 | impl Bounds {
[INFO] [stdout]    | ----------- method in this implementation
[INFO] [stdout] ...
[INFO] [stdout] 18 |     pub(crate) fn height(&self) -> Mm {
[INFO] [stdout]    |                   ^^^^^^
[INFO] [stdout] 
[INFO] [stdout] 
[INFO] [stderr]     Finished `test` profile [unoptimized + debuginfo] target(s) in 1m 18s
[INFO] running `Command { std: "docker" "inspect" "8a947137c43dc2f34deb6e9629c4309d0aa93418681daa6c3090b51451631200", kill_on_drop: false }`
[INFO] running `Command { std: "docker" "rm" "-f" "8a947137c43dc2f34deb6e9629c4309d0aa93418681daa6c3090b51451631200", kill_on_drop: false }`
[INFO] [stdout] 8a947137c43dc2f34deb6e9629c4309d0aa93418681daa6c3090b51451631200
[INFO] running `Command { std: "docker" "create" "-v" "/var/lib/crater-agent-workspace/builds/worker-0-tc1/target:/opt/rustwide/target:rw,Z" "-v" "/var/lib/crater-agent-workspace/builds/worker-0-tc1/source:/opt/rustwide/workdir:ro,Z" "-v" "/var/lib/crater-agent-workspace/cargo-home:/opt/rustwide/cargo-home:ro,Z" "-v" "/var/lib/crater-agent-workspace/rustup-home:/opt/rustwide/rustup-home:ro,Z" "-e" "SOURCE_DIR=/opt/rustwide/workdir" "-e" "CARGO_TARGET_DIR=/opt/rustwide/target" "-e" "CARGO_INCREMENTAL=0" "-e" "RUST_BACKTRACE=full" "-e" "RUSTFLAGS=--cap-lints=warn" "-e" "RUSTDOCFLAGS=--cap-lints=warn" "-e" "CARGO_HOME=/opt/rustwide/cargo-home" "-e" "RUSTUP_HOME=/opt/rustwide/rustup-home" "-w" "/opt/rustwide/workdir" "-m" "1610612736" "--user" "0:0" "--network" "none" "ghcr.io/rust-lang/crates-build-env/linux@sha256:f3a9d4ad9d972b27faf3965f35b62e55ba32bbce8f20bc8fe909558a86702fde" "/opt/rustwide/cargo-home/bin/cargo" "+1.83.0" "test" "--frozen", kill_on_drop: false }`
[INFO] [stdout] 839922a43c25d766ccf8d2140db43a4ae3a31584e845cd0d763fc5da98f2f38e
[INFO] running `Command { std: "docker" "start" "-a" "839922a43c25d766ccf8d2140db43a4ae3a31584e845cd0d763fc5da98f2f38e", kill_on_drop: false }`
[INFO] [stderr] warning: method `height` is never used
[INFO] [stderr]   --> src/create/render.rs:25:19
[INFO] [stderr]    |
[INFO] [stderr] 21 | impl Bounds {
[INFO] [stderr]    | ----------- method in this implementation
[INFO] [stderr] ...
[INFO] [stderr] 25 |     pub(crate) fn height(&self) -> Mm {
[INFO] [stderr]    |                   ^^^^^^
[INFO] [stderr]    |
[INFO] [stderr]    = note: `#[warn(dead_code)]` on by default
[INFO] [stderr] 
[INFO] [stderr] warning: field `bottom` is never read
[INFO] [stderr]   --> src/fonts/metrics.rs:10:16
[INFO] [stderr]    |
[INFO] [stderr] 7  | pub(crate) struct Bounds {
[INFO] [stderr]    |                   ------ field in this struct
[INFO] [stderr] ...
[INFO] [stderr] 10 |     pub(crate) bottom: Mm,
[INFO] [stderr]    |                ^^^^^^
[INFO] [stderr] 
[INFO] [stderr] warning: method `height` is never used
[INFO] [stderr]   --> src/fonts/metrics.rs:18:19
[INFO] [stderr]    |
[INFO] [stderr] 14 | impl Bounds {
[INFO] [stderr]    | ----------- method in this implementation
[INFO] [stderr] ...
[INFO] [stderr] 18 |     pub(crate) fn height(&self) -> Mm {
[INFO] [stderr]    |                   ^^^^^^
[INFO] [stderr] 
[INFO] [stderr] warning: `paperback` (bin "paperback") generated 3 warnings
[INFO] [stderr] warning: `paperback` (bin "paperback" test) generated 3 warnings (3 duplicates)
[INFO] [stderr]     Finished `test` profile [unoptimized + debuginfo] target(s) in 0.31s
[INFO] [stderr]      Running unittests src/main.rs (/opt/rustwide/target/debug/deps/paperback-f47398660274e767)
[INFO] [stdout] 
[INFO] [stdout] running 2 tests
[INFO] [stdout] test fonts::metrics::test::test_measure_helv ... ok
[INFO] [stderr]      Running tests/license.rs (/opt/rustwide/target/debug/deps/license-397f0925eb5104b5)
[INFO] [stdout] test fonts::metrics::test::test_measure_courier ... ok
[INFO] [stdout] 
[INFO] [stdout] test result: ok. 2 passed; 0 failed; 0 ignored; 0 measured; 0 filtered out; finished in 0.01s
[INFO] [stdout] 
[INFO] [stdout] 
[INFO] [stdout] running 1 test
[INFO] [stdout] test test_license ... FAILED
[INFO] [stdout] 
[INFO] [stdout] failures:
[INFO] [stdout] 
[INFO] [stdout] ---- test_license stdout ----
[INFO] [stdout] Generating PDF "/tmp/.tmpCOooWY/output.pdf"...
[INFO] [stdout] Converting PDF to PNGs...
[INFO] [stdout] thread 'test_license' panicked at /opt/rustwide/cargo-home/registry/src/index.crates.io-6f17d22bba15001f/assert_cmd-2.0.16/src/cmd.rs:651:17:
[INFO] [stdout] Failed to spawn Command { cmd: cd "/tmp/.tmpCOooWY" && "pdfseparate" "/tmp/.tmpCOooWY/output.pdf" "/tmp/.tmpCOooWY/output-%d.pdf", stdin: None, timeout: None }: No such file or directory (os error 2)
[INFO] [stdout] stack backtrace:
[INFO] [stdout]    0:     0x57bba23d499a - std::backtrace_rs::backtrace::libunwind::trace::h5a5b8284f2d0c266
[INFO] [stdout]                                at /rustc/90b35a6239c3d8bdabc530a6a0816f7ff89a0aaf/library/std/src/../../backtrace/src/backtrace/libunwind.rs:116:5
[INFO] [stdout]    1:     0x57bba23d499a - std::backtrace_rs::backtrace::trace_unsynchronized::h76d4f1c9b0b875e3
[INFO] [stdout]                                at /rustc/90b35a6239c3d8bdabc530a6a0816f7ff89a0aaf/library/std/src/../../backtrace/src/backtrace/mod.rs:66:5
[INFO] [stdout]    2:     0x57bba23d499a - std::sys::backtrace::_print_fmt::hc4546b8364a537c6
[INFO] [stdout]                                at /rustc/90b35a6239c3d8bdabc530a6a0816f7ff89a0aaf/library/std/src/sys/backtrace.rs:66:9
[INFO] [stdout]    3:     0x57bba23d499a - <std::sys::backtrace::BacktraceLock::print::DisplayBacktrace as core::fmt::Display>::fmt::h5b6bd5631a6d1f6b
[INFO] [stdout]                                at /rustc/90b35a6239c3d8bdabc530a6a0816f7ff89a0aaf/library/std/src/sys/backtrace.rs:39:26
[INFO] [stdout]    4:     0x57bba23fc623 - core::fmt::rt::Argument::fmt::h270f6602a2b96f62
[INFO] [stdout]                                at /rustc/90b35a6239c3d8bdabc530a6a0816f7ff89a0aaf/library/core/src/fmt/rt.rs:177:76
[INFO] [stdout]    5:     0x57bba23fc623 - core::fmt::write::h7550c97b06c86515
[INFO] [stdout]                                at /rustc/90b35a6239c3d8bdabc530a6a0816f7ff89a0aaf/library/core/src/fmt/mod.rs:1186:21
[INFO] [stdout]    6:     0x57bba23d1083 - std::io::Write::write_fmt::h509ff860e5956e5e
[INFO] [stdout]                                at /rustc/90b35a6239c3d8bdabc530a6a0816f7ff89a0aaf/library/std/src/io/mod.rs:1839:15
[INFO] [stdout]    7:     0x57bba23d47e2 - std::sys::backtrace::BacktraceLock::print::h2395ccd2c84ba3aa
[INFO] [stdout]                                at /rustc/90b35a6239c3d8bdabc530a6a0816f7ff89a0aaf/library/std/src/sys/backtrace.rs:42:9
[INFO] [stdout]    8:     0x57bba23d5e7a - std::panicking::default_hook::{{closure}}::he19d4c7230e07961
[INFO] [stdout]                                at /rustc/90b35a6239c3d8bdabc530a6a0816f7ff89a0aaf/library/std/src/panicking.rs:268:22
[INFO] [stdout]    9:     0x57bba23d5c84 - std::panicking::default_hook::hf614597d3c67bbdb
[INFO] [stdout]                                at /rustc/90b35a6239c3d8bdabc530a6a0816f7ff89a0aaf/library/std/src/panicking.rs:292:9
[INFO] [stdout]   10:     0x57bba231c1b9 - <alloc::boxed::Box<F,A> as core::ops::function::Fn<Args>>::call::h39b51ce4599c23d1
[INFO] [stdout]                                at /rustc/90b35a6239c3d8bdabc530a6a0816f7ff89a0aaf/library/alloc/src/boxed.rs:2468:9
[INFO] [stdout]   11:     0x57bba231c1b9 - test::test_main::{{closure}}::he977ae839a582784
[INFO] [stdout]                                at /rustc/90b35a6239c3d8bdabc530a6a0816f7ff89a0aaf/library/test/src/lib.rs:133:21
[INFO] [stdout]   12:     0x57bba23d6518 - <alloc::boxed::Box<F,A> as core::ops::function::Fn<Args>>::call::h9455091b6b06f9fb
[INFO] [stdout]                                at /rustc/90b35a6239c3d8bdabc530a6a0816f7ff89a0aaf/library/alloc/src/boxed.rs:2468:9
[INFO] [stdout]   13:     0x57bba23d6518 - std::panicking::rust_panic_with_hook::h8942133a8b252070
[INFO] [stdout]                                at /rustc/90b35a6239c3d8bdabc530a6a0816f7ff89a0aaf/library/std/src/panicking.rs:809:13
[INFO] [stdout]   14:     0x57bba23d62da - std::panicking::begin_panic_handler::{{closure}}::hb5f5963570096b29
[INFO] [stdout]                                at /rustc/90b35a6239c3d8bdabc530a6a0816f7ff89a0aaf/library/std/src/panicking.rs:674:13
[INFO] [stdout]   15:     0x57bba23d4e79 - std::sys::backtrace::__rust_end_short_backtrace::h6208cedc1922feda
[INFO] [stdout]                                at /rustc/90b35a6239c3d8bdabc530a6a0816f7ff89a0aaf/library/std/src/sys/backtrace.rs:170:18
[INFO] [stdout]   16:     0x57bba23d5f6c - rust_begin_unwind
[INFO] [stdout]                                at /rustc/90b35a6239c3d8bdabc530a6a0816f7ff89a0aaf/library/std/src/panicking.rs:665:5
[INFO] [stdout]   17:     0x57bba22d2110 - core::panicking::panic_fmt::h0c3082644d1bf418
[INFO] [stdout]                                at /rustc/90b35a6239c3d8bdabc530a6a0816f7ff89a0aaf/library/core/src/panicking.rs:74:14
[INFO] [stdout]   18:     0x57bba23657e1 - <&mut assert_cmd::cmd::Command as assert_cmd::assert::OutputAssertExt>::assert::hb5c02bca8084b97a
[INFO] [stdout]                                at /opt/rustwide/cargo-home/registry/src/index.crates.io-6f17d22bba15001f/assert_cmd-2.0.16/src/cmd.rs:651:17
[INFO] [stdout]   19:     0x57bba2364367 - assert_cmd::cmd::Command::assert::hc52bc801f3dc1a0a
[INFO] [stdout]                                at /opt/rustwide/cargo-home/registry/src/index.crates.io-6f17d22bba15001f/assert_cmd-2.0.16/src/cmd.rs:183:9
[INFO] [stdout]   20:     0x57bba22e2e12 - license::test_license::hcf6077d1f8436e8e
[INFO] [stdout]                                at /opt/rustwide/workdir/tests/license.rs:26:5
[INFO] [stdout]   21:     0x57bba22e25d7 - license::test_license::{{closure}}::h23f2ef339ec3f703
[INFO] [stdout]                                at /opt/rustwide/workdir/tests/license.rs:9:22
[INFO] [stdout]   22:     0x57bba22d6cd6 - core::ops::function::FnOnce::call_once::h2bcabb2c42eb1864
[INFO] [stdout]                                at /rustc/90b35a6239c3d8bdabc530a6a0816f7ff89a0aaf/library/core/src/ops/function.rs:250:5
[INFO] [stdout]   23:     0x57bba2320b7b - core::ops::function::FnOnce::call_once::h109cf8051a59b34e
[INFO] [stdout]                                at /rustc/90b35a6239c3d8bdabc530a6a0816f7ff89a0aaf/library/core/src/ops/function.rs:250:5
[INFO] [stdout]   24:     0x57bba2320b7b - test::__rust_begin_short_backtrace::hf4fff89d377446ba
[INFO] [stdout]                                at /rustc/90b35a6239c3d8bdabc530a6a0816f7ff89a0aaf/library/test/src/lib.rs:621:18
[INFO] [stdout]   25:     0x57bba23203b7 - test::run_test_in_process::{{closure}}::h0e39181dd7ee5a43
[INFO] [stdout]                                at /rustc/90b35a6239c3d8bdabc530a6a0816f7ff89a0aaf/library/test/src/lib.rs:644:60
[INFO] [stdout]   26:     0x57bba23203b7 - <core::panic::unwind_safe::AssertUnwindSafe<F> as core::ops::function::FnOnce<()>>::call_once::hc5a66a30f0bdfd1f
[INFO] [stdout]                                at /rustc/90b35a6239c3d8bdabc530a6a0816f7ff89a0aaf/library/core/src/panic/unwind_safe.rs:272:9
[INFO] [stdout]   27:     0x57bba23203b7 - std::panicking::try::do_call::h873b7cf639554a5e
[INFO] [stdout]                                at /rustc/90b35a6239c3d8bdabc530a6a0816f7ff89a0aaf/library/std/src/panicking.rs:557:40
[INFO] [stdout]   28:     0x57bba23203b7 - std::panicking::try::hdb19862fad9c8bd1
[INFO] [stdout]                                at /rustc/90b35a6239c3d8bdabc530a6a0816f7ff89a0aaf/library/std/src/panicking.rs:520:19
[INFO] [stdout]   29:     0x57bba23203b7 - std::panic::catch_unwind::h281fe732d236d260
[INFO] [stdout]                                at /rustc/90b35a6239c3d8bdabc530a6a0816f7ff89a0aaf/library/std/src/panic.rs:358:14
[INFO] [stdout]   30:     0x57bba23203b7 - test::run_test_in_process::h949b6df8457ed338
[INFO] [stdout]                                at /rustc/90b35a6239c3d8bdabc530a6a0816f7ff89a0aaf/library/test/src/lib.rs:644:27
[INFO] [stdout]   31:     0x57bba23203b7 - test::run_test::{{closure}}::h52c556a6d4740e10
[INFO] [stdout]                                at /rustc/90b35a6239c3d8bdabc530a6a0816f7ff89a0aaf/library/test/src/lib.rs:565:43
[INFO] [stdout]   32:     0x57bba22e5694 - test::run_test::{{closure}}::h4237f6381c45ccb9
[INFO] [stdout]                                at /rustc/90b35a6239c3d8bdabc530a6a0816f7ff89a0aaf/library/test/src/lib.rs:595:41
[INFO] [stdout]   33:     0x57bba22e5694 - std::sys::backtrace::__rust_begin_short_backtrace::h505c97a579eca628
[INFO] [stdout]                                at /rustc/90b35a6239c3d8bdabc530a6a0816f7ff89a0aaf/library/std/src/sys/backtrace.rs:154:18
[INFO] [stdout]   34:     0x57bba22e8d5e - std::thread::Builder::spawn_unchecked_::{{closure}}::{{closure}}::h9e86b2e2bc107ea3
[INFO] [stdout]                                at /rustc/90b35a6239c3d8bdabc530a6a0816f7ff89a0aaf/library/std/src/thread/mod.rs:538:17
[INFO] [stdout]   35:     0x57bba22e8d5e - <core::panic::unwind_safe::AssertUnwindSafe<F> as core::ops::function::FnOnce<()>>::call_once::h8b06ddb275ff4a25
[INFO] [stdout]                                at /rustc/90b35a6239c3d8bdabc530a6a0816f7ff89a0aaf/library/core/src/panic/unwind_safe.rs:272:9
[INFO] [stdout]   36:     0x57bba22e8d5e - std::panicking::try::do_call::hb26ecd7cd9a9355d
[INFO] [stdout]                                at /rustc/90b35a6239c3d8bdabc530a6a0816f7ff89a0aaf/library/std/src/panicking.rs:557:40
[INFO] [stdout]   37:     0x57bba22e8d5e - std::panicking::try::h8ddeca9d705f9069
[INFO] [stdout]                                at /rustc/90b35a6239c3d8bdabc530a6a0816f7ff89a0aaf/library/std/src/panicking.rs:520:19
[INFO] [stdout]   38:     0x57bba22e8d5e - std::panic::catch_unwind::h49e1c33078844c46
[INFO] [stdout]                                at /rustc/90b35a6239c3d8bdabc530a6a0816f7ff89a0aaf/library/std/src/panic.rs:358:14
[INFO] [stdout]   39:     0x57bba22e8d5e - std::thread::Builder::spawn_unchecked_::{{closure}}::h6073db6ff56ad35d
[INFO] [stdout]                                at /rustc/90b35a6239c3d8bdabc530a6a0816f7ff89a0aaf/library/std/src/thread/mod.rs:537:30
[INFO] [stdout]   40:     0x57bba22e8d5e - core::ops::function::FnOnce::call_once{{vtable.shim}}::h2c5a5f3779c774f1
[INFO] [stdout]                                at /rustc/90b35a6239c3d8bdabc530a6a0816f7ff89a0aaf/library/core/src/ops/function.rs:250:5
[INFO] [stdout]   41:     0x57bba23dbb5b - <alloc::boxed::Box<F,A> as core::ops::function::FnOnce<Args>>::call_once::hf75717d9f28faebf
[INFO] [stdout]                                at /rustc/90b35a6239c3d8bdabc530a6a0816f7ff89a0aaf/library/alloc/src/boxed.rs:2454:9
[INFO] [stdout]   42:     0x57bba23dbb5b - <alloc::boxed::Box<F,A> as core::ops::function::FnOnce<Args>>::call_once::h7bd883a5f3c5f3c1
[INFO] [stdout]                                at /rustc/90b35a6239c3d8bdabc530a6a0816f7ff89a0aaf/library/alloc/src/boxed.rs:2454:9
[INFO] [stdout]   43:     0x57bba23dbb5b - std::sys::pal::unix::thread::Thread::new::thread_start::hcc78f3943333fa94
[INFO] [stdout]                                at /rustc/90b35a6239c3d8bdabc530a6a0816f7ff89a0aaf/library/std/src/sys/pal/unix/thread.rs:105:17
[INFO] [stdout]   44:     0x720545891ac3 - <unknown>
[INFO] [stdout]   45:     0x720545922a04 - clone
[INFO] [stdout]   46:                0x0 - <unknown>
[INFO] [stdout] 
[INFO] [stdout] 
[INFO] [stdout] failures:
[INFO] [stdout]     test_license
[INFO] [stdout] 
[INFO] [stdout] test result: FAILED. 0 passed; 1 failed; 0 ignored; 0 measured; 0 filtered out; finished in 39.30s
[INFO] [stdout] 
[INFO] [stderr] error: test failed, to rerun pass `--test license`
[INFO] running `Command { std: "docker" "inspect" "839922a43c25d766ccf8d2140db43a4ae3a31584e845cd0d763fc5da98f2f38e", kill_on_drop: false }`
[INFO] running `Command { std: "docker" "rm" "-f" "839922a43c25d766ccf8d2140db43a4ae3a31584e845cd0d763fc5da98f2f38e", kill_on_drop: false }`
[INFO] [stdout] 839922a43c25d766ccf8d2140db43a4ae3a31584e845cd0d763fc5da98f2f38e
