[INFO] cloning repository https://github.com/momona06/oj
[INFO] running `Command { std: "git" "-c" "credential.helper=" "-c" "credential.helper=/workspace/cargo-home/bin/git-credential-null" "clone" "--bare" "https://github.com/momona06/oj" "/workspace/cache/git-repos/https%3A%2F%2Fgithub.com%2Fmomona06%2Foj", kill_on_drop: false }`
[INFO] [stderr] Cloning into bare repository '/workspace/cache/git-repos/https%3A%2F%2Fgithub.com%2Fmomona06%2Foj'...
[INFO] running `Command { std: "git" "rev-parse" "HEAD", kill_on_drop: false }`
[INFO] [stdout] 7bfb437cc126a2fa865cc760166f05f7b650c51e
[INFO] testing momona06/oj against 1.83.0 for beta-1.84.0-4-retry
[INFO] running `Command { std: "git" "clone" "/workspace/cache/git-repos/https%3A%2F%2Fgithub.com%2Fmomona06%2Foj" "/workspace/builds/worker-2-tc1/source", kill_on_drop: false }`
[INFO] [stderr] Cloning into '/workspace/builds/worker-2-tc1/source'...
[INFO] [stderr] done.
[INFO] validating manifest of git repo https://github.com/momona06/oj on toolchain 1.83.0
[INFO] running `Command { std: CARGO_HOME="/workspace/cargo-home" RUSTUP_HOME="/workspace/rustup-home" "/workspace/cargo-home/bin/cargo" "+1.83.0" "metadata" "--manifest-path" "Cargo.toml" "--no-deps", kill_on_drop: false }`
[INFO] started tweaking git repo https://github.com/momona06/oj
[INFO] finished tweaking git repo https://github.com/momona06/oj
[INFO] tweaked toml for git repo https://github.com/momona06/oj written to /workspace/builds/worker-2-tc1/source/Cargo.toml
[INFO] crate git repo https://github.com/momona06/oj already has a lockfile, it will not be regenerated
[INFO] running `Command { std: CARGO_HOME="/workspace/cargo-home" RUSTUP_HOME="/workspace/rustup-home" "/workspace/cargo-home/bin/cargo" "+1.83.0" "fetch" "--manifest-path" "Cargo.toml", kill_on_drop: false }`
[INFO] [stderr]     Blocking waiting for file lock on package cache
[INFO] [stderr]  Downloading crates ...
[INFO] [stderr]   Downloaded socket2 v0.4.6
[INFO] [stderr]   Downloaded futures-sink v0.3.23
[INFO] [stderr]   Downloaded sha1 v0.10.1
[INFO] [stderr]   Downloaded cpufeatures v0.2.4
[INFO] [stderr]   Downloaded futures-channel v0.3.23
[INFO] [stderr]   Downloaded paste v1.0.8
[INFO] [stderr]   Downloaded futures-task v0.3.23
[INFO] [stderr]   Downloaded futures-util v0.3.23
[INFO] [stderr]   Downloaded clap v3.2.19
[INFO] running `Command { std: "docker" "create" "-v" "/var/lib/crater-agent-workspace/builds/worker-2-tc1/target:/opt/rustwide/target:rw,Z" "-v" "/var/lib/crater-agent-workspace/builds/worker-2-tc1/source:/opt/rustwide/workdir:ro,Z" "-v" "/var/lib/crater-agent-workspace/cargo-home:/opt/rustwide/cargo-home:ro,Z" "-v" "/var/lib/crater-agent-workspace/rustup-home:/opt/rustwide/rustup-home:ro,Z" "-e" "SOURCE_DIR=/opt/rustwide/workdir" "-e" "CARGO_TARGET_DIR=/opt/rustwide/target" "-e" "CARGO_HOME=/opt/rustwide/cargo-home" "-e" "RUSTUP_HOME=/opt/rustwide/rustup-home" "-w" "/opt/rustwide/workdir" "-m" "1610612736" "--user" "0:0" "--network" "none" "ghcr.io/rust-lang/crates-build-env/linux@sha256:f3a9d4ad9d972b27faf3965f35b62e55ba32bbce8f20bc8fe909558a86702fde" "/opt/rustwide/cargo-home/bin/cargo" "+1.83.0" "metadata" "--no-deps" "--format-version=1", kill_on_drop: false }`
[INFO] [stdout] 0cf72e1e6dcb4598b426bb327f269ce003bdc867ecfdb775bc66a65b0b4a718b
[INFO] running `Command { std: "docker" "start" "-a" "0cf72e1e6dcb4598b426bb327f269ce003bdc867ecfdb775bc66a65b0b4a718b", kill_on_drop: false }`
[INFO] running `Command { std: "docker" "inspect" "0cf72e1e6dcb4598b426bb327f269ce003bdc867ecfdb775bc66a65b0b4a718b", kill_on_drop: false }`
[INFO] running `Command { std: "docker" "rm" "-f" "0cf72e1e6dcb4598b426bb327f269ce003bdc867ecfdb775bc66a65b0b4a718b", kill_on_drop: false }`
[INFO] [stdout] 0cf72e1e6dcb4598b426bb327f269ce003bdc867ecfdb775bc66a65b0b4a718b
[INFO] running `Command { std: "docker" "create" "-v" "/var/lib/crater-agent-workspace/builds/worker-2-tc1/target:/opt/rustwide/target:rw,Z" "-v" "/var/lib/crater-agent-workspace/builds/worker-2-tc1/source:/opt/rustwide/workdir:ro,Z" "-v" "/var/lib/crater-agent-workspace/cargo-home:/opt/rustwide/cargo-home:ro,Z" "-v" "/var/lib/crater-agent-workspace/rustup-home:/opt/rustwide/rustup-home:ro,Z" "-e" "SOURCE_DIR=/opt/rustwide/workdir" "-e" "CARGO_TARGET_DIR=/opt/rustwide/target" "-e" "CARGO_INCREMENTAL=0" "-e" "RUST_BACKTRACE=full" "-e" "RUSTFLAGS=--cap-lints=warn" "-e" "RUSTDOCFLAGS=--cap-lints=warn" "-e" "CARGO_HOME=/opt/rustwide/cargo-home" "-e" "RUSTUP_HOME=/opt/rustwide/rustup-home" "-w" "/opt/rustwide/workdir" "-m" "1610612736" "--user" "0:0" "--network" "none" "ghcr.io/rust-lang/crates-build-env/linux@sha256:f3a9d4ad9d972b27faf3965f35b62e55ba32bbce8f20bc8fe909558a86702fde" "/opt/rustwide/cargo-home/bin/cargo" "+1.83.0" "build" "--frozen" "--message-format=json", kill_on_drop: false }`
[INFO] [stdout] 746619030d74b29c5c7c0efcfd899780fd8018ea70a292fb8164f629709432ec
[INFO] running `Command { std: "docker" "start" "-a" "746619030d74b29c5c7c0efcfd899780fd8018ea70a292fb8164f629709432ec", kill_on_drop: false }`
[INFO] [stderr]    Compiling libc v0.2.132
[INFO] [stderr]    Compiling log v0.4.17
[INFO] [stderr]    Compiling bytes v1.2.1
[INFO] [stderr]    Compiling futures-core v0.3.23
[INFO] [stderr]    Compiling itoa v1.0.3
[INFO] [stderr]    Compiling parking_lot_core v0.9.3
[INFO] [stderr]    Compiling once_cell v1.13.1
[INFO] [stderr]    Compiling smallvec v1.9.0
[INFO] [stderr]    Compiling proc-macro2 v1.0.43
[INFO] [stderr]    Compiling quote v1.0.21
[INFO] [stderr]    Compiling lock_api v0.4.8
[INFO] [stderr]    Compiling tokio v1.20.1
[INFO] [stderr]    Compiling unicode-ident v1.0.3
[INFO] [stderr]    Compiling typenum v1.15.0
[INFO] [stderr]    Compiling syn v1.0.99
[INFO] [stderr]    Compiling serde v1.0.144
[INFO] [stderr]    Compiling futures-task v0.3.23
[INFO] [stderr]    Compiling futures-util v0.3.23
[INFO] [stderr]    Compiling tracing-core v0.1.29
[INFO] [stderr]    Compiling aho-corasick v0.7.18
[INFO] [stderr]    Compiling indexmap v1.9.1
[INFO] [stderr]    Compiling regex-syntax v0.6.27
[INFO] [stderr]    Compiling futures-sink v0.3.23
[INFO] [stderr]    Compiling hashbrown v0.12.3
[INFO] [stderr]    Compiling matches v0.1.9
[INFO] [stderr]    Compiling zstd-safe v5.0.2+zstd.1.5.2
[INFO] [stderr]    Compiling alloc-no-stdlib v2.0.3
[INFO] [stderr]    Compiling tinyvec_macros v0.1.0
[INFO] [stderr]    Compiling http v0.2.8
[INFO] [stderr]    Compiling bytestring v1.1.0
[INFO] [stderr]    Compiling local-waker v0.1.3
[INFO] [stderr]    Compiling alloc-stdlib v0.2.1
[INFO] [stderr]    Compiling tinyvec v1.6.0
[INFO] [stderr]    Compiling ahash v0.7.6
[INFO] [stderr]    Compiling num-traits v0.2.15
[INFO] [stderr]    Compiling httparse v1.7.1
[INFO] [stderr]    Compiling tracing v0.1.36
[INFO] [stderr]    Compiling firestorm v0.5.1
[INFO] [stderr]    Compiling ppv-lite86 v0.2.16
[INFO] [stderr]    Compiling paste v1.0.8
[INFO] [stderr]    Compiling encoding_rs v0.8.31
[INFO] [stderr]    Compiling jobserver v0.1.24
[INFO] [stderr]    Compiling socket2 v0.4.6
[INFO] [stderr]    Compiling signal-hook-registry v1.4.0
[INFO] [stderr]    Compiling mio v0.8.4
[INFO] [stderr]    Compiling getrandom v0.2.7
[INFO] [stderr]    Compiling cc v1.0.73
[INFO] [stderr]    Compiling parking_lot v0.12.1
[INFO] [stderr]    Compiling generic-array v0.14.6
[INFO] [stderr]    Compiling rand_core v0.6.3
[INFO] [stderr]    Compiling actix-service v2.0.2
[INFO] [stderr]    Compiling rand_chacha v0.3.1
[INFO] [stderr]    Compiling unicode-normalization v0.1.21
[INFO] [stderr]    Compiling miniz_oxide v0.5.3
[INFO] [stderr]    Compiling brotli-decompressor v2.3.2
[INFO] [stderr]    Compiling actix-utils v3.0.0
[INFO] [stderr]    Compiling form_urlencoded v1.0.1
[INFO] [stderr]    Compiling cookie v0.16.0
[INFO] [stderr]    Compiling num-integer v0.1.45
[INFO] [stderr]    Compiling unicode-bidi v0.3.8
[INFO] [stderr]    Compiling pkg-config v0.3.25
[INFO] [stderr]    Compiling ryu v1.0.11
[INFO] [stderr]    Compiling block-buffer v0.10.2
[INFO] [stderr]    Compiling crypto-common v0.1.6
[INFO] [stderr]    Compiling digest v0.10.3
[INFO] [stderr]    Compiling time-macros v0.2.4
[INFO] [stderr]    Compiling num_threads v0.1.6
[INFO] [stderr]    Compiling serde_json v1.0.85
[INFO] [stderr]    Compiling cpufeatures v0.2.4
[INFO] [stderr]    Compiling convert_case v0.4.0
[INFO] [stderr]    Compiling idna v0.2.3
[INFO] [stderr]    Compiling sha1 v0.10.1
[INFO] [stderr]    Compiling local-channel v0.1.3
[INFO] [stderr]    Compiling zstd-sys v2.0.1+zstd.1.5.2
[INFO] [stderr]    Compiling flate2 v1.0.24
[INFO] [stderr]    Compiling regex v1.6.0
[INFO] [stderr]    Compiling openssl-sys v0.9.75
[INFO] [stderr]    Compiling rand v0.8.5
[INFO] [stderr]    Compiling brotli v3.3.4
[INFO] [stderr]    Compiling atty v0.2.14
[INFO] [stderr]    Compiling num_cpus v1.13.1
[INFO] [stderr]    Compiling language-tags v0.3.2
[INFO] [stderr]    Compiling httpdate v1.0.2
[INFO] [stderr]    Compiling serde_derive v1.0.144
[INFO] [stderr]    Compiling time v0.3.14
[INFO] [stderr]    Compiling mime v0.3.16
[INFO] [stderr]    Compiling os_str_bytes v6.3.0
[INFO] [stderr]    Compiling base64 v0.13.0
[INFO] [stderr]    Compiling clap_lex v0.2.4
[INFO] [stderr]    Compiling url v2.2.2
[INFO] [stderr]    Compiling time v0.1.44
[INFO] [stderr]    Compiling humantime v2.1.0
[INFO] [stderr]    Compiling actix-router v0.5.0
[INFO] [stderr]    Compiling serde_urlencoded v0.7.1
[INFO] [stderr]    Compiling textwrap v0.15.0
[INFO] [stderr]    Compiling iana-time-zone v0.1.47
[INFO] [stderr]    Compiling env_logger v0.9.0
[INFO] [stderr]    Compiling clap v3.2.19
[INFO] [stderr]    Compiling chrono v0.4.22
[INFO] [stderr]    Compiling wait-timeout v0.2.0
[INFO] [stderr]    Compiling tokio-util v0.7.3
[INFO] [stderr]    Compiling actix-rt v2.7.0
[INFO] [stderr]    Compiling derive_more v0.99.17
[INFO] [stderr]    Compiling actix-server v2.1.1
[INFO] [stderr]    Compiling h2 v0.3.14
[INFO] [stderr]    Compiling actix-codec v0.5.0
[INFO] [stderr]    Compiling actix-web-codegen v4.0.1
[INFO] [stderr]    Compiling actix-macros v0.2.3
[INFO] [stderr]    Compiling zstd v0.11.2+zstd.1.5.2
[INFO] [stderr]    Compiling actix-http v3.2.1
[INFO] [stderr]    Compiling actix-web v4.1.0
[INFO] [stderr]    Compiling oj v0.1.0 (/opt/rustwide/workdir)
[INFO] [stdout] warning: unused import: `collections::HashMap`
[INFO] [stdout]  --> src/main.rs:1:11
[INFO] [stdout]   |
[INFO] [stdout] 1 | use std::{collections::HashMap, fs::{File, self}, process::Stdio, time::{Duration, Instant}, io::{BufReader, BufRead}};
[INFO] [stdout]   |           ^^^^^^^^^^^^^^^^^^^^
[INFO] [stdout]   |
[INFO] [stdout]   = note: `#[warn(unused_imports)]` on by default
[INFO] [stdout] 
[INFO] [stdout] 
[INFO] [stdout] warning: unused imports: `Deserialize` and `Serialize`
[INFO] [stdout]  --> src/main.rs:5:13
[INFO] [stdout]   |
[INFO] [stdout] 5 | use serde::{Deserialize, Serialize};
[INFO] [stdout]   |             ^^^^^^^^^^^  ^^^^^^^^^
[INFO] [stdout] 
[INFO] [stdout] 
[INFO] [stdout] warning: unused import: `serde_json::*`
[INFO] [stdout]   --> src/main.rs:10:5
[INFO] [stdout]    |
[INFO] [stdout] 10 | use serde_json::*;
[INFO] [stdout]    |     ^^^^^^^^^^^^^
[INFO] [stdout] 
[INFO] [stdout] 
[INFO] [stdout] warning: variant `standard` should have an upper camel case name
[INFO] [stdout]    --> src/main.rs:170:5
[INFO] [stdout]     |
[INFO] [stdout] 170 |     standard,
[INFO] [stdout]     |     ^^^^^^^^ help: convert the identifier to upper camel case (notice the capitalization): `Standard`
[INFO] [stdout]     |
[INFO] [stdout]     = note: `#[warn(non_camel_case_types)]` on by default
[INFO] [stdout] 
[INFO] [stdout] 
[INFO] [stdout] warning: variant `strict` should have an upper camel case name
[INFO] [stdout]    --> src/main.rs:171:5
[INFO] [stdout]     |
[INFO] [stdout] 171 |     strict,
[INFO] [stdout]     |     ^^^^^^ help: convert the identifier to upper camel case (notice the capitalization): `Strict`
[INFO] [stdout] 
[INFO] [stdout] 
[INFO] [stdout] warning: variant `spj` should have an upper camel case name
[INFO] [stdout]    --> src/main.rs:172:5
[INFO] [stdout]     |
[INFO] [stdout] 172 |     spj,
[INFO] [stdout]     |     ^^^ help: convert the identifier to upper camel case (notice the capitalization): `Spj`
[INFO] [stdout] 
[INFO] [stdout] 
[INFO] [stdout] warning: variant `dynamic_ranking` should have an upper camel case name
[INFO] [stdout]    --> src/main.rs:173:5
[INFO] [stdout]     |
[INFO] [stdout] 173 |     dynamic_ranking,
[INFO] [stdout]     |     ^^^^^^^^^^^^^^^ help: convert the identifier to upper camel case: `DynamicRanking`
[INFO] [stdout] 
[INFO] [stdout] 
[INFO] [stdout] warning: variant `latest` should have an upper camel case name
[INFO] [stdout]    --> src/main.rs:283:5
[INFO] [stdout]     |
[INFO] [stdout] 283 |     latest,
[INFO] [stdout]     |     ^^^^^^ help: convert the identifier to upper camel case: `Latest`
[INFO] [stdout] 
[INFO] [stdout] 
[INFO] [stdout] warning: variant `highest` should have an upper camel case name
[INFO] [stdout]    --> src/main.rs:284:5
[INFO] [stdout]     |
[INFO] [stdout] 284 |     highest,
[INFO] [stdout]     |     ^^^^^^^ help: convert the identifier to upper camel case: `Highest`
[INFO] [stdout] 
[INFO] [stdout] 
[INFO] [stdout] warning: variant `submission_time` should have an upper camel case name
[INFO] [stdout]    --> src/main.rs:289:5
[INFO] [stdout]     |
[INFO] [stdout] 289 |     submission_time,
[INFO] [stdout]     |     ^^^^^^^^^^^^^^^ help: convert the identifier to upper camel case: `SubmissionTime`
[INFO] [stdout] 
[INFO] [stdout] 
[INFO] [stdout] warning: variant `submission_count` should have an upper camel case name
[INFO] [stdout]    --> src/main.rs:290:5
[INFO] [stdout]     |
[INFO] [stdout] 290 |     submission_count,
[INFO] [stdout]     |     ^^^^^^^^^^^^^^^^ help: convert the identifier to upper camel case: `SubmissionCount`
[INFO] [stdout] 
[INFO] [stdout] 
[INFO] [stdout] warning: variant `user_id` should have an upper camel case name
[INFO] [stdout]    --> src/main.rs:291:5
[INFO] [stdout]     |
[INFO] [stdout] 291 |     user_id,
[INFO] [stdout]     |     ^^^^^^^ help: convert the identifier to upper camel case: `UserId`
[INFO] [stdout] 
[INFO] [stdout] 
[INFO] [stdout] warning: unused variable: `test_cmd`
[INFO] [stdout]    --> src/main.rs:575:33
[INFO] [stdout]     |
[INFO] [stdout] 575 | ...                   let test_cmd = Command::new(&exe_file)
[INFO] [stdout]     |                           ^^^^^^^^ help: if this is intentional, prefix it with an underscore: `_test_cmd`
[INFO] [stdout]     |
[INFO] [stdout]     = note: `#[warn(unused_variables)]` on by default
[INFO] [stdout] 
[INFO] [stdout] 
[INFO] [stdout] warning: value assigned to `score_timecase` is never read
[INFO] [stdout]     --> src/main.rs:2207:57
[INFO] [stdout]      |
[INFO] [stdout] 2207 | ...                   let mut score_timecase = 0.0;
[INFO] [stdout]      |                               ^^^^^^^^^^^^^^
[INFO] [stdout]      |
[INFO] [stdout]      = help: maybe it is overwritten before being read?
[INFO] [stdout]      = note: `#[warn(unused_assignments)]` on by default
[INFO] [stdout] 
[INFO] [stdout] 
[INFO] [stdout] warning: value assigned to `score_timecase` is never read
[INFO] [stdout]     --> src/main.rs:2304:61
[INFO] [stdout]      |
[INFO] [stdout] 2304 | ...                   let mut score_timecase = 0.0;
[INFO] [stdout]      |                               ^^^^^^^^^^^^^^
[INFO] [stdout]      |
[INFO] [stdout]      = help: maybe it is overwritten before being read?
[INFO] [stdout] 
[INFO] [stdout] 
[INFO] [stdout] warning: value assigned to `score_timecase` is never read
[INFO] [stdout]     --> src/main.rs:2420:49
[INFO] [stdout]      |
[INFO] [stdout] 2420 | ...                   let mut score_timecase = 0.0;
[INFO] [stdout]      |                               ^^^^^^^^^^^^^^
[INFO] [stdout]      |
[INFO] [stdout]      = help: maybe it is overwritten before being read?
[INFO] [stdout] 
[INFO] [stdout] 
[INFO] [stdout] warning: value assigned to `max_score` is never read
[INFO] [stdout]     --> src/main.rs:2532:29
[INFO] [stdout]      |
[INFO] [stdout] 2532 |                     let mut max_score = 0.0;
[INFO] [stdout]      |                             ^^^^^^^^^
[INFO] [stdout]      |
[INFO] [stdout]      = help: maybe it is overwritten before being read?
[INFO] [stdout] 
[INFO] [stdout] 
[INFO] [stdout] warning: value assigned to `max_score` is never read
[INFO] [stdout]     --> src/main.rs:2600:29
[INFO] [stdout]      |
[INFO] [stdout] 2600 |                     let mut max_score = 0.0;
[INFO] [stdout]      |                             ^^^^^^^^^
[INFO] [stdout]      |
[INFO] [stdout]      = help: maybe it is overwritten before being read?
[INFO] [stdout] 
[INFO] [stdout] 
[INFO] [stdout] warning: value assigned to `markd` is never read
[INFO] [stdout]     --> src/main.rs:2650:33
[INFO] [stdout]      |
[INFO] [stdout] 2650 |                         let mut markd: bool = false;
[INFO] [stdout]      |                                 ^^^^^
[INFO] [stdout]      |
[INFO] [stdout]      = help: maybe it is overwritten before being read?
[INFO] [stdout] 
[INFO] [stdout] 
[INFO] [stdout] warning: value assigned to `cid` is never read
[INFO] [stdout]     --> src/main.rs:2718:29
[INFO] [stdout]      |
[INFO] [stdout] 2718 |                     let mut cid = 0;
[INFO] [stdout]      |                             ^^^
[INFO] [stdout]      |
[INFO] [stdout]      = help: maybe it is overwritten before being read?
[INFO] [stdout] 
[INFO] [stdout] 
[INFO] [stdout] warning: value assigned to `max_score` is never read
[INFO] [stdout]     --> src/main.rs:2720:29
[INFO] [stdout]      |
[INFO] [stdout] 2720 |                     let mut max_score = 0.0;
[INFO] [stdout]      |                             ^^^^^^^^^
[INFO] [stdout]      |
[INFO] [stdout]      = help: maybe it is overwritten before being read?
[INFO] [stdout] 
[INFO] [stdout] 
[INFO] [stdout] warning: value assigned to `cid` is never read
[INFO] [stdout]     --> src/main.rs:2757:29
[INFO] [stdout]      |
[INFO] [stdout] 2757 |                     let mut cid = 0;
[INFO] [stdout]      |                             ^^^
[INFO] [stdout]      |
[INFO] [stdout]      = help: maybe it is overwritten before being read?
[INFO] [stdout] 
[INFO] [stdout] 
[INFO] [stdout] warning: value assigned to `max_score` is never read
[INFO] [stdout]     --> src/main.rs:2759:29
[INFO] [stdout]      |
[INFO] [stdout] 2759 |                     let mut max_score = 0.0;
[INFO] [stdout]      |                             ^^^^^^^^^
[INFO] [stdout]      |
[INFO] [stdout]      = help: maybe it is overwritten before being read?
[INFO] [stdout] 
[INFO] [stdout] 
[INFO] [stdout] warning: value assigned to `max_score` is never read
[INFO] [stdout]     --> src/main.rs:2985:29
[INFO] [stdout]      |
[INFO] [stdout] 2985 |                     let mut max_score = 0.0;
[INFO] [stdout]      |                             ^^^^^^^^^
[INFO] [stdout]      |
[INFO] [stdout]      = help: maybe it is overwritten before being read?
[INFO] [stdout] 
[INFO] [stdout] 
[INFO] [stdout] warning: value assigned to `max_score` is never read
[INFO] [stdout]     --> src/main.rs:3055:29
[INFO] [stdout]      |
[INFO] [stdout] 3055 |                     let mut max_score = 0.0;
[INFO] [stdout]      |                             ^^^^^^^^^
[INFO] [stdout]      |
[INFO] [stdout]      = help: maybe it is overwritten before being read?
[INFO] [stdout] 
[INFO] [stdout] 
[INFO] [stdout] warning: value assigned to `markd` is never read
[INFO] [stdout]     --> src/main.rs:3104:33
[INFO] [stdout]      |
[INFO] [stdout] 3104 |                         let mut markd: bool = false;
[INFO] [stdout]      |                                 ^^^^^
[INFO] [stdout]      |
[INFO] [stdout]      = help: maybe it is overwritten before being read?
[INFO] [stdout] 
[INFO] [stdout] 
[INFO] [stdout] warning: value assigned to `cid` is never read
[INFO] [stdout]     --> src/main.rs:3173:29
[INFO] [stdout]      |
[INFO] [stdout] 3173 |                     let mut cid = 0;
[INFO] [stdout]      |                             ^^^
[INFO] [stdout]      |
[INFO] [stdout]      = help: maybe it is overwritten before being read?
[INFO] [stdout] 
[INFO] [stdout] 
[INFO] [stdout] warning: value assigned to `max_score` is never read
[INFO] [stdout]     --> src/main.rs:3175:29
[INFO] [stdout]      |
[INFO] [stdout] 3175 |                     let mut max_score = 0.0;
[INFO] [stdout]      |                             ^^^^^^^^^
[INFO] [stdout]      |
[INFO] [stdout]      = help: maybe it is overwritten before being read?
[INFO] [stdout] 
[INFO] [stdout] 
[INFO] [stdout] warning: value assigned to `cid` is never read
[INFO] [stdout]     --> src/main.rs:3208:29
[INFO] [stdout]      |
[INFO] [stdout] 3208 |                     let mut cid = 0;
[INFO] [stdout]      |                             ^^^
[INFO] [stdout]      |
[INFO] [stdout]      = help: maybe it is overwritten before being read?
[INFO] [stdout] 
[INFO] [stdout] 
[INFO] [stdout] warning: value assigned to `max_score` is never read
[INFO] [stdout]     --> src/main.rs:3210:29
[INFO] [stdout]      |
[INFO] [stdout] 3210 |                     let mut max_score = 0.0;
[INFO] [stdout]      |                             ^^^^^^^^^
[INFO] [stdout]      |
[INFO] [stdout]      = help: maybe it is overwritten before being read?
[INFO] [stdout] 
[INFO] [stdout] 
[INFO] [stdout] warning: unused import: `clap`
[INFO] [stdout]   --> src/main.rs:11:5
[INFO] [stdout]    |
[INFO] [stdout] 11 | use clap::*;
[INFO] [stdout]    |     ^^^^
[INFO] [stdout] 
[INFO] [stdout] 
[INFO] [stdout] warning: value passed to `timec_str` is never read
[INFO] [stdout]   --> src/main.rs:77:43
[INFO] [stdout]    |
[INFO] [stdout] 77 | fn time_reprint(timec: DateTime<Utc>, mut timec_str: String, timec_nano: u32) -> String {
[INFO] [stdout]    |                                           ^^^^^^^^^
[INFO] [stdout]    |
[INFO] [stdout]    = help: maybe it is overwritten before being read?
[INFO] [stdout] 
[INFO] [stdout] 
[INFO] [stdout] warning: unused `std::result::Result` that must be used
[INFO] [stdout]    --> src/main.rs:481:21
[INFO] [stdout]     |
[INFO] [stdout] 481 |                     std::fs::create_dir("./TMPDIR");
[INFO] [stdout]     |                     ^^^^^^^^^^^^^^^^^^^^^^^^^^^^^^^
[INFO] [stdout]     |
[INFO] [stdout]     = note: this `Result` may be an `Err` variant, which should be handled
[INFO] [stdout]     = note: `#[warn(unused_must_use)]` on by default
[INFO] [stdout] help: use `let _ = ...` to ignore the resulting value
[INFO] [stdout]     |
[INFO] [stdout] 481 |                     let _ = std::fs::create_dir("./TMPDIR");
[INFO] [stdout]     |                     +++++++
[INFO] [stdout] 
[INFO] [stdout] 
[INFO] [stdout] warning: unused `std::result::Result` that must be used
[INFO] [stdout]    --> src/main.rs:488:21
[INFO] [stdout]     |
[INFO] [stdout] 488 |                     File::create(&source_file);
[INFO] [stdout]     |                     ^^^^^^^^^^^^^^^^^^^^^^^^^^
[INFO] [stdout]     |
[INFO] [stdout]     = note: this `Result` may be an `Err` variant, which should be handled
[INFO] [stdout] help: use `let _ = ...` to ignore the resulting value
[INFO] [stdout]     |
[INFO] [stdout] 488 |                     let _ = File::create(&source_file);
[INFO] [stdout]     |                     +++++++
[INFO] [stdout] 
[INFO] [stdout] 
[INFO] [stdout] warning: unused `std::result::Result` that must be used
[INFO] [stdout]    --> src/main.rs:489:21
[INFO] [stdout]     |
[INFO] [stdout] 489 |                     File::create(&exe_file);
[INFO] [stdout]     |                     ^^^^^^^^^^^^^^^^^^^^^^^
[INFO] [stdout]     |
[INFO] [stdout]     = note: this `Result` may be an `Err` variant, which should be handled
[INFO] [stdout] help: use `let _ = ...` to ignore the resulting value
[INFO] [stdout]     |
[INFO] [stdout] 489 |                     let _ = File::create(&exe_file);
[INFO] [stdout]     |                     +++++++
[INFO] [stdout] 
[INFO] [stdout] 
[INFO] [stdout] warning: unused `std::result::Result` that must be used
[INFO] [stdout]    --> src/main.rs:490:21
[INFO] [stdout]     |
[INFO] [stdout] 490 |                     fs::write(&source_file,source_code);
[INFO] [stdout]     |                     ^^^^^^^^^^^^^^^^^^^^^^^^^^^^^^^^^^^
[INFO] [stdout]     |
[INFO] [stdout]     = note: this `Result` may be an `Err` variant, which should be handled
[INFO] [stdout] help: use `let _ = ...` to ignore the resulting value
[INFO] [stdout]     |
[INFO] [stdout] 490 |                     let _ = fs::write(&source_file,source_code);
[INFO] [stdout]     |                     +++++++
[INFO] [stdout] 
[INFO] [stdout] 
[INFO] [stdout] warning: unused `std::result::Result` that must be used
[INFO] [stdout]     --> src/main.rs:1403:28
[INFO] [stdout]      |
[INFO] [stdout] 1403 | ...                   std::fs::create_dir("./TMPDIR");
[INFO] [stdout]      |                       ^^^^^^^^^^^^^^^^^^^^^^^^^^^^^^^
[INFO] [stdout]      |
[INFO] [stdout]      = note: this `Result` may be an `Err` variant, which should be handled
[INFO] [stdout] help: use `let _ = ...` to ignore the resulting value
[INFO] [stdout]      |
[INFO] [stdout] 1403 |                            let _ = std::fs::create_dir("./TMPDIR");
[INFO] [stdout]      |                            +++++++
[INFO] [stdout] 
[INFO] [stdout] 
[INFO] [stdout] warning: unused `std::result::Result` that must be used
[INFO] [stdout]     --> src/main.rs:1410:28
[INFO] [stdout]      |
[INFO] [stdout] 1410 | ...                   File::create(&source_file);
[INFO] [stdout]      |                       ^^^^^^^^^^^^^^^^^^^^^^^^^^
[INFO] [stdout]      |
[INFO] [stdout]      = note: this `Result` may be an `Err` variant, which should be handled
[INFO] [stdout] help: use `let _ = ...` to ignore the resulting value
[INFO] [stdout]      |
[INFO] [stdout] 1410 |                            let _ = File::create(&source_file);
[INFO] [stdout]      |                            +++++++
[INFO] [stdout] 
[INFO] [stdout] 
[INFO] [stdout] warning: unused `std::result::Result` that must be used
[INFO] [stdout]     --> src/main.rs:1411:28
[INFO] [stdout]      |
[INFO] [stdout] 1411 | ...                   File::create(&exe_file);
[INFO] [stdout]      |                       ^^^^^^^^^^^^^^^^^^^^^^^
[INFO] [stdout]      |
[INFO] [stdout]      = note: this `Result` may be an `Err` variant, which should be handled
[INFO] [stdout] help: use `let _ = ...` to ignore the resulting value
[INFO] [stdout]      |
[INFO] [stdout] 1411 |                            let _ = File::create(&exe_file);
[INFO] [stdout]      |                            +++++++
[INFO] [stdout] 
[INFO] [stdout] 
[INFO] [stdout] warning: unused `std::result::Result` that must be used
[INFO] [stdout]     --> src/main.rs:1412:28
[INFO] [stdout]      |
[INFO] [stdout] 1412 | ...                   fs::write(&source_file,source_code);
[INFO] [stdout]      |                       ^^^^^^^^^^^^^^^^^^^^^^^^^^^^^^^^^^^
[INFO] [stdout]      |
[INFO] [stdout]      = note: this `Result` may be an `Err` variant, which should be handled
[INFO] [stdout] help: use `let _ = ...` to ignore the resulting value
[INFO] [stdout]      |
[INFO] [stdout] 1412 |                            let _ = fs::write(&source_file,source_code);
[INFO] [stdout]      |                            +++++++
[INFO] [stdout] 
[INFO] [stdout] 
[INFO] [stdout] warning: unused `std::result::Result` that must be used
[INFO] [stdout]     --> src/main.rs:1774:29
[INFO] [stdout]      |
[INFO] [stdout] 1774 | ...                   std::fs::remove_dir_all("./TMPDIR");
[INFO] [stdout]      |                       ^^^^^^^^^^^^^^^^^^^^^^^^^^^^^^^^^^^
[INFO] [stdout]      |
[INFO] [stdout]      = note: this `Result` may be an `Err` variant, which should be handled
[INFO] [stdout] help: use `let _ = ...` to ignore the resulting value
[INFO] [stdout]      |
[INFO] [stdout] 1774 |                             let _ = std::fs::remove_dir_all("./TMPDIR");
[INFO] [stdout]      |                             +++++++
[INFO] [stdout] 
[INFO] [stdout] 
[INFO] [stdout] warning: unused `std::result::Result` that must be used
[INFO] [stdout]     --> src/main.rs:1890:13
[INFO] [stdout]      |
[INFO] [stdout] 1890 |             fs::remove_file("./datafile");
[INFO] [stdout]      |             ^^^^^^^^^^^^^^^^^^^^^^^^^^^^^
[INFO] [stdout]      |
[INFO] [stdout]      = note: this `Result` may be an `Err` variant, which should be handled
[INFO] [stdout] help: use `let _ = ...` to ignore the resulting value
[INFO] [stdout]      |
[INFO] [stdout] 1890 |             let _ = fs::remove_file("./datafile");
[INFO] [stdout]      |             +++++++
[INFO] [stdout] 
[INFO] [stdout] 
[INFO] [stdout] warning: unused `std::result::Result` that must be used
[INFO] [stdout]     --> src/main.rs:1893:13
[INFO] [stdout]      |
[INFO] [stdout] 1893 |             serde_json::to_writer(&mut file, &data_time);          
[INFO] [stdout]      |             ^^^^^^^^^^^^^^^^^^^^^^^^^^^^^^^^^^^^^^^^^^^^
[INFO] [stdout]      |
[INFO] [stdout]      = note: this `Result` may be an `Err` variant, which should be handled
[INFO] [stdout] help: use `let _ = ...` to ignore the resulting value
[INFO] [stdout]      |
[INFO] [stdout] 1893 |             let _ = serde_json::to_writer(&mut file, &data_time);          
[INFO] [stdout]      |             +++++++
[INFO] [stdout] 
[INFO] [stdout] 
[INFO] [stdout] warning: unused `std::result::Result` that must be used
[INFO] [stdout]     --> src/main.rs:1935:9
[INFO] [stdout]      |
[INFO] [stdout] 1935 |         fs::remove_file("./datafile");
[INFO] [stdout]      |         ^^^^^^^^^^^^^^^^^^^^^^^^^^^^^
[INFO] [stdout]      |
[INFO] [stdout]      = note: this `Result` may be an `Err` variant, which should be handled
[INFO] [stdout] help: use `let _ = ...` to ignore the resulting value
[INFO] [stdout]      |
[INFO] [stdout] 1935 |         let _ = fs::remove_file("./datafile");
[INFO] [stdout]      |         +++++++
[INFO] [stdout] 
[INFO] [stdout] 
[INFO] [stdout] warning: unused `std::result::Result` that must be used
[INFO] [stdout]     --> src/main.rs:1938:9
[INFO] [stdout]      |
[INFO] [stdout] 1938 |         serde_json::to_writer(&mut file, &data_time);
[INFO] [stdout]      |         ^^^^^^^^^^^^^^^^^^^^^^^^^^^^^^^^^^^^^^^^^^^^
[INFO] [stdout]      |
[INFO] [stdout]      = note: this `Result` may be an `Err` variant, which should be handled
[INFO] [stdout] help: use `let _ = ...` to ignore the resulting value
[INFO] [stdout]      |
[INFO] [stdout] 1938 |         let _ = serde_json::to_writer(&mut file, &data_time);
[INFO] [stdout]      |         +++++++
[INFO] [stdout] 
[INFO] [stdout] 
[INFO] [stdout] warning: variable `contestId` should have a snake case name
[INFO] [stdout]     --> src/main.rs:2115:25
[INFO] [stdout]      |
[INFO] [stdout] 2115 | async fn get_contest_id(contestId: web::Path<String>) -> impl Responder {
[INFO] [stdout]      |                         ^^^^^^^^^ help: convert the identifier to snake case: `contest_id`
[INFO] [stdout]      |
[INFO] [stdout]      = note: `#[warn(non_snake_case)]` on by default
[INFO] [stdout] 
[INFO] [stdout] 
[INFO] [stdout] warning: variable `contestId` should have a snake case name
[INFO] [stdout]     --> src/main.rs:2150:31
[INFO] [stdout]      |
[INFO] [stdout] 2150 | async fn get_contest_ranklist(contestId: web::Path<String>, web::Query(info):web::Query<ContestRank>, config: web::Data<Config>) -> impl ...
[INFO] [stdout]      |                               ^^^^^^^^^ help: convert the identifier to snake case: `contest_id`
[INFO] [stdout] 
[INFO] [stdout] 
[INFO] [stdout] warning: unused `std::result::Result` that must be used
[INFO] [stdout]     --> src/main.rs:3343:17
[INFO] [stdout]      |
[INFO] [stdout] 3343 |                 fs::remove_file("./datafile");
[INFO] [stdout]      |                 ^^^^^^^^^^^^^^^^^^^^^^^^^^^^^
[INFO] [stdout]      |
[INFO] [stdout]      = note: this `Result` may be an `Err` variant, which should be handled
[INFO] [stdout] help: use `let _ = ...` to ignore the resulting value
[INFO] [stdout]      |
[INFO] [stdout] 3343 |                 let _ = fs::remove_file("./datafile");
[INFO] [stdout]      |                 +++++++
[INFO] [stdout] 
[INFO] [stdout] 
[INFO] [stdout] warning: unused `std::result::Result` that must be used
[INFO] [stdout]     --> src/main.rs:3344:17
[INFO] [stdout]      |
[INFO] [stdout] 3344 |                 File::create("./datafile");
[INFO] [stdout]      |                 ^^^^^^^^^^^^^^^^^^^^^^^^^^
[INFO] [stdout]      |
[INFO] [stdout]      = note: this `Result` may be an `Err` variant, which should be handled
[INFO] [stdout] help: use `let _ = ...` to ignore the resulting value
[INFO] [stdout]      |
[INFO] [stdout] 3344 |                 let _ = File::create("./datafile");
[INFO] [stdout]      |                 +++++++
[INFO] [stdout] 
[INFO] [stdout] 
[INFO] [stdout] warning: unused `std::result::Result` that must be used
[INFO] [stdout]     --> src/main.rs:3393:13
[INFO] [stdout]      |
[INFO] [stdout] 3393 |             File::create("./datafile");
[INFO] [stdout]      |             ^^^^^^^^^^^^^^^^^^^^^^^^^^
[INFO] [stdout]      |
[INFO] [stdout]      = note: this `Result` may be an `Err` variant, which should be handled
[INFO] [stdout] help: use `let _ = ...` to ignore the resulting value
[INFO] [stdout]      |
[INFO] [stdout] 3393 |             let _ = File::create("./datafile");
[INFO] [stdout]      |             +++++++
[INFO] [stdout] 
[INFO] [stdout] 
[INFO] [stdout] warning: unused `std::result::Result` that must be used
[INFO] [stdout]     --> src/main.rs:3407:13
[INFO] [stdout]      |
[INFO] [stdout] 3407 |             serde_json::to_writer(&mut file, &data_time);          
[INFO] [stdout]      |             ^^^^^^^^^^^^^^^^^^^^^^^^^^^^^^^^^^^^^^^^^^^^
[INFO] [stdout]      |
[INFO] [stdout]      = note: this `Result` may be an `Err` variant, which should be handled
[INFO] [stdout] help: use `let _ = ...` to ignore the resulting value
[INFO] [stdout]      |
[INFO] [stdout] 3407 |             let _ = serde_json::to_writer(&mut file, &data_time);          
[INFO] [stdout]      |             +++++++
[INFO] [stdout] 
[INFO] [stdout] 
[INFO] [stderr]     Finished `dev` profile [unoptimized + debuginfo] target(s) in 1m 39s
[INFO] running `Command { std: "docker" "inspect" "746619030d74b29c5c7c0efcfd899780fd8018ea70a292fb8164f629709432ec", kill_on_drop: false }`
[INFO] running `Command { std: "docker" "rm" "-f" "746619030d74b29c5c7c0efcfd899780fd8018ea70a292fb8164f629709432ec", kill_on_drop: false }`
[INFO] [stdout] 746619030d74b29c5c7c0efcfd899780fd8018ea70a292fb8164f629709432ec
[INFO] running `Command { std: "docker" "create" "-v" "/var/lib/crater-agent-workspace/builds/worker-2-tc1/target:/opt/rustwide/target:rw,Z" "-v" "/var/lib/crater-agent-workspace/builds/worker-2-tc1/source:/opt/rustwide/workdir:ro,Z" "-v" "/var/lib/crater-agent-workspace/cargo-home:/opt/rustwide/cargo-home:ro,Z" "-v" "/var/lib/crater-agent-workspace/rustup-home:/opt/rustwide/rustup-home:ro,Z" "-e" "SOURCE_DIR=/opt/rustwide/workdir" "-e" "CARGO_TARGET_DIR=/opt/rustwide/target" "-e" "CARGO_INCREMENTAL=0" "-e" "RUST_BACKTRACE=full" "-e" "RUSTFLAGS=--cap-lints=warn" "-e" "RUSTDOCFLAGS=--cap-lints=warn" "-e" "CARGO_HOME=/opt/rustwide/cargo-home" "-e" "RUSTUP_HOME=/opt/rustwide/rustup-home" "-w" "/opt/rustwide/workdir" "-m" "1610612736" "--user" "0:0" "--network" "none" "ghcr.io/rust-lang/crates-build-env/linux@sha256:f3a9d4ad9d972b27faf3965f35b62e55ba32bbce8f20bc8fe909558a86702fde" "/opt/rustwide/cargo-home/bin/cargo" "+1.83.0" "test" "--frozen" "--no-run" "--message-format=json", kill_on_drop: false }`
[INFO] [stdout] c490b8bb041d6fd3591615afbfa3b0711f46e6ff92dc2fefe990190690284980
[INFO] running `Command { std: "docker" "start" "-a" "c490b8bb041d6fd3591615afbfa3b0711f46e6ff92dc2fefe990190690284980", kill_on_drop: false }`
[INFO] [stderr]    Compiling tokio v1.20.1
[INFO] [stderr]    Compiling futures-task v0.3.23
[INFO] [stderr]    Compiling futures-util v0.3.23
[INFO] [stderr]    Compiling futures-io v0.3.23
[INFO] [stderr]    Compiling serde v1.0.144
[INFO] [stderr]    Compiling foreign-types-shared v0.1.1
[INFO] [stderr]    Compiling openssl v0.10.41
[INFO] [stderr]    Compiling openssl-macros v0.1.0
[INFO] [stderr]    Compiling futures-channel v0.3.23
[INFO] [stderr]    Compiling native-tls v0.2.10
[INFO] [stderr]    Compiling openssl-probe v0.1.5
[INFO] [stderr]    Compiling try-lock v0.2.3
[INFO] [stderr]    Compiling http-body v0.4.5
[INFO] [stderr]    Compiling tower-service v0.3.2
[INFO] [stderr]    Compiling diff v0.1.13
[INFO] [stderr]    Compiling foreign-types v0.3.2
[INFO] [stderr]    Compiling want v0.3.0
[INFO] [stderr]    Compiling ipnet v2.5.0
[INFO] [stderr]    Compiling ansi_term v0.12.1
[INFO] [stderr]    Compiling pretty_assertions v1.2.1
[INFO] [stderr]    Compiling actix-router v0.5.0
[INFO] [stderr]    Compiling serde_json v1.0.85
[INFO] [stderr]    Compiling serde_urlencoded v0.7.1
[INFO] [stderr]    Compiling local-channel v0.1.3
[INFO] [stderr]    Compiling actix-web-codegen v4.0.1
[INFO] [stderr]    Compiling assert-json-diff v2.0.2
[INFO] [stderr]    Compiling tokio-util v0.7.3
[INFO] [stderr]    Compiling actix-rt v2.7.0
[INFO] [stderr]    Compiling tokio-native-tls v0.3.0
[INFO] [stderr]    Compiling actix-server v2.1.1
[INFO] [stderr]    Compiling h2 v0.3.14
[INFO] [stderr]    Compiling actix-codec v0.5.0
[INFO] [stderr]    Compiling hyper v0.14.20
[INFO] [stderr]    Compiling actix-http v3.2.1
[INFO] [stderr]    Compiling actix-web v4.1.0
[INFO] [stderr]    Compiling hyper-tls v0.5.0
[INFO] [stderr]    Compiling reqwest v0.11.11
[INFO] [stderr]    Compiling oj v0.1.0 (/opt/rustwide/workdir)
[INFO] [stdout] warning: unused import: `collections::HashMap`
[INFO] [stdout]  --> src/main.rs:1:11
[INFO] [stdout]   |
[INFO] [stdout] 1 | use std::{collections::HashMap, fs::{File, self}, process::Stdio, time::{Duration, Instant}, io::{BufReader, BufRead}};
[INFO] [stdout]   |           ^^^^^^^^^^^^^^^^^^^^
[INFO] [stdout]   |
[INFO] [stdout]   = note: `#[warn(unused_imports)]` on by default
[INFO] [stdout] 
[INFO] [stdout] 
[INFO] [stdout] warning: unused import: `serde_derive::*`
[INFO] [stdout]  --> src/main.rs:9:5
[INFO] [stdout]   |
[INFO] [stdout] 9 | use serde_derive::*;
[INFO] [stdout]   |     ^^^^^^^^^^^^^^^
[INFO] [stdout] 
[INFO] [stdout] 
[INFO] [stdout] warning: unused import: `serde_json::*`
[INFO] [stdout]   --> src/main.rs:10:5
[INFO] [stdout]    |
[INFO] [stdout] 10 | use serde_json::*;
[INFO] [stdout]    |     ^^^^^^^^^^^^^
[INFO] [stdout] 
[INFO] [stdout] 
[INFO] [stdout] warning: variant `standard` should have an upper camel case name
[INFO] [stdout]    --> src/main.rs:170:5
[INFO] [stdout]     |
[INFO] [stdout] 170 |     standard,
[INFO] [stdout]     |     ^^^^^^^^ help: convert the identifier to upper camel case (notice the capitalization): `Standard`
[INFO] [stdout]     |
[INFO] [stdout]     = note: `#[warn(non_camel_case_types)]` on by default
[INFO] [stdout] 
[INFO] [stdout] 
[INFO] [stdout] warning: variant `strict` should have an upper camel case name
[INFO] [stdout]    --> src/main.rs:171:5
[INFO] [stdout]     |
[INFO] [stdout] 171 |     strict,
[INFO] [stdout]     |     ^^^^^^ help: convert the identifier to upper camel case (notice the capitalization): `Strict`
[INFO] [stdout] 
[INFO] [stdout] 
[INFO] [stdout] warning: variant `spj` should have an upper camel case name
[INFO] [stdout]    --> src/main.rs:172:5
[INFO] [stdout]     |
[INFO] [stdout] 172 |     spj,
[INFO] [stdout]     |     ^^^ help: convert the identifier to upper camel case (notice the capitalization): `Spj`
[INFO] [stdout] 
[INFO] [stdout] 
[INFO] [stdout] warning: variant `dynamic_ranking` should have an upper camel case name
[INFO] [stdout]    --> src/main.rs:173:5
[INFO] [stdout]     |
[INFO] [stdout] 173 |     dynamic_ranking,
[INFO] [stdout]     |     ^^^^^^^^^^^^^^^ help: convert the identifier to upper camel case: `DynamicRanking`
[INFO] [stdout] 
[INFO] [stdout] 
[INFO] [stdout] warning: variant `latest` should have an upper camel case name
[INFO] [stdout]    --> src/main.rs:283:5
[INFO] [stdout]     |
[INFO] [stdout] 283 |     latest,
[INFO] [stdout]     |     ^^^^^^ help: convert the identifier to upper camel case: `Latest`
[INFO] [stdout] 
[INFO] [stdout] 
[INFO] [stdout] warning: variant `highest` should have an upper camel case name
[INFO] [stdout]    --> src/main.rs:284:5
[INFO] [stdout]     |
[INFO] [stdout] 284 |     highest,
[INFO] [stdout]     |     ^^^^^^^ help: convert the identifier to upper camel case: `Highest`
[INFO] [stdout] 
[INFO] [stdout] 
[INFO] [stdout] warning: variant `submission_time` should have an upper camel case name
[INFO] [stdout]    --> src/main.rs:289:5
[INFO] [stdout]     |
[INFO] [stdout] 289 |     submission_time,
[INFO] [stdout]     |     ^^^^^^^^^^^^^^^ help: convert the identifier to upper camel case: `SubmissionTime`
[INFO] [stdout] 
[INFO] [stdout] 
[INFO] [stdout] warning: variant `submission_count` should have an upper camel case name
[INFO] [stdout]    --> src/main.rs:290:5
[INFO] [stdout]     |
[INFO] [stdout] 290 |     submission_count,
[INFO] [stdout]     |     ^^^^^^^^^^^^^^^^ help: convert the identifier to upper camel case: `SubmissionCount`
[INFO] [stdout] 
[INFO] [stdout] 
[INFO] [stdout] warning: variant `user_id` should have an upper camel case name
[INFO] [stdout]    --> src/main.rs:291:5
[INFO] [stdout]     |
[INFO] [stdout] 291 |     user_id,
[INFO] [stdout]     |     ^^^^^^^ help: convert the identifier to upper camel case: `UserId`
[INFO] [stdout] 
[INFO] [stdout] 
[INFO] [stdout] warning: unused variable: `test_cmd`
[INFO] [stdout]    --> src/main.rs:575:33
[INFO] [stdout]     |
[INFO] [stdout] 575 | ...                   let test_cmd = Command::new(&exe_file)
[INFO] [stdout]     |                           ^^^^^^^^ help: if this is intentional, prefix it with an underscore: `_test_cmd`
[INFO] [stdout]     |
[INFO] [stdout]     = note: `#[warn(unused_variables)]` on by default
[INFO] [stdout] 
[INFO] [stdout] 
[INFO] [stdout] warning: unused import: `collections::HashMap`
[INFO] [stdout]  --> src/main.rs:1:11
[INFO] [stdout]   |
[INFO] [stdout] 1 | use std::{collections::HashMap, fs::{File, self}, process::Stdio, time::{Duration, Instant}, io::{BufReader, BufRead}};
[INFO] [stdout]   |           ^^^^^^^^^^^^^^^^^^^^
[INFO] [stdout]   |
[INFO] [stdout]   = note: `#[warn(unused_imports)]` on by default
[INFO] [stdout] 
[INFO] [stdout] 
[INFO] [stdout] warning: unused import: `serde_derive::*`
[INFO] [stdout]  --> src/main.rs:9:5
[INFO] [stdout]   |
[INFO] [stdout] 9 | use serde_derive::*;
[INFO] [stdout]   |     ^^^^^^^^^^^^^^^
[INFO] [stdout] 
[INFO] [stdout] 
[INFO] [stdout] warning: unused import: `serde_json::*`
[INFO] [stdout]   --> src/main.rs:10:5
[INFO] [stdout]    |
[INFO] [stdout] 10 | use serde_json::*;
[INFO] [stdout]    |     ^^^^^^^^^^^^^
[INFO] [stdout] 
[INFO] [stdout] 
[INFO] [stdout] warning: variant `standard` should have an upper camel case name
[INFO] [stdout]    --> src/main.rs:170:5
[INFO] [stdout]     |
[INFO] [stdout] 170 |     standard,
[INFO] [stdout]     |     ^^^^^^^^ help: convert the identifier to upper camel case (notice the capitalization): `Standard`
[INFO] [stdout]     |
[INFO] [stdout]     = note: `#[warn(non_camel_case_types)]` on by default
[INFO] [stdout] 
[INFO] [stdout] 
[INFO] [stdout] warning: variant `strict` should have an upper camel case name
[INFO] [stdout]    --> src/main.rs:171:5
[INFO] [stdout]     |
[INFO] [stdout] 171 |     strict,
[INFO] [stdout]     |     ^^^^^^ help: convert the identifier to upper camel case (notice the capitalization): `Strict`
[INFO] [stdout] 
[INFO] [stdout] 
[INFO] [stdout] warning: variant `spj` should have an upper camel case name
[INFO] [stdout]    --> src/main.rs:172:5
[INFO] [stdout]     |
[INFO] [stdout] 172 |     spj,
[INFO] [stdout]     |     ^^^ help: convert the identifier to upper camel case (notice the capitalization): `Spj`
[INFO] [stdout] 
[INFO] [stdout] 
[INFO] [stdout] warning: variant `dynamic_ranking` should have an upper camel case name
[INFO] [stdout]    --> src/main.rs:173:5
[INFO] [stdout]     |
[INFO] [stdout] 173 |     dynamic_ranking,
[INFO] [stdout]     |     ^^^^^^^^^^^^^^^ help: convert the identifier to upper camel case: `DynamicRanking`
[INFO] [stdout] 
[INFO] [stdout] 
[INFO] [stdout] warning: variant `latest` should have an upper camel case name
[INFO] [stdout]    --> src/main.rs:283:5
[INFO] [stdout]     |
[INFO] [stdout] 283 |     latest,
[INFO] [stdout]     |     ^^^^^^ help: convert the identifier to upper camel case: `Latest`
[INFO] [stdout] 
[INFO] [stdout] 
[INFO] [stdout] warning: variant `highest` should have an upper camel case name
[INFO] [stdout]    --> src/main.rs:284:5
[INFO] [stdout]     |
[INFO] [stdout] 284 |     highest,
[INFO] [stdout]     |     ^^^^^^^ help: convert the identifier to upper camel case: `Highest`
[INFO] [stdout] 
[INFO] [stdout] 
[INFO] [stdout] warning: variant `submission_time` should have an upper camel case name
[INFO] [stdout]    --> src/main.rs:289:5
[INFO] [stdout]     |
[INFO] [stdout] 289 |     submission_time,
[INFO] [stdout]     |     ^^^^^^^^^^^^^^^ help: convert the identifier to upper camel case: `SubmissionTime`
[INFO] [stdout] 
[INFO] [stdout] 
[INFO] [stdout] warning: variant `submission_count` should have an upper camel case name
[INFO] [stdout]    --> src/main.rs:290:5
[INFO] [stdout]     |
[INFO] [stdout] 290 |     submission_count,
[INFO] [stdout]     |     ^^^^^^^^^^^^^^^^ help: convert the identifier to upper camel case: `SubmissionCount`
[INFO] [stdout] 
[INFO] [stdout] 
[INFO] [stdout] warning: variant `user_id` should have an upper camel case name
[INFO] [stdout]    --> src/main.rs:291:5
[INFO] [stdout]     |
[INFO] [stdout] 291 |     user_id,
[INFO] [stdout]     |     ^^^^^^^ help: convert the identifier to upper camel case: `UserId`
[INFO] [stdout] 
[INFO] [stdout] 
[INFO] [stdout] warning: unused variable: `test_cmd`
[INFO] [stdout]    --> src/main.rs:575:33
[INFO] [stdout]     |
[INFO] [stdout] 575 | ...                   let test_cmd = Command::new(&exe_file)
[INFO] [stdout]     |                           ^^^^^^^^ help: if this is intentional, prefix it with an underscore: `_test_cmd`
[INFO] [stdout]     |
[INFO] [stdout]     = note: `#[warn(unused_variables)]` on by default
[INFO] [stdout] 
[INFO] [stdout] 
[INFO] [stdout] warning: value assigned to `score_timecase` is never read
[INFO] [stdout]     --> src/main.rs:2207:57
[INFO] [stdout]      |
[INFO] [stdout] 2207 | ...                   let mut score_timecase = 0.0;
[INFO] [stdout]      |                               ^^^^^^^^^^^^^^
[INFO] [stdout]      |
[INFO] [stdout]      = help: maybe it is overwritten before being read?
[INFO] [stdout]      = note: `#[warn(unused_assignments)]` on by default
[INFO] [stdout] 
[INFO] [stdout] 
[INFO] [stdout] warning: value assigned to `score_timecase` is never read
[INFO] [stdout]     --> src/main.rs:2207:57
[INFO] [stdout]      |
[INFO] [stdout] 2207 | ...                   let mut score_timecase = 0.0;
[INFO] [stdout]      |                               ^^^^^^^^^^^^^^
[INFO] [stdout]      |
[INFO] [stdout]      = help: maybe it is overwritten before being read?
[INFO] [stdout]      = note: `#[warn(unused_assignments)]` on by default
[INFO] [stdout] 
[INFO] [stdout] 
[INFO] [stdout] warning: value assigned to `score_timecase` is never read
[INFO] [stdout]     --> src/main.rs:2304:61
[INFO] [stdout]      |
[INFO] [stdout] 2304 | ...                   let mut score_timecase = 0.0;
[INFO] [stdout]      |                               ^^^^^^^^^^^^^^
[INFO] [stdout]      |
[INFO] [stdout]      = help: maybe it is overwritten before being read?
[INFO] [stdout] 
[INFO] [stdout] 
[INFO] [stdout] warning: value assigned to `score_timecase` is never read
[INFO] [stdout]     --> src/main.rs:2420:49
[INFO] [stdout]      |
[INFO] [stdout] 2420 | ...                   let mut score_timecase = 0.0;
[INFO] [stdout]      |                               ^^^^^^^^^^^^^^
[INFO] [stdout]      |
[INFO] [stdout]      = help: maybe it is overwritten before being read?
[INFO] [stdout] 
[INFO] [stdout] 
[INFO] [stdout] warning: value assigned to `max_score` is never read
[INFO] [stdout]     --> src/main.rs:2532:29
[INFO] [stdout]      |
[INFO] [stdout] 2532 |                     let mut max_score = 0.0;
[INFO] [stdout]      |                             ^^^^^^^^^
[INFO] [stdout]      |
[INFO] [stdout]      = help: maybe it is overwritten before being read?
[INFO] [stdout] 
[INFO] [stdout] 
[INFO] [stdout] warning: value assigned to `max_score` is never read
[INFO] [stdout]     --> src/main.rs:2600:29
[INFO] [stdout]      |
[INFO] [stdout] 2600 |                     let mut max_score = 0.0;
[INFO] [stdout]      |                             ^^^^^^^^^
[INFO] [stdout]      |
[INFO] [stdout]      = help: maybe it is overwritten before being read?
[INFO] [stdout] 
[INFO] [stdout] 
[INFO] [stdout] warning: value assigned to `markd` is never read
[INFO] [stdout]     --> src/main.rs:2650:33
[INFO] [stdout]      |
[INFO] [stdout] 2650 |                         let mut markd: bool = false;
[INFO] [stdout]      |                                 ^^^^^
[INFO] [stdout]      |
[INFO] [stdout]      = help: maybe it is overwritten before being read?
[INFO] [stdout] 
[INFO] [stdout] 
[INFO] [stdout] warning: value assigned to `cid` is never read
[INFO] [stdout]     --> src/main.rs:2718:29
[INFO] [stdout]      |
[INFO] [stdout] 2718 |                     let mut cid = 0;
[INFO] [stdout]      |                             ^^^
[INFO] [stdout]      |
[INFO] [stdout]      = help: maybe it is overwritten before being read?
[INFO] [stdout] 
[INFO] [stdout] 
[INFO] [stdout] warning: value assigned to `max_score` is never read
[INFO] [stdout]     --> src/main.rs:2720:29
[INFO] [stdout]      |
[INFO] [stdout] 2720 |                     let mut max_score = 0.0;
[INFO] [stdout]      |                             ^^^^^^^^^
[INFO] [stdout]      |
[INFO] [stdout]      = help: maybe it is overwritten before being read?
[INFO] [stdout] 
[INFO] [stdout] 
[INFO] [stdout] warning: value assigned to `score_timecase` is never read
[INFO] [stdout]     --> src/main.rs:2304:61
[INFO] [stdout]      |
[INFO] [stdout] 2304 | ...                   let mut score_timecase = 0.0;
[INFO] [stdout]      |                               ^^^^^^^^^^^^^^
[INFO] [stdout]      |
[INFO] [stdout]      = help: maybe it is overwritten before being read?
[INFO] [stdout] 
[INFO] [stdout] 
[INFO] [stdout] warning: value assigned to `score_timecase` is never read
[INFO] [stdout]     --> src/main.rs:2420:49
[INFO] [stdout]      |
[INFO] [stdout] 2420 | ...                   let mut score_timecase = 0.0;
[INFO] [stdout]      |                               ^^^^^^^^^^^^^^
[INFO] [stdout]      |
[INFO] [stdout]      = help: maybe it is overwritten before being read?
[INFO] [stdout] 
[INFO] [stdout] 
[INFO] [stdout] warning: value assigned to `cid` is never read
[INFO] [stdout]     --> src/main.rs:2757:29
[INFO] [stdout]      |
[INFO] [stdout] 2757 |                     let mut cid = 0;
[INFO] [stdout]      |                             ^^^
[INFO] [stdout]      |
[INFO] [stdout]      = help: maybe it is overwritten before being read?
[INFO] [stdout] 
[INFO] [stdout] 
[INFO] [stdout] warning: value assigned to `max_score` is never read
[INFO] [stdout]     --> src/main.rs:2532:29
[INFO] [stdout]      |
[INFO] [stdout] 2532 |                     let mut max_score = 0.0;
[INFO] [stdout]      |                             ^^^^^^^^^
[INFO] [stdout]      |
[INFO] [stdout]      = help: maybe it is overwritten before being read?
[INFO] [stdout] 
[INFO] [stdout] 
[INFO] [stdout] warning: value assigned to `max_score` is never read
[INFO] [stdout]     --> src/main.rs:2600:29
[INFO] [stdout]      |
[INFO] [stdout] 2600 |                     let mut max_score = 0.0;
[INFO] [stdout]      |                             ^^^^^^^^^
[INFO] [stdout]      |
[INFO] [stdout]      = help: maybe it is overwritten before being read?
[INFO] [stdout] 
[INFO] [stdout] 
[INFO] [stdout] warning: value assigned to `markd` is never read
[INFO] [stdout]     --> src/main.rs:2650:33
[INFO] [stdout]      |
[INFO] [stdout] 2650 |                         let mut markd: bool = false;
[INFO] [stdout]      |                                 ^^^^^
[INFO] [stdout]      |
[INFO] [stdout]      = help: maybe it is overwritten before being read?
[INFO] [stdout] 
[INFO] [stdout] 
[INFO] [stdout] warning: value assigned to `cid` is never read
[INFO] [stdout]     --> src/main.rs:2718:29
[INFO] [stdout]      |
[INFO] [stdout] 2718 |                     let mut cid = 0;
[INFO] [stdout]      |                             ^^^
[INFO] [stdout]      |
[INFO] [stdout]      = help: maybe it is overwritten before being read?
[INFO] [stdout] 
[INFO] [stdout] 
[INFO] [stdout] warning: value assigned to `max_score` is never read
[INFO] [stdout]     --> src/main.rs:2720:29
[INFO] [stdout]      |
[INFO] [stdout] 2720 |                     let mut max_score = 0.0;
[INFO] [stdout]      |                             ^^^^^^^^^
[INFO] [stdout]      |
[INFO] [stdout]      = help: maybe it is overwritten before being read?
[INFO] [stdout] 
[INFO] [stdout] 
[INFO] [stdout] warning: value assigned to `cid` is never read
[INFO] [stdout]     --> src/main.rs:2757:29
[INFO] [stdout]      |
[INFO] [stdout] 2757 |                     let mut cid = 0;
[INFO] [stdout]      |                             ^^^
[INFO] [stdout]      |
[INFO] [stdout]      = help: maybe it is overwritten before being read?
[INFO] [stdout] 
[INFO] [stdout] 
[INFO] [stdout] warning: value assigned to `max_score` is never read
[INFO] [stdout]     --> src/main.rs:2759:29
[INFO] [stdout]      |
[INFO] [stdout] 2759 |                     let mut max_score = 0.0;
[INFO] [stdout]      |                             ^^^^^^^^^
[INFO] [stdout]      |
[INFO] [stdout]      = help: maybe it is overwritten before being read?
[INFO] [stdout] 
[INFO] [stdout] 
[INFO] [stdout] warning: value assigned to `max_score` is never read
[INFO] [stdout]     --> src/main.rs:2985:29
[INFO] [stdout]      |
[INFO] [stdout] 2985 |                     let mut max_score = 0.0;
[INFO] [stdout]      |                             ^^^^^^^^^
[INFO] [stdout]      |
[INFO] [stdout]      = help: maybe it is overwritten before being read?
[INFO] [stdout] 
[INFO] [stdout] 
[INFO] [stdout] warning: value assigned to `max_score` is never read
[INFO] [stdout]     --> src/main.rs:3055:29
[INFO] [stdout]      |
[INFO] [stdout] 3055 |                     let mut max_score = 0.0;
[INFO] [stdout]      |                             ^^^^^^^^^
[INFO] [stdout]      |
[INFO] [stdout]      = help: maybe it is overwritten before being read?
[INFO] [stdout] 
[INFO] [stdout] 
[INFO] [stdout] warning: value assigned to `markd` is never read
[INFO] [stdout]     --> src/main.rs:3104:33
[INFO] [stdout]      |
[INFO] [stdout] 3104 |                         let mut markd: bool = false;
[INFO] [stdout]      |                                 ^^^^^
[INFO] [stdout]      |
[INFO] [stdout]      = help: maybe it is overwritten before being read?
[INFO] [stdout] 
[INFO] [stdout] 
[INFO] [stdout] warning: value assigned to `cid` is never read
[INFO] [stdout]     --> src/main.rs:3173:29
[INFO] [stdout]      |
[INFO] [stdout] 3173 |                     let mut cid = 0;
[INFO] [stdout]      |                             ^^^
[INFO] [stdout]      |
[INFO] [stdout]      = help: maybe it is overwritten before being read?
[INFO] [stdout] 
[INFO] [stdout] 
[INFO] [stdout] warning: value assigned to `max_score` is never read
[INFO] [stdout]     --> src/main.rs:3175:29
[INFO] [stdout]      |
[INFO] [stdout] 3175 |                     let mut max_score = 0.0;
[INFO] [stdout]      |                             ^^^^^^^^^
[INFO] [stdout]      |
[INFO] [stdout]      = help: maybe it is overwritten before being read?
[INFO] [stdout] 
[INFO] [stdout] 
[INFO] [stdout] warning: value assigned to `cid` is never read
[INFO] [stdout]     --> src/main.rs:3208:29
[INFO] [stdout]      |
[INFO] [stdout] 3208 |                     let mut cid = 0;
[INFO] [stdout]      |                             ^^^
[INFO] [stdout]      |
[INFO] [stdout]      = help: maybe it is overwritten before being read?
[INFO] [stdout] 
[INFO] [stdout] 
[INFO] [stdout] warning: value assigned to `max_score` is never read
[INFO] [stdout]     --> src/main.rs:3210:29
[INFO] [stdout]      |
[INFO] [stdout] 3210 |                     let mut max_score = 0.0;
[INFO] [stdout]      |                             ^^^^^^^^^
[INFO] [stdout]      |
[INFO] [stdout]      = help: maybe it is overwritten before being read?
[INFO] [stdout] 
[INFO] [stdout] 
[INFO] [stdout] warning: value assigned to `max_score` is never read
[INFO] [stdout]     --> src/main.rs:2759:29
[INFO] [stdout]      |
[INFO] [stdout] 2759 |                     let mut max_score = 0.0;
[INFO] [stdout]      |                             ^^^^^^^^^
[INFO] [stdout]      |
[INFO] [stdout]      = help: maybe it is overwritten before being read?
[INFO] [stdout] 
[INFO] [stdout] 
[INFO] [stdout] warning: value assigned to `max_score` is never read
[INFO] [stdout]     --> src/main.rs:2985:29
[INFO] [stdout]      |
[INFO] [stdout] 2985 |                     let mut max_score = 0.0;
[INFO] [stdout]      |                             ^^^^^^^^^
[INFO] [stdout]      |
[INFO] [stdout]      = help: maybe it is overwritten before being read?
[INFO] [stdout] 
[INFO] [stdout] 
[INFO] [stdout] warning: value assigned to `max_score` is never read
[INFO] [stdout]     --> src/main.rs:3055:29
[INFO] [stdout]      |
[INFO] [stdout] 3055 |                     let mut max_score = 0.0;
[INFO] [stdout]      |                             ^^^^^^^^^
[INFO] [stdout]      |
[INFO] [stdout]      = help: maybe it is overwritten before being read?
[INFO] [stdout] 
[INFO] [stdout] 
[INFO] [stdout] warning: value assigned to `markd` is never read
[INFO] [stdout]     --> src/main.rs:3104:33
[INFO] [stdout]      |
[INFO] [stdout] 3104 |                         let mut markd: bool = false;
[INFO] [stdout]      |                                 ^^^^^
[INFO] [stdout]      |
[INFO] [stdout]      = help: maybe it is overwritten before being read?
[INFO] [stdout] 
[INFO] [stdout] 
[INFO] [stdout] warning: value assigned to `cid` is never read
[INFO] [stdout]     --> src/main.rs:3173:29
[INFO] [stdout]      |
[INFO] [stdout] 3173 |                     let mut cid = 0;
[INFO] [stdout]      |                             ^^^
[INFO] [stdout]      |
[INFO] [stdout]      = help: maybe it is overwritten before being read?
[INFO] [stdout] 
[INFO] [stdout] 
[INFO] [stdout] warning: value assigned to `max_score` is never read
[INFO] [stdout]     --> src/main.rs:3175:29
[INFO] [stdout]      |
[INFO] [stdout] 3175 |                     let mut max_score = 0.0;
[INFO] [stdout]      |                             ^^^^^^^^^
[INFO] [stdout]      |
[INFO] [stdout]      = help: maybe it is overwritten before being read?
[INFO] [stdout] 
[INFO] [stdout] 
[INFO] [stdout] warning: value assigned to `cid` is never read
[INFO] [stdout]     --> src/main.rs:3208:29
[INFO] [stdout]      |
[INFO] [stdout] 3208 |                     let mut cid = 0;
[INFO] [stdout]      |                             ^^^
[INFO] [stdout]      |
[INFO] [stdout]      = help: maybe it is overwritten before being read?
[INFO] [stdout] 
[INFO] [stdout] 
[INFO] [stdout] warning: value assigned to `max_score` is never read
[INFO] [stdout]     --> src/main.rs:3210:29
[INFO] [stdout]      |
[INFO] [stdout] 3210 |                     let mut max_score = 0.0;
[INFO] [stdout]      |                             ^^^^^^^^^
[INFO] [stdout]      |
[INFO] [stdout]      = help: maybe it is overwritten before being read?
[INFO] [stdout] 
[INFO] [stdout] 
[INFO] [stdout] warning: unused import: `clap`
[INFO] [stdout]   --> src/main.rs:11:5
[INFO] [stdout]    |
[INFO] [stdout] 11 | use clap::*;
[INFO] [stdout]    |     ^^^^
[INFO] [stdout] 
[INFO] [stdout] 
[INFO] [stdout] warning: value passed to `timec_str` is never read
[INFO] [stdout]   --> src/main.rs:77:43
[INFO] [stdout]    |
[INFO] [stdout] 77 | fn time_reprint(timec: DateTime<Utc>, mut timec_str: String, timec_nano: u32) -> String {
[INFO] [stdout]    |                                           ^^^^^^^^^
[INFO] [stdout]    |
[INFO] [stdout]    = help: maybe it is overwritten before being read?
[INFO] [stdout] 
[INFO] [stdout] 
[INFO] [stdout] warning: unused import: `clap`
[INFO] [stdout]   --> src/main.rs:11:5
[INFO] [stdout]    |
[INFO] [stdout] 11 | use clap::*;
[INFO] [stdout]    |     ^^^^
[INFO] [stdout] 
[INFO] [stdout] 
[INFO] [stdout] warning: value passed to `timec_str` is never read
[INFO] [stdout]   --> src/main.rs:77:43
[INFO] [stdout]    |
[INFO] [stdout] 77 | fn time_reprint(timec: DateTime<Utc>, mut timec_str: String, timec_nano: u32) -> String {
[INFO] [stdout]    |                                           ^^^^^^^^^
[INFO] [stdout]    |
[INFO] [stdout]    = help: maybe it is overwritten before being read?
[INFO] [stdout] 
[INFO] [stdout] 
[INFO] [stdout] warning: unused `std::result::Result` that must be used
[INFO] [stdout]    --> src/main.rs:481:21
[INFO] [stdout]     |
[INFO] [stdout] 481 |                     std::fs::create_dir("./TMPDIR");
[INFO] [stdout]     |                     ^^^^^^^^^^^^^^^^^^^^^^^^^^^^^^^
[INFO] [stdout]     |
[INFO] [stdout]     = note: this `Result` may be an `Err` variant, which should be handled
[INFO] [stdout]     = note: `#[warn(unused_must_use)]` on by default
[INFO] [stdout] help: use `let _ = ...` to ignore the resulting value
[INFO] [stdout]     |
[INFO] [stdout] 481 |                     let _ = std::fs::create_dir("./TMPDIR");
[INFO] [stdout]     |                     +++++++
[INFO] [stdout] 
[INFO] [stdout] 
[INFO] [stdout] warning: unused `std::result::Result` that must be used
[INFO] [stdout]    --> src/main.rs:488:21
[INFO] [stdout]     |
[INFO] [stdout] 488 |                     File::create(&source_file);
[INFO] [stdout]     |                     ^^^^^^^^^^^^^^^^^^^^^^^^^^
[INFO] [stdout]     |
[INFO] [stdout]     = note: this `Result` may be an `Err` variant, which should be handled
[INFO] [stdout] help: use `let _ = ...` to ignore the resulting value
[INFO] [stdout]     |
[INFO] [stdout] 488 |                     let _ = File::create(&source_file);
[INFO] [stdout]     |                     +++++++
[INFO] [stdout] 
[INFO] [stdout] 
[INFO] [stdout] warning: unused `std::result::Result` that must be used
[INFO] [stdout]    --> src/main.rs:489:21
[INFO] [stdout]     |
[INFO] [stdout] 489 |                     File::create(&exe_file);
[INFO] [stdout]     |                     ^^^^^^^^^^^^^^^^^^^^^^^
[INFO] [stdout]     |
[INFO] [stdout]     = note: this `Result` may be an `Err` variant, which should be handled
[INFO] [stdout] help: use `let _ = ...` to ignore the resulting value
[INFO] [stdout]     |
[INFO] [stdout] 489 |                     let _ = File::create(&exe_file);
[INFO] [stdout]     |                     +++++++
[INFO] [stdout] 
[INFO] [stdout] 
[INFO] [stdout] warning: unused `std::result::Result` that must be used
[INFO] [stdout]    --> src/main.rs:490:21
[INFO] [stdout]     |
[INFO] [stdout] 490 |                     fs::write(&source_file,source_code);
[INFO] [stdout]     |                     ^^^^^^^^^^^^^^^^^^^^^^^^^^^^^^^^^^^
[INFO] [stdout]     |
[INFO] [stdout]     = note: this `Result` may be an `Err` variant, which should be handled
[INFO] [stdout] help: use `let _ = ...` to ignore the resulting value
[INFO] [stdout]     |
[INFO] [stdout] 490 |                     let _ = fs::write(&source_file,source_code);
[INFO] [stdout]     |                     +++++++
[INFO] [stdout] 
[INFO] [stdout] 
[INFO] [stdout] warning: unused `std::result::Result` that must be used
[INFO] [stdout]     --> src/main.rs:1403:28
[INFO] [stdout]      |
[INFO] [stdout] 1403 | ...                   std::fs::create_dir("./TMPDIR");
[INFO] [stdout]      |                       ^^^^^^^^^^^^^^^^^^^^^^^^^^^^^^^
[INFO] [stdout]      |
[INFO] [stdout]      = note: this `Result` may be an `Err` variant, which should be handled
[INFO] [stdout] help: use `let _ = ...` to ignore the resulting value
[INFO] [stdout]      |
[INFO] [stdout] 1403 |                            let _ = std::fs::create_dir("./TMPDIR");
[INFO] [stdout]      |                            +++++++
[INFO] [stdout] 
[INFO] [stdout] 
[INFO] [stdout] warning: unused `std::result::Result` that must be used
[INFO] [stdout]     --> src/main.rs:1410:28
[INFO] [stdout]      |
[INFO] [stdout] 1410 | ...                   File::create(&source_file);
[INFO] [stdout]      |                       ^^^^^^^^^^^^^^^^^^^^^^^^^^
[INFO] [stdout]      |
[INFO] [stdout]      = note: this `Result` may be an `Err` variant, which should be handled
[INFO] [stdout] help: use `let _ = ...` to ignore the resulting value
[INFO] [stdout]      |
[INFO] [stdout] 1410 |                            let _ = File::create(&source_file);
[INFO] [stdout]      |                            +++++++
[INFO] [stdout] 
[INFO] [stdout] 
[INFO] [stdout] warning: unused `std::result::Result` that must be used
[INFO] [stdout]     --> src/main.rs:1411:28
[INFO] [stdout]      |
[INFO] [stdout] 1411 | ...                   File::create(&exe_file);
[INFO] [stdout]      |                       ^^^^^^^^^^^^^^^^^^^^^^^
[INFO] [stdout]      |
[INFO] [stdout]      = note: this `Result` may be an `Err` variant, which should be handled
[INFO] [stdout] help: use `let _ = ...` to ignore the resulting value
[INFO] [stdout]      |
[INFO] [stdout] 1411 |                            let _ = File::create(&exe_file);
[INFO] [stdout]      |                            +++++++
[INFO] [stdout] 
[INFO] [stdout] 
[INFO] [stdout] warning: unused `std::result::Result` that must be used
[INFO] [stdout]     --> src/main.rs:1412:28
[INFO] [stdout]      |
[INFO] [stdout] 1412 | ...                   fs::write(&source_file,source_code);
[INFO] [stdout]      |                       ^^^^^^^^^^^^^^^^^^^^^^^^^^^^^^^^^^^
[INFO] [stdout]      |
[INFO] [stdout]      = note: this `Result` may be an `Err` variant, which should be handled
[INFO] [stdout] help: use `let _ = ...` to ignore the resulting value
[INFO] [stdout]      |
[INFO] [stdout] 1412 |                            let _ = fs::write(&source_file,source_code);
[INFO] [stdout]      |                            +++++++
[INFO] [stdout] 
[INFO] [stdout] 
[INFO] [stdout] warning: unused `std::result::Result` that must be used
[INFO] [stdout]     --> src/main.rs:1774:29
[INFO] [stdout]      |
[INFO] [stdout] 1774 | ...                   std::fs::remove_dir_all("./TMPDIR");
[INFO] [stdout]      |                       ^^^^^^^^^^^^^^^^^^^^^^^^^^^^^^^^^^^
[INFO] [stdout]      |
[INFO] [stdout]      = note: this `Result` may be an `Err` variant, which should be handled
[INFO] [stdout] help: use `let _ = ...` to ignore the resulting value
[INFO] [stdout]      |
[INFO] [stdout] 1774 |                             let _ = std::fs::remove_dir_all("./TMPDIR");
[INFO] [stdout]      |                             +++++++
[INFO] [stdout] 
[INFO] [stdout] 
[INFO] [stdout] warning: unused `std::result::Result` that must be used
[INFO] [stdout]     --> src/main.rs:1890:13
[INFO] [stdout]      |
[INFO] [stdout] 1890 |             fs::remove_file("./datafile");
[INFO] [stdout]      |             ^^^^^^^^^^^^^^^^^^^^^^^^^^^^^
[INFO] [stdout]      |
[INFO] [stdout]      = note: this `Result` may be an `Err` variant, which should be handled
[INFO] [stdout] help: use `let _ = ...` to ignore the resulting value
[INFO] [stdout]      |
[INFO] [stdout] 1890 |             let _ = fs::remove_file("./datafile");
[INFO] [stdout]      |             +++++++
[INFO] [stdout] 
[INFO] [stdout] 
[INFO] [stdout] warning: unused `std::result::Result` that must be used
[INFO] [stdout]     --> src/main.rs:1893:13
[INFO] [stdout]      |
[INFO] [stdout] 1893 |             serde_json::to_writer(&mut file, &data_time);          
[INFO] [stdout]      |             ^^^^^^^^^^^^^^^^^^^^^^^^^^^^^^^^^^^^^^^^^^^^
[INFO] [stdout]      |
[INFO] [stdout]      = note: this `Result` may be an `Err` variant, which should be handled
[INFO] [stdout] help: use `let _ = ...` to ignore the resulting value
[INFO] [stdout]      |
[INFO] [stdout] 1893 |             let _ = serde_json::to_writer(&mut file, &data_time);          
[INFO] [stdout]      |             +++++++
[INFO] [stdout] 
[INFO] [stdout] 
[INFO] [stdout] warning: unused `std::result::Result` that must be used
[INFO] [stdout]     --> src/main.rs:1935:9
[INFO] [stdout]      |
[INFO] [stdout] 1935 |         fs::remove_file("./datafile");
[INFO] [stdout]      |         ^^^^^^^^^^^^^^^^^^^^^^^^^^^^^
[INFO] [stdout]      |
[INFO] [stdout]      = note: this `Result` may be an `Err` variant, which should be handled
[INFO] [stdout] help: use `let _ = ...` to ignore the resulting value
[INFO] [stdout]      |
[INFO] [stdout] 1935 |         let _ = fs::remove_file("./datafile");
[INFO] [stdout]      |         +++++++
[INFO] [stdout] 
[INFO] [stdout] 
[INFO] [stdout] warning: unused `std::result::Result` that must be used
[INFO] [stdout]     --> src/main.rs:1938:9
[INFO] [stdout]      |
[INFO] [stdout] 1938 |         serde_json::to_writer(&mut file, &data_time);
[INFO] [stdout]      |         ^^^^^^^^^^^^^^^^^^^^^^^^^^^^^^^^^^^^^^^^^^^^
[INFO] [stdout]      |
[INFO] [stdout]      = note: this `Result` may be an `Err` variant, which should be handled
[INFO] [stdout] help: use `let _ = ...` to ignore the resulting value
[INFO] [stdout]      |
[INFO] [stdout] 1938 |         let _ = serde_json::to_writer(&mut file, &data_time);
[INFO] [stdout]      |         +++++++
[INFO] [stdout] 
[INFO] [stdout] 
[INFO] [stdout] warning: variable `contestId` should have a snake case name
[INFO] [stdout]     --> src/main.rs:2115:25
[INFO] [stdout]      |
[INFO] [stdout] 2115 | async fn get_contest_id(contestId: web::Path<String>) -> impl Responder {
[INFO] [stdout]      |                         ^^^^^^^^^ help: convert the identifier to snake case: `contest_id`
[INFO] [stdout]      |
[INFO] [stdout]      = note: `#[warn(non_snake_case)]` on by default
[INFO] [stdout] 
[INFO] [stdout] 
[INFO] [stdout] warning: variable `contestId` should have a snake case name
[INFO] [stdout]     --> src/main.rs:2150:31
[INFO] [stdout]      |
[INFO] [stdout] 2150 | async fn get_contest_ranklist(contestId: web::Path<String>, web::Query(info):web::Query<ContestRank>, config: web::Data<Config>) -> impl ...
[INFO] [stdout]      |                               ^^^^^^^^^ help: convert the identifier to snake case: `contest_id`
[INFO] [stdout] 
[INFO] [stdout] 
[INFO] [stdout] warning: unused `std::result::Result` that must be used
[INFO] [stdout]     --> src/main.rs:3343:17
[INFO] [stdout]      |
[INFO] [stdout] 3343 |                 fs::remove_file("./datafile");
[INFO] [stdout]      |                 ^^^^^^^^^^^^^^^^^^^^^^^^^^^^^
[INFO] [stdout]      |
[INFO] [stdout]      = note: this `Result` may be an `Err` variant, which should be handled
[INFO] [stdout] help: use `let _ = ...` to ignore the resulting value
[INFO] [stdout]      |
[INFO] [stdout] 3343 |                 let _ = fs::remove_file("./datafile");
[INFO] [stdout]      |                 +++++++
[INFO] [stdout] 
[INFO] [stdout] 
[INFO] [stdout] warning: unused `std::result::Result` that must be used
[INFO] [stdout]     --> src/main.rs:3344:17
[INFO] [stdout]      |
[INFO] [stdout] 3344 |                 File::create("./datafile");
[INFO] [stdout]      |                 ^^^^^^^^^^^^^^^^^^^^^^^^^^
[INFO] [stdout]      |
[INFO] [stdout]      = note: this `Result` may be an `Err` variant, which should be handled
[INFO] [stdout] help: use `let _ = ...` to ignore the resulting value
[INFO] [stdout]      |
[INFO] [stdout] 3344 |                 let _ = File::create("./datafile");
[INFO] [stdout]      |                 +++++++
[INFO] [stdout] 
[INFO] [stdout] 
[INFO] [stdout] warning: unused `std::result::Result` that must be used
[INFO] [stdout]     --> src/main.rs:3393:13
[INFO] [stdout]      |
[INFO] [stdout] 3393 |             File::create("./datafile");
[INFO] [stdout]      |             ^^^^^^^^^^^^^^^^^^^^^^^^^^
[INFO] [stdout]      |
[INFO] [stdout]      = note: this `Result` may be an `Err` variant, which should be handled
[INFO] [stdout] help: use `let _ = ...` to ignore the resulting value
[INFO] [stdout]      |
[INFO] [stdout] 3393 |             let _ = File::create("./datafile");
[INFO] [stdout]      |             +++++++
[INFO] [stdout] 
[INFO] [stdout] 
[INFO] [stdout] warning: unused `std::result::Result` that must be used
[INFO] [stdout]     --> src/main.rs:3407:13
[INFO] [stdout]      |
[INFO] [stdout] 3407 |             serde_json::to_writer(&mut file, &data_time);          
[INFO] [stdout]      |             ^^^^^^^^^^^^^^^^^^^^^^^^^^^^^^^^^^^^^^^^^^^^
[INFO] [stdout]      |
[INFO] [stdout]      = note: this `Result` may be an `Err` variant, which should be handled
[INFO] [stdout] help: use `let _ = ...` to ignore the resulting value
[INFO] [stdout]      |
[INFO] [stdout] 3407 |             let _ = serde_json::to_writer(&mut file, &data_time);          
[INFO] [stdout]      |             +++++++
[INFO] [stdout] 
[INFO] [stdout] 
[INFO] [stdout] warning: unused `std::result::Result` that must be used
[INFO] [stdout]    --> src/main.rs:481:21
[INFO] [stdout]     |
[INFO] [stdout] 481 |                     std::fs::create_dir("./TMPDIR");
[INFO] [stdout]     |                     ^^^^^^^^^^^^^^^^^^^^^^^^^^^^^^^
[INFO] [stdout]     |
[INFO] [stdout]     = note: this `Result` may be an `Err` variant, which should be handled
[INFO] [stdout]     = note: `#[warn(unused_must_use)]` on by default
[INFO] [stdout] help: use `let _ = ...` to ignore the resulting value
[INFO] [stdout]     |
[INFO] [stdout] 481 |                     let _ = std::fs::create_dir("./TMPDIR");
[INFO] [stdout]     |                     +++++++
[INFO] [stdout] 
[INFO] [stdout] 
[INFO] [stdout] warning: unused `std::result::Result` that must be used
[INFO] [stdout]    --> src/main.rs:488:21
[INFO] [stdout]     |
[INFO] [stdout] 488 |                     File::create(&source_file);
[INFO] [stdout]     |                     ^^^^^^^^^^^^^^^^^^^^^^^^^^
[INFO] [stdout]     |
[INFO] [stdout]     = note: this `Result` may be an `Err` variant, which should be handled
[INFO] [stdout] help: use `let _ = ...` to ignore the resulting value
[INFO] [stdout]     |
[INFO] [stdout] 488 |                     let _ = File::create(&source_file);
[INFO] [stdout]     |                     +++++++
[INFO] [stdout] 
[INFO] [stdout] 
[INFO] [stdout] warning: unused `std::result::Result` that must be used
[INFO] [stdout]    --> src/main.rs:489:21
[INFO] [stdout]     |
[INFO] [stdout] 489 |                     File::create(&exe_file);
[INFO] [stdout]     |                     ^^^^^^^^^^^^^^^^^^^^^^^
[INFO] [stdout]     |
[INFO] [stdout]     = note: this `Result` may be an `Err` variant, which should be handled
[INFO] [stdout] help: use `let _ = ...` to ignore the resulting value
[INFO] [stdout]     |
[INFO] [stdout] 489 |                     let _ = File::create(&exe_file);
[INFO] [stdout]     |                     +++++++
[INFO] [stdout] 
[INFO] [stdout] 
[INFO] [stdout] warning: unused `std::result::Result` that must be used
[INFO] [stdout]    --> src/main.rs:490:21
[INFO] [stdout]     |
[INFO] [stdout] 490 |                     fs::write(&source_file,source_code);
[INFO] [stdout]     |                     ^^^^^^^^^^^^^^^^^^^^^^^^^^^^^^^^^^^
[INFO] [stdout]     |
[INFO] [stdout]     = note: this `Result` may be an `Err` variant, which should be handled
[INFO] [stdout] help: use `let _ = ...` to ignore the resulting value
[INFO] [stdout]     |
[INFO] [stdout] 490 |                     let _ = fs::write(&source_file,source_code);
[INFO] [stdout]     |                     +++++++
[INFO] [stdout] 
[INFO] [stdout] 
[INFO] [stdout] warning: unused `std::result::Result` that must be used
[INFO] [stdout]     --> src/main.rs:1403:28
[INFO] [stdout]      |
[INFO] [stdout] 1403 | ...                   std::fs::create_dir("./TMPDIR");
[INFO] [stdout]      |                       ^^^^^^^^^^^^^^^^^^^^^^^^^^^^^^^
[INFO] [stdout]      |
[INFO] [stdout]      = note: this `Result` may be an `Err` variant, which should be handled
[INFO] [stdout] help: use `let _ = ...` to ignore the resulting value
[INFO] [stdout]      |
[INFO] [stdout] 1403 |                            let _ = std::fs::create_dir("./TMPDIR");
[INFO] [stdout]      |                            +++++++
[INFO] [stdout] 
[INFO] [stdout] 
[INFO] [stdout] warning: unused `std::result::Result` that must be used
[INFO] [stdout]     --> src/main.rs:1410:28
[INFO] [stdout]      |
[INFO] [stdout] 1410 | ...                   File::create(&source_file);
[INFO] [stdout]      |                       ^^^^^^^^^^^^^^^^^^^^^^^^^^
[INFO] [stdout]      |
[INFO] [stdout]      = note: this `Result` may be an `Err` variant, which should be handled
[INFO] [stdout] help: use `let _ = ...` to ignore the resulting value
[INFO] [stdout]      |
[INFO] [stdout] 1410 |                            let _ = File::create(&source_file);
[INFO] [stdout]      |                            +++++++
[INFO] [stdout] 
[INFO] [stdout] 
[INFO] [stdout] warning: unused `std::result::Result` that must be used
[INFO] [stdout]     --> src/main.rs:1411:28
[INFO] [stdout]      |
[INFO] [stdout] 1411 | ...                   File::create(&exe_file);
[INFO] [stdout]      |                       ^^^^^^^^^^^^^^^^^^^^^^^
[INFO] [stdout]      |
[INFO] [stdout]      = note: this `Result` may be an `Err` variant, which should be handled
[INFO] [stdout] help: use `let _ = ...` to ignore the resulting value
[INFO] [stdout]      |
[INFO] [stdout] 1411 |                            let _ = File::create(&exe_file);
[INFO] [stdout]      |                            +++++++
[INFO] [stdout] 
[INFO] [stdout] 
[INFO] [stdout] warning: unused `std::result::Result` that must be used
[INFO] [stdout]     --> src/main.rs:1412:28
[INFO] [stdout]      |
[INFO] [stdout] 1412 | ...                   fs::write(&source_file,source_code);
[INFO] [stdout]      |                       ^^^^^^^^^^^^^^^^^^^^^^^^^^^^^^^^^^^
[INFO] [stdout]      |
[INFO] [stdout]      = note: this `Result` may be an `Err` variant, which should be handled
[INFO] [stdout] help: use `let _ = ...` to ignore the resulting value
[INFO] [stdout]      |
[INFO] [stdout] 1412 |                            let _ = fs::write(&source_file,source_code);
[INFO] [stdout]      |                            +++++++
[INFO] [stdout] 
[INFO] [stdout] 
[INFO] [stdout] warning: unused `std::result::Result` that must be used
[INFO] [stdout]     --> src/main.rs:1774:29
[INFO] [stdout]      |
[INFO] [stdout] 1774 | ...                   std::fs::remove_dir_all("./TMPDIR");
[INFO] [stdout]      |                       ^^^^^^^^^^^^^^^^^^^^^^^^^^^^^^^^^^^
[INFO] [stdout]      |
[INFO] [stdout]      = note: this `Result` may be an `Err` variant, which should be handled
[INFO] [stdout] help: use `let _ = ...` to ignore the resulting value
[INFO] [stdout]      |
[INFO] [stdout] 1774 |                             let _ = std::fs::remove_dir_all("./TMPDIR");
[INFO] [stdout]      |                             +++++++
[INFO] [stdout] 
[INFO] [stdout] 
[INFO] [stdout] warning: unused `std::result::Result` that must be used
[INFO] [stdout]     --> src/main.rs:1890:13
[INFO] [stdout]      |
[INFO] [stdout] 1890 |             fs::remove_file("./datafile");
[INFO] [stdout]      |             ^^^^^^^^^^^^^^^^^^^^^^^^^^^^^
[INFO] [stdout]      |
[INFO] [stdout]      = note: this `Result` may be an `Err` variant, which should be handled
[INFO] [stdout] help: use `let _ = ...` to ignore the resulting value
[INFO] [stdout]      |
[INFO] [stdout] 1890 |             let _ = fs::remove_file("./datafile");
[INFO] [stdout]      |             +++++++
[INFO] [stdout] 
[INFO] [stdout] 
[INFO] [stdout] warning: unused `std::result::Result` that must be used
[INFO] [stdout]     --> src/main.rs:1893:13
[INFO] [stdout]      |
[INFO] [stdout] 1893 |             serde_json::to_writer(&mut file, &data_time);          
[INFO] [stdout]      |             ^^^^^^^^^^^^^^^^^^^^^^^^^^^^^^^^^^^^^^^^^^^^
[INFO] [stdout]      |
[INFO] [stdout]      = note: this `Result` may be an `Err` variant, which should be handled
[INFO] [stdout] help: use `let _ = ...` to ignore the resulting value
[INFO] [stdout]      |
[INFO] [stdout] 1893 |             let _ = serde_json::to_writer(&mut file, &data_time);          
[INFO] [stdout]      |             +++++++
[INFO] [stdout] 
[INFO] [stdout] 
[INFO] [stdout] warning: unused `std::result::Result` that must be used
[INFO] [stdout]     --> src/main.rs:1935:9
[INFO] [stdout]      |
[INFO] [stdout] 1935 |         fs::remove_file("./datafile");
[INFO] [stdout]      |         ^^^^^^^^^^^^^^^^^^^^^^^^^^^^^
[INFO] [stdout]      |
[INFO] [stdout]      = note: this `Result` may be an `Err` variant, which should be handled
[INFO] [stdout] help: use `let _ = ...` to ignore the resulting value
[INFO] [stdout]      |
[INFO] [stdout] 1935 |         let _ = fs::remove_file("./datafile");
[INFO] [stdout]      |         +++++++
[INFO] [stdout] 
[INFO] [stdout] 
[INFO] [stdout] warning: unused `std::result::Result` that must be used
[INFO] [stdout]     --> src/main.rs:1938:9
[INFO] [stdout]      |
[INFO] [stdout] 1938 |         serde_json::to_writer(&mut file, &data_time);
[INFO] [stdout]      |         ^^^^^^^^^^^^^^^^^^^^^^^^^^^^^^^^^^^^^^^^^^^^
[INFO] [stdout]      |
[INFO] [stdout]      = note: this `Result` may be an `Err` variant, which should be handled
[INFO] [stdout] help: use `let _ = ...` to ignore the resulting value
[INFO] [stdout]      |
[INFO] [stdout] 1938 |         let _ = serde_json::to_writer(&mut file, &data_time);
[INFO] [stdout]      |         +++++++
[INFO] [stdout] 
[INFO] [stdout] 
[INFO] [stdout] warning: variable `contestId` should have a snake case name
[INFO] [stdout]     --> src/main.rs:2115:25
[INFO] [stdout]      |
[INFO] [stdout] 2115 | async fn get_contest_id(contestId: web::Path<String>) -> impl Responder {
[INFO] [stdout]      |                         ^^^^^^^^^ help: convert the identifier to snake case: `contest_id`
[INFO] [stdout]      |
[INFO] [stdout]      = note: `#[warn(non_snake_case)]` on by default
[INFO] [stdout] 
[INFO] [stdout] 
[INFO] [stdout] warning: variable `contestId` should have a snake case name
[INFO] [stdout]     --> src/main.rs:2150:31
[INFO] [stdout]      |
[INFO] [stdout] 2150 | async fn get_contest_ranklist(contestId: web::Path<String>, web::Query(info):web::Query<ContestRank>, config: web::Data<Config>) -> impl ...
[INFO] [stdout]      |                               ^^^^^^^^^ help: convert the identifier to snake case: `contest_id`
[INFO] [stdout] 
[INFO] [stdout] 
[INFO] [stdout] warning: unused `std::result::Result` that must be used
[INFO] [stdout]     --> src/main.rs:3343:17
[INFO] [stdout]      |
[INFO] [stdout] 3343 |                 fs::remove_file("./datafile");
[INFO] [stdout]      |                 ^^^^^^^^^^^^^^^^^^^^^^^^^^^^^
[INFO] [stdout]      |
[INFO] [stdout]      = note: this `Result` may be an `Err` variant, which should be handled
[INFO] [stdout] help: use `let _ = ...` to ignore the resulting value
[INFO] [stdout]      |
[INFO] [stdout] 3343 |                 let _ = fs::remove_file("./datafile");
[INFO] [stdout]      |                 +++++++
[INFO] [stdout] 
[INFO] [stdout] 
[INFO] [stdout] warning: unused `std::result::Result` that must be used
[INFO] [stdout]     --> src/main.rs:3344:17
[INFO] [stdout]      |
[INFO] [stdout] 3344 |                 File::create("./datafile");
[INFO] [stdout]      |                 ^^^^^^^^^^^^^^^^^^^^^^^^^^
[INFO] [stdout]      |
[INFO] [stdout]      = note: this `Result` may be an `Err` variant, which should be handled
[INFO] [stdout] help: use `let _ = ...` to ignore the resulting value
[INFO] [stdout]      |
[INFO] [stdout] 3344 |                 let _ = File::create("./datafile");
[INFO] [stdout]      |                 +++++++
[INFO] [stdout] 
[INFO] [stdout] 
[INFO] [stdout] warning: unused `std::result::Result` that must be used
[INFO] [stdout]     --> src/main.rs:3393:13
[INFO] [stdout]      |
[INFO] [stdout] 3393 |             File::create("./datafile");
[INFO] [stdout]      |             ^^^^^^^^^^^^^^^^^^^^^^^^^^
[INFO] [stdout]      |
[INFO] [stdout]      = note: this `Result` may be an `Err` variant, which should be handled
[INFO] [stdout] help: use `let _ = ...` to ignore the resulting value
[INFO] [stdout]      |
[INFO] [stdout] 3393 |             let _ = File::create("./datafile");
[INFO] [stdout]      |             +++++++
[INFO] [stdout] 
[INFO] [stdout] 
[INFO] [stdout] warning: unused `std::result::Result` that must be used
[INFO] [stdout]     --> src/main.rs:3407:13
[INFO] [stdout]      |
[INFO] [stdout] 3407 |             serde_json::to_writer(&mut file, &data_time);          
[INFO] [stdout]      |             ^^^^^^^^^^^^^^^^^^^^^^^^^^^^^^^^^^^^^^^^^^^^
[INFO] [stdout]      |
[INFO] [stdout]      = note: this `Result` may be an `Err` variant, which should be handled
[INFO] [stdout] help: use `let _ = ...` to ignore the resulting value
[INFO] [stdout]      |
[INFO] [stdout] 3407 |             let _ = serde_json::to_writer(&mut file, &data_time);          
[INFO] [stdout]      |             +++++++
[INFO] [stdout] 
[INFO] [stdout] 
[INFO] [stderr]     Finished `test` profile [unoptimized + debuginfo] target(s) in 54.59s
[INFO] running `Command { std: "docker" "inspect" "c490b8bb041d6fd3591615afbfa3b0711f46e6ff92dc2fefe990190690284980", kill_on_drop: false }`
[INFO] running `Command { std: "docker" "rm" "-f" "c490b8bb041d6fd3591615afbfa3b0711f46e6ff92dc2fefe990190690284980", kill_on_drop: false }`
[INFO] [stdout] c490b8bb041d6fd3591615afbfa3b0711f46e6ff92dc2fefe990190690284980
[INFO] running `Command { std: "docker" "create" "-v" "/var/lib/crater-agent-workspace/builds/worker-2-tc1/target:/opt/rustwide/target:rw,Z" "-v" "/var/lib/crater-agent-workspace/builds/worker-2-tc1/source:/opt/rustwide/workdir:ro,Z" "-v" "/var/lib/crater-agent-workspace/cargo-home:/opt/rustwide/cargo-home:ro,Z" "-v" "/var/lib/crater-agent-workspace/rustup-home:/opt/rustwide/rustup-home:ro,Z" "-e" "SOURCE_DIR=/opt/rustwide/workdir" "-e" "CARGO_TARGET_DIR=/opt/rustwide/target" "-e" "CARGO_INCREMENTAL=0" "-e" "RUST_BACKTRACE=full" "-e" "RUSTFLAGS=--cap-lints=warn" "-e" "RUSTDOCFLAGS=--cap-lints=warn" "-e" "CARGO_HOME=/opt/rustwide/cargo-home" "-e" "RUSTUP_HOME=/opt/rustwide/rustup-home" "-w" "/opt/rustwide/workdir" "-m" "1610612736" "--user" "0:0" "--network" "none" "ghcr.io/rust-lang/crates-build-env/linux@sha256:f3a9d4ad9d972b27faf3965f35b62e55ba32bbce8f20bc8fe909558a86702fde" "/opt/rustwide/cargo-home/bin/cargo" "+1.83.0" "test" "--frozen", kill_on_drop: false }`
[INFO] [stdout] 06e71eb1353ec2d7b5cd97b99d83ba857da8d80226e162a5cdf1456d1aa64442
[INFO] running `Command { std: "docker" "start" "-a" "06e71eb1353ec2d7b5cd97b99d83ba857da8d80226e162a5cdf1456d1aa64442", kill_on_drop: false }`
[INFO] [stderr] warning: unused import: `collections::HashMap`
[INFO] [stderr]  --> src/main.rs:1:11
[INFO] [stderr]   |
[INFO] [stderr] 1 | use std::{collections::HashMap, fs::{File, self}, process::Stdio, time::{Duration, Instant}, io::{BufReader, BufRead}};
[INFO] [stderr]   |           ^^^^^^^^^^^^^^^^^^^^
[INFO] [stderr]   |
[INFO] [stderr]   = note: `#[warn(unused_imports)]` on by default
[INFO] [stderr] 
[INFO] [stderr] warning: unused import: `serde_derive::*`
[INFO] [stderr]  --> src/main.rs:9:5
[INFO] [stderr]   |
[INFO] [stderr] 9 | use serde_derive::*;
[INFO] [stderr]   |     ^^^^^^^^^^^^^^^
[INFO] [stderr] 
[INFO] [stderr] warning: unused import: `serde_json::*`
[INFO] [stderr]   --> src/main.rs:10:5
[INFO] [stderr]    |
[INFO] [stderr] 10 | use serde_json::*;
[INFO] [stderr]    |     ^^^^^^^^^^^^^
[INFO] [stderr] 
[INFO] [stderr] warning: variant `standard` should have an upper camel case name
[INFO] [stderr]    --> src/main.rs:170:5
[INFO] [stderr]     |
[INFO] [stderr] 170 |     standard,
[INFO] [stderr]     |     ^^^^^^^^ help: convert the identifier to upper camel case (notice the capitalization): `Standard`
[INFO] [stderr]     |
[INFO] [stderr]     = note: `#[warn(non_camel_case_types)]` on by default
[INFO] [stderr] 
[INFO] [stderr] warning: variant `strict` should have an upper camel case name
[INFO] [stderr]    --> src/main.rs:171:5
[INFO] [stderr]     |
[INFO] [stderr] 171 |     strict,
[INFO] [stderr]     |     ^^^^^^ help: convert the identifier to upper camel case (notice the capitalization): `Strict`
[INFO] [stderr] 
[INFO] [stderr] warning: variant `spj` should have an upper camel case name
[INFO] [stderr]    --> src/main.rs:172:5
[INFO] [stderr]     |
[INFO] [stderr] 172 |     spj,
[INFO] [stderr]     |     ^^^ help: convert the identifier to upper camel case (notice the capitalization): `Spj`
[INFO] [stderr] 
[INFO] [stderr] warning: variant `dynamic_ranking` should have an upper camel case name
[INFO] [stderr]    --> src/main.rs:173:5
[INFO] [stderr]     |
[INFO] [stderr] 173 |     dynamic_ranking,
[INFO] [stderr]     |     ^^^^^^^^^^^^^^^ help: convert the identifier to upper camel case: `DynamicRanking`
[INFO] [stderr] 
[INFO] [stderr] warning: variant `latest` should have an upper camel case name
[INFO] [stderr]    --> src/main.rs:283:5
[INFO] [stderr]     |
[INFO] [stderr] 283 |     latest,
[INFO] [stderr]     |     ^^^^^^ help: convert the identifier to upper camel case: `Latest`
[INFO] [stderr] 
[INFO] [stderr] warning: variant `highest` should have an upper camel case name
[INFO] [stderr]    --> src/main.rs:284:5
[INFO] [stderr]     |
[INFO] [stderr] 284 |     highest,
[INFO] [stderr]     |     ^^^^^^^ help: convert the identifier to upper camel case: `Highest`
[INFO] [stderr] 
[INFO] [stderr] warning: variant `submission_time` should have an upper camel case name
[INFO] [stderr]    --> src/main.rs:289:5
[INFO] [stderr]     |
[INFO] [stderr] 289 |     submission_time,
[INFO] [stderr]     |     ^^^^^^^^^^^^^^^ help: convert the identifier to upper camel case: `SubmissionTime`
[INFO] [stderr] 
[INFO] [stderr] warning: variant `submission_count` should have an upper camel case name
[INFO] [stderr]    --> src/main.rs:290:5
[INFO] [stderr]     |
[INFO] [stderr] 290 |     submission_count,
[INFO] [stderr]     |     ^^^^^^^^^^^^^^^^ help: convert the identifier to upper camel case: `SubmissionCount`
[INFO] [stderr] 
[INFO] [stderr] warning: variant `user_id` should have an upper camel case name
[INFO] [stderr]    --> src/main.rs:291:5
[INFO] [stderr]     |
[INFO] [stderr] 291 |     user_id,
[INFO] [stderr]     |     ^^^^^^^ help: convert the identifier to upper camel case: `UserId`
[INFO] [stderr] 
[INFO] [stderr] warning: unused variable: `test_cmd`
[INFO] [stderr]    --> src/main.rs:575:33
[INFO] [stderr]     |
[INFO] [stderr] 575 | ...                   let test_cmd = Command::new(&exe_file)
[INFO] [stderr]     |                           ^^^^^^^^ help: if this is intentional, prefix it with an underscore: `_test_cmd`
[INFO] [stderr]     |
[INFO] [stderr]     = note: `#[warn(unused_variables)]` on by default
[INFO] [stderr] 
[INFO] [stderr] warning: value assigned to `score_timecase` is never read
[INFO] [stderr]     --> src/main.rs:2207:57
[INFO] [stderr]      |
[INFO] [stderr] 2207 | ...                   let mut score_timecase = 0.0;
[INFO] [stderr]      |                               ^^^^^^^^^^^^^^
[INFO] [stderr]      |
[INFO] [stderr]      = help: maybe it is overwritten before being read?
[INFO] [stderr]      = note: `#[warn(unused_assignments)]` on by default
[INFO] [stderr] 
[INFO] [stderr] warning: value assigned to `score_timecase` is never read
[INFO] [stderr]     --> src/main.rs:2304:61
[INFO] [stderr]      |
[INFO] [stderr] 2304 | ...                   let mut score_timecase = 0.0;
[INFO] [stderr]      |                               ^^^^^^^^^^^^^^
[INFO] [stderr]      |
[INFO] [stderr]      = help: maybe it is overwritten before being read?
[INFO] [stderr] 
[INFO] [stderr] warning: value assigned to `score_timecase` is never read
[INFO] [stderr]     --> src/main.rs:2420:49
[INFO] [stderr]      |
[INFO] [stderr] 2420 | ...                   let mut score_timecase = 0.0;
[INFO] [stderr]      |                               ^^^^^^^^^^^^^^
[INFO] [stderr]      |
[INFO] [stderr]      = help: maybe it is overwritten before being read?
[INFO] [stderr] 
[INFO] [stderr] warning: value assigned to `max_score` is never read
[INFO] [stderr]     --> src/main.rs:2532:29
[INFO] [stderr]      |
[INFO] [stderr] 2532 |                     let mut max_score = 0.0;
[INFO] [stderr]      |                             ^^^^^^^^^
[INFO] [stderr]      |
[INFO] [stderr]      = help: maybe it is overwritten before being read?
[INFO] [stderr] 
[INFO] [stderr] warning: value assigned to `max_score` is never read
[INFO] [stderr]     --> src/main.rs:2600:29
[INFO] [stderr]      |
[INFO] [stderr] 2600 |                     let mut max_score = 0.0;
[INFO] [stderr]      |                             ^^^^^^^^^
[INFO] [stderr]      |
[INFO] [stderr]      = help: maybe it is overwritten before being read?
[INFO] [stderr] 
[INFO] [stderr] warning: value assigned to `markd` is never read
[INFO] [stderr]     --> src/main.rs:2650:33
[INFO] [stderr]      |
[INFO] [stderr] 2650 |                         let mut markd: bool = false;
[INFO] [stderr]      |                                 ^^^^^
[INFO] [stderr]      |
[INFO] [stderr]      = help: maybe it is overwritten before being read?
[INFO] [stderr] 
[INFO] [stderr] warning: value assigned to `cid` is never read
[INFO] [stderr]     --> src/main.rs:2718:29
[INFO] [stderr]      |
[INFO] [stderr] 2718 |                     let mut cid = 0;
[INFO] [stderr]      |                             ^^^
[INFO] [stderr]      |
[INFO] [stderr]      = help: maybe it is overwritten before being read?
[INFO] [stderr] 
[INFO] [stderr] warning: value assigned to `max_score` is never read
[INFO] [stderr]     --> src/main.rs:2720:29
[INFO] [stderr]      |
[INFO] [stderr] 2720 |                     let mut max_score = 0.0;
[INFO] [stderr]      |                             ^^^^^^^^^
[INFO] [stderr]      |
[INFO] [stderr]      = help: maybe it is overwritten before being read?
[INFO] [stderr] 
[INFO] [stderr] warning: value assigned to `cid` is never read
[INFO] [stderr]     --> src/main.rs:2757:29
[INFO] [stderr]      |
[INFO] [stderr] 2757 |                     let mut cid = 0;
[INFO] [stderr]      |                             ^^^
[INFO] [stderr]      |
[INFO] [stderr]      = help: maybe it is overwritten before being read?
[INFO] [stderr] 
[INFO] [stderr] warning: value assigned to `max_score` is never read
[INFO] [stderr]     --> src/main.rs:2759:29
[INFO] [stderr]      |
[INFO] [stderr] 2759 |                     let mut max_score = 0.0;
[INFO] [stderr]      |                             ^^^^^^^^^
[INFO] [stderr]      |
[INFO] [stderr]      = help: maybe it is overwritten before being read?
[INFO] [stderr] 
[INFO] [stderr] warning: value assigned to `max_score` is never read
[INFO] [stderr]     --> src/main.rs:2985:29
[INFO] [stderr]      |
[INFO] [stderr] 2985 |                     let mut max_score = 0.0;
[INFO] [stderr]      |                             ^^^^^^^^^
[INFO] [stderr]      |
[INFO] [stderr]      = help: maybe it is overwritten before being read?
[INFO] [stderr] 
[INFO] [stderr] warning: value assigned to `max_score` is never read
[INFO] [stderr]     --> src/main.rs:3055:29
[INFO] [stderr]      |
[INFO] [stderr] 3055 |                     let mut max_score = 0.0;
[INFO] [stderr]      |                             ^^^^^^^^^
[INFO] [stderr]      |
[INFO] [stderr]      = help: maybe it is overwritten before being read?
[INFO] [stderr] 
[INFO] [stderr] warning: value assigned to `markd` is never read
[INFO] [stderr]     --> src/main.rs:3104:33
[INFO] [stderr]      |
[INFO] [stderr] 3104 |                         let mut markd: bool = false;
[INFO] [stderr]      |                                 ^^^^^
[INFO] [stderr]      |
[INFO] [stderr]      = help: maybe it is overwritten before being read?
[INFO] [stderr] 
[INFO] [stderr] warning: value assigned to `cid` is never read
[INFO] [stderr]     --> src/main.rs:3173:29
[INFO] [stderr]      |
[INFO] [stderr] 3173 |                     let mut cid = 0;
[INFO] [stderr]      |                             ^^^
[INFO] [stderr]      |
[INFO] [stderr]      = help: maybe it is overwritten before being read?
[INFO] [stderr] 
[INFO] [stderr] warning: value assigned to `max_score` is never read
[INFO] [stderr]     --> src/main.rs:3175:29
[INFO] [stderr]      |
[INFO] [stderr] 3175 |                     let mut max_score = 0.0;
[INFO] [stderr]      |                             ^^^^^^^^^
[INFO] [stderr]      |
[INFO] [stderr]      = help: maybe it is overwritten before being read?
[INFO] [stderr] 
[INFO] [stderr] warning: value assigned to `cid` is never read
[INFO] [stderr]     --> src/main.rs:3208:29
[INFO] [stderr]      |
[INFO] [stderr] 3208 |                     let mut cid = 0;
[INFO] [stderr]      |                             ^^^
[INFO] [stderr]      |
[INFO] [stderr]      = help: maybe it is overwritten before being read?
[INFO] [stderr] 
[INFO] [stderr] warning: value assigned to `max_score` is never read
[INFO] [stderr]     --> src/main.rs:3210:29
[INFO] [stderr]      |
[INFO] [stderr] 3210 |                     let mut max_score = 0.0;
[INFO] [stderr]      |                             ^^^^^^^^^
[INFO] [stderr]      |
[INFO] [stderr]      = help: maybe it is overwritten before being read?
[INFO] [stderr] 
[INFO] [stderr] warning: unused import: `clap`
[INFO] [stderr]   --> src/main.rs:11:5
[INFO] [stderr]    |
[INFO] [stderr] 11 | use clap::*;
[INFO] [stderr]    |     ^^^^
[INFO] [stderr] 
[INFO] [stderr] warning: value passed to `timec_str` is never read
[INFO] [stderr]   --> src/main.rs:77:43
[INFO] [stderr]    |
[INFO] [stderr] 77 | fn time_reprint(timec: DateTime<Utc>, mut timec_str: String, timec_nano: u32) -> String {
[INFO] [stderr]    |                                           ^^^^^^^^^
[INFO] [stderr]    |
[INFO] [stderr]    = help: maybe it is overwritten before being read?
[INFO] [stderr] 
[INFO] [stderr] warning: unused `std::result::Result` that must be used
[INFO] [stderr]    --> src/main.rs:481:21
[INFO] [stderr]     |
[INFO] [stderr] 481 |                     std::fs::create_dir("./TMPDIR");
[INFO] [stderr]     |                     ^^^^^^^^^^^^^^^^^^^^^^^^^^^^^^^
[INFO] [stderr]     |
[INFO] [stderr]     = note: this `Result` may be an `Err` variant, which should be handled
[INFO] [stderr]     = note: `#[warn(unused_must_use)]` on by default
[INFO] [stderr] help: use `let _ = ...` to ignore the resulting value
[INFO] [stderr]     |
[INFO] [stderr] 481 |                     let _ = std::fs::create_dir("./TMPDIR");
[INFO] [stderr]     |                     +++++++
[INFO] [stderr] 
[INFO] [stderr] warning: unused `std::result::Result` that must be used
[INFO] [stderr]    --> src/main.rs:488:21
[INFO] [stderr]     |
[INFO] [stderr] 488 |                     File::create(&source_file);
[INFO] [stderr]     |                     ^^^^^^^^^^^^^^^^^^^^^^^^^^
[INFO] [stderr]     |
[INFO] [stderr]     = note: this `Result` may be an `Err` variant, which should be handled
[INFO] [stderr] help: use `let _ = ...` to ignore the resulting value
[INFO] [stderr]     |
[INFO] [stderr] 488 |                     let _ = File::create(&source_file);
[INFO] [stderr]     |                     +++++++
[INFO] [stderr] 
[INFO] [stderr] warning: unused `std::result::Result` that must be used
[INFO] [stderr]    --> src/main.rs:489:21
[INFO] [stderr]     |
[INFO] [stderr] 489 |                     File::create(&exe_file);
[INFO] [stderr]     |                     ^^^^^^^^^^^^^^^^^^^^^^^
[INFO] [stderr]     |
[INFO] [stderr]     = note: this `Result` may be an `Err` variant, which should be handled
[INFO] [stderr] help: use `let _ = ...` to ignore the resulting value
[INFO] [stderr]     |
[INFO] [stderr] 489 |                     let _ = File::create(&exe_file);
[INFO] [stderr]     |                     +++++++
[INFO] [stderr] 
[INFO] [stderr] warning: unused `std::result::Result` that must be used
[INFO] [stderr]    --> src/main.rs:490:21
[INFO] [stderr]     |
[INFO] [stderr] 490 |                     fs::write(&source_file,source_code);
[INFO] [stderr]     |                     ^^^^^^^^^^^^^^^^^^^^^^^^^^^^^^^^^^^
[INFO] [stderr]     |
[INFO] [stderr]     = note: this `Result` may be an `Err` variant, which should be handled
[INFO] [stderr] help: use `let _ = ...` to ignore the resulting value
[INFO] [stderr]     |
[INFO] [stderr] 490 |                     let _ = fs::write(&source_file,source_code);
[INFO] [stderr]     |                     +++++++
[INFO] [stderr] 
[INFO] [stderr] warning: unused `std::result::Result` that must be used
[INFO] [stderr]     --> src/main.rs:1403:28
[INFO] [stderr]      |
[INFO] [stderr] 1403 | ...                   std::fs::create_dir("./TMPDIR");
[INFO] [stderr]      |                       ^^^^^^^^^^^^^^^^^^^^^^^^^^^^^^^
[INFO] [stderr]      |
[INFO] [stderr]      = note: this `Result` may be an `Err` variant, which should be handled
[INFO] [stderr] help: use `let _ = ...` to ignore the resulting value
[INFO] [stderr]      |
[INFO] [stderr] 1403 |                            let _ = std::fs::create_dir("./TMPDIR");
[INFO] [stderr]      |                            +++++++
[INFO] [stderr] 
[INFO] [stderr] warning: unused `std::result::Result` that must be used
[INFO] [stderr]     --> src/main.rs:1410:28
[INFO] [stderr]      |
[INFO] [stderr] 1410 | ...                   File::create(&source_file);
[INFO] [stderr]      |                       ^^^^^^^^^^^^^^^^^^^^^^^^^^
[INFO] [stderr]      |
[INFO] [stderr]      = note: this `Result` may be an `Err` variant, which should be handled
[INFO] [stderr] help: use `let _ = ...` to ignore the resulting value
[INFO] [stderr]      |
[INFO] [stderr] 1410 |                            let _ = File::create(&source_file);
[INFO] [stderr]      |                            +++++++
[INFO] [stderr] 
[INFO] [stderr] warning: unused `std::result::Result` that must be used
[INFO] [stderr]     --> src/main.rs:1411:28
[INFO] [stderr]      |
[INFO] [stderr] 1411 | ...                   File::create(&exe_file);
[INFO] [stderr]      |                       ^^^^^^^^^^^^^^^^^^^^^^^
[INFO] [stderr]      |
[INFO] [stderr]      = note: this `Result` may be an `Err` variant, which should be handled
[INFO] [stderr] help: use `let _ = ...` to ignore the resulting value
[INFO] [stderr]      |
[INFO] [stderr] 1411 |                            let _ = File::create(&exe_file);
[INFO] [stderr]      |                            +++++++
[INFO] [stderr] 
[INFO] [stderr] warning: unused `std::result::Result` that must be used
[INFO] [stderr]     --> src/main.rs:1412:28
[INFO] [stderr]      |
[INFO] [stderr] 1412 | ...                   fs::write(&source_file,source_code);
[INFO] [stderr]      |                       ^^^^^^^^^^^^^^^^^^^^^^^^^^^^^^^^^^^
[INFO] [stderr]      |
[INFO] [stderr]      = note: this `Result` may be an `Err` variant, which should be handled
[INFO] [stderr] help: use `let _ = ...` to ignore the resulting value
[INFO] [stderr]      |
[INFO] [stderr] 1412 |                            let _ = fs::write(&source_file,source_code);
[INFO] [stderr]      |                            +++++++
[INFO] [stderr] 
[INFO] [stderr] warning: unused `std::result::Result` that must be used
[INFO] [stderr]     --> src/main.rs:1774:29
[INFO] [stderr]      |
[INFO] [stderr] 1774 | ...                   std::fs::remove_dir_all("./TMPDIR");
[INFO] [stderr]      |                       ^^^^^^^^^^^^^^^^^^^^^^^^^^^^^^^^^^^
[INFO] [stderr]      |
[INFO] [stderr]      = note: this `Result` may be an `Err` variant, which should be handled
[INFO] [stderr] help: use `let _ = ...` to ignore the resulting value
[INFO] [stderr]      |
[INFO] [stderr] 1774 |                             let _ = std::fs::remove_dir_all("./TMPDIR");
[INFO] [stderr]      |                             +++++++
[INFO] [stderr] 
[INFO] [stderr] warning: unused `std::result::Result` that must be used
[INFO] [stderr]     --> src/main.rs:1890:13
[INFO] [stderr]      |
[INFO] [stderr] 1890 |             fs::remove_file("./datafile");
[INFO] [stderr]      |             ^^^^^^^^^^^^^^^^^^^^^^^^^^^^^
[INFO] [stderr]      |
[INFO] [stderr]      = note: this `Result` may be an `Err` variant, which should be handled
[INFO] [stderr] help: use `let _ = ...` to ignore the resulting value
[INFO] [stderr]      |
[INFO] [stderr] 1890 |             let _ = fs::remove_file("./datafile");
[INFO] [stderr]      |             +++++++
[INFO] [stderr] 
[INFO] [stderr] warning: unused `std::result::Result` that must be used
[INFO] [stderr]     --> src/main.rs:1893:13
[INFO] [stderr]      |
[INFO] [stderr] 1893 |             serde_json::to_writer(&mut file, &data_time);          
[INFO] [stderr]      |             ^^^^^^^^^^^^^^^^^^^^^^^^^^^^^^^^^^^^^^^^^^^^
[INFO] [stderr]      |
[INFO] [stderr]      = note: this `Result` may be an `Err` variant, which should be handled
[INFO] [stderr] help: use `let _ = ...` to ignore the resulting value
[INFO] [stderr]      |
[INFO] [stderr] 1893 |             let _ = serde_json::to_writer(&mut file, &data_time);          
[INFO] [stderr]      |             +++++++
[INFO] [stderr] 
[INFO] [stderr] warning: unused `std::result::Result` that must be used
[INFO] [stderr]     --> src/main.rs:1935:9
[INFO] [stderr]      |
[INFO] [stderr] 1935 |         fs::remove_file("./datafile");
[INFO] [stderr]      |         ^^^^^^^^^^^^^^^^^^^^^^^^^^^^^
[INFO] [stderr]      |
[INFO] [stderr]      = note: this `Result` may be an `Err` variant, which should be handled
[INFO] [stderr] help: use `let _ = ...` to ignore the resulting value
[INFO] [stderr]      |
[INFO] [stderr] 1935 |         let _ = fs::remove_file("./datafile");
[INFO] [stderr]      |         +++++++
[INFO] [stderr] 
[INFO] [stderr] warning: unused `std::result::Result` that must be used
[INFO] [stderr]     --> src/main.rs:1938:9
[INFO] [stderr]      |
[INFO] [stderr] 1938 |         serde_json::to_writer(&mut file, &data_time);
[INFO] [stderr]      |         ^^^^^^^^^^^^^^^^^^^^^^^^^^^^^^^^^^^^^^^^^^^^
[INFO] [stderr]      |
[INFO] [stderr]      = note: this `Result` may be an `Err` variant, which should be handled
[INFO] [stderr] help: use `let _ = ...` to ignore the resulting value
[INFO] [stderr]      |
[INFO] [stderr] 1938 |         let _ = serde_json::to_writer(&mut file, &data_time);
[INFO] [stderr]      |         +++++++
[INFO] [stderr] 
[INFO] [stderr] warning: variable `contestId` should have a snake case name
[INFO] [stderr]     --> src/main.rs:2115:25
[INFO] [stderr]      |
[INFO] [stderr] 2115 | async fn get_contest_id(contestId: web::Path<String>) -> impl Responder {
[INFO] [stderr]      |                         ^^^^^^^^^ help: convert the identifier to snake case: `contest_id`
[INFO] [stderr]      |
[INFO] [stderr]      = note: `#[warn(non_snake_case)]` on by default
[INFO] [stderr] 
[INFO] [stderr] warning: variable `contestId` should have a snake case name
[INFO] [stderr]     --> src/main.rs:2150:31
[INFO] [stderr]      |
[INFO] [stderr] 2150 | async fn get_contest_ranklist(contestId: web::Path<String>, web::Query(info):web::Query<ContestRank>, config: web::Data<Config>) -> impl ...
[INFO] [stderr]      |                               ^^^^^^^^^ help: convert the identifier to snake case: `contest_id`
[INFO] [stderr] 
[INFO] [stderr] warning: unused `std::result::Result` that must be used
[INFO] [stderr]     --> src/main.rs:3343:17
[INFO] [stderr]      |
[INFO] [stderr] 3343 |                 fs::remove_file("./datafile");
[INFO] [stderr]      |                 ^^^^^^^^^^^^^^^^^^^^^^^^^^^^^
[INFO] [stderr]      |
[INFO] [stderr]      = note: this `Result` may be an `Err` variant, which should be handled
[INFO] [stderr] help: use `let _ = ...` to ignore the resulting value
[INFO] [stderr]      |
[INFO] [stderr] 3343 |                 let _ = fs::remove_file("./datafile");
[INFO] [stderr]      |                 +++++++
[INFO] [stderr] 
[INFO] [stderr] warning: unused `std::result::Result` that must be used
[INFO] [stderr]     --> src/main.rs:3344:17
[INFO] [stderr]      |
[INFO] [stderr] 3344 |                 File::create("./datafile");
[INFO] [stderr]      |                 ^^^^^^^^^^^^^^^^^^^^^^^^^^
[INFO] [stderr]      |
[INFO] [stderr]      = note: this `Result` may be an `Err` variant, which should be handled
[INFO] [stderr] help: use `let _ = ...` to ignore the resulting value
[INFO] [stderr]      |
[INFO] [stderr] 3344 |                 let _ = File::create("./datafile");
[INFO] [stderr]      |                 +++++++
[INFO] [stderr] 
[INFO] [stderr] warning: unused `std::result::Result` that must be used
[INFO] [stderr]     --> src/main.rs:3393:13
[INFO] [stderr]      |
[INFO] [stderr] 3393 |             File::create("./datafile");
[INFO] [stderr]      |             ^^^^^^^^^^^^^^^^^^^^^^^^^^
[INFO] [stderr]      |
[INFO] [stderr]      = note: this `Result` may be an `Err` variant, which should be handled
[INFO] [stderr] help: use `let _ = ...` to ignore the resulting value
[INFO] [stderr]      |
[INFO] [stderr] 3393 |             let _ = File::create("./datafile");
[INFO] [stderr]      |             +++++++
[INFO] [stderr] 
[INFO] [stderr] warning: unused `std::result::Result` that must be used
[INFO] [stderr]     --> src/main.rs:3407:13
[INFO] [stderr]      |
[INFO] [stderr] 3407 |             serde_json::to_writer(&mut file, &data_time);          
[INFO] [stderr]      |             ^^^^^^^^^^^^^^^^^^^^^^^^^^^^^^^^^^^^^^^^^^^^
[INFO] [stderr]      |
[INFO] [stderr]      = note: this `Result` may be an `Err` variant, which should be handled
[INFO] [stderr] help: use `let _ = ...` to ignore the resulting value
[INFO] [stderr]      |
[INFO] [stderr] 3407 |             let _ = serde_json::to_writer(&mut file, &data_time);          
[INFO] [stderr]      |             +++++++
[INFO] [stderr] 
[INFO] [stderr] warning: `oj` (bin "oj") generated 51 warnings (run `cargo fix --bin "oj"` to apply 3 suggestions)
[INFO] [stderr] warning: `oj` (bin "oj" test) generated 51 warnings (51 duplicates)
[INFO] [stderr]     Finished `test` profile [unoptimized + debuginfo] target(s) in 0.37s
[INFO] [stderr]      Running unittests src/main.rs (/opt/rustwide/target/debug/deps/oj-92ffda98a6f18ef1)
[INFO] [stdout] 
[INFO] [stderr]      Running tests/advanced_requirements.rs (/opt/rustwide/target/debug/deps/advanced_requirements-7c941bd6efed96bd)
[INFO] [stdout] running 0 tests
[INFO] [stdout] 
[INFO] [stdout] test result: ok. 0 passed; 0 failed; 0 ignored; 0 measured; 0 filtered out; finished in 0.00s
[INFO] [stdout] 
[INFO] [stdout] 
[INFO] [stdout] running 7 tests
[INFO] [stdout] test test_adv_04_10_pts_resource_limit ... FAILED
[INFO] [stdout] test test_adv_05_5_pts_packed_judging ... FAILED
[INFO] [stdout] test test_adv_02_10_pts_persistent_storage ... FAILED
[INFO] [stdout] test test_adv_01_10_pts_contest_support ... FAILED
[INFO] [stdout] test test_adv_07_10_pts_dynamic_ranking ... FAILED
[INFO] [stdout] test test_adv_06_10_pts_special_judge ... FAILED
[INFO] [stdout] test test_adv_03_10_pts_non_blocking_judging ... FAILED
[INFO] [stdout] 
[INFO] [stdout] failures:
[INFO] [stdout] 
[INFO] [stdout] ---- test_adv_04_10_pts_resource_limit stdout ----
[INFO] [stdout] thread 'test_adv_04_10_pts_resource_limit' panicked at tests/common.rs:223:14:
[INFO] [stdout] failed to create stdout file: Os { code: 30, kind: ReadOnlyFilesystem, message: "Read-only file system" }
[INFO] [stdout] stack backtrace:
[INFO] [stdout]    0:     0x59e676ec9b7a - std::backtrace_rs::backtrace::libunwind::trace::h5a5b8284f2d0c266
[INFO] [stdout]                                at /rustc/90b35a6239c3d8bdabc530a6a0816f7ff89a0aaf/library/std/src/../../backtrace/src/backtrace/libunwind.rs:116:5
[INFO] [stdout]    1:     0x59e676ec9b7a - std::backtrace_rs::backtrace::trace_unsynchronized::h76d4f1c9b0b875e3
[INFO] [stdout]                                at /rustc/90b35a6239c3d8bdabc530a6a0816f7ff89a0aaf/library/std/src/../../backtrace/src/backtrace/mod.rs:66:5
[INFO] [stdout]    2:     0x59e676ec9b7a - std::sys::backtrace::_print_fmt::hc4546b8364a537c6
[INFO] [stdout]                                at /rustc/90b35a6239c3d8bdabc530a6a0816f7ff89a0aaf/library/std/src/sys/backtrace.rs:66:9
[INFO] [stdout]    3:     0x59e676ec9b7a - <std::sys::backtrace::BacktraceLock::print::DisplayBacktrace as core::fmt::Display>::fmt::h5b6bd5631a6d1f6b
[INFO] [stdout]                                at /rustc/90b35a6239c3d8bdabc530a6a0816f7ff89a0aaf/library/std/src/sys/backtrace.rs:39:26
[INFO] [stdout]    4:     0x59e676ef3313 - core::fmt::rt::Argument::fmt::h270f6602a2b96f62
[INFO] [stdout]                                at /rustc/90b35a6239c3d8bdabc530a6a0816f7ff89a0aaf/library/core/src/fmt/rt.rs:177:76
[INFO] [stdout]    5:     0x59e676ef3313 - core::fmt::write::h7550c97b06c86515
[INFO] [stdout]                                at /rustc/90b35a6239c3d8bdabc530a6a0816f7ff89a0aaf/library/core/src/fmt/mod.rs:1186:21
[INFO] [stdout]    6:     0x59e676ec5f23 - std::io::Write::write_fmt::h509ff860e5956e5e
[INFO] [stdout]                                at /rustc/90b35a6239c3d8bdabc530a6a0816f7ff89a0aaf/library/std/src/io/mod.rs:1839:15
[INFO] [stdout]    7:     0x59e676ec99c2 - std::sys::backtrace::BacktraceLock::print::h2395ccd2c84ba3aa
[INFO] [stdout]                                at /rustc/90b35a6239c3d8bdabc530a6a0816f7ff89a0aaf/library/std/src/sys/backtrace.rs:42:9
[INFO] [stdout]    8:     0x59e676ecafda - std::panicking::default_hook::{{closure}}::he19d4c7230e07961
[INFO] [stdout]                                at /rustc/90b35a6239c3d8bdabc530a6a0816f7ff89a0aaf/library/std/src/panicking.rs:268:22
[INFO] [stdout]    9:     0x59e676ecade4 - std::panicking::default_hook::hf614597d3c67bbdb
[INFO] [stdout]                                at /rustc/90b35a6239c3d8bdabc530a6a0816f7ff89a0aaf/library/std/src/panicking.rs:292:9
[INFO] [stdout]   10:     0x59e6769d3c09 - <alloc::boxed::Box<F,A> as core::ops::function::Fn<Args>>::call::h39b51ce4599c23d1
[INFO] [stdout]                                at /rustc/90b35a6239c3d8bdabc530a6a0816f7ff89a0aaf/library/alloc/src/boxed.rs:2468:9
[INFO] [stdout]   11:     0x59e6769d3c09 - test::test_main::{{closure}}::he977ae839a582784
[INFO] [stdout]                                at /rustc/90b35a6239c3d8bdabc530a6a0816f7ff89a0aaf/library/test/src/lib.rs:133:21
[INFO] [stdout]   12:     0x59e676ecb678 - <alloc::boxed::Box<F,A> as core::ops::function::Fn<Args>>::call::h9455091b6b06f9fb
[INFO] [stdout]                                at /rustc/90b35a6239c3d8bdabc530a6a0816f7ff89a0aaf/library/alloc/src/boxed.rs:2468:9
[INFO] [stdout]   13:     0x59e676ecb678 - std::panicking::rust_panic_with_hook::h8942133a8b252070
[INFO] [stdout]                                at /rustc/90b35a6239c3d8bdabc530a6a0816f7ff89a0aaf/library/std/src/panicking.rs:809:13
[INFO] [stdout]   14:     0x59e676ecb43a - std::panicking::begin_panic_handler::{{closure}}::hb5f5963570096b29
[INFO] [stdout]                                at /rustc/90b35a6239c3d8bdabc530a6a0816f7ff89a0aaf/library/std/src/panicking.rs:674:13
[INFO] [stdout]   15:     0x59e676eca059 - std::sys::backtrace::__rust_end_short_backtrace::h6208cedc1922feda
[INFO] [stdout]                                at /rustc/90b35a6239c3d8bdabc530a6a0816f7ff89a0aaf/library/std/src/sys/backtrace.rs:170:18
[INFO] [stdout]   16:     0x59e676ecb0cc - rust_begin_unwind
[INFO] [stdout]                                at /rustc/90b35a6239c3d8bdabc530a6a0816f7ff89a0aaf/library/std/src/panicking.rs:665:5
[INFO] [stdout]   17:     0x59e6769462a0 - core::panicking::panic_fmt::h0c3082644d1bf418
[INFO] [stdout]                                at /rustc/90b35a6239c3d8bdabc530a6a0816f7ff89a0aaf/library/core/src/panicking.rs:74:14
[INFO] [stdout]   18:     0x59e676946726 - core::result::unwrap_failed::hd20b4aa073bda1e2
[INFO] [stdout]                                at /rustc/90b35a6239c3d8bdabc530a6a0816f7ff89a0aaf/library/core/src/result.rs:1700:5
[INFO] [stdout]   19:     0x59e67698303d - core::result::Result<T,E>::expect::h16ab4f2f8d8b922d
[INFO] [stdout]                                at /rustc/90b35a6239c3d8bdabc530a6a0816f7ff89a0aaf/library/core/src/result.rs:1061:23
[INFO] [stdout]   20:     0x59e67696ae83 - advanced_requirements::common::TestCase::start_server::hbed6b7a8aa0bc935
[INFO] [stdout]                                at /opt/rustwide/workdir/tests/common.rs:221:22
[INFO] [stdout]   21:     0x59e67696d64d - advanced_requirements::common::TestCase::run::h32978f1c65d9ebdb
[INFO] [stdout]                                at /opt/rustwide/workdir/tests/common.rs:372:9
[INFO] [stdout]   22:     0x59e67698f647 - advanced_requirements::test_adv_04_10_pts_resource_limit::h7f9d2a0727048c1b
[INFO] [stdout]                                at /opt/rustwide/workdir/tests/advanced_requirements.rs:35:19
[INFO] [stdout]   23:     0x59e67698f5f7 - advanced_requirements::test_adv_04_10_pts_resource_limit::{{closure}}::h1595935ae355762d
[INFO] [stdout]                                at /opt/rustwide/workdir/tests/advanced_requirements.rs:33:39
[INFO] [stdout]   24:     0x59e6769809b6 - core::ops::function::FnOnce::call_once::hba7b01d37aa2545c
[INFO] [stdout]                                at /rustc/90b35a6239c3d8bdabc530a6a0816f7ff89a0aaf/library/core/src/ops/function.rs:250:5
[INFO] [stdout]   25:     0x59e6769d85cb - core::ops::function::FnOnce::call_once::h109cf8051a59b34e
[INFO] [stdout]                                at /rustc/90b35a6239c3d8bdabc530a6a0816f7ff89a0aaf/library/core/src/ops/function.rs:250:5
[INFO] [stdout]   26:     0x59e6769d85cb - test::__rust_begin_short_backtrace::hf4fff89d377446ba
[INFO] [stdout]                                at /rustc/90b35a6239c3d8bdabc530a6a0816f7ff89a0aaf/library/test/src/lib.rs:621:18
[INFO] [stdout]   27:     0x59e6769d7e07 - test::run_test_in_process::{{closure}}::h0e39181dd7ee5a43
[INFO] [stdout]                                at /rustc/90b35a6239c3d8bdabc530a6a0816f7ff89a0aaf/library/test/src/lib.rs:644:60
[INFO] [stdout]   28:     0x59e6769d7e07 - <core::panic::unwind_safe::AssertUnwindSafe<F> as core::ops::function::FnOnce<()>>::call_once::hc5a66a30f0bdfd1f
[INFO] [stdout]                                at /rustc/90b35a6239c3d8bdabc530a6a0816f7ff89a0aaf/library/core/src/panic/unwind_safe.rs:272:9
[INFO] [stdout]   29:     0x59e6769d7e07 - std::panicking::try::do_call::h873b7cf639554a5e
[INFO] [stdout]                                at /rustc/90b35a6239c3d8bdabc530a6a0816f7ff89a0aaf/library/std/src/panicking.rs:557:40
[INFO] [stdout]   30:     0x59e6769d7e07 - std::panicking::try::hdb19862fad9c8bd1
[INFO] [stdout]                                at /rustc/90b35a6239c3d8bdabc530a6a0816f7ff89a0aaf/library/std/src/panicking.rs:520:19
[INFO] [stdout]   31:     0x59e6769d7e07 - std::panic::catch_unwind::h281fe732d236d260
[INFO] [stdout]                                at /rustc/90b35a6239c3d8bdabc530a6a0816f7ff89a0aaf/library/std/src/panic.rs:358:14
[INFO] [stdout]   32:     0x59e6769d7e07 - test::run_test_in_process::h949b6df8457ed338
[INFO] [stdout]                                at /rustc/90b35a6239c3d8bdabc530a6a0816f7ff89a0aaf/library/test/src/lib.rs:644:27
[INFO] [stdout]   33:     0x59e6769d7e07 - test::run_test::{{closure}}::h52c556a6d4740e10
[INFO] [stdout]                                at /rustc/90b35a6239c3d8bdabc530a6a0816f7ff89a0aaf/library/test/src/lib.rs:565:43
[INFO] [stdout]   34:     0x59e67699d0e4 - test::run_test::{{closure}}::h4237f6381c45ccb9
[INFO] [stdout]                                at /rustc/90b35a6239c3d8bdabc530a6a0816f7ff89a0aaf/library/test/src/lib.rs:595:41
[INFO] [stdout]   35:     0x59e67699d0e4 - std::sys::backtrace::__rust_begin_short_backtrace::h505c97a579eca628
[INFO] [stdout]                                at /rustc/90b35a6239c3d8bdabc530a6a0816f7ff89a0aaf/library/std/src/sys/backtrace.rs:154:18
[INFO] [stdout]   36:     0x59e6769a07ae - std::thread::Builder::spawn_unchecked_::{{closure}}::{{closure}}::h9e86b2e2bc107ea3
[INFO] [stdout]                                at /rustc/90b35a6239c3d8bdabc530a6a0816f7ff89a0aaf/library/std/src/thread/mod.rs:538:17
[INFO] [stdout]   37:     0x59e6769a07ae - <core::panic::unwind_safe::AssertUnwindSafe<F> as core::ops::function::FnOnce<()>>::call_once::h8b06ddb275ff4a25
[INFO] [stdout]                                at /rustc/90b35a6239c3d8bdabc530a6a0816f7ff89a0aaf/library/core/src/panic/unwind_safe.rs:272:9
[INFO] [stdout]   38:     0x59e6769a07ae - std::panicking::try::do_call::hb26ecd7cd9a9355d
[INFO] [stdout]                                at /rustc/90b35a6239c3d8bdabc530a6a0816f7ff89a0aaf/library/std/src/panicking.rs:557:40
[INFO] [stdout]   39:     0x59e6769a07ae - std::panicking::try::h8ddeca9d705f9069
[INFO] [stdout]                                at /rustc/90b35a6239c3d8bdabc530a6a0816f7ff89a0aaf/library/std/src/panicking.rs:520:19
[INFO] [stdout]   40:     0x59e6769a07ae - std::panic::catch_unwind::h49e1c33078844c46
[INFO] [stdout]                                at /rustc/90b35a6239c3d8bdabc530a6a0816f7ff89a0aaf/library/std/src/panic.rs:358:14
[INFO] [stdout]   41:     0x59e6769a07ae - std::thread::Builder::spawn_unchecked_::{{closure}}::h6073db6ff56ad35d
[INFO] [stdout]                                at /rustc/90b35a6239c3d8bdabc530a6a0816f7ff89a0aaf/library/std/src/thread/mod.rs:537:30
[INFO] [stdout]   42:     0x59e6769a07ae - core::ops::function::FnOnce::call_once{{vtable.shim}}::h2c5a5f3779c774f1
[INFO] [stdout]                                at /rustc/90b35a6239c3d8bdabc530a6a0816f7ff89a0aaf/library/core/src/ops/function.rs:250:5
[INFO] [stdout]   43:     0x59e676ecfa0b - <alloc::boxed::Box<F,A> as core::ops::function::FnOnce<Args>>::call_once::hf75717d9f28faebf
[INFO] [stdout]                                at /rustc/90b35a6239c3d8bdabc530a6a0816f7ff89a0aaf/library/alloc/src/boxed.rs:2454:9
[INFO] [stdout]   44:     0x59e676ecfa0b - <alloc::boxed::Box<F,A> as core::ops::function::FnOnce<Args>>::call_once::h7bd883a5f3c5f3c1
[INFO] [stdout]                                at /rustc/90b35a6239c3d8bdabc530a6a0816f7ff89a0aaf/library/alloc/src/boxed.rs:2454:9
[INFO] [stdout]   45:     0x59e676ecfa0b - std::sys::pal::unix::thread::Thread::new::thread_start::hcc78f3943333fa94
[INFO] [stdout]                                at /rustc/90b35a6239c3d8bdabc530a6a0816f7ff89a0aaf/library/std/src/sys/pal/unix/thread.rs:105:17
[INFO] [stdout]   46:     0x7e92f2c77ac3 - <unknown>
[INFO] [stdout]   47:     0x7e92f2d08a04 - clone
[INFO] [stdout]   48:                0x0 - <unknown>
[INFO] [stdout] 
[INFO] [stdout] ---- test_adv_05_5_pts_packed_judging stdout ----
[INFO] [stdout] thread 'test_adv_05_5_pts_packed_judging' panicked at tests/common.rs:223:14:
[INFO] [stdout] failed to create stdout file: Os { code: 30, kind: ReadOnlyFilesystem, message: "Read-only file system" }
[INFO] [stdout] stack backtrace:
[INFO] [stdout]    0:     0x59e676ec9b7a - std::backtrace_rs::backtrace::libunwind::trace::h5a5b8284f2d0c266
[INFO] [stdout]                                at /rustc/90b35a6239c3d8bdabc530a6a0816f7ff89a0aaf/library/std/src/../../backtrace/src/backtrace/libunwind.rs:116:5
[INFO] [stdout]    1:     0x59e676ec9b7a - std::backtrace_rs::backtrace::trace_unsynchronized::h76d4f1c9b0b875e3
[INFO] [stdout]                                at /rustc/90b35a6239c3d8bdabc530a6a0816f7ff89a0aaf/library/std/src/../../backtrace/src/backtrace/mod.rs:66:5
[INFO] [stdout]    2:     0x59e676ec9b7a - std::sys::backtrace::_print_fmt::hc4546b8364a537c6
[INFO] [stdout]                                at /rustc/90b35a6239c3d8bdabc530a6a0816f7ff89a0aaf/library/std/src/sys/backtrace.rs:66:9
[INFO] [stdout]    3:     0x59e676ec9b7a - <std::sys::backtrace::BacktraceLock::print::DisplayBacktrace as core::fmt::Display>::fmt::h5b6bd5631a6d1f6b
[INFO] [stdout]                                at /rustc/90b35a6239c3d8bdabc530a6a0816f7ff89a0aaf/library/std/src/sys/backtrace.rs:39:26
[INFO] [stdout]    4:     0x59e676ef3313 - core::fmt::rt::Argument::fmt::h270f6602a2b96f62
[INFO] [stdout]                                at /rustc/90b35a6239c3d8bdabc530a6a0816f7ff89a0aaf/library/core/src/fmt/rt.rs:177:76
[INFO] [stdout]    5:     0x59e676ef3313 - core::fmt::write::h7550c97b06c86515
[INFO] [stdout]                                at /rustc/90b35a6239c3d8bdabc530a6a0816f7ff89a0aaf/library/core/src/fmt/mod.rs:1186:21
[INFO] [stdout]    6:     0x59e676ec5f23 - std::io::Write::write_fmt::h509ff860e5956e5e
[INFO] [stdout]                                at /rustc/90b35a6239c3d8bdabc530a6a0816f7ff89a0aaf/library/std/src/io/mod.rs:1839:15
[INFO] [stdout]    7:     0x59e676ec99c2 - std::sys::backtrace::BacktraceLock::print::h2395ccd2c84ba3aa
[INFO] [stdout]                                at /rustc/90b35a6239c3d8bdabc530a6a0816f7ff89a0aaf/library/std/src/sys/backtrace.rs:42:9
[INFO] [stdout]    8:     0x59e676ecafda - std::panicking::default_hook::{{closure}}::he19d4c7230e07961
[INFO] [stdout]                                at /rustc/90b35a6239c3d8bdabc530a6a0816f7ff89a0aaf/library/std/src/panicking.rs:268:22
[INFO] [stdout]    9:     0x59e676ecade4 - std::panicking::default_hook::hf614597d3c67bbdb
[INFO] [stdout]                                at /rustc/90b35a6239c3d8bdabc530a6a0816f7ff89a0aaf/library/std/src/panicking.rs:292:9
[INFO] [stdout]   10:     0x59e6769d3c09 - <alloc::boxed::Box<F,A> as core::ops::function::Fn<Args>>::call::h39b51ce4599c23d1
[INFO] [stdout]                                at /rustc/90b35a6239c3d8bdabc530a6a0816f7ff89a0aaf/library/alloc/src/boxed.rs:2468:9
[INFO] [stdout]   11:     0x59e6769d3c09 - test::test_main::{{closure}}::he977ae839a582784
[INFO] [stdout]                                at /rustc/90b35a6239c3d8bdabc530a6a0816f7ff89a0aaf/library/test/src/lib.rs:133:21
[INFO] [stdout]   12:     0x59e676ecb678 - <alloc::boxed::Box<F,A> as core::ops::function::Fn<Args>>::call::h9455091b6b06f9fb
[INFO] [stdout]                                at /rustc/90b35a6239c3d8bdabc530a6a0816f7ff89a0aaf/library/alloc/src/boxed.rs:2468:9
[INFO] [stdout]   13:     0x59e676ecb678 - std::panicking::rust_panic_with_hook::h8942133a8b252070
[INFO] [stdout]                                at /rustc/90b35a6239c3d8bdabc530a6a0816f7ff89a0aaf/library/std/src/panicking.rs:809:13
[INFO] [stdout]   14:     0x59e676ecb43a - std::panicking::begin_panic_handler::{{closure}}::hb5f5963570096b29
[INFO] [stdout]                                at /rustc/90b35a6239c3d8bdabc530a6a0816f7ff89a0aaf/library/std/src/panicking.rs:674:13
[INFO] [stdout]   15:     0x59e676eca059 - std::sys::backtrace::__rust_end_short_backtrace::h6208cedc1922feda
[INFO] [stdout]                                at /rustc/90b35a6239c3d8bdabc530a6a0816f7ff89a0aaf/library/std/src/sys/backtrace.rs:170:18
[INFO] [stdout]   16:     0x59e676ecb0cc - rust_begin_unwind
[INFO] [stdout]                                at /rustc/90b35a6239c3d8bdabc530a6a0816f7ff89a0aaf/library/std/src/panicking.rs:665:5
[INFO] [stdout]   17:     0x59e6769462a0 - core::panicking::panic_fmt::h0c3082644d1bf418
[INFO] [stdout]                                at /rustc/90b35a6239c3d8bdabc530a6a0816f7ff89a0aaf/library/core/src/panicking.rs:74:14
[INFO] [stdout]   18:     0x59e676946726 - core::result::unwrap_failed::hd20b4aa073bda1e2
[INFO] [stdout]                                at /rustc/90b35a6239c3d8bdabc530a6a0816f7ff89a0aaf/library/core/src/result.rs:1700:5
[INFO] [stdout]   19:     0x59e67698303d - core::result::Result<T,E>::expect::h16ab4f2f8d8b922d
[INFO] [stdout]                                at /rustc/90b35a6239c3d8bdabc530a6a0816f7ff89a0aaf/library/core/src/result.rs:1061:23
[INFO] [stdout]   20:     0x59e67696ae83 - advanced_requirements::common::TestCase::start_server::hbed6b7a8aa0bc935
[INFO] [stdout]                                at /opt/rustwide/workdir/tests/common.rs:221:22
[INFO] [stdout]   21:     0x59e67696d64d - advanced_requirements::common::TestCase::run::h32978f1c65d9ebdb
[INFO] [stdout]                                at /opt/rustwide/workdir/tests/common.rs:372:9
[INFO] [stdout]   22:     0x59e67698fadf - advanced_requirements::test_adv_05_5_pts_packed_judging::hf7a2793ad8862efc
[INFO] [stdout]                                at /opt/rustwide/workdir/tests/advanced_requirements.rs:58:5
[INFO] [stdout]   23:     0x59e67698fa97 - advanced_requirements::test_adv_05_5_pts_packed_judging::{{closure}}::h6f7738a685247006
[INFO] [stdout]                                at /opt/rustwide/workdir/tests/advanced_requirements.rs:56:38
[INFO] [stdout]   24:     0x59e676980756 - core::ops::function::FnOnce::call_once::h2d77b60f5b70e63d
[INFO] [stdout]                                at /rustc/90b35a6239c3d8bdabc530a6a0816f7ff89a0aaf/library/core/src/ops/function.rs:250:5
[INFO] [stdout]   25:     0x59e6769d85cb - core::ops::function::FnOnce::call_once::h109cf8051a59b34e
[INFO] [stdout]                                at /rustc/90b35a6239c3d8bdabc530a6a0816f7ff89a0aaf/library/core/src/ops/function.rs:250:5
[INFO] [stdout]   26:     0x59e6769d85cb - test::__rust_begin_short_backtrace::hf4fff89d377446ba
[INFO] [stdout]                                at /rustc/90b35a6239c3d8bdabc530a6a0816f7ff89a0aaf/library/test/src/lib.rs:621:18
[INFO] [stdout]   27:     0x59e6769d7e07 - test::run_test_in_process::{{closure}}::h0e39181dd7ee5a43
[INFO] [stdout]                                at /rustc/90b35a6239c3d8bdabc530a6a0816f7ff89a0aaf/library/test/src/lib.rs:644:60
[INFO] [stdout]   28:     0x59e6769d7e07 - <core::panic::unwind_safe::AssertUnwindSafe<F> as core::ops::function::FnOnce<()>>::call_once::hc5a66a30f0bdfd1f
[INFO] [stdout]                                at /rustc/90b35a6239c3d8bdabc530a6a0816f7ff89a0aaf/library/core/src/panic/unwind_safe.rs:272:9
[INFO] [stdout]   29:     0x59e6769d7e07 - std::panicking::try::do_call::h873b7cf639554a5e
[INFO] [stdout]                                at /rustc/90b35a6239c3d8bdabc530a6a0816f7ff89a0aaf/library/std/src/panicking.rs:557:40
[INFO] [stdout]   30:     0x59e6769d7e07 - std::panicking::try::hdb19862fad9c8bd1
[INFO] [stdout]                                at /rustc/90b35a6239c3d8bdabc530a6a0816f7ff89a0aaf/library/std/src/panicking.rs:520:19
[INFO] [stdout]   31:     0x59e6769d7e07 - std::panic::catch_unwind::h281fe732d236d260
[INFO] [stdout]                                at /rustc/90b35a6239c3d8bdabc530a6a0816f7ff89a0aaf/library/std/src/panic.rs:358:14
[INFO] [stdout]   32:     0x59e6769d7e07 - test::run_test_in_process::h949b6df8457ed338
[INFO] [stdout]                                at /rustc/90b35a6239c3d8bdabc530a6a0816f7ff89a0aaf/library/test/src/lib.rs:644:27
[INFO] [stdout]   33:     0x59e6769d7e07 - test::run_test::{{closure}}::h52c556a6d4740e10
[INFO] [stdout]                                at /rustc/90b35a6239c3d8bdabc530a6a0816f7ff89a0aaf/library/test/src/lib.rs:565:43
[INFO] [stdout]   34:     0x59e67699d0e4 - test::run_test::{{closure}}::h4237f6381c45ccb9
[INFO] [stdout]                                at /rustc/90b35a6239c3d8bdabc530a6a0816f7ff89a0aaf/library/test/src/lib.rs:595:41
[INFO] [stdout]   35:     0x59e67699d0e4 - std::sys::backtrace::__rust_begin_short_backtrace::h505c97a579eca628
[INFO] [stdout]                                at /rustc/90b35a6239c3d8bdabc530a6a0816f7ff89a0aaf/library/std/src/sys/backtrace.rs:154:18
[INFO] [stdout]   36:     0x59e6769a07ae - std::thread::Builder::spawn_unchecked_::{{closure}}::{{closure}}::h9e86b2e2bc107ea3
[INFO] [stdout]                                at /rustc/90b35a6239c3d8bdabc530a6a0816f7ff89a0aaf/library/std/src/thread/mod.rs:538:17
[INFO] [stdout]   37:     0x59e6769a07ae - <core::panic::unwind_safe::AssertUnwindSafe<F> as core::ops::function::FnOnce<()>>::call_once::h8b06ddb275ff4a25
[INFO] [stdout]                                at /rustc/90b35a6239c3d8bdabc530a6a0816f7ff89a0aaf/library/core/src/panic/unwind_safe.rs:272:9
[INFO] [stdout]   38:     0x59e6769a07ae - std::panicking::try::do_call::hb26ecd7cd9a9355d
[INFO] [stdout]                                at /rustc/90b35a6239c3d8bdabc530a6a0816f7ff89a0aaf/library/std/src/panicking.rs:557:40
[INFO] [stdout]   39:     0x59e6769a07ae - std::panicking::try::h8ddeca9d705f9069
[INFO] [stdout]                                at /rustc/90b35a6239c3d8bdabc530a6a0816f7ff89a0aaf/library/std/src/panicking.rs:520:19
[INFO] [stdout]   40:     0x59e6769a07ae - std::panic::catch_unwind::h49e1c33078844c46
[INFO] [stdout]                                at /rustc/90b35a6239c3d8bdabc530a6a0816f7ff89a0aaf/library/std/src/panic.rs:358:14
[INFO] [stdout]   41:     0x59e6769a07ae - std::thread::Builder::spawn_unchecked_::{{closure}}::h6073db6ff56ad35d
[INFO] [stdout]                                at /rustc/90b35a6239c3d8bdabc530a6a0816f7ff89a0aaf/library/std/src/thread/mod.rs:537:30
[INFO] [stdout]   42:     0x59e6769a07ae - core::ops::function::FnOnce::call_once{{vtable.shim}}::h2c5a5f3779c774f1
[INFO] [stdout]                                at /rustc/90b35a6239c3d8bdabc530a6a0816f7ff89a0aaf/library/core/src/ops/function.rs:250:5
[INFO] [stdout]   43:     0x59e676ecfa0b - <alloc::boxed::Box<F,A> as core::ops::function::FnOnce<Args>>::call_once::hf75717d9f28faebf
[INFO] [stdout]                                at /rustc/90b35a6239c3d8bdabc530a6a0816f7ff89a0aaf/library/alloc/src/boxed.rs:2454:9
[INFO] [stdout]   44:     0x59e676ecfa0b - <alloc::boxed::Box<F,A> as core::ops::function::FnOnce<Args>>::call_once::h7bd883a5f3c5f3c1
[INFO] [stdout]                                at /rustc/90b35a6239c3d8bdabc530a6a0816f7ff89a0aaf/library/alloc/src/boxed.rs:2454:9
[INFO] [stdout]   45:     0x59e676ecfa0b - std::sys::pal::unix::thread::Thread::new::thread_start::hcc78f3943333fa94
[INFO] [stdout]                                at /rustc/90b35a6239c3d8bdabc530a6a0816f7ff89a0aaf/library/std/src/sys/pal/unix/thread.rs:105:17
[INFO] [stdout]   46:     0x7e92f2c77ac3 - <unknown>
[INFO] [stdout]   47:     0x7e92f2d08a04 - clone
[INFO] [stdout]   48:                0x0 - <unknown>
[INFO] [stdout] 
[INFO] [stdout] ---- test_adv_02_10_pts_persistent_storage stdout ----
[INFO] [stdout] thread 'test_adv_02_10_pts_persistent_storage' panicked at tests/common.rs:223:14:
[INFO] [stdout] failed to create stdout file: Os { code: 30, kind: ReadOnlyFilesystem, message: "Read-only file system" }
[INFO] [stdout] stack backtrace:
[INFO] [stdout]    0:     0x59e676ec9b7a - std::backtrace_rs::backtrace::libunwind::trace::h5a5b8284f2d0c266
[INFO] [stdout]                                at /rustc/90b35a6239c3d8bdabc530a6a0816f7ff89a0aaf/library/std/src/../../backtrace/src/backtrace/libunwind.rs:116:5
[INFO] [stdout]    1:     0x59e676ec9b7a - std::backtrace_rs::backtrace::trace_unsynchronized::h76d4f1c9b0b875e3
[INFO] [stdout]                                at /rustc/90b35a6239c3d8bdabc530a6a0816f7ff89a0aaf/library/std/src/../../backtrace/src/backtrace/mod.rs:66:5
[INFO] [stdout]    2:     0x59e676ec9b7a - std::sys::backtrace::_print_fmt::hc4546b8364a537c6
[INFO] [stdout]                                at /rustc/90b35a6239c3d8bdabc530a6a0816f7ff89a0aaf/library/std/src/sys/backtrace.rs:66:9
[INFO] [stdout]    3:     0x59e676ec9b7a - <std::sys::backtrace::BacktraceLock::print::DisplayBacktrace as core::fmt::Display>::fmt::h5b6bd5631a6d1f6b
[INFO] [stdout]                                at /rustc/90b35a6239c3d8bdabc530a6a0816f7ff89a0aaf/library/std/src/sys/backtrace.rs:39:26
[INFO] [stdout]    4:     0x59e676ef3313 - core::fmt::rt::Argument::fmt::h270f6602a2b96f62
[INFO] [stdout]                                at /rustc/90b35a6239c3d8bdabc530a6a0816f7ff89a0aaf/library/core/src/fmt/rt.rs:177:76
[INFO] [stdout]    5:     0x59e676ef3313 - core::fmt::write::h7550c97b06c86515
[INFO] [stdout]                                at /rustc/90b35a6239c3d8bdabc530a6a0816f7ff89a0aaf/library/core/src/fmt/mod.rs:1186:21
[INFO] [stdout]    6:     0x59e676ec5f23 - std::io::Write::write_fmt::h509ff860e5956e5e
[INFO] [stdout]                                at /rustc/90b35a6239c3d8bdabc530a6a0816f7ff89a0aaf/library/std/src/io/mod.rs:1839:15
[INFO] [stdout]    7:     0x59e676ec99c2 - std::sys::backtrace::BacktraceLock::print::h2395ccd2c84ba3aa
[INFO] [stdout]                                at /rustc/90b35a6239c3d8bdabc530a6a0816f7ff89a0aaf/library/std/src/sys/backtrace.rs:42:9
[INFO] [stdout]    8:     0x59e676ecafda - std::panicking::default_hook::{{closure}}::he19d4c7230e07961
[INFO] [stdout]                                at /rustc/90b35a6239c3d8bdabc530a6a0816f7ff89a0aaf/library/std/src/panicking.rs:268:22
[INFO] [stdout]    9:     0x59e676ecade4 - std::panicking::default_hook::hf614597d3c67bbdb
[INFO] [stdout]                                at /rustc/90b35a6239c3d8bdabc530a6a0816f7ff89a0aaf/library/std/src/panicking.rs:292:9
[INFO] [stdout]   10:     0x59e6769d3c09 - <alloc::boxed::Box<F,A> as core::ops::function::Fn<Args>>::call::h39b51ce4599c23d1
[INFO] [stdout]                                at /rustc/90b35a6239c3d8bdabc530a6a0816f7ff89a0aaf/library/alloc/src/boxed.rs:2468:9
[INFO] [stdout]   11:     0x59e6769d3c09 - test::test_main::{{closure}}::he977ae839a582784
[INFO] [stdout]                                at /rustc/90b35a6239c3d8bdabc530a6a0816f7ff89a0aaf/library/test/src/lib.rs:133:21
[INFO] [stdout]   12:     0x59e676ecb678 - <alloc::boxed::Box<F,A> as core::ops::function::Fn<Args>>::call::h9455091b6b06f9fb
[INFO] [stdout]                                at /rustc/90b35a6239c3d8bdabc530a6a0816f7ff89a0aaf/library/alloc/src/boxed.rs:2468:9
[INFO] [stdout]   13:     0x59e676ecb678 - std::panicking::rust_panic_with_hook::h8942133a8b252070
[INFO] [stdout]                                at /rustc/90b35a6239c3d8bdabc530a6a0816f7ff89a0aaf/library/std/src/panicking.rs:809:13
[INFO] [stdout]   14:     0x59e676ecb43a - std::panicking::begin_panic_handler::{{closure}}::hb5f5963570096b29
[INFO] [stdout]                                at /rustc/90b35a6239c3d8bdabc530a6a0816f7ff89a0aaf/library/std/src/panicking.rs:674:13
[INFO] [stdout]   15:     0x59e676eca059 - std::sys::backtrace::__rust_end_short_backtrace::h6208cedc1922feda
[INFO] [stdout]                                at /rustc/90b35a6239c3d8bdabc530a6a0816f7ff89a0aaf/library/std/src/sys/backtrace.rs:170:18
[INFO] [stdout]   16:     0x59e676ecb0cc - rust_begin_unwind
[INFO] [stdout]                                at /rustc/90b35a6239c3d8bdabc530a6a0816f7ff89a0aaf/library/std/src/panicking.rs:665:5
[INFO] [stdout]   17:     0x59e6769462a0 - core::panicking::panic_fmt::h0c3082644d1bf418
[INFO] [stdout]                                at /rustc/90b35a6239c3d8bdabc530a6a0816f7ff89a0aaf/library/core/src/panicking.rs:74:14
[INFO] [stdout]   18:     0x59e676946726 - core::result::unwrap_failed::hd20b4aa073bda1e2
[INFO] [stdout]                                at /rustc/90b35a6239c3d8bdabc530a6a0816f7ff89a0aaf/library/core/src/result.rs:1700:5
[INFO] [stdout]   19:     0x59e67698303d - core::result::Result<T,E>::expect::h16ab4f2f8d8b922d
[INFO] [stdout]                                at /rustc/90b35a6239c3d8bdabc530a6a0816f7ff89a0aaf/library/core/src/result.rs:1061:23
[INFO] [stdout]   20:     0x59e67696ae83 - advanced_requirements::common::TestCase::start_server::hbed6b7a8aa0bc935
[INFO] [stdout]                                at /opt/rustwide/workdir/tests/common.rs:221:22
[INFO] [stdout]   21:     0x59e67696d64d - advanced_requirements::common::TestCase::run::h32978f1c65d9ebdb
[INFO] [stdout]                                at /opt/rustwide/workdir/tests/common.rs:372:9
[INFO] [stdout]   22:     0x59e67698f4bf - advanced_requirements::test_adv_02_10_pts_persistent_storage::ha5e4d261e17126bf
[INFO] [stdout]                                at /opt/rustwide/workdir/tests/advanced_requirements.rs:20:5
[INFO] [stdout]   23:     0x59e67698f477 - advanced_requirements::test_adv_02_10_pts_persistent_storage::{{closure}}::h598cc6791a335817
[INFO] [stdout]                                at /opt/rustwide/workdir/tests/advanced_requirements.rs:15:43
[INFO] [stdout]   24:     0x59e676980876 - core::ops::function::FnOnce::call_once::h68786554dbfb2cec
[INFO] [stdout]                                at /rustc/90b35a6239c3d8bdabc530a6a0816f7ff89a0aaf/library/core/src/ops/function.rs:250:5
[INFO] [stdout]   25:     0x59e6769d85cb - core::ops::function::FnOnce::call_once::h109cf8051a59b34e
[INFO] [stdout]                                at /rustc/90b35a6239c3d8bdabc530a6a0816f7ff89a0aaf/library/core/src/ops/function.rs:250:5
[INFO] [stdout]   26:     0x59e6769d85cb - test::__rust_begin_short_backtrace::hf4fff89d377446ba
[INFO] [stdout]                                at /rustc/90b35a6239c3d8bdabc530a6a0816f7ff89a0aaf/library/test/src/lib.rs:621:18
[INFO] [stdout]   27:     0x59e6769d7e07 - test::run_test_in_process::{{closure}}::h0e39181dd7ee5a43
[INFO] [stdout]                                at /rustc/90b35a6239c3d8bdabc530a6a0816f7ff89a0aaf/library/test/src/lib.rs:644:60
[INFO] [stdout]   28:     0x59e6769d7e07 - <core::panic::unwind_safe::AssertUnwindSafe<F> as core::ops::function::FnOnce<()>>::call_once::hc5a66a30f0bdfd1f
[INFO] [stdout]                                at /rustc/90b35a6239c3d8bdabc530a6a0816f7ff89a0aaf/library/core/src/panic/unwind_safe.rs:272:9
[INFO] [stdout]   29:     0x59e6769d7e07 - std::panicking::try::do_call::h873b7cf639554a5e
[INFO] [stdout]                                at /rustc/90b35a6239c3d8bdabc530a6a0816f7ff89a0aaf/library/std/src/panicking.rs:557:40
[INFO] [stdout]   30:     0x59e6769d7e07 - std::panicking::try::hdb19862fad9c8bd1
[INFO] [stdout]                                at /rustc/90b35a6239c3d8bdabc530a6a0816f7ff89a0aaf/library/std/src/panicking.rs:520:19
[INFO] [stdout]   31:     0x59e6769d7e07 - std::panic::catch_unwind::h281fe732d236d260
[INFO] [stdout]                                at /rustc/90b35a6239c3d8bdabc530a6a0816f7ff89a0aaf/library/std/src/panic.rs:358:14
[INFO] [stdout]   32:     0x59e6769d7e07 - test::run_test_in_process::h949b6df8457ed338
[INFO] [stdout]                                at /rustc/90b35a6239c3d8bdabc530a6a0816f7ff89a0aaf/library/test/src/lib.rs:644:27
[INFO] [stdout]   33:     0x59e6769d7e07 - test::run_test::{{closure}}::h52c556a6d4740e10
[INFO] [stdout]                                at /rustc/90b35a6239c3d8bdabc530a6a0816f7ff89a0aaf/library/test/src/lib.rs:565:43
[INFO] [stdout]   34:     0x59e67699d0e4 - test::run_test::{{closure}}::h4237f6381c45ccb9
[INFO] [stdout]                                at /rustc/90b35a6239c3d8bdabc530a6a0816f7ff89a0aaf/library/test/src/lib.rs:595:41
[INFO] [stdout]   35:     0x59e67699d0e4 - std::sys::backtrace::__rust_begin_short_backtrace::h505c97a579eca628
[INFO] [stdout]                                at /rustc/90b35a6239c3d8bdabc530a6a0816f7ff89a0aaf/library/std/src/sys/backtrace.rs:154:18
[INFO] [stdout]   36:     0x59e6769a07ae - std::thread::Builder::spawn_unchecked_::{{closure}}::{{closure}}::h9e86b2e2bc107ea3
[INFO] [stdout]                                at /rustc/90b35a6239c3d8bdabc530a6a0816f7ff89a0aaf/library/std/src/thread/mod.rs:538:17
[INFO] [stdout]   37:     0x59e6769a07ae - <core::panic::unwind_safe::AssertUnwindSafe<F> as core::ops::function::FnOnce<()>>::call_once::h8b06ddb275ff4a25
[INFO] [stdout]                                at /rustc/90b35a6239c3d8bdabc530a6a0816f7ff89a0aaf/library/core/src/panic/unwind_safe.rs:272:9
[INFO] [stdout]   38:     0x59e6769a07ae - std::panicking::try::do_call::hb26ecd7cd9a9355d
[INFO] [stdout]                                at /rustc/90b35a6239c3d8bdabc530a6a0816f7ff89a0aaf/library/std/src/panicking.rs:557:40
[INFO] [stdout]   39:     0x59e6769a07ae - std::panicking::try::h8ddeca9d705f9069
[INFO] [stdout]                                at /rustc/90b35a6239c3d8bdabc530a6a0816f7ff89a0aaf/library/std/src/panicking.rs:520:19
[INFO] [stdout]   40:     0x59e6769a07ae - std::panic::catch_unwind::h49e1c33078844c46
[INFO] [stdout]                                at /rustc/90b35a6239c3d8bdabc530a6a0816f7ff89a0aaf/library/std/src/panic.rs:358:14
[INFO] [stdout]   41:     0x59e6769a07ae - std::thread::Builder::spawn_unchecked_::{{closure}}::h6073db6ff56ad35d
[INFO] [stdout]                                at /rustc/90b35a6239c3d8bdabc530a6a0816f7ff89a0aaf/library/std/src/thread/mod.rs:537:30
[INFO] [stdout]   42:     0x59e6769a07ae - core::ops::function::FnOnce::call_once{{vtable.shim}}::h2c5a5f3779c774f1
[INFO] [stdout]                                at /rustc/90b35a6239c3d8bdabc530a6a0816f7ff89a0aaf/library/core/src/ops/function.rs:250:5
[INFO] [stdout]   43:     0x59e676ecfa0b - <alloc::boxed::Box<F,A> as core::ops::function::FnOnce<Args>>::call_once::hf75717d9f28faebf
[INFO] [stdout]                                at /rustc/90b35a6239c3d8bdabc530a6a0816f7ff89a0aaf/library/alloc/src/boxed.rs:2454:9
[INFO] [stdout]   44:     0x59e676ecfa0b - <alloc::boxed::Box<F,A> as core::ops::function::FnOnce<Args>>::call_once::h7bd883a5f3c5f3c1
[INFO] [stdout]                                at /rustc/90b35a6239c3d8bdabc530a6a0816f7ff89a0aaf/library/alloc/src/boxed.rs:2454:9
[INFO] [stdout]   45:     0x59e676ecfa0b - std::sys::pal::unix::thread::Thread::new::thread_start::hcc78f3943333fa94
[INFO] [stdout]                                at /rustc/90b35a6239c3d8bdabc530a6a0816f7ff89a0aaf/library/std/src/sys/pal/unix/thread.rs:105:17
[INFO] [stdout]   46:     0x7e92f2c77ac3 - <unknown>
[INFO] [stdout]   47:     0x7e92f2d08a04 - clone
[INFO] [stdout]   48:                0x0 - <unknown>
[INFO] [stdout] 
[INFO] [stdout] ---- test_adv_01_10_pts_contest_support stdout ----
[INFO] [stdout] thread 'test_adv_01_10_pts_contest_support' panicked at tests/common.rs:223:14:
[INFO] [stdout] failed to create stdout file: Os { code: 30, kind: ReadOnlyFilesystem, message: "Read-only file system" }
[INFO] [stdout] stack backtrace:
[INFO] [stdout]    0:     0x59e676ec9b7a - std::backtrace_rs::backtrace::libunwind::trace::h5a5b8284f2d0c266
[INFO] [stdout]                                at /rustc/90b35a6239c3d8bdabc530a6a0816f7ff89a0aaf/library/std/src/../../backtrace/src/backtrace/libunwind.rs:116:5
[INFO] [stdout]    1:     0x59e676ec9b7a - std::backtrace_rs::backtrace::trace_unsynchronized::h76d4f1c9b0b875e3
[INFO] [stdout]                                at /rustc/90b35a6239c3d8bdabc530a6a0816f7ff89a0aaf/library/std/src/../../backtrace/src/backtrace/mod.rs:66:5
[INFO] [stdout]    2:     0x59e676ec9b7a - std::sys::backtrace::_print_fmt::hc4546b8364a537c6
[INFO] [stdout]                                at /rustc/90b35a6239c3d8bdabc530a6a0816f7ff89a0aaf/library/std/src/sys/backtrace.rs:66:9
[INFO] [stdout]    3:     0x59e676ec9b7a - <std::sys::backtrace::BacktraceLock::print::DisplayBacktrace as core::fmt::Display>::fmt::h5b6bd5631a6d1f6b
[INFO] [stdout]                                at /rustc/90b35a6239c3d8bdabc530a6a0816f7ff89a0aaf/library/std/src/sys/backtrace.rs:39:26
[INFO] [stdout]    4:     0x59e676ef3313 - core::fmt::rt::Argument::fmt::h270f6602a2b96f62
[INFO] [stdout]                                at /rustc/90b35a6239c3d8bdabc530a6a0816f7ff89a0aaf/library/core/src/fmt/rt.rs:177:76
[INFO] [stdout]    5:     0x59e676ef3313 - core::fmt::write::h7550c97b06c86515
[INFO] [stdout]                                at /rustc/90b35a6239c3d8bdabc530a6a0816f7ff89a0aaf/library/core/src/fmt/mod.rs:1186:21
[INFO] [stdout]    6:     0x59e676ec5f23 - std::io::Write::write_fmt::h509ff860e5956e5e
[INFO] [stdout]                                at /rustc/90b35a6239c3d8bdabc530a6a0816f7ff89a0aaf/library/std/src/io/mod.rs:1839:15
[INFO] [stdout]    7:     0x59e676ec99c2 - std::sys::backtrace::BacktraceLock::print::h2395ccd2c84ba3aa
[INFO] [stdout]                                at /rustc/90b35a6239c3d8bdabc530a6a0816f7ff89a0aaf/library/std/src/sys/backtrace.rs:42:9
[INFO] [stdout]    8:     0x59e676ecafda - std::panicking::default_hook::{{closure}}::he19d4c7230e07961
[INFO] [stdout]                                at /rustc/90b35a6239c3d8bdabc530a6a0816f7ff89a0aaf/library/std/src/panicking.rs:268:22
[INFO] [stdout]    9:     0x59e676ecade4 - std::panicking::default_hook::hf614597d3c67bbdb
[INFO] [stdout]                                at /rustc/90b35a6239c3d8bdabc530a6a0816f7ff89a0aaf/library/std/src/panicking.rs:292:9
[INFO] [stdout]   10:     0x59e6769d3c09 - <alloc::boxed::Box<F,A> as core::ops::function::Fn<Args>>::call::h39b51ce4599c23d1
[INFO] [stdout]                                at /rustc/90b35a6239c3d8bdabc530a6a0816f7ff89a0aaf/library/alloc/src/boxed.rs:2468:9
[INFO] [stdout]   11:     0x59e6769d3c09 - test::test_main::{{closure}}::he977ae839a582784
[INFO] [stdout]                                at /rustc/90b35a6239c3d8bdabc530a6a0816f7ff89a0aaf/library/test/src/lib.rs:133:21
[INFO] [stdout]   12:     0x59e676ecb678 - <alloc::boxed::Box<F,A> as core::ops::function::Fn<Args>>::call::h9455091b6b06f9fb
[INFO] [stdout]                                at /rustc/90b35a6239c3d8bdabc530a6a0816f7ff89a0aaf/library/alloc/src/boxed.rs:2468:9
[INFO] [stdout]   13:     0x59e676ecb678 - std::panicking::rust_panic_with_hook::h8942133a8b252070
[INFO] [stdout]                                at /rustc/90b35a6239c3d8bdabc530a6a0816f7ff89a0aaf/library/std/src/panicking.rs:809:13
[INFO] [stdout]   14:     0x59e676ecb43a - std::panicking::begin_panic_handler::{{closure}}::hb5f5963570096b29
[INFO] [stdout]                                at /rustc/90b35a6239c3d8bdabc530a6a0816f7ff89a0aaf/library/std/src/panicking.rs:674:13
[INFO] [stdout]   15:     0x59e676eca059 - std::sys::backtrace::__rust_end_short_backtrace::h6208cedc1922feda
[INFO] [stdout]                                at /rustc/90b35a6239c3d8bdabc530a6a0816f7ff89a0aaf/library/std/src/sys/backtrace.rs:170:18
[INFO] [stdout]   16:     0x59e676ecb0cc - rust_begin_unwind
[INFO] [stdout]                                at /rustc/90b35a6239c3d8bdabc530a6a0816f7ff89a0aaf/library/std/src/panicking.rs:665:5
[INFO] [stdout]   17:     0x59e6769462a0 - core::panicking::panic_fmt::h0c3082644d1bf418
[INFO] [stdout]                                at /rustc/90b35a6239c3d8bdabc530a6a0816f7ff89a0aaf/library/core/src/panicking.rs:74:14
[INFO] [stdout]   18:     0x59e676946726 - core::result::unwrap_failed::hd20b4aa073bda1e2
[INFO] [stdout]                                at /rustc/90b35a6239c3d8bdabc530a6a0816f7ff89a0aaf/library/core/src/result.rs:1700:5
[INFO] [stdout]   19:     0x59e67698303d - core::result::Result<T,E>::expect::h16ab4f2f8d8b922d
[INFO] [stdout]                                at /rustc/90b35a6239c3d8bdabc530a6a0816f7ff89a0aaf/library/core/src/result.rs:1061:23
[INFO] [stdout]   20:     0x59e67696ae83 - advanced_requirements::common::TestCase::start_server::hbed6b7a8aa0bc935
[INFO] [stdout]                                at /opt/rustwide/workdir/tests/common.rs:221:22
[INFO] [stdout]   21:     0x59e67696d64d - advanced_requirements::common::TestCase::run::h32978f1c65d9ebdb
[INFO] [stdout]                                at /opt/rustwide/workdir/tests/common.rs:372:9
[INFO] [stdout]   22:     0x59e67698f3ff - advanced_requirements::test_adv_01_10_pts_contest_support::h4aecbe06320c2db5
[INFO] [stdout]                                at /opt/rustwide/workdir/tests/advanced_requirements.rs:11:5
[INFO] [stdout]   23:     0x59e67698f3b7 - advanced_requirements::test_adv_01_10_pts_contest_support::{{closure}}::hb8c763bc4cba3045
[INFO] [stdout]                                at /opt/rustwide/workdir/tests/advanced_requirements.rs:6:40
[INFO] [stdout]   24:     0x59e676980796 - core::ops::function::FnOnce::call_once::h37a60a03824aecd5
[INFO] [stdout]                                at /rustc/90b35a6239c3d8bdabc530a6a0816f7ff89a0aaf/library/core/src/ops/function.rs:250:5
[INFO] [stdout]   25:     0x59e6769d85cb - core::ops::function::FnOnce::call_once::h109cf8051a59b34e
[INFO] [stdout]                                at /rustc/90b35a6239c3d8bdabc530a6a0816f7ff89a0aaf/library/core/src/ops/function.rs:250:5
[INFO] [stdout]   26:     0x59e6769d85cb - test::__rust_begin_short_backtrace::hf4fff89d377446ba
[INFO] [stdout]                                at /rustc/90b35a6239c3d8bdabc530a6a0816f7ff89a0aaf/library/test/src/lib.rs:621:18
[INFO] [stdout]   27:     0x59e6769d7e07 - test::run_test_in_process::{{closure}}::h0e39181dd7ee5a43
[INFO] [stdout]                                at /rustc/90b35a6239c3d8bdabc530a6a0816f7ff89a0aaf/library/test/src/lib.rs:644:60
[INFO] [stdout]   28:     0x59e6769d7e07 - <core::panic::unwind_safe::AssertUnwindSafe<F> as core::ops::function::FnOnce<()>>::call_once::hc5a66a30f0bdfd1f
[INFO] [stdout]                                at /rustc/90b35a6239c3d8bdabc530a6a0816f7ff89a0aaf/library/core/src/panic/unwind_safe.rs:272:9
[INFO] [stdout]   29:     0x59e6769d7e07 - std::panicking::try::do_call::h873b7cf639554a5e
[INFO] [stdout]                                at /rustc/90b35a6239c3d8bdabc530a6a0816f7ff89a0aaf/library/std/src/panicking.rs:557:40
[INFO] [stdout]   30:     0x59e6769d7e07 - std::panicking::try::hdb19862fad9c8bd1
[INFO] [stdout]                                at /rustc/90b35a6239c3d8bdabc530a6a0816f7ff89a0aaf/library/std/src/panicking.rs:520:19
[INFO] [stdout]   31:     0x59e6769d7e07 - std::panic::catch_unwind::h281fe732d236d260
[INFO] [stdout]                                at /rustc/90b35a6239c3d8bdabc530a6a0816f7ff89a0aaf/library/std/src/panic.rs:358:14
[INFO] [stdout]   32:     0x59e6769d7e07 - test::run_test_in_process::h949b6df8457ed338
[INFO] [stdout]                                at /rustc/90b35a6239c3d8bdabc530a6a0816f7ff89a0aaf/library/test/src/lib.rs:644:27
[INFO] [stdout]   33:     0x59e6769d7e07 - test::run_test::{{closure}}::h52c556a6d4740e10
[INFO] [stdout]                                at /rustc/90b35a6239c3d8bdabc530a6a0816f7ff89a0aaf/library/test/src/lib.rs:565:43
[INFO] [stdout]   34:     0x59e67699d0e4 - test::run_test::{{closure}}::h4237f6381c45ccb9
[INFO] [stdout]                                at /rustc/90b35a6239c3d8bdabc530a6a0816f7ff89a0aaf/library/test/src/lib.rs:595:41
[INFO] [stdout]   35:     0x59e67699d0e4 - std::sys::backtrace::__rust_begin_short_backtrace::h505c97a579eca628
[INFO] [stdout]                                at /rustc/90b35a6239c3d8bdabc530a6a0816f7ff89a0aaf/library/std/src/sys/backtrace.rs:154:18
[INFO] [stdout]   36:     0x59e6769a07ae - std::thread::Builder::spawn_unchecked_::{{closure}}::{{closure}}::h9e86b2e2bc107ea3
[INFO] [stdout]                                at /rustc/90b35a6239c3d8bdabc530a6a0816f7ff89a0aaf/library/std/src/thread/mod.rs:538:17
[INFO] [stdout]   37:     0x59e6769a07ae - <core::panic::unwind_safe::AssertUnwindSafe<F> as core::ops::function::FnOnce<()>>::call_once::h8b06ddb275ff4a25
[INFO] [stdout]                                at /rustc/90b35a6239c3d8bdabc530a6a0816f7ff89a0aaf/library/core/src/panic/unwind_safe.rs:272:9
[INFO] [stdout]   38:     0x59e6769a07ae - std::panicking::try::do_call::hb26ecd7cd9a9355d
[INFO] [stdout]                                at /rustc/90b35a6239c3d8bdabc530a6a0816f7ff89a0aaf/library/std/src/panicking.rs:557:40
[INFO] [stdout]   39:     0x59e6769a07ae - std::panicking::try::h8ddeca9d705f9069
[INFO] [stdout]                                at /rustc/90b35a6239c3d8bdabc530a6a0816f7ff89a0aaf/library/std/src/panicking.rs:520:19
[INFO] [stdout]   40:     0x59e6769a07ae - std::panic::catch_unwind::h49e1c33078844c46
[INFO] [stdout]                                at /rustc/90b35a6239c3d8bdabc530a6a0816f7ff89a0aaf/library/std/src/panic.rs:358:14
[INFO] [stdout]   41:     0x59e6769a07ae - std::thread::Builder::spawn_unchecked_::{{closure}}::h6073db6ff56ad35d
[INFO] [stdout]                                at /rustc/90b35a6239c3d8bdabc530a6a0816f7ff89a0aaf/library/std/src/thread/mod.rs:537:30
[INFO] [stdout]   42:     0x59e6769a07ae - core::ops::function::FnOnce::call_once{{vtable.shim}}::h2c5a5f3779c774f1
[INFO] [stdout]                                at /rustc/90b35a6239c3d8bdabc530a6a0816f7ff89a0aaf/library/core/src/ops/function.rs:250:5
[INFO] [stdout]   43:     0x59e676ecfa0b - <alloc::boxed::Box<F,A> as core::ops::function::FnOnce<Args>>::call_once::hf75717d9f28faebf
[INFO] [stdout]                                at /rustc/90b35a6239c3d8bdabc530a6a0816f7ff89a0aaf/library/alloc/src/boxed.rs:2454:9
[INFO] [stdout]   44:     0x59e676ecfa0b - <alloc::boxed::Box<F,A> as core::ops::function::FnOnce<Args>>::call_once::h7bd883a5f3c5f3c1
[INFO] [stdout]                                at /rustc/90b35a6239c3d8bdabc530a6a0816f7ff89a0aaf/library/alloc/src/boxed.rs:2454:9
[INFO] [stdout]   45:     0x59e676ecfa0b - std::sys::pal::unix::thread::Thread::new::thread_start::hcc78f3943333fa94
[INFO] [stdout]                                at /rustc/90b35a6239c3d8bdabc530a6a0816f7ff89a0aaf/library/std/src/sys/pal/unix/thread.rs:105:17
[INFO] [stdout]   46:     0x7e92f2c77ac3 - <unknown>
[INFO] [stdout]   47:     0x7e92f2d08a04 - clone
[INFO] [stdout]   48:                0x0 - <unknown>
[INFO] [stdout] 
[INFO] [stdout] ---- test_adv_07_10_pts_dynamic_ranking stdout ----
[INFO] [stdout] thread 'test_adv_07_10_pts_dynamic_ranking' panicked at tests/common.rs:223:14:
[INFO] [stdout] failed to create stdout file: Os { code: 30, kind: ReadOnlyFilesystem, message: "Read-only file system" }
[INFO] [stdout] stack backtrace:
[INFO] [stdout]    0:     0x59e676ec9b7a - std::backtrace_rs::backtrace::libunwind::trace::h5a5b8284f2d0c266
[INFO] [stdout]                                at /rustc/90b35a6239c3d8bdabc530a6a0816f7ff89a0aaf/library/std/src/../../backtrace/src/backtrace/libunwind.rs:116:5
[INFO] [stdout]    1:     0x59e676ec9b7a - std::backtrace_rs::backtrace::trace_unsynchronized::h76d4f1c9b0b875e3
[INFO] [stdout]                                at /rustc/90b35a6239c3d8bdabc530a6a0816f7ff89a0aaf/library/std/src/../../backtrace/src/backtrace/mod.rs:66:5
[INFO] [stdout]    2:     0x59e676ec9b7a - std::sys::backtrace::_print_fmt::hc4546b8364a537c6
[INFO] [stdout]                                at /rustc/90b35a6239c3d8bdabc530a6a0816f7ff89a0aaf/library/std/src/sys/backtrace.rs:66:9
[INFO] [stdout]    3:     0x59e676ec9b7a - <std::sys::backtrace::BacktraceLock::print::DisplayBacktrace as core::fmt::Display>::fmt::h5b6bd5631a6d1f6b
[INFO] [stdout]                                at /rustc/90b35a6239c3d8bdabc530a6a0816f7ff89a0aaf/library/std/src/sys/backtrace.rs:39:26
[INFO] [stdout]    4:     0x59e676ef3313 - core::fmt::rt::Argument::fmt::h270f6602a2b96f62
[INFO] [stdout]                                at /rustc/90b35a6239c3d8bdabc530a6a0816f7ff89a0aaf/library/core/src/fmt/rt.rs:177:76
[INFO] [stdout]    5:     0x59e676ef3313 - core::fmt::write::h7550c97b06c86515
[INFO] [stdout]                                at /rustc/90b35a6239c3d8bdabc530a6a0816f7ff89a0aaf/library/core/src/fmt/mod.rs:1186:21
[INFO] [stdout]    6:     0x59e676ec5f23 - std::io::Write::write_fmt::h509ff860e5956e5e
[INFO] [stdout]                                at /rustc/90b35a6239c3d8bdabc530a6a0816f7ff89a0aaf/library/std/src/io/mod.rs:1839:15
[INFO] [stdout]    7:     0x59e676ec99c2 - std::sys::backtrace::BacktraceLock::print::h2395ccd2c84ba3aa
[INFO] [stdout]                                at /rustc/90b35a6239c3d8bdabc530a6a0816f7ff89a0aaf/library/std/src/sys/backtrace.rs:42:9
[INFO] [stdout]    8:     0x59e676ecafda - std::panicking::default_hook::{{closure}}::he19d4c7230e07961
[INFO] [stdout]                                at /rustc/90b35a6239c3d8bdabc530a6a0816f7ff89a0aaf/library/std/src/panicking.rs:268:22
[INFO] [stdout]    9:     0x59e676ecade4 - std::panicking::default_hook::hf614597d3c67bbdb
[INFO] [stdout]                                at /rustc/90b35a6239c3d8bdabc530a6a0816f7ff89a0aaf/library/std/src/panicking.rs:292:9
[INFO] [stdout]   10:     0x59e6769d3c09 - <alloc::boxed::Box<F,A> as core::ops::function::Fn<Args>>::call::h39b51ce4599c23d1
[INFO] [stdout]                                at /rustc/90b35a6239c3d8bdabc530a6a0816f7ff89a0aaf/library/alloc/src/boxed.rs:2468:9
[INFO] [stdout]   11:     0x59e6769d3c09 - test::test_main::{{closure}}::he977ae839a582784
[INFO] [stdout]                                at /rustc/90b35a6239c3d8bdabc530a6a0816f7ff89a0aaf/library/test/src/lib.rs:133:21
[INFO] [stdout]   12:     0x59e676ecb678 - <alloc::boxed::Box<F,A> as core::ops::function::Fn<Args>>::call::h9455091b6b06f9fb
[INFO] [stderr] error: test failed, to rerun pass `--test advanced_requirements`
[INFO] [stdout]                                at /rustc/90b35a6239c3d8bdabc530a6a0816f7ff89a0aaf/library/alloc/src/boxed.rs:2468:9
[INFO] [stdout]   13:     0x59e676ecb678 - std::panicking::rust_panic_with_hook::h8942133a8b252070
[INFO] [stdout]                                at /rustc/90b35a6239c3d8bdabc530a6a0816f7ff89a0aaf/library/std/src/panicking.rs:809:13
[INFO] [stdout]   14:     0x59e676ecb43a - std::panicking::begin_panic_handler::{{closure}}::hb5f5963570096b29
[INFO] [stdout]                                at /rustc/90b35a6239c3d8bdabc530a6a0816f7ff89a0aaf/library/std/src/panicking.rs:674:13
[INFO] [stdout]   15:     0x59e676eca059 - std::sys::backtrace::__rust_end_short_backtrace::h6208cedc1922feda
[INFO] [stdout]                                at /rustc/90b35a6239c3d8bdabc530a6a0816f7ff89a0aaf/library/std/src/sys/backtrace.rs:170:18
[INFO] [stdout]   16:     0x59e676ecb0cc - rust_begin_unwind
[INFO] [stdout]                                at /rustc/90b35a6239c3d8bdabc530a6a0816f7ff89a0aaf/library/std/src/panicking.rs:665:5
[INFO] [stdout]   17:     0x59e6769462a0 - core::panicking::panic_fmt::h0c3082644d1bf418
[INFO] [stdout]                                at /rustc/90b35a6239c3d8bdabc530a6a0816f7ff89a0aaf/library/core/src/panicking.rs:74:14
[INFO] [stdout]   18:     0x59e676946726 - core::result::unwrap_failed::hd20b4aa073bda1e2
[INFO] [stdout]                                at /rustc/90b35a6239c3d8bdabc530a6a0816f7ff89a0aaf/library/core/src/result.rs:1700:5
[INFO] [stdout]   19:     0x59e67698303d - core::result::Result<T,E>::expect::h16ab4f2f8d8b922d
[INFO] [stdout]                                at /rustc/90b35a6239c3d8bdabc530a6a0816f7ff89a0aaf/library/core/src/result.rs:1061:23
[INFO] [stdout]   20:     0x59e67696ae83 - advanced_requirements::common::TestCase::start_server::hbed6b7a8aa0bc935
[INFO] [stdout]                                at /opt/rustwide/workdir/tests/common.rs:221:22
[INFO] [stdout]   21:     0x59e67696d64d - advanced_requirements::common::TestCase::run::h32978f1c65d9ebdb
[INFO] [stdout]                                at /opt/rustwide/workdir/tests/common.rs:372:9
[INFO] [stdout]   22:     0x59e67698fc6d - advanced_requirements::test_adv_07_10_pts_dynamic_ranking::h97338e8f6d19a17c
[INFO] [stdout]                                at /opt/rustwide/workdir/tests/advanced_requirements.rs:71:19
[INFO] [stdout]   23:     0x59e67698fc17 - advanced_requirements::test_adv_07_10_pts_dynamic_ranking::{{closure}}::hb74d058c18ed57ca
[INFO] [stdout]                                at /opt/rustwide/workdir/tests/advanced_requirements.rs:69:40
[INFO] [stdout]   24:     0x59e676980976 - core::ops::function::FnOnce::call_once::haf7bee1b7a4e5d91
[INFO] [stdout]                                at /rustc/90b35a6239c3d8bdabc530a6a0816f7ff89a0aaf/library/core/src/ops/function.rs:250:5
[INFO] [stdout]   25:     0x59e6769d85cb - core::ops::function::FnOnce::call_once::h109cf8051a59b34e
[INFO] [stdout]                                at /rustc/90b35a6239c3d8bdabc530a6a0816f7ff89a0aaf/library/core/src/ops/function.rs:250:5
[INFO] [stdout]   26:     0x59e6769d85cb - test::__rust_begin_short_backtrace::hf4fff89d377446ba
[INFO] [stdout]                                at /rustc/90b35a6239c3d8bdabc530a6a0816f7ff89a0aaf/library/test/src/lib.rs:621:18
[INFO] [stdout]   27:     0x59e6769d7e07 - test::run_test_in_process::{{closure}}::h0e39181dd7ee5a43
[INFO] [stdout]                                at /rustc/90b35a6239c3d8bdabc530a6a0816f7ff89a0aaf/library/test/src/lib.rs:644:60
[INFO] [stdout]   28:     0x59e6769d7e07 - <core::panic::unwind_safe::AssertUnwindSafe<F> as core::ops::function::FnOnce<()>>::call_once::hc5a66a30f0bdfd1f
[INFO] [stdout]                                at /rustc/90b35a6239c3d8bdabc530a6a0816f7ff89a0aaf/library/core/src/panic/unwind_safe.rs:272:9
[INFO] [stdout]   29:     0x59e6769d7e07 - std::panicking::try::do_call::h873b7cf639554a5e
[INFO] [stdout]                                at /rustc/90b35a6239c3d8bdabc530a6a0816f7ff89a0aaf/library/std/src/panicking.rs:557:40
[INFO] [stdout]   30:     0x59e6769d7e07 - std::panicking::try::hdb19862fad9c8bd1
[INFO] [stdout]                                at /rustc/90b35a6239c3d8bdabc530a6a0816f7ff89a0aaf/library/std/src/panicking.rs:520:19
[INFO] [stdout]   31:     0x59e6769d7e07 - std::panic::catch_unwind::h281fe732d236d260
[INFO] [stdout]                                at /rustc/90b35a6239c3d8bdabc530a6a0816f7ff89a0aaf/library/std/src/panic.rs:358:14
[INFO] [stdout]   32:     0x59e6769d7e07 - test::run_test_in_process::h949b6df8457ed338
[INFO] [stdout]                                at /rustc/90b35a6239c3d8bdabc530a6a0816f7ff89a0aaf/library/test/src/lib.rs:644:27
[INFO] [stdout]   33:     0x59e6769d7e07 - test::run_test::{{closure}}::h52c556a6d4740e10
[INFO] [stdout]                                at /rustc/90b35a6239c3d8bdabc530a6a0816f7ff89a0aaf/library/test/src/lib.rs:565:43
[INFO] [stdout]   34:     0x59e67699d0e4 - test::run_test::{{closure}}::h4237f6381c45ccb9
[INFO] [stdout]                                at /rustc/90b35a6239c3d8bdabc530a6a0816f7ff89a0aaf/library/test/src/lib.rs:595:41
[INFO] [stdout]   35:     0x59e67699d0e4 - std::sys::backtrace::__rust_begin_short_backtrace::h505c97a579eca628
[INFO] [stdout]                                at /rustc/90b35a6239c3d8bdabc530a6a0816f7ff89a0aaf/library/std/src/sys/backtrace.rs:154:18
[INFO] [stdout]   36:     0x59e6769a07ae - std::thread::Builder::spawn_unchecked_::{{closure}}::{{closure}}::h9e86b2e2bc107ea3
[INFO] [stdout]                                at /rustc/90b35a6239c3d8bdabc530a6a0816f7ff89a0aaf/library/std/src/thread/mod.rs:538:17
[INFO] [stdout]   37:     0x59e6769a07ae - <core::panic::unwind_safe::AssertUnwindSafe<F> as core::ops::function::FnOnce<()>>::call_once::h8b06ddb275ff4a25
[INFO] [stdout]                                at /rustc/90b35a6239c3d8bdabc530a6a0816f7ff89a0aaf/library/core/src/panic/unwind_safe.rs:272:9
[INFO] [stdout]   38:     0x59e6769a07ae - std::panicking::try::do_call::hb26ecd7cd9a9355d
[INFO] [stdout]                                at /rustc/90b35a6239c3d8bdabc530a6a0816f7ff89a0aaf/library/std/src/panicking.rs:557:40
[INFO] [stdout]   39:     0x59e6769a07ae - std::panicking::try::h8ddeca9d705f9069
[INFO] [stdout]                                at /rustc/90b35a6239c3d8bdabc530a6a0816f7ff89a0aaf/library/std/src/panicking.rs:520:19
[INFO] [stdout]   40:     0x59e6769a07ae - std::panic::catch_unwind::h49e1c33078844c46
[INFO] [stdout]                                at /rustc/90b35a6239c3d8bdabc530a6a0816f7ff89a0aaf/library/std/src/panic.rs:358:14
[INFO] [stdout]   41:     0x59e6769a07ae - std::thread::Builder::spawn_unchecked_::{{closure}}::h6073db6ff56ad35d
[INFO] [stdout]                                at /rustc/90b35a6239c3d8bdabc530a6a0816f7ff89a0aaf/library/std/src/thread/mod.rs:537:30
[INFO] [stdout]   42:     0x59e6769a07ae - core::ops::function::FnOnce::call_once{{vtable.shim}}::h2c5a5f3779c774f1
[INFO] [stdout]                                at /rustc/90b35a6239c3d8bdabc530a6a0816f7ff89a0aaf/library/core/src/ops/function.rs:250:5
[INFO] [stdout]   43:     0x59e676ecfa0b - <alloc::boxed::Box<F,A> as core::ops::function::FnOnce<Args>>::call_once::hf75717d9f28faebf
[INFO] [stdout]                                at /rustc/90b35a6239c3d8bdabc530a6a0816f7ff89a0aaf/library/alloc/src/boxed.rs:2454:9
[INFO] [stdout]   44:     0x59e676ecfa0b - <alloc::boxed::Box<F,A> as core::ops::function::FnOnce<Args>>::call_once::h7bd883a5f3c5f3c1
[INFO] [stdout]                                at /rustc/90b35a6239c3d8bdabc530a6a0816f7ff89a0aaf/library/alloc/src/boxed.rs:2454:9
[INFO] [stdout]   45:     0x59e676ecfa0b - std::sys::pal::unix::thread::Thread::new::thread_start::hcc78f3943333fa94
[INFO] [stdout]                                at /rustc/90b35a6239c3d8bdabc530a6a0816f7ff89a0aaf/library/std/src/sys/pal/unix/thread.rs:105:17
[INFO] [stdout]   46:     0x7e92f2c77ac3 - <unknown>
[INFO] [stdout]   47:     0x7e92f2d08a04 - clone
[INFO] [stdout]   48:                0x0 - <unknown>
[INFO] [stdout] 
[INFO] [stdout] ---- test_adv_06_10_pts_special_judge stdout ----
[INFO] [stdout] thread 'test_adv_06_10_pts_special_judge' panicked at tests/common.rs:223:14:
[INFO] [stdout] failed to create stdout file: Os { code: 30, kind: ReadOnlyFilesystem, message: "Read-only file system" }
[INFO] [stdout] stack backtrace:
[INFO] [stdout]    0:     0x59e676ec9b7a - std::backtrace_rs::backtrace::libunwind::trace::h5a5b8284f2d0c266
[INFO] [stdout]                                at /rustc/90b35a6239c3d8bdabc530a6a0816f7ff89a0aaf/library/std/src/../../backtrace/src/backtrace/libunwind.rs:116:5
[INFO] [stdout]    1:     0x59e676ec9b7a - std::backtrace_rs::backtrace::trace_unsynchronized::h76d4f1c9b0b875e3
[INFO] [stdout]                                at /rustc/90b35a6239c3d8bdabc530a6a0816f7ff89a0aaf/library/std/src/../../backtrace/src/backtrace/mod.rs:66:5
[INFO] [stdout]    2:     0x59e676ec9b7a - std::sys::backtrace::_print_fmt::hc4546b8364a537c6
[INFO] [stdout]                                at /rustc/90b35a6239c3d8bdabc530a6a0816f7ff89a0aaf/library/std/src/sys/backtrace.rs:66:9
[INFO] [stdout]    3:     0x59e676ec9b7a - <std::sys::backtrace::BacktraceLock::print::DisplayBacktrace as core::fmt::Display>::fmt::h5b6bd5631a6d1f6b
[INFO] [stdout]                                at /rustc/90b35a6239c3d8bdabc530a6a0816f7ff89a0aaf/library/std/src/sys/backtrace.rs:39:26
[INFO] [stdout]    4:     0x59e676ef3313 - core::fmt::rt::Argument::fmt::h270f6602a2b96f62
[INFO] [stdout]                                at /rustc/90b35a6239c3d8bdabc530a6a0816f7ff89a0aaf/library/core/src/fmt/rt.rs:177:76
[INFO] [stdout]    5:     0x59e676ef3313 - core::fmt::write::h7550c97b06c86515
[INFO] [stdout]                                at /rustc/90b35a6239c3d8bdabc530a6a0816f7ff89a0aaf/library/core/src/fmt/mod.rs:1186:21
[INFO] [stdout]    6:     0x59e676ec5f23 - std::io::Write::write_fmt::h509ff860e5956e5e
[INFO] [stdout]                                at /rustc/90b35a6239c3d8bdabc530a6a0816f7ff89a0aaf/library/std/src/io/mod.rs:1839:15
[INFO] [stdout]    7:     0x59e676ec99c2 - std::sys::backtrace::BacktraceLock::print::h2395ccd2c84ba3aa
[INFO] [stdout]                                at /rustc/90b35a6239c3d8bdabc530a6a0816f7ff89a0aaf/library/std/src/sys/backtrace.rs:42:9
[INFO] [stdout]    8:     0x59e676ecafda - std::panicking::default_hook::{{closure}}::he19d4c7230e07961
[INFO] [stdout]                                at /rustc/90b35a6239c3d8bdabc530a6a0816f7ff89a0aaf/library/std/src/panicking.rs:268:22
[INFO] [stdout]    9:     0x59e676ecade4 - std::panicking::default_hook::hf614597d3c67bbdb
[INFO] [stdout]                                at /rustc/90b35a6239c3d8bdabc530a6a0816f7ff89a0aaf/library/std/src/panicking.rs:292:9
[INFO] [stdout]   10:     0x59e6769d3c09 - <alloc::boxed::Box<F,A> as core::ops::function::Fn<Args>>::call::h39b51ce4599c23d1
[INFO] [stdout]                                at /rustc/90b35a6239c3d8bdabc530a6a0816f7ff89a0aaf/library/alloc/src/boxed.rs:2468:9
[INFO] [stdout]   11:     0x59e6769d3c09 - test::test_main::{{closure}}::he977ae839a582784
[INFO] [stdout]                                at /rustc/90b35a6239c3d8bdabc530a6a0816f7ff89a0aaf/library/test/src/lib.rs:133:21
[INFO] [stdout]   12:     0x59e676ecb678 - <alloc::boxed::Box<F,A> as core::ops::function::Fn<Args>>::call::h9455091b6b06f9fb
[INFO] [stdout]                                at /rustc/90b35a6239c3d8bdabc530a6a0816f7ff89a0aaf/library/alloc/src/boxed.rs:2468:9
[INFO] [stdout]   13:     0x59e676ecb678 - std::panicking::rust_panic_with_hook::h8942133a8b252070
[INFO] [stdout]                                at /rustc/90b35a6239c3d8bdabc530a6a0816f7ff89a0aaf/library/std/src/panicking.rs:809:13
[INFO] [stdout]   14:     0x59e676ecb43a - std::panicking::begin_panic_handler::{{closure}}::hb5f5963570096b29
[INFO] [stdout]                                at /rustc/90b35a6239c3d8bdabc530a6a0816f7ff89a0aaf/library/std/src/panicking.rs:674:13
[INFO] [stdout]   15:     0x59e676eca059 - std::sys::backtrace::__rust_end_short_backtrace::h6208cedc1922feda
[INFO] [stdout]                                at /rustc/90b35a6239c3d8bdabc530a6a0816f7ff89a0aaf/library/std/src/sys/backtrace.rs:170:18
[INFO] [stdout]   16:     0x59e676ecb0cc - rust_begin_unwind
[INFO] [stdout]                                at /rustc/90b35a6239c3d8bdabc530a6a0816f7ff89a0aaf/library/std/src/panicking.rs:665:5
[INFO] [stdout]   17:     0x59e6769462a0 - core::panicking::panic_fmt::h0c3082644d1bf418
[INFO] [stdout]                                at /rustc/90b35a6239c3d8bdabc530a6a0816f7ff89a0aaf/library/core/src/panicking.rs:74:14
[INFO] [stdout]   18:     0x59e676946726 - core::result::unwrap_failed::hd20b4aa073bda1e2
[INFO] [stdout]                                at /rustc/90b35a6239c3d8bdabc530a6a0816f7ff89a0aaf/library/core/src/result.rs:1700:5
[INFO] [stdout]   19:     0x59e67698303d - core::result::Result<T,E>::expect::h16ab4f2f8d8b922d
[INFO] [stdout]                                at /rustc/90b35a6239c3d8bdabc530a6a0816f7ff89a0aaf/library/core/src/result.rs:1061:23
[INFO] [stdout]   20:     0x59e67696ae83 - advanced_requirements::common::TestCase::start_server::hbed6b7a8aa0bc935
[INFO] [stdout]                                at /opt/rustwide/workdir/tests/common.rs:221:22
[INFO] [stdout]   21:     0x59e67696d64d - advanced_requirements::common::TestCase::run::h32978f1c65d9ebdb
[INFO] [stdout]                                at /opt/rustwide/workdir/tests/common.rs:372:9
[INFO] [stdout]   22:     0x59e67698fb9f - advanced_requirements::test_adv_06_10_pts_special_judge::h09ff239c5a8a3625
[INFO] [stdout]                                at /opt/rustwide/workdir/tests/advanced_requirements.rs:65:5
[INFO] [stdout]   23:     0x59e67698fb57 - advanced_requirements::test_adv_06_10_pts_special_judge::{{closure}}::h21584c1b5971dce2
[INFO] [stdout]                                at /opt/rustwide/workdir/tests/advanced_requirements.rs:62:38
[INFO] [stdout]   24:     0x59e6769807d6 - core::ops::function::FnOnce::call_once::h4c0852f2178919be
[INFO] [stdout]                                at /rustc/90b35a6239c3d8bdabc530a6a0816f7ff89a0aaf/library/core/src/ops/function.rs:250:5
[INFO] [stdout]   25:     0x59e6769d85cb - core::ops::function::FnOnce::call_once::h109cf8051a59b34e
[INFO] [stdout]                                at /rustc/90b35a6239c3d8bdabc530a6a0816f7ff89a0aaf/library/core/src/ops/function.rs:250:5
[INFO] [stdout]   26:     0x59e6769d85cb - test::__rust_begin_short_backtrace::hf4fff89d377446ba
[INFO] [stdout]                                at /rustc/90b35a6239c3d8bdabc530a6a0816f7ff89a0aaf/library/test/src/lib.rs:621:18
[INFO] [stdout]   27:     0x59e6769d7e07 - test::run_test_in_process::{{closure}}::h0e39181dd7ee5a43
[INFO] [stdout]                                at /rustc/90b35a6239c3d8bdabc530a6a0816f7ff89a0aaf/library/test/src/lib.rs:644:60
[INFO] [stdout]   28:     0x59e6769d7e07 - <core::panic::unwind_safe::AssertUnwindSafe<F> as core::ops::function::FnOnce<()>>::call_once::hc5a66a30f0bdfd1f
[INFO] [stdout]                                at /rustc/90b35a6239c3d8bdabc530a6a0816f7ff89a0aaf/library/core/src/panic/unwind_safe.rs:272:9
[INFO] [stdout]   29:     0x59e6769d7e07 - std::panicking::try::do_call::h873b7cf639554a5e
[INFO] [stdout]                                at /rustc/90b35a6239c3d8bdabc530a6a0816f7ff89a0aaf/library/std/src/panicking.rs:557:40
[INFO] [stdout]   30:     0x59e6769d7e07 - std::panicking::try::hdb19862fad9c8bd1
[INFO] [stdout]                                at /rustc/90b35a6239c3d8bdabc530a6a0816f7ff89a0aaf/library/std/src/panicking.rs:520:19
[INFO] [stdout]   31:     0x59e6769d7e07 - std::panic::catch_unwind::h281fe732d236d260
[INFO] [stdout]                                at /rustc/90b35a6239c3d8bdabc530a6a0816f7ff89a0aaf/library/std/src/panic.rs:358:14
[INFO] [stdout]   32:     0x59e6769d7e07 - test::run_test_in_process::h949b6df8457ed338
[INFO] [stdout]                                at /rustc/90b35a6239c3d8bdabc530a6a0816f7ff89a0aaf/library/test/src/lib.rs:644:27
[INFO] [stdout]   33:     0x59e6769d7e07 - test::run_test::{{closure}}::h52c556a6d4740e10
[INFO] [stdout]                                at /rustc/90b35a6239c3d8bdabc530a6a0816f7ff89a0aaf/library/test/src/lib.rs:565:43
[INFO] [stdout]   34:     0x59e67699d0e4 - test::run_test::{{closure}}::h4237f6381c45ccb9
[INFO] [stdout]                                at /rustc/90b35a6239c3d8bdabc530a6a0816f7ff89a0aaf/library/test/src/lib.rs:595:41
[INFO] [stdout]   35:     0x59e67699d0e4 - std::sys::backtrace::__rust_begin_short_backtrace::h505c97a579eca628
[INFO] [stdout]                                at /rustc/90b35a6239c3d8bdabc530a6a0816f7ff89a0aaf/library/std/src/sys/backtrace.rs:154:18
[INFO] [stdout]   36:     0x59e6769a07ae - std::thread::Builder::spawn_unchecked_::{{closure}}::{{closure}}::h9e86b2e2bc107ea3
[INFO] [stdout]                                at /rustc/90b35a6239c3d8bdabc530a6a0816f7ff89a0aaf/library/std/src/thread/mod.rs:538:17
[INFO] [stdout]   37:     0x59e6769a07ae - <core::panic::unwind_safe::AssertUnwindSafe<F> as core::ops::function::FnOnce<()>>::call_once::h8b06ddb275ff4a25
[INFO] [stdout]                                at /rustc/90b35a6239c3d8bdabc530a6a0816f7ff89a0aaf/library/core/src/panic/unwind_safe.rs:272:9
[INFO] [stdout]   38:     0x59e6769a07ae - std::panicking::try::do_call::hb26ecd7cd9a9355d
[INFO] [stdout]                                at /rustc/90b35a6239c3d8bdabc530a6a0816f7ff89a0aaf/library/std/src/panicking.rs:557:40
[INFO] [stdout]   39:     0x59e6769a07ae - std::panicking::try::h8ddeca9d705f9069
[INFO] [stdout]                                at /rustc/90b35a6239c3d8bdabc530a6a0816f7ff89a0aaf/library/std/src/panicking.rs:520:19
[INFO] [stdout]   40:     0x59e6769a07ae - std::panic::catch_unwind::h49e1c33078844c46
[INFO] [stdout]                                at /rustc/90b35a6239c3d8bdabc530a6a0816f7ff89a0aaf/library/std/src/panic.rs:358:14
[INFO] [stdout]   41:     0x59e6769a07ae - std::thread::Builder::spawn_unchecked_::{{closure}}::h6073db6ff56ad35d
[INFO] [stdout]                                at /rustc/90b35a6239c3d8bdabc530a6a0816f7ff89a0aaf/library/std/src/thread/mod.rs:537:30
[INFO] [stdout]   42:     0x59e6769a07ae - core::ops::function::FnOnce::call_once{{vtable.shim}}::h2c5a5f3779c774f1
[INFO] [stdout]                                at /rustc/90b35a6239c3d8bdabc530a6a0816f7ff89a0aaf/library/core/src/ops/function.rs:250:5
[INFO] [stdout]   43:     0x59e676ecfa0b - <alloc::boxed::Box<F,A> as core::ops::function::FnOnce<Args>>::call_once::hf75717d9f28faebf
[INFO] [stdout]                                at /rustc/90b35a6239c3d8bdabc530a6a0816f7ff89a0aaf/library/alloc/src/boxed.rs:2454:9
[INFO] [stdout]   44:     0x59e676ecfa0b - <alloc::boxed::Box<F,A> as core::ops::function::FnOnce<Args>>::call_once::h7bd883a5f3c5f3c1
[INFO] [stdout]                                at /rustc/90b35a6239c3d8bdabc530a6a0816f7ff89a0aaf/library/alloc/src/boxed.rs:2454:9
[INFO] [stdout]   45:     0x59e676ecfa0b - std::sys::pal::unix::thread::Thread::new::thread_start::hcc78f3943333fa94
[INFO] [stdout]                                at /rustc/90b35a6239c3d8bdabc530a6a0816f7ff89a0aaf/library/std/src/sys/pal/unix/thread.rs:105:17
[INFO] [stdout]   46:     0x7e92f2c77ac3 - <unknown>
[INFO] [stdout]   47:     0x7e92f2d08a04 - clone
[INFO] [stdout]   48:                0x0 - <unknown>
[INFO] [stdout] 
[INFO] [stdout] ---- test_adv_03_10_pts_non_blocking_judging stdout ----
[INFO] [stdout] thread 'test_adv_03_10_pts_non_blocking_judging' panicked at tests/common.rs:223:14:
[INFO] [stdout] failed to create stdout file: Os { code: 30, kind: ReadOnlyFilesystem, message: "Read-only file system" }
[INFO] [stdout] stack backtrace:
[INFO] [stdout]    0:     0x59e676ec9b7a - std::backtrace_rs::backtrace::libunwind::trace::h5a5b8284f2d0c266
[INFO] [stdout]                                at /rustc/90b35a6239c3d8bdabc530a6a0816f7ff89a0aaf/library/std/src/../../backtrace/src/backtrace/libunwind.rs:116:5
[INFO] [stdout]    1:     0x59e676ec9b7a - std::backtrace_rs::backtrace::trace_unsynchronized::h76d4f1c9b0b875e3
[INFO] [stdout]                                at /rustc/90b35a6239c3d8bdabc530a6a0816f7ff89a0aaf/library/std/src/../../backtrace/src/backtrace/mod.rs:66:5
[INFO] [stdout]    2:     0x59e676ec9b7a - std::sys::backtrace::_print_fmt::hc4546b8364a537c6
[INFO] [stdout]                                at /rustc/90b35a6239c3d8bdabc530a6a0816f7ff89a0aaf/library/std/src/sys/backtrace.rs:66:9
[INFO] [stdout]    3:     0x59e676ec9b7a - <std::sys::backtrace::BacktraceLock::print::DisplayBacktrace as core::fmt::Display>::fmt::h5b6bd5631a6d1f6b
[INFO] [stdout]                                at /rustc/90b35a6239c3d8bdabc530a6a0816f7ff89a0aaf/library/std/src/sys/backtrace.rs:39:26
[INFO] [stdout]    4:     0x59e676ef3313 - core::fmt::rt::Argument::fmt::h270f6602a2b96f62
[INFO] [stdout]                                at /rustc/90b35a6239c3d8bdabc530a6a0816f7ff89a0aaf/library/core/src/fmt/rt.rs:177:76
[INFO] [stdout]    5:     0x59e676ef3313 - core::fmt::write::h7550c97b06c86515
[INFO] [stdout]                                at /rustc/90b35a6239c3d8bdabc530a6a0816f7ff89a0aaf/library/core/src/fmt/mod.rs:1186:21
[INFO] [stdout]    6:     0x59e676ec5f23 - std::io::Write::write_fmt::h509ff860e5956e5e
[INFO] [stdout]                                at /rustc/90b35a6239c3d8bdabc530a6a0816f7ff89a0aaf/library/std/src/io/mod.rs:1839:15
[INFO] [stdout]    7:     0x59e676ec99c2 - std::sys::backtrace::BacktraceLock::print::h2395ccd2c84ba3aa
[INFO] [stdout]                                at /rustc/90b35a6239c3d8bdabc530a6a0816f7ff89a0aaf/library/std/src/sys/backtrace.rs:42:9
[INFO] [stdout]    8:     0x59e676ecafda - std::panicking::default_hook::{{closure}}::he19d4c7230e07961
[INFO] [stdout]                                at /rustc/90b35a6239c3d8bdabc530a6a0816f7ff89a0aaf/library/std/src/panicking.rs:268:22
[INFO] [stdout]    9:     0x59e676ecade4 - std::panicking::default_hook::hf614597d3c67bbdb
[INFO] [stdout]                                at /rustc/90b35a6239c3d8bdabc530a6a0816f7ff89a0aaf/library/std/src/panicking.rs:292:9
[INFO] [stdout]   10:     0x59e6769d3c09 - <alloc::boxed::Box<F,A> as core::ops::function::Fn<Args>>::call::h39b51ce4599c23d1
[INFO] [stdout]                                at /rustc/90b35a6239c3d8bdabc530a6a0816f7ff89a0aaf/library/alloc/src/boxed.rs:2468:9
[INFO] [stdout]   11:     0x59e6769d3c09 - test::test_main::{{closure}}::he977ae839a582784
[INFO] [stdout]                                at /rustc/90b35a6239c3d8bdabc530a6a0816f7ff89a0aaf/library/test/src/lib.rs:133:21
[INFO] [stdout]   12:     0x59e676ecb678 - <alloc::boxed::Box<F,A> as core::ops::function::Fn<Args>>::call::h9455091b6b06f9fb
[INFO] [stdout]                                at /rustc/90b35a6239c3d8bdabc530a6a0816f7ff89a0aaf/library/alloc/src/boxed.rs:2468:9
[INFO] [stdout]   13:     0x59e676ecb678 - std::panicking::rust_panic_with_hook::h8942133a8b252070
[INFO] [stdout]                                at /rustc/90b35a6239c3d8bdabc530a6a0816f7ff89a0aaf/library/std/src/panicking.rs:809:13
[INFO] [stdout]   14:     0x59e676ecb43a - std::panicking::begin_panic_handler::{{closure}}::hb5f5963570096b29
[INFO] [stdout]                                at /rustc/90b35a6239c3d8bdabc530a6a0816f7ff89a0aaf/library/std/src/panicking.rs:674:13
[INFO] [stdout]   15:     0x59e676eca059 - std::sys::backtrace::__rust_end_short_backtrace::h6208cedc1922feda
[INFO] [stdout]                                at /rustc/90b35a6239c3d8bdabc530a6a0816f7ff89a0aaf/library/std/src/sys/backtrace.rs:170:18
[INFO] [stdout]   16:     0x59e676ecb0cc - rust_begin_unwind
[INFO] [stdout]                                at /rustc/90b35a6239c3d8bdabc530a6a0816f7ff89a0aaf/library/std/src/panicking.rs:665:5
[INFO] [stdout]   17:     0x59e6769462a0 - core::panicking::panic_fmt::h0c3082644d1bf418
[INFO] [stdout]                                at /rustc/90b35a6239c3d8bdabc530a6a0816f7ff89a0aaf/library/core/src/panicking.rs:74:14
[INFO] [stdout]   18:     0x59e676946726 - core::result::unwrap_failed::hd20b4aa073bda1e2
[INFO] [stdout]                                at /rustc/90b35a6239c3d8bdabc530a6a0816f7ff89a0aaf/library/core/src/result.rs:1700:5
[INFO] [stdout]   19:     0x59e67698303d - core::result::Result<T,E>::expect::h16ab4f2f8d8b922d
[INFO] [stdout]                                at /rustc/90b35a6239c3d8bdabc530a6a0816f7ff89a0aaf/library/core/src/result.rs:1061:23
[INFO] [stdout]   20:     0x59e67696ae83 - advanced_requirements::common::TestCase::start_server::hbed6b7a8aa0bc935
[INFO] [stdout]                                at /opt/rustwide/workdir/tests/common.rs:221:22
[INFO] [stdout]   21:     0x59e67696d64d - advanced_requirements::common::TestCase::run::h32978f1c65d9ebdb
[INFO] [stdout]                                at /opt/rustwide/workdir/tests/common.rs:372:9
[INFO] [stdout]   22:     0x59e67698f57f - advanced_requirements::test_adv_03_10_pts_non_blocking_judging::h9b771ab3bc46d715
[INFO] [stdout]                                at /opt/rustwide/workdir/tests/advanced_requirements.rs:29:5
[INFO] [stdout]   23:     0x59e67698f537 - advanced_requirements::test_adv_03_10_pts_non_blocking_judging::{{closure}}::he7bdf2050b7b52f3
[INFO] [stdout]                                at /opt/rustwide/workdir/tests/advanced_requirements.rs:24:45
[INFO] [stdout]   24:     0x59e6769808c6 - core::ops::function::FnOnce::call_once::h91ab54285c532d6b
[INFO] [stdout]                                at /rustc/90b35a6239c3d8bdabc530a6a0816f7ff89a0aaf/library/core/src/ops/function.rs:250:5
[INFO] [stdout]   25:     0x59e6769d85cb - core::ops::function::FnOnce::call_once::h109cf8051a59b34e
[INFO] [stdout]                                at /rustc/90b35a6239c3d8bdabc530a6a0816f7ff89a0aaf/library/core/src/ops/function.rs:250:5
[INFO] [stdout]   26:     0x59e6769d85cb - test::__rust_begin_short_backtrace::hf4fff89d377446ba
[INFO] [stdout]                                at /rustc/90b35a6239c3d8bdabc530a6a0816f7ff89a0aaf/library/test/src/lib.rs:621:18
[INFO] [stdout]   27:     0x59e6769d7e07 - test::run_test_in_process::{{closure}}::h0e39181dd7ee5a43
[INFO] [stdout]                                at /rustc/90b35a6239c3d8bdabc530a6a0816f7ff89a0aaf/library/test/src/lib.rs:644:60
[INFO] [stdout]   28:     0x59e6769d7e07 - <core::panic::unwind_safe::AssertUnwindSafe<F> as core::ops::function::FnOnce<()>>::call_once::hc5a66a30f0bdfd1f
[INFO] [stdout]                                at /rustc/90b35a6239c3d8bdabc530a6a0816f7ff89a0aaf/library/core/src/panic/unwind_safe.rs:272:9
[INFO] [stdout]   29:     0x59e6769d7e07 - std::panicking::try::do_call::h873b7cf639554a5e
[INFO] [stdout]                                at /rustc/90b35a6239c3d8bdabc530a6a0816f7ff89a0aaf/library/std/src/panicking.rs:557:40
[INFO] [stdout]   30:     0x59e6769d7e07 - std::panicking::try::hdb19862fad9c8bd1
[INFO] [stdout]                                at /rustc/90b35a6239c3d8bdabc530a6a0816f7ff89a0aaf/library/std/src/panicking.rs:520:19
[INFO] [stdout]   31:     0x59e6769d7e07 - std::panic::catch_unwind::h281fe732d236d260
[INFO] [stdout]                                at /rustc/90b35a6239c3d8bdabc530a6a0816f7ff89a0aaf/library/std/src/panic.rs:358:14
[INFO] [stdout]   32:     0x59e6769d7e07 - test::run_test_in_process::h949b6df8457ed338
[INFO] [stdout]                                at /rustc/90b35a6239c3d8bdabc530a6a0816f7ff89a0aaf/library/test/src/lib.rs:644:27
[INFO] [stdout]   33:     0x59e6769d7e07 - test::run_test::{{closure}}::h52c556a6d4740e10
[INFO] [stdout]                                at /rustc/90b35a6239c3d8bdabc530a6a0816f7ff89a0aaf/library/test/src/lib.rs:565:43
[INFO] [stdout]   34:     0x59e67699d0e4 - test::run_test::{{closure}}::h4237f6381c45ccb9
[INFO] [stdout]                                at /rustc/90b35a6239c3d8bdabc530a6a0816f7ff89a0aaf/library/test/src/lib.rs:595:41
[INFO] [stdout]   35:     0x59e67699d0e4 - std::sys::backtrace::__rust_begin_short_backtrace::h505c97a579eca628
[INFO] [stdout]                                at /rustc/90b35a6239c3d8bdabc530a6a0816f7ff89a0aaf/library/std/src/sys/backtrace.rs:154:18
[INFO] [stdout]   36:     0x59e6769a07ae - std::thread::Builder::spawn_unchecked_::{{closure}}::{{closure}}::h9e86b2e2bc107ea3
[INFO] [stdout]                                at /rustc/90b35a6239c3d8bdabc530a6a0816f7ff89a0aaf/library/std/src/thread/mod.rs:538:17
[INFO] [stdout]   37:     0x59e6769a07ae - <core::panic::unwind_safe::AssertUnwindSafe<F> as core::ops::function::FnOnce<()>>::call_once::h8b06ddb275ff4a25
[INFO] [stdout]                                at /rustc/90b35a6239c3d8bdabc530a6a0816f7ff89a0aaf/library/core/src/panic/unwind_safe.rs:272:9
[INFO] [stdout]   38:     0x59e6769a07ae - std::panicking::try::do_call::hb26ecd7cd9a9355d
[INFO] [stdout]                                at /rustc/90b35a6239c3d8bdabc530a6a0816f7ff89a0aaf/library/std/src/panicking.rs:557:40
[INFO] [stdout]   39:     0x59e6769a07ae - std::panicking::try::h8ddeca9d705f9069
[INFO] [stdout]                                at /rustc/90b35a6239c3d8bdabc530a6a0816f7ff89a0aaf/library/std/src/panicking.rs:520:19
[INFO] [stdout]   40:     0x59e6769a07ae - std::panic::catch_unwind::h49e1c33078844c46
[INFO] [stdout]                                at /rustc/90b35a6239c3d8bdabc530a6a0816f7ff89a0aaf/library/std/src/panic.rs:358:14
[INFO] [stdout]   41:     0x59e6769a07ae - std::thread::Builder::spawn_unchecked_::{{closure}}::h6073db6ff56ad35d
[INFO] [stdout]                                at /rustc/90b35a6239c3d8bdabc530a6a0816f7ff89a0aaf/library/std/src/thread/mod.rs:537:30
[INFO] [stdout]   42:     0x59e6769a07ae - core::ops::function::FnOnce::call_once{{vtable.shim}}::h2c5a5f3779c774f1
[INFO] [stdout]                                at /rustc/90b35a6239c3d8bdabc530a6a0816f7ff89a0aaf/library/core/src/ops/function.rs:250:5
[INFO] [stdout]   43:     0x59e676ecfa0b - <alloc::boxed::Box<F,A> as core::ops::function::FnOnce<Args>>::call_once::hf75717d9f28faebf
[INFO] [stdout]                                at /rustc/90b35a6239c3d8bdabc530a6a0816f7ff89a0aaf/library/alloc/src/boxed.rs:2454:9
[INFO] [stdout]   44:     0x59e676ecfa0b - <alloc::boxed::Box<F,A> as core::ops::function::FnOnce<Args>>::call_once::h7bd883a5f3c5f3c1
[INFO] [stdout]                                at /rustc/90b35a6239c3d8bdabc530a6a0816f7ff89a0aaf/library/alloc/src/boxed.rs:2454:9
[INFO] [stdout]   45:     0x59e676ecfa0b - std::sys::pal::unix::thread::Thread::new::thread_start::hcc78f3943333fa94
[INFO] [stdout]                                at /rustc/90b35a6239c3d8bdabc530a6a0816f7ff89a0aaf/library/std/src/sys/pal/unix/thread.rs:105:17
[INFO] [stdout]   46:     0x7e92f2c77ac3 - <unknown>
[INFO] [stdout]   47:     0x7e92f2d08a04 - clone
[INFO] [stdout]   48:                0x0 - <unknown>
[INFO] [stdout] 
[INFO] [stdout] 
[INFO] [stdout] failures:
[INFO] [stdout]     test_adv_01_10_pts_contest_support
[INFO] [stdout]     test_adv_02_10_pts_persistent_storage
[INFO] [stdout]     test_adv_03_10_pts_non_blocking_judging
[INFO] [stdout]     test_adv_04_10_pts_resource_limit
[INFO] [stdout]     test_adv_05_5_pts_packed_judging
[INFO] [stdout]     test_adv_06_10_pts_special_judge
[INFO] [stdout]     test_adv_07_10_pts_dynamic_ranking
[INFO] [stdout] 
[INFO] [stdout] test result: FAILED. 0 passed; 7 failed; 0 ignored; 0 measured; 0 filtered out; finished in 1.18s
[INFO] [stdout] 
[INFO] running `Command { std: "docker" "inspect" "06e71eb1353ec2d7b5cd97b99d83ba857da8d80226e162a5cdf1456d1aa64442", kill_on_drop: false }`
[INFO] running `Command { std: "docker" "rm" "-f" "06e71eb1353ec2d7b5cd97b99d83ba857da8d80226e162a5cdf1456d1aa64442", kill_on_drop: false }`
[INFO] [stdout] 06e71eb1353ec2d7b5cd97b99d83ba857da8d80226e162a5cdf1456d1aa64442
