[INFO] cloning repository https://github.com/moderatelyConfused/MapFoldingAtHome
[INFO] running `Command { std: "git" "-c" "credential.helper=" "-c" "credential.helper=/workspace/cargo-home/bin/git-credential-null" "clone" "--bare" "https://github.com/moderatelyConfused/MapFoldingAtHome" "/workspace/cache/git-repos/https%3A%2F%2Fgithub.com%2FmoderatelyConfused%2FMapFoldingAtHome", kill_on_drop: false }`
[INFO] [stderr] Cloning into bare repository '/workspace/cache/git-repos/https%3A%2F%2Fgithub.com%2FmoderatelyConfused%2FMapFoldingAtHome'...
[INFO] running `Command { std: "git" "rev-parse" "HEAD", kill_on_drop: false }`
[INFO] [stdout] 12a3c3b115d4bad9534e72f3b54597ca38be850d
[INFO] testing moderatelyConfused/MapFoldingAtHome against 1.83.0 for beta-1.84.0-4-retry
[INFO] running `Command { std: "git" "clone" "/workspace/cache/git-repos/https%3A%2F%2Fgithub.com%2FmoderatelyConfused%2FMapFoldingAtHome" "/workspace/builds/worker-2-tc1/source", kill_on_drop: false }`
[INFO] [stderr] Cloning into '/workspace/builds/worker-2-tc1/source'...
[INFO] [stderr] done.
[INFO] validating manifest of git repo https://github.com/moderatelyConfused/MapFoldingAtHome on toolchain 1.83.0
[INFO] running `Command { std: CARGO_HOME="/workspace/cargo-home" RUSTUP_HOME="/workspace/rustup-home" "/workspace/cargo-home/bin/cargo" "+1.83.0" "metadata" "--manifest-path" "Cargo.toml" "--no-deps", kill_on_drop: false }`
[INFO] started tweaking git repo https://github.com/moderatelyConfused/MapFoldingAtHome
[INFO] finished tweaking git repo https://github.com/moderatelyConfused/MapFoldingAtHome
[INFO] tweaked toml for git repo https://github.com/moderatelyConfused/MapFoldingAtHome written to /workspace/builds/worker-2-tc1/source/Cargo.toml
[INFO] crate git repo https://github.com/moderatelyConfused/MapFoldingAtHome already has a lockfile, it will not be regenerated
[INFO] running `Command { std: CARGO_HOME="/workspace/cargo-home" RUSTUP_HOME="/workspace/rustup-home" "/workspace/cargo-home/bin/cargo" "+1.83.0" "fetch" "--manifest-path" "Cargo.toml", kill_on_drop: false }`
[INFO] [stderr]  Downloading crates ...
[INFO] [stderr]   Downloaded wgpu-hal v0.19.5
[INFO] running `Command { std: "docker" "create" "-v" "/var/lib/crater-agent-workspace/builds/worker-2-tc1/target:/opt/rustwide/target:rw,Z" "-v" "/var/lib/crater-agent-workspace/builds/worker-2-tc1/source:/opt/rustwide/workdir:ro,Z" "-v" "/var/lib/crater-agent-workspace/cargo-home:/opt/rustwide/cargo-home:ro,Z" "-v" "/var/lib/crater-agent-workspace/rustup-home:/opt/rustwide/rustup-home:ro,Z" "-e" "SOURCE_DIR=/opt/rustwide/workdir" "-e" "CARGO_TARGET_DIR=/opt/rustwide/target" "-e" "CARGO_HOME=/opt/rustwide/cargo-home" "-e" "RUSTUP_HOME=/opt/rustwide/rustup-home" "-w" "/opt/rustwide/workdir" "-m" "1610612736" "--user" "0:0" "--network" "none" "ghcr.io/rust-lang/crates-build-env/linux@sha256:f3a9d4ad9d972b27faf3965f35b62e55ba32bbce8f20bc8fe909558a86702fde" "/opt/rustwide/cargo-home/bin/cargo" "+1.83.0" "metadata" "--no-deps" "--format-version=1", kill_on_drop: false }`
[INFO] [stdout] b9a6303302ce7f05bd490733c79c6f5d6f16524a9c3e1f0cb3470a328e693aea
[INFO] running `Command { std: "docker" "start" "-a" "b9a6303302ce7f05bd490733c79c6f5d6f16524a9c3e1f0cb3470a328e693aea", kill_on_drop: false }`
[INFO] running `Command { std: "docker" "inspect" "b9a6303302ce7f05bd490733c79c6f5d6f16524a9c3e1f0cb3470a328e693aea", kill_on_drop: false }`
[INFO] running `Command { std: "docker" "rm" "-f" "b9a6303302ce7f05bd490733c79c6f5d6f16524a9c3e1f0cb3470a328e693aea", kill_on_drop: false }`
[INFO] [stdout] b9a6303302ce7f05bd490733c79c6f5d6f16524a9c3e1f0cb3470a328e693aea
[INFO] running `Command { std: "docker" "create" "-v" "/var/lib/crater-agent-workspace/builds/worker-2-tc1/target:/opt/rustwide/target:rw,Z" "-v" "/var/lib/crater-agent-workspace/builds/worker-2-tc1/source:/opt/rustwide/workdir:ro,Z" "-v" "/var/lib/crater-agent-workspace/cargo-home:/opt/rustwide/cargo-home:ro,Z" "-v" "/var/lib/crater-agent-workspace/rustup-home:/opt/rustwide/rustup-home:ro,Z" "-e" "SOURCE_DIR=/opt/rustwide/workdir" "-e" "CARGO_TARGET_DIR=/opt/rustwide/target" "-e" "CARGO_INCREMENTAL=0" "-e" "RUST_BACKTRACE=full" "-e" "RUSTFLAGS=--cap-lints=warn" "-e" "RUSTDOCFLAGS=--cap-lints=warn" "-e" "CARGO_HOME=/opt/rustwide/cargo-home" "-e" "RUSTUP_HOME=/opt/rustwide/rustup-home" "-w" "/opt/rustwide/workdir" "-m" "1610612736" "--user" "0:0" "--network" "none" "ghcr.io/rust-lang/crates-build-env/linux@sha256:f3a9d4ad9d972b27faf3965f35b62e55ba32bbce8f20bc8fe909558a86702fde" "/opt/rustwide/cargo-home/bin/cargo" "+1.83.0" "build" "--frozen" "--message-format=json", kill_on_drop: false }`
[INFO] [stdout] ce72ccc73b9e10e97bb56affa313bef2b4495498378dccb35852fb991ded0d8d
[INFO] running `Command { std: "docker" "start" "-a" "ce72ccc73b9e10e97bb56affa313bef2b4495498378dccb35852fb991ded0d8d", kill_on_drop: false }`
[INFO] [stderr]    Compiling libc v0.2.164
[INFO] [stderr]    Compiling proc-macro2 v1.0.89
[INFO] [stderr]    Compiling cfg-if v1.0.0
[INFO] [stderr]    Compiling unicode-ident v1.0.13
[INFO] [stderr]    Compiling autocfg v1.4.0
[INFO] [stderr]    Compiling bitflags v2.6.0
[INFO] [stderr]    Compiling cfg_aliases v0.1.1
[INFO] [stderr]    Compiling version_check v0.9.5
[INFO] [stderr]    Compiling parking_lot_core v0.9.10
[INFO] [stderr]    Compiling scopeguard v1.2.0
[INFO] [stderr]    Compiling smallvec v1.13.2
[INFO] [stderr]    Compiling thiserror v1.0.69
[INFO] [stderr]    Compiling crossbeam-utils v0.8.20
[INFO] [stderr]    Compiling once_cell v1.20.2
[INFO] [stderr]    Compiling zerocopy v0.7.35
[INFO] [stderr]    Compiling equivalent v1.0.1
[INFO] [stderr]    Compiling khronos-egl v6.0.0
[INFO] [stderr]    Compiling bit-vec v0.6.3
[INFO] [stderr]    Compiling termcolor v1.4.1
[INFO] [stderr]    Compiling unicode-width v0.1.14
[INFO] [stderr]    Compiling ash v0.37.3+1.3.251
[INFO] [stderr]    Compiling allocator-api2 v0.2.20
[INFO] [stderr]    Compiling hashbrown v0.15.1
[INFO] [stderr]    Compiling bit-set v0.5.3
[INFO] [stderr]    Compiling gpu-descriptor-types v0.1.2
[INFO] [stderr]    Compiling spirv v0.3.0+sdk-1.3.268.0
[INFO] [stderr]    Compiling gpu-alloc-types v0.3.0
[INFO] [stderr]    Compiling codespan-reporting v0.11.1
[INFO] [stderr]    Compiling ahash v0.8.11
[INFO] [stderr]    Compiling wgpu-hal v0.19.5
[INFO] [stderr]    Compiling libloading v0.8.5
[INFO] [stderr]    Compiling libloading v0.7.4
[INFO] [stderr]    Compiling log v0.4.22
[INFO] [stderr]    Compiling lock_api v0.4.12
[INFO] [stderr]    Compiling num-traits v0.2.19
[INFO] [stderr]    Compiling hexf-parse v0.2.1
[INFO] [stderr]    Compiling unicode-xid v0.2.6
[INFO] [stderr]    Compiling rustc-hash v1.1.0
[INFO] [stderr]    Compiling gpu-alloc v0.6.0
[INFO] [stderr]    Compiling wgpu-types v0.19.2
[INFO] [stderr]    Compiling wgpu-core v0.19.4
[INFO] [stderr]    Compiling renderdoc-sys v1.1.0
[INFO] [stderr]    Compiling rayon-core v1.12.1
[INFO] [stderr]    Compiling glow v0.13.1
[INFO] [stderr]    Compiling crossbeam-epoch v0.9.18
[INFO] [stderr]    Compiling hashbrown v0.14.5
[INFO] [stderr]    Compiling quote v1.0.37
[INFO] [stderr]    Compiling indexmap v2.6.0
[INFO] [stderr]    Compiling profiling v1.0.16
[INFO] [stderr]    Compiling arrayvec v0.7.6
[INFO] [stderr]    Compiling raw-window-handle v0.6.2
[INFO] [stderr]    Compiling crossbeam-deque v0.8.5
[INFO] [stderr]    Compiling syn v2.0.87
[INFO] [stderr]    Compiling wgpu v0.19.4
[INFO] [stderr]    Compiling pin-project-lite v0.2.15
[INFO] [stderr]    Compiling either v1.13.0
[INFO] [stderr]    Compiling futures-core v0.3.31
[INFO] [stderr]    Compiling bytes v1.8.0
[INFO] [stderr]    Compiling static_assertions v1.1.0
[INFO] [stderr]    Compiling signal-hook-registry v1.4.2
[INFO] [stderr]    Compiling socket2 v0.5.7
[INFO] [stderr]    Compiling gpu-descriptor v0.2.4
[INFO] [stderr]    Compiling parking_lot v0.12.3
[INFO] [stderr]    Compiling mio v1.0.2
[INFO] [stderr]    Compiling rayon v1.10.0
[INFO] [stderr]    Compiling num_cpus v1.16.0
[INFO] [stderr]    Compiling futures-intrusive v0.5.0
[INFO] [stderr]    Compiling thiserror-impl v1.0.69
[INFO] [stderr]    Compiling bytemuck_derive v1.5.0
[INFO] [stderr]    Compiling tokio-macros v2.4.0
[INFO] [stderr]    Compiling tokio v1.41.1
[INFO] [stderr]    Compiling bytemuck v1.19.0
[INFO] [stderr]    Compiling naga v0.19.2
[INFO] [stderr]    Compiling folds v0.1.0 (/opt/rustwide/workdir)
[INFO] [stdout] warning: unused variable: `params_slice`
[INFO] [stdout]   --> src/gpu.rs:94:13
[INFO] [stdout]    |
[INFO] [stdout] 94 |         let params_slice = std::slice::from_ref(&params);
[INFO] [stdout]    |             ^^^^^^^^^^^^ help: if this is intentional, prefix it with an underscore: `_params_slice`
[INFO] [stdout]    |
[INFO] [stdout]    = note: `#[warn(unused_variables)]` on by default
[INFO] [stdout] 
[INFO] [stdout] 
[INFO] [stdout] warning: field `p_array_buffer` is never read
[INFO] [stdout]   --> src/gpu.rs:16:5
[INFO] [stdout]    |
[INFO] [stdout] 12 | pub struct StampFolder {
[INFO] [stdout]    |            ----------- field in this struct
[INFO] [stdout] ...
[INFO] [stdout] 16 |     p_array_buffer: wgpu::Buffer,
[INFO] [stdout]    |     ^^^^^^^^^^^^^^
[INFO] [stdout]    |
[INFO] [stdout]    = note: `#[warn(dead_code)]` on by default
[INFO] [stdout] 
[INFO] [stdout] 
[INFO] [stderr]     Finished `dev` profile [unoptimized + debuginfo] target(s) in 49.57s
[INFO] running `Command { std: "docker" "inspect" "ce72ccc73b9e10e97bb56affa313bef2b4495498378dccb35852fb991ded0d8d", kill_on_drop: false }`
[INFO] running `Command { std: "docker" "rm" "-f" "ce72ccc73b9e10e97bb56affa313bef2b4495498378dccb35852fb991ded0d8d", kill_on_drop: false }`
[INFO] [stdout] ce72ccc73b9e10e97bb56affa313bef2b4495498378dccb35852fb991ded0d8d
[INFO] running `Command { std: "docker" "create" "-v" "/var/lib/crater-agent-workspace/builds/worker-2-tc1/target:/opt/rustwide/target:rw,Z" "-v" "/var/lib/crater-agent-workspace/builds/worker-2-tc1/source:/opt/rustwide/workdir:ro,Z" "-v" "/var/lib/crater-agent-workspace/cargo-home:/opt/rustwide/cargo-home:ro,Z" "-v" "/var/lib/crater-agent-workspace/rustup-home:/opt/rustwide/rustup-home:ro,Z" "-e" "SOURCE_DIR=/opt/rustwide/workdir" "-e" "CARGO_TARGET_DIR=/opt/rustwide/target" "-e" "CARGO_INCREMENTAL=0" "-e" "RUST_BACKTRACE=full" "-e" "RUSTFLAGS=--cap-lints=warn" "-e" "RUSTDOCFLAGS=--cap-lints=warn" "-e" "CARGO_HOME=/opt/rustwide/cargo-home" "-e" "RUSTUP_HOME=/opt/rustwide/rustup-home" "-w" "/opt/rustwide/workdir" "-m" "1610612736" "--user" "0:0" "--network" "none" "ghcr.io/rust-lang/crates-build-env/linux@sha256:f3a9d4ad9d972b27faf3965f35b62e55ba32bbce8f20bc8fe909558a86702fde" "/opt/rustwide/cargo-home/bin/cargo" "+1.83.0" "test" "--frozen" "--no-run" "--message-format=json", kill_on_drop: false }`
[INFO] [stdout] 6e02c4cc1be0ba24549133a1c1d3dcaae651a696be79b740525456f721639c06
[INFO] running `Command { std: "docker" "start" "-a" "6e02c4cc1be0ba24549133a1c1d3dcaae651a696be79b740525456f721639c06", kill_on_drop: false }`
[INFO] [stderr]    Compiling serde v1.0.215
[INFO] [stderr]    Compiling either v1.13.0
[INFO] [stderr]    Compiling serde_derive v1.0.215
[INFO] [stderr]    Compiling serde_json v1.0.133
[INFO] [stderr]    Compiling half v2.4.1
[INFO] [stderr]    Compiling memchr v2.7.4
[INFO] [stderr]    Compiling plotters-backend v0.3.7
[INFO] [stderr]    Compiling clap_lex v0.7.3
[INFO] [stderr]    Compiling ryu v1.0.18
[INFO] [stderr]    Compiling anstyle v1.0.10
[INFO] [stderr]    Compiling ciborium-io v0.2.2
[INFO] [stderr]    Compiling itoa v1.0.11
[INFO] [stderr]    Compiling regex-syntax v0.8.5
[INFO] [stderr]    Compiling cast v0.3.0
[INFO] [stderr]    Compiling same-file v1.0.6
[INFO] [stderr]    Compiling is-terminal v0.4.13
[INFO] [stderr]    Compiling anes v0.1.6
[INFO] [stderr]    Compiling walkdir v2.5.0
[INFO] [stderr]    Compiling oorandom v11.1.4
[INFO] [stderr]    Compiling clap_builder v4.5.21
[INFO] [stderr]    Compiling itertools v0.10.5
[INFO] [stderr]    Compiling plotters-svg v0.3.7
[INFO] [stderr]    Compiling rayon v1.10.0
[INFO] [stderr]    Compiling ciborium-ll v0.2.2
[INFO] [stderr]    Compiling plotters v0.3.7
[INFO] [stderr]    Compiling regex-automata v0.4.9
[INFO] [stderr]    Compiling criterion-plot v0.5.0
[INFO] [stderr]    Compiling clap v4.5.21
[INFO] [stderr]    Compiling folds v0.1.0 (/opt/rustwide/workdir)
[INFO] [stdout] warning: unused variable: `params_slice`
[INFO] [stdout]   --> src/gpu.rs:94:13
[INFO] [stdout]    |
[INFO] [stdout] 94 |         let params_slice = std::slice::from_ref(&params);
[INFO] [stdout]    |             ^^^^^^^^^^^^ help: if this is intentional, prefix it with an underscore: `_params_slice`
[INFO] [stdout]    |
[INFO] [stdout]    = note: `#[warn(unused_variables)]` on by default
[INFO] [stdout] 
[INFO] [stdout] 
[INFO] [stdout] warning: field `p_array_buffer` is never read
[INFO] [stdout]   --> src/gpu.rs:16:5
[INFO] [stdout]    |
[INFO] [stdout] 12 | pub struct StampFolder {
[INFO] [stdout]    |            ----------- field in this struct
[INFO] [stdout] ...
[INFO] [stdout] 16 |     p_array_buffer: wgpu::Buffer,
[INFO] [stdout]    |     ^^^^^^^^^^^^^^
[INFO] [stdout]    |
[INFO] [stdout]    = note: `#[warn(dead_code)]` on by default
[INFO] [stdout] 
[INFO] [stdout] 
[INFO] [stderr]    Compiling regex v1.11.1
[INFO] [stderr]    Compiling ciborium v0.2.2
[INFO] [stderr]    Compiling tinytemplate v1.2.1
[INFO] [stderr]    Compiling criterion v0.5.1
[INFO] [stdout] warning: unused variable: `params_slice`
[INFO] [stdout]   --> src/gpu.rs:94:13
[INFO] [stdout]    |
[INFO] [stdout] 94 |         let params_slice = std::slice::from_ref(&params);
[INFO] [stdout]    |             ^^^^^^^^^^^^ help: if this is intentional, prefix it with an underscore: `_params_slice`
[INFO] [stdout]    |
[INFO] [stdout]    = note: `#[warn(unused_variables)]` on by default
[INFO] [stdout] 
[INFO] [stdout] 
[INFO] [stdout] warning: field `p_array_buffer` is never read
[INFO] [stdout]   --> src/gpu.rs:16:5
[INFO] [stdout]    |
[INFO] [stdout] 12 | pub struct StampFolder {
[INFO] [stdout]    |            ----------- field in this struct
[INFO] [stdout] ...
[INFO] [stdout] 16 |     p_array_buffer: wgpu::Buffer,
[INFO] [stdout]    |     ^^^^^^^^^^^^^^
[INFO] [stdout]    |
[INFO] [stdout]    = note: `#[warn(dead_code)]` on by default
[INFO] [stdout] 
[INFO] [stdout] 
[INFO] [stderr]     Finished `test` profile [unoptimized + debuginfo] target(s) in 16.10s
[INFO] running `Command { std: "docker" "inspect" "6e02c4cc1be0ba24549133a1c1d3dcaae651a696be79b740525456f721639c06", kill_on_drop: false }`
[INFO] running `Command { std: "docker" "rm" "-f" "6e02c4cc1be0ba24549133a1c1d3dcaae651a696be79b740525456f721639c06", kill_on_drop: false }`
[INFO] [stdout] 6e02c4cc1be0ba24549133a1c1d3dcaae651a696be79b740525456f721639c06
[INFO] running `Command { std: "docker" "create" "-v" "/var/lib/crater-agent-workspace/builds/worker-2-tc1/target:/opt/rustwide/target:rw,Z" "-v" "/var/lib/crater-agent-workspace/builds/worker-2-tc1/source:/opt/rustwide/workdir:ro,Z" "-v" "/var/lib/crater-agent-workspace/cargo-home:/opt/rustwide/cargo-home:ro,Z" "-v" "/var/lib/crater-agent-workspace/rustup-home:/opt/rustwide/rustup-home:ro,Z" "-e" "SOURCE_DIR=/opt/rustwide/workdir" "-e" "CARGO_TARGET_DIR=/opt/rustwide/target" "-e" "CARGO_INCREMENTAL=0" "-e" "RUST_BACKTRACE=full" "-e" "RUSTFLAGS=--cap-lints=warn" "-e" "RUSTDOCFLAGS=--cap-lints=warn" "-e" "CARGO_HOME=/opt/rustwide/cargo-home" "-e" "RUSTUP_HOME=/opt/rustwide/rustup-home" "-w" "/opt/rustwide/workdir" "-m" "1610612736" "--user" "0:0" "--network" "none" "ghcr.io/rust-lang/crates-build-env/linux@sha256:f3a9d4ad9d972b27faf3965f35b62e55ba32bbce8f20bc8fe909558a86702fde" "/opt/rustwide/cargo-home/bin/cargo" "+1.83.0" "test" "--frozen", kill_on_drop: false }`
[INFO] [stdout] 40d3b3d431a42a6e0cd984a9904d3fcc25b57ebcea47748367360c127588ecf3
[INFO] running `Command { std: "docker" "start" "-a" "40d3b3d431a42a6e0cd984a9904d3fcc25b57ebcea47748367360c127588ecf3", kill_on_drop: false }`
[INFO] [stderr] warning: unused variable: `params_slice`
[INFO] [stderr]   --> src/gpu.rs:94:13
[INFO] [stderr]    |
[INFO] [stderr] 94 |         let params_slice = std::slice::from_ref(&params);
[INFO] [stderr]    |             ^^^^^^^^^^^^ help: if this is intentional, prefix it with an underscore: `_params_slice`
[INFO] [stderr]    |
[INFO] [stderr]    = note: `#[warn(unused_variables)]` on by default
[INFO] [stderr] 
[INFO] [stderr] warning: field `p_array_buffer` is never read
[INFO] [stderr]   --> src/gpu.rs:16:5
[INFO] [stderr]    |
[INFO] [stderr] 12 | pub struct StampFolder {
[INFO] [stderr]    |            ----------- field in this struct
[INFO] [stderr] ...
[INFO] [stderr] 16 |     p_array_buffer: wgpu::Buffer,
[INFO] [stderr]    |     ^^^^^^^^^^^^^^
[INFO] [stderr]    |
[INFO] [stderr]    = note: `#[warn(dead_code)]` on by default
[INFO] [stderr] 
[INFO] [stderr] warning: `folds` (lib) generated 2 warnings
[INFO] [stderr] warning: `folds` (lib test) generated 2 warnings (2 duplicates)
[INFO] [stderr]     Finished `test` profile [unoptimized + debuginfo] target(s) in 0.17s
[INFO] [stderr]      Running unittests src/lib.rs (/opt/rustwide/target/debug/deps/folds-2fb5e4f06782ee1f)
[INFO] [stdout] 
[INFO] [stdout] running 4 tests
[INFO] [stdout] test cpu::tests::test_sequence_n_n ... ok
[INFO] [stderr] error: XDG_RUNTIME_DIR not set in the environment.
[INFO] [stderr] error: XDG_RUNTIME_DIR not set in the environment.
[INFO] [stderr] error: XDG_RUNTIME_DIR not set in the environment.
[INFO] [stderr] error: XDG_RUNTIME_DIR not set in the environment.
[INFO] [stderr] error: XDG_RUNTIME_DIR not set in the environment.
[INFO] [stdout] test cpu::tests::test_sequence_n_3 ... ok
[INFO] [stdout] test gpu::tests::test_sequence_n_2 ... FAILED
[INFO] [stdout] test cpu::tests::test_sequence_n_2 ... ok
[INFO] [stdout] 
[INFO] [stdout] failures:
[INFO] [stdout] 
[INFO] [stdout] ---- gpu::tests::test_sequence_n_2 stdout ----
[INFO] [stdout] 
[INFO] [stdout] Processing dimensions: [1, 2]
[INFO] [stdout] Creating params: Params { dim: 2, n: 2, mod_val: 0, res: 0 }
[INFO] [stdout] Params as slice bytes: [2, 0, 0, 0, 2, 0, 0, 0, 0, 0, 0, 0, 0, 0, 0, 0]
[INFO] [stdout] Padded dimensions: [1, 2]
[INFO] [stdout] Shader params: Params { dim: 2, n: 2, mod_val: 0, res: 0 }
[INFO] [stdout] Raw results: [0, 0, 0, 0, 0, 0, 0, 0, 0, 0, 0, 0, 0, 0, 0, 0, 0, 0, 0, 0, 0, 0, 0, 0, 0, 0, 0, 0, 0, 0, 0, 0, 0, 0, 0, 0, 0, 0, 0, 0, 0, 0, 0, 0, 0, 0, 0, 0, 0, 0, 0, 0, 0, 0, 0, 0, 0, 0, 0, 0, 0, 0, 0, 0]
[INFO] [stdout] thread 'gpu::tests::test_sequence_n_2' panicked at src/gpu.rs:284:13:
[INFO] [stdout] assertion `left == right` failed: Failed for n=1, width=2: expected 2, got 0
[INFO] [stdout]   left: 0
[INFO] [stdout]  right: 2
[INFO] [stdout] stack backtrace:
[INFO] [stdout]    0:     0x618b2e2ca5aa - std::backtrace_rs::backtrace::libunwind::trace::h5a5b8284f2d0c266
[INFO] [stdout]                                at /rustc/90b35a6239c3d8bdabc530a6a0816f7ff89a0aaf/library/std/src/../../backtrace/src/backtrace/libunwind.rs:116:5
[INFO] [stdout]    1:     0x618b2e2ca5aa - std::backtrace_rs::backtrace::trace_unsynchronized::h76d4f1c9b0b875e3
[INFO] [stdout]                                at /rustc/90b35a6239c3d8bdabc530a6a0816f7ff89a0aaf/library/std/src/../../backtrace/src/backtrace/mod.rs:66:5
[INFO] [stdout]    2:     0x618b2e2ca5aa - std::sys::backtrace::_print_fmt::hc4546b8364a537c6
[INFO] [stdout]                                at /rustc/90b35a6239c3d8bdabc530a6a0816f7ff89a0aaf/library/std/src/sys/backtrace.rs:66:9
[INFO] [stdout]    3:     0x618b2e2ca5aa - <std::sys::backtrace::BacktraceLock::print::DisplayBacktrace as core::fmt::Display>::fmt::h5b6bd5631a6d1f6b
[INFO] [stdout]                                at /rustc/90b35a6239c3d8bdabc530a6a0816f7ff89a0aaf/library/std/src/sys/backtrace.rs:39:26
[INFO] [stdout]    4:     0x618b2e2f2cd3 - core::fmt::rt::Argument::fmt::h270f6602a2b96f62
[INFO] [stdout]                                at /rustc/90b35a6239c3d8bdabc530a6a0816f7ff89a0aaf/library/core/src/fmt/rt.rs:177:76
[INFO] [stdout]    5:     0x618b2e2f2cd3 - core::fmt::write::h7550c97b06c86515
[INFO] [stdout]                                at /rustc/90b35a6239c3d8bdabc530a6a0816f7ff89a0aaf/library/core/src/fmt/mod.rs:1186:21
[INFO] [stdout]    6:     0x618b2e2c7513 - std::io::Write::write_fmt::h509ff860e5956e5e
[INFO] [stdout]                                at /rustc/90b35a6239c3d8bdabc530a6a0816f7ff89a0aaf/library/std/src/io/mod.rs:1839:15
[INFO] [stdout]    7:     0x618b2e2ca3f2 - std::sys::backtrace::BacktraceLock::print::h2395ccd2c84ba3aa
[INFO] [stdout]                                at /rustc/90b35a6239c3d8bdabc530a6a0816f7ff89a0aaf/library/std/src/sys/backtrace.rs:42:9
[INFO] [stdout]    8:     0x618b2e2cba0a - std::panicking::default_hook::{{closure}}::he19d4c7230e07961
[INFO] [stdout]                                at /rustc/90b35a6239c3d8bdabc530a6a0816f7ff89a0aaf/library/std/src/panicking.rs:268:22
[INFO] [stdout]    9:     0x618b2e2cb814 - std::panicking::default_hook::hf614597d3c67bbdb
[INFO] [stdout]                                at /rustc/90b35a6239c3d8bdabc530a6a0816f7ff89a0aaf/library/std/src/panicking.rs:292:9
[INFO] [stdout]   10:     0x618b2d996479 - <alloc::boxed::Box<F,A> as core::ops::function::Fn<Args>>::call::h39b51ce4599c23d1
[INFO] [stdout]                                at /rustc/90b35a6239c3d8bdabc530a6a0816f7ff89a0aaf/library/alloc/src/boxed.rs:2468:9
[INFO] [stdout]   11:     0x618b2d996479 - test::test_main::{{closure}}::he977ae839a582784
[INFO] [stdout]                                at /rustc/90b35a6239c3d8bdabc530a6a0816f7ff89a0aaf/library/test/src/lib.rs:133:21
[INFO] [stdout]   12:     0x618b2e2cc0a8 - <alloc::boxed::Box<F,A> as core::ops::function::Fn<Args>>::call::h9455091b6b06f9fb
[INFO] [stdout]                                at /rustc/90b35a6239c3d8bdabc530a6a0816f7ff89a0aaf/library/alloc/src/boxed.rs:2468:9
[INFO] [stdout]   13:     0x618b2e2cc0a8 - std::panicking::rust_panic_with_hook::h8942133a8b252070
[INFO] [stdout]                                at /rustc/90b35a6239c3d8bdabc530a6a0816f7ff89a0aaf/library/std/src/panicking.rs:809:13
[INFO] [stdout]   14:     0x618b2e2cbe6a - std::panicking::begin_panic_handler::{{closure}}::hb5f5963570096b29
[INFO] [stdout]                                at /rustc/90b35a6239c3d8bdabc530a6a0816f7ff89a0aaf/library/std/src/panicking.rs:674:13
[INFO] [stdout]   15:     0x618b2e2caa89 - std::sys::backtrace::__rust_end_short_backtrace::h6208cedc1922feda
[INFO] [stdout]                                at /rustc/90b35a6239c3d8bdabc530a6a0816f7ff89a0aaf/library/std/src/sys/backtrace.rs:170:18
[INFO] [stdout]   16:     0x618b2e2cbafc - rust_begin_unwind
[INFO] [stdout]                                at /rustc/90b35a6239c3d8bdabc530a6a0816f7ff89a0aaf/library/std/src/panicking.rs:665:5
[INFO] [stdout]   17:     0x618b2d8c1bc0 - core::panicking::panic_fmt::h0c3082644d1bf418
[INFO] [stdout]                                at /rustc/90b35a6239c3d8bdabc530a6a0816f7ff89a0aaf/library/core/src/panicking.rs:74:14
[INFO] [stdout]   18:     0x618b2d8c2025 - core::panicking::assert_failed_inner::h2ddf1fcc067fa858
[INFO] [stdout]   19:     0x618b2d8d6950 - core::panicking::assert_failed::h03dd8cd3f6f49937
[INFO] [stdout]                                at /rustc/90b35a6239c3d8bdabc530a6a0816f7ff89a0aaf/library/core/src/panicking.rs:367:5
[INFO] [stdout]   20:     0x618b2d8d48a4 - folds::gpu::tests::test_sequence_n_2::{{closure}}::hf1fe9f8068fe3a9a
[INFO] [stdout]                                at /opt/rustwide/workdir/src/gpu.rs:284:13
[INFO] [stdout]   21:     0x618b2d8d7a32 - <core::pin::Pin<P> as core::future::future::Future>::poll::hcad4cf2d182b92ba
[INFO] [stdout]                                at /rustc/90b35a6239c3d8bdabc530a6a0816f7ff89a0aaf/library/core/src/future/future.rs:123:9
[INFO] [stdout]   22:     0x618b2d8d78ed - <core::pin::Pin<P> as core::future::future::Future>::poll::h3a6926f5d0d48a06
[INFO] [stdout]                                at /rustc/90b35a6239c3d8bdabc530a6a0816f7ff89a0aaf/library/core/src/future/future.rs:123:9
[INFO] [stdout]   23:     0x618b2d8c9bdf - tokio::runtime::scheduler::current_thread::CoreGuard::block_on::{{closure}}::{{closure}}::{{closure}}::h99d544d1f52be2d7
[INFO] [stdout]                                at /opt/rustwide/cargo-home/registry/src/index.crates.io-6f17d22bba15001f/tokio-1.41.1/src/runtime/scheduler/current_thread/mod.rs:729:57
[INFO] [stdout]   24:     0x618b2d8c9925 - tokio::runtime::coop::with_budget::h90e9682cbbd7cecf
[INFO] [stdout]                                at /opt/rustwide/cargo-home/registry/src/index.crates.io-6f17d22bba15001f/tokio-1.41.1/src/runtime/coop.rs:107:5
[INFO] [stdout]   25:     0x618b2d8c9925 - tokio::runtime::coop::budget::hae50bc05ac795768
[INFO] [stdout]                                at /opt/rustwide/cargo-home/registry/src/index.crates.io-6f17d22bba15001f/tokio-1.41.1/src/runtime/coop.rs:73:5
[INFO] [stdout]   26:     0x618b2d8c9925 - tokio::runtime::scheduler::current_thread::CoreGuard::block_on::{{closure}}::{{closure}}::h4e415c8070c3d907
[INFO] [stdout]                                at /opt/rustwide/cargo-home/registry/src/index.crates.io-6f17d22bba15001f/tokio-1.41.1/src/runtime/scheduler/current_thread/mod.rs:729:25
[INFO] [stdout]   27:     0x618b2d8c73f0 - tokio::runtime::scheduler::current_thread::Context::enter::h95b68db62e278e36
[INFO] [stdout]                                at /opt/rustwide/cargo-home/registry/src/index.crates.io-6f17d22bba15001f/tokio-1.41.1/src/runtime/scheduler/current_thread/mod.rs:428:19
[INFO] [stdout]   28:     0x618b2d8c88ee - tokio::runtime::scheduler::current_thread::CoreGuard::block_on::{{closure}}::haac619982bc998c7
[INFO] [stdout]                                at /opt/rustwide/cargo-home/registry/src/index.crates.io-6f17d22bba15001f/tokio-1.41.1/src/runtime/scheduler/current_thread/mod.rs:728:36
[INFO] [stdout]   29:     0x618b2d8c85e4 - tokio::runtime::scheduler::current_thread::CoreGuard::enter::{{closure}}::h2dff5f43c54312c9
[INFO] [stdout]                                at /opt/rustwide/cargo-home/registry/src/index.crates.io-6f17d22bba15001f/tokio-1.41.1/src/runtime/scheduler/current_thread/mod.rs:807:68
[INFO] [stdout]   30:     0x618b2d8d754b - tokio::runtime::context::scoped::Scoped<T>::set::hb656218cdf21aeb4
[INFO] [stdout]                                at /opt/rustwide/cargo-home/registry/src/index.crates.io-6f17d22bba15001f/tokio-1.41.1/src/runtime/context/scoped.rs:40:9
[INFO] [stdout]   31:     0x618b2d8d70f9 - tokio::runtime::context::set_scheduler::{{closure}}::h2e69dbc1b9d7d515
[INFO] [stdout]                                at /opt/rustwide/cargo-home/registry/src/index.crates.io-6f17d22bba15001f/tokio-1.41.1/src/runtime/context.rs:180:26
[INFO] [stdout]   32:     0x618b2d8c49bd - std::thread::local::LocalKey<T>::try_with::h633084a6c800d260
[INFO] [stdout]                                at /rustc/90b35a6239c3d8bdabc530a6a0816f7ff89a0aaf/library/std/src/thread/local.rs:283:12
[INFO] [stdout]   33:     0x618b2d8c3fea - std::thread::local::LocalKey<T>::with::h475715992952b18d
[INFO] [stdout]                                at /rustc/90b35a6239c3d8bdabc530a6a0816f7ff89a0aaf/library/std/src/thread/local.rs:260:9
[INFO] [stdout]   34:     0x618b2d8d70ad - tokio::runtime::context::set_scheduler::h13d328134d0ac6fe
[INFO] [stdout]                                at /opt/rustwide/cargo-home/registry/src/index.crates.io-6f17d22bba15001f/tokio-1.41.1/src/runtime/context.rs:180:9
[INFO] [stdout]   35:     0x618b2d8c8390 - tokio::runtime::scheduler::current_thread::CoreGuard::enter::h99aeda447724f8a8
[INFO] [stdout]                                at /opt/rustwide/cargo-home/registry/src/index.crates.io-6f17d22bba15001f/tokio-1.41.1/src/runtime/scheduler/current_thread/mod.rs:807:27
[INFO] [stdout]   36:     0x618b2d8c8623 - tokio::runtime::scheduler::current_thread::CoreGuard::block_on::h885182f07080712d
[INFO] [stdout]                                at /opt/rustwide/cargo-home/registry/src/index.crates.io-6f17d22bba15001f/tokio-1.41.1/src/runtime/scheduler/current_thread/mod.rs:716:19
[INFO] [stdout]   37:     0x618b2d8c640a - tokio::runtime::scheduler::current_thread::CurrentThread::block_on::{{closure}}::h266b1fa822abb7fa
[INFO] [stdout]                                at /opt/rustwide/cargo-home/registry/src/index.crates.io-6f17d22bba15001f/tokio-1.41.1/src/runtime/scheduler/current_thread/mod.rs:196:28
[INFO] [stdout]   38:     0x618b2d8d2566 - tokio::runtime::context::runtime::enter_runtime::hece55dd313811cfb
[INFO] [stdout]                                at /opt/rustwide/cargo-home/registry/src/index.crates.io-6f17d22bba15001f/tokio-1.41.1/src/runtime/context/runtime.rs:65:16
[INFO] [stdout]   39:     0x618b2d8c6111 - tokio::runtime::scheduler::current_thread::CurrentThread::block_on::h2802b77d88bbd00d
[INFO] [stdout]                                at /opt/rustwide/cargo-home/registry/src/index.crates.io-6f17d22bba15001f/tokio-1.41.1/src/runtime/scheduler/current_thread/mod.rs:184:9
[INFO] [stdout]   40:     0x618b2d8d3113 - tokio::runtime::runtime::Runtime::block_on_inner::h86f118792b666417
[INFO] [stdout]                                at /opt/rustwide/cargo-home/registry/src/index.crates.io-6f17d22bba15001f/tokio-1.41.1/src/runtime/runtime.rs:368:47
[INFO] [stdout]   41:     0x618b2d8d3307 - tokio::runtime::runtime::Runtime::block_on::hd253ff0fa17cae89
[INFO] [stdout]                                at /opt/rustwide/cargo-home/registry/src/index.crates.io-6f17d22bba15001f/tokio-1.41.1/src/runtime/runtime.rs:342:13
[INFO] [stdout]   42:     0x618b2d8d4271 - folds::gpu::tests::test_sequence_n_2::h30b27cfa03d7d643
[INFO] [stdout]                                at /opt/rustwide/workdir/src/gpu.rs:281:9
[INFO] [stdout]   43:     0x618b2d8d4117 - folds::gpu::tests::test_sequence_n_2::{{closure}}::h26d5895de2ea52eb
[INFO] [stdout]                                at /opt/rustwide/workdir/src/gpu.rs:275:33
[INFO] [stdout]   44:     0x618b2d8dc8f6 - core::ops::function::FnOnce::call_once::hfc66d7d617427d87
[INFO] [stdout]                                at /rustc/90b35a6239c3d8bdabc530a6a0816f7ff89a0aaf/library/core/src/ops/function.rs:250:5
[INFO] [stdout]   45:     0x618b2d99ae3b - core::ops::function::FnOnce::call_once::h109cf8051a59b34e
[INFO] [stdout]                                at /rustc/90b35a6239c3d8bdabc530a6a0816f7ff89a0aaf/library/core/src/ops/function.rs:250:5
[INFO] [stdout]   46:     0x618b2d99ae3b - test::__rust_begin_short_backtrace::hf4fff89d377446ba
[INFO] [stdout]                                at /rustc/90b35a6239c3d8bdabc530a6a0816f7ff89a0aaf/library/test/src/lib.rs:621:18
[INFO] [stdout]   47:     0x618b2d99a677 - test::run_test_in_process::{{closure}}::h0e39181dd7ee5a43
[INFO] [stdout]                                at /rustc/90b35a6239c3d8bdabc530a6a0816f7ff89a0aaf/library/test/src/lib.rs:644:60
[INFO] [stdout]   48:     0x618b2d99a677 - <core::panic::unwind_safe::AssertUnwindSafe<F> as core::ops::function::FnOnce<()>>::call_once::hc5a66a30f0bdfd1f
[INFO] [stdout]                                at /rustc/90b35a6239c3d8bdabc530a6a0816f7ff89a0aaf/library/core/src/panic/unwind_safe.rs:272:9
[INFO] [stdout]   49:     0x618b2d99a677 - std::panicking::try::do_call::h873b7cf639554a5e
[INFO] [stdout]                                at /rustc/90b35a6239c3d8bdabc530a6a0816f7ff89a0aaf/library/std/src/panicking.rs:557:40
[INFO] [stdout]   50:     0x618b2d99a677 - std::panicking::try::hdb19862fad9c8bd1
[INFO] [stdout]                                at /rustc/90b35a6239c3d8bdabc530a6a0816f7ff89a0aaf/library/std/src/panicking.rs:520:19
[INFO] [stdout]   51:     0x618b2d99a677 - std::panic::catch_unwind::h281fe732d236d260
[INFO] [stdout]                                at /rustc/90b35a6239c3d8bdabc530a6a0816f7ff89a0aaf/library/std/src/panic.rs:358:14
[INFO] [stdout]   52:     0x618b2d99a677 - test::run_test_in_process::h949b6df8457ed338
[INFO] [stdout]                                at /rustc/90b35a6239c3d8bdabc530a6a0816f7ff89a0aaf/library/test/src/lib.rs:644:27
[INFO] [stdout]   53:     0x618b2d99a677 - test::run_test::{{closure}}::h52c556a6d4740e10
[INFO] [stdout]                                at /rustc/90b35a6239c3d8bdabc530a6a0816f7ff89a0aaf/library/test/src/lib.rs:565:43
[INFO] [stdout]   54:     0x618b2d95f954 - test::run_test::{{closure}}::h4237f6381c45ccb9
[INFO] [stdout]                                at /rustc/90b35a6239c3d8bdabc530a6a0816f7ff89a0aaf/library/test/src/lib.rs:595:41
[INFO] [stdout]   55:     0x618b2d95f954 - std::sys::backtrace::__rust_begin_short_backtrace::h505c97a579eca628
[INFO] [stdout]                                at /rustc/90b35a6239c3d8bdabc530a6a0816f7ff89a0aaf/library/std/src/sys/backtrace.rs:154:18
[INFO] [stdout]   56:     0x618b2d96301e - std::thread::Builder::spawn_unchecked_::{{closure}}::{{closure}}::h9e86b2e2bc107ea3
[INFO] [stdout]                                at /rustc/90b35a6239c3d8bdabc530a6a0816f7ff89a0aaf/library/std/src/thread/mod.rs:538:17
[INFO] [stdout]   57:     0x618b2d96301e - <core::panic::unwind_safe::AssertUnwindSafe<F> as core::ops::function::FnOnce<()>>::call_once::h8b06ddb275ff4a25
[INFO] [stdout]                                at /rustc/90b35a6239c3d8bdabc530a6a0816f7ff89a0aaf/library/core/src/panic/unwind_safe.rs:272:9
[INFO] [stdout]   58:     0x618b2d96301e - std::panicking::try::do_call::hb26ecd7cd9a9355d
[INFO] [stdout]                                at /rustc/90b35a6239c3d8bdabc530a6a0816f7ff89a0aaf/library/std/src/panicking.rs:557:40
[INFO] [stdout]   59:     0x618b2d96301e - std::panicking::try::h8ddeca9d705f9069
[INFO] [stdout]                                at /rustc/90b35a6239c3d8bdabc530a6a0816f7ff89a0aaf/library/std/src/panicking.rs:520:19
[INFO] [stdout]   60:     0x618b2d96301e - std::panic::catch_unwind::h49e1c33078844c46
[INFO] [stdout]                                at /rustc/90b35a6239c3d8bdabc530a6a0816f7ff89a0aaf/library/std/src/panic.rs:358:14
[INFO] [stdout]   61:     0x618b2d96301e - std::thread::Builder::spawn_unchecked_::{{closure}}::h6073db6ff56ad35d
[INFO] [stdout]                                at /rustc/90b35a6239c3d8bdabc530a6a0816f7ff89a0aaf/library/std/src/thread/mod.rs:537:30
[INFO] [stdout]   62:     0x618b2d96301e - core::ops::function::FnOnce::call_once{{vtable.shim}}::h2c5a5f3779c774f1
[INFO] [stdout]                                at /rustc/90b35a6239c3d8bdabc530a6a0816f7ff89a0aaf/library/core/src/ops/function.rs:250:5
[INFO] [stdout]   63:     0x618b2e2d008b - <alloc::boxed::Box<F,A> as core::ops::function::FnOnce<Args>>::call_once::hf75717d9f28faebf
[INFO] [stdout]                                at /rustc/90b35a6239c3d8bdabc530a6a0816f7ff89a0aaf/library/alloc/src/boxed.rs:2454:9
[INFO] [stdout]   64:     0x618b2e2d008b - <alloc::boxed::Box<F,A> as core::ops::function::FnOnce<Args>>::call_once::h7bd883a5f3c5f3c1
[INFO] [stdout]                                at /rustc/90b35a6239c3d8bdabc530a6a0816f7ff89a0aaf/library/alloc/src/boxed.rs:2454:9
[INFO] [stdout]   65:     0x618b2e2d008b - std::sys::pal::unix::thread::Thread::new::thread_start::hcc78f3943333fa94
[INFO] [stdout]                                at /rustc/90b35a6239c3d8bdabc530a6a0816f7ff89a0aaf/library/std/src/sys/pal/unix/thread.rs:105:17
[INFO] [stdout]   66:     0x759ad586eac3 - <unknown>
[INFO] [stdout]   67:     0x759ad58ffa04 - clone
[INFO] [stdout]   68:                0x0 - <unknown>
[INFO] [stdout] 
[INFO] [stdout] 
[INFO] [stdout] failures:
[INFO] [stdout]     gpu::tests::test_sequence_n_2
[INFO] [stdout] 
[INFO] [stdout] test result: FAILED. 3 passed; 1 failed; 0 ignored; 0 measured; 0 filtered out; finished in 2.66s
[INFO] [stdout] 
[INFO] [stderr] error: test failed, to rerun pass `--lib`
[INFO] running `Command { std: "docker" "inspect" "40d3b3d431a42a6e0cd984a9904d3fcc25b57ebcea47748367360c127588ecf3", kill_on_drop: false }`
[INFO] running `Command { std: "docker" "rm" "-f" "40d3b3d431a42a6e0cd984a9904d3fcc25b57ebcea47748367360c127588ecf3", kill_on_drop: false }`
[INFO] [stdout] 40d3b3d431a42a6e0cd984a9904d3fcc25b57ebcea47748367360c127588ecf3
