[INFO] cloning repository https://github.com/mmta/honeyaml
[INFO] running `Command { std: "git" "-c" "credential.helper=" "-c" "credential.helper=/workspace/cargo-home/bin/git-credential-null" "clone" "--bare" "https://github.com/mmta/honeyaml" "/workspace/cache/git-repos/https%3A%2F%2Fgithub.com%2Fmmta%2Fhoneyaml", kill_on_drop: false }`
[INFO] [stderr] Cloning into bare repository '/workspace/cache/git-repos/https%3A%2F%2Fgithub.com%2Fmmta%2Fhoneyaml'...
[INFO] running `Command { std: "git" "rev-parse" "HEAD", kill_on_drop: false }`
[INFO] [stdout] 3a60d0dcfa90ae0f5262a8f27eeb5719240163f3
[INFO] testing mmta/honeyaml against 1.83.0 for beta-1.84.0-4-retry
[INFO] running `Command { std: "git" "clone" "/workspace/cache/git-repos/https%3A%2F%2Fgithub.com%2Fmmta%2Fhoneyaml" "/workspace/builds/worker-6-tc1/source", kill_on_drop: false }`
[INFO] [stderr] Cloning into '/workspace/builds/worker-6-tc1/source'...
[INFO] [stderr] done.
[INFO] validating manifest of git repo https://github.com/mmta/honeyaml on toolchain 1.83.0
[INFO] running `Command { std: CARGO_HOME="/workspace/cargo-home" RUSTUP_HOME="/workspace/rustup-home" "/workspace/cargo-home/bin/cargo" "+1.83.0" "metadata" "--manifest-path" "Cargo.toml" "--no-deps", kill_on_drop: false }`
[INFO] started tweaking git repo https://github.com/mmta/honeyaml
[INFO] finished tweaking git repo https://github.com/mmta/honeyaml
[INFO] tweaked toml for git repo https://github.com/mmta/honeyaml written to /workspace/builds/worker-6-tc1/source/Cargo.toml
[INFO] crate git repo https://github.com/mmta/honeyaml already has a lockfile, it will not be regenerated
[INFO] running `Command { std: CARGO_HOME="/workspace/cargo-home" RUSTUP_HOME="/workspace/rustup-home" "/workspace/cargo-home/bin/cargo" "+1.83.0" "fetch" "--manifest-path" "Cargo.toml", kill_on_drop: false }`
[INFO] [stderr]     Updating crates.io index
[INFO] [stderr]  Downloading crates ...
[INFO] [stderr]   Downloaded jwt-simple v0.11.2
[INFO] [stderr]   Downloaded serde_yaml v0.9.16
[INFO] [stderr]   Downloaded ct-codecs v1.1.1
[INFO] [stderr]   Downloaded binstring v0.1.1
[INFO] [stderr]   Downloaded coarsetime v0.1.22
[INFO] [stderr]   Downloaded hmac-sha1-compact v1.1.3
[INFO] [stderr]   Downloaded hmac-sha512 v1.1.4
[INFO] [stderr]   Downloaded rsa v0.7.2
[INFO] [stderr]   Downloaded actix-cors v0.6.4
[INFO] [stderr]   Downloaded actix-web-httpauth v0.8.0
[INFO] [stderr]   Downloaded ed25519-compact v2.0.4
[INFO] [stderr]   Downloaded clap v4.1.1
[INFO] [stderr]   Downloaded bstr v1.1.0
[INFO] [stderr]   Downloaded tokio v1.24.1
[INFO] [stderr]   Downloaded zstd-sys v2.0.5+zstd.1.5.2
[INFO] [stderr]   Downloaded hmac-sha256 v1.1.6
[INFO] running `Command { std: "docker" "create" "-v" "/var/lib/crater-agent-workspace/builds/worker-6-tc1/target:/opt/rustwide/target:rw,Z" "-v" "/var/lib/crater-agent-workspace/builds/worker-6-tc1/source:/opt/rustwide/workdir:ro,Z" "-v" "/var/lib/crater-agent-workspace/cargo-home:/opt/rustwide/cargo-home:ro,Z" "-v" "/var/lib/crater-agent-workspace/rustup-home:/opt/rustwide/rustup-home:ro,Z" "-e" "SOURCE_DIR=/opt/rustwide/workdir" "-e" "CARGO_TARGET_DIR=/opt/rustwide/target" "-e" "CARGO_HOME=/opt/rustwide/cargo-home" "-e" "RUSTUP_HOME=/opt/rustwide/rustup-home" "-w" "/opt/rustwide/workdir" "-m" "1610612736" "--user" "0:0" "--network" "none" "ghcr.io/rust-lang/crates-build-env/linux@sha256:f3a9d4ad9d972b27faf3965f35b62e55ba32bbce8f20bc8fe909558a86702fde" "/opt/rustwide/cargo-home/bin/cargo" "+1.83.0" "metadata" "--no-deps" "--format-version=1", kill_on_drop: false }`
[INFO] [stdout] b8572cf43c5b02eb128eeb554d81eb3b2b92ee8e169749e414a071b1e1fd8e3c
[INFO] running `Command { std: "docker" "start" "-a" "b8572cf43c5b02eb128eeb554d81eb3b2b92ee8e169749e414a071b1e1fd8e3c", kill_on_drop: false }`
[INFO] running `Command { std: "docker" "inspect" "b8572cf43c5b02eb128eeb554d81eb3b2b92ee8e169749e414a071b1e1fd8e3c", kill_on_drop: false }`
[INFO] running `Command { std: "docker" "rm" "-f" "b8572cf43c5b02eb128eeb554d81eb3b2b92ee8e169749e414a071b1e1fd8e3c", kill_on_drop: false }`
[INFO] [stdout] b8572cf43c5b02eb128eeb554d81eb3b2b92ee8e169749e414a071b1e1fd8e3c
[INFO] running `Command { std: "docker" "create" "-v" "/var/lib/crater-agent-workspace/builds/worker-6-tc1/target:/opt/rustwide/target:rw,Z" "-v" "/var/lib/crater-agent-workspace/builds/worker-6-tc1/source:/opt/rustwide/workdir:ro,Z" "-v" "/var/lib/crater-agent-workspace/cargo-home:/opt/rustwide/cargo-home:ro,Z" "-v" "/var/lib/crater-agent-workspace/rustup-home:/opt/rustwide/rustup-home:ro,Z" "-e" "SOURCE_DIR=/opt/rustwide/workdir" "-e" "CARGO_TARGET_DIR=/opt/rustwide/target" "-e" "CARGO_INCREMENTAL=0" "-e" "RUST_BACKTRACE=full" "-e" "RUSTFLAGS=--cap-lints=warn" "-e" "RUSTDOCFLAGS=--cap-lints=warn" "-e" "CARGO_HOME=/opt/rustwide/cargo-home" "-e" "RUSTUP_HOME=/opt/rustwide/rustup-home" "-w" "/opt/rustwide/workdir" "-m" "1610612736" "--user" "0:0" "--network" "none" "ghcr.io/rust-lang/crates-build-env/linux@sha256:f3a9d4ad9d972b27faf3965f35b62e55ba32bbce8f20bc8fe909558a86702fde" "/opt/rustwide/cargo-home/bin/cargo" "+1.83.0" "build" "--frozen" "--message-format=json", kill_on_drop: false }`
[INFO] [stdout] a6a402bc1773277192b0e9b2ab6aa83b71c15ce2873676a754481fad0a0f90f0
[INFO] running `Command { std: "docker" "start" "-a" "a6a402bc1773277192b0e9b2ab6aa83b71c15ce2873676a754481fad0a0f90f0", kill_on_drop: false }`
[INFO] [stderr]    Compiling cfg-if v1.0.0
[INFO] [stderr]    Compiling libc v0.2.139
[INFO] [stderr]    Compiling version_check v0.9.4
[INFO] [stderr]    Compiling autocfg v1.1.0
[INFO] [stderr]    Compiling proc-macro2 v1.0.49
[INFO] [stderr]    Compiling unicode-ident v1.0.6
[INFO] [stderr]    Compiling quote v1.0.23
[INFO] [stderr]    Compiling syn v1.0.107
[INFO] [stderr]    Compiling typenum v1.16.0
[INFO] [stderr]    Compiling const-oid v0.9.1
[INFO] [stderr]    Compiling subtle v2.4.1
[INFO] [stderr]    Compiling once_cell v1.17.0
[INFO] [stderr]    Compiling pin-project-lite v0.2.9
[INFO] [stderr]    Compiling log v0.4.17
[INFO] [stderr]    Compiling smallvec v1.10.0
[INFO] [stderr]    Compiling memchr v2.5.0
[INFO] [stderr]    Compiling itoa v1.0.5
[INFO] [stderr]    Compiling zeroize v1.5.7
[INFO] [stderr]    Compiling bytes v1.3.0
[INFO] [stderr]    Compiling serde_derive v1.0.152
[INFO] [stderr]    Compiling futures-core v0.3.25
[INFO] [stderr]    Compiling tracing-core v0.1.30
[INFO] [stderr]    Compiling parking_lot_core v0.9.6
[INFO] [stderr]    Compiling serde v1.0.152
[INFO] [stderr]    Compiling base64ct v1.5.3
[INFO] [stderr]    Compiling scopeguard v1.1.0
[INFO] [stderr]    Compiling pkg-config v0.3.26
[INFO] [stderr]    Compiling generic-array v0.14.6
[INFO] [stderr]    Compiling futures-task v0.3.25
[INFO] [stderr]    Compiling cpufeatures v0.2.5
[INFO] [stderr]    Compiling futures-util v0.3.25
[INFO] [stderr]    Compiling ryu v1.0.12
[INFO] [stderr]    Compiling fnv v1.0.7
[INFO] [stderr]    Compiling ppv-lite86 v0.2.17
[INFO] [stderr]    Compiling pem-rfc7468 v0.6.0
[INFO] [stderr]    Compiling futures-sink v0.3.25
[INFO] [stderr]    Compiling percent-encoding v2.2.0
[INFO] [stderr]    Compiling lock_api v0.4.9
[INFO] [stderr]    Compiling tokio v1.24.1
[INFO] [stderr]    Compiling der v0.6.1
[INFO] [stderr]    Compiling getrandom v0.2.8
[INFO] [stderr]    Compiling jobserver v0.1.25
[INFO] [stderr]    Compiling signal-hook-registry v1.4.0
[INFO] [stderr]    Compiling mio v0.8.5
[INFO] [stderr]    Compiling socket2 v0.4.7
[INFO] [stderr]    Compiling slab v0.4.7
[INFO] [stderr]    Compiling http v0.2.8
[INFO] [stderr]    Compiling rand_core v0.6.4
[INFO] [stderr]    Compiling cc v1.0.78
[INFO] [stderr]    Compiling indexmap v1.9.2
[INFO] [stderr]    Compiling serde_json v1.0.91
[INFO] [stderr]    Compiling spin v0.5.2
[INFO] [stderr]    Compiling pin-utils v0.1.0
[INFO] [stderr]    Compiling paste v1.0.11
[INFO] [stderr]    Compiling libm v0.2.6
[INFO] [stderr]    Compiling rand_chacha v0.3.1
[INFO] [stderr]    Compiling ff v0.12.1
[INFO] [stderr]    Compiling parking_lot v0.12.1
[INFO] [stderr]    Compiling lazy_static v1.4.0
[INFO] [stderr]    Compiling aho-corasick v0.7.20
[INFO] [stderr]    Compiling bytestring v1.2.0
[INFO] [stderr]    Compiling num-traits v0.2.15
[INFO] [stderr]    Compiling hashbrown v0.12.3
[INFO] [stderr]    Compiling tinyvec_macros v0.1.0
[INFO] [stderr]    Compiling zstd-safe v5.0.2+zstd.1.5.2
[INFO] [stderr]    Compiling crc32fast v1.3.2
[INFO] [stderr]    Compiling rand v0.8.5
[INFO] [stderr]    Compiling alloc-no-stdlib v2.0.4
[INFO] [stderr]    Compiling regex-syntax v0.6.28
[INFO] [stderr]    Compiling base16ct v0.1.1
[INFO] [stderr]    Compiling time-core v0.1.0
[INFO] [stderr]    Compiling local-waker v0.1.3
[INFO] [stderr]    Compiling time-macros v0.2.6
[INFO] [stderr]    Compiling alloc-stdlib v0.2.2
[INFO] [stderr]    Compiling tinyvec v1.6.0
[INFO] [stderr]    Compiling zstd-sys v2.0.5+zstd.1.5.2
[INFO] [stderr]    Compiling group v0.12.1
[INFO] [stderr]    Compiling num-integer v0.1.45
[INFO] [stderr]    Compiling block-buffer v0.10.3
[INFO] [stderr]    Compiling crypto-common v0.1.6
[INFO] [stderr]    Compiling crypto-bigint v0.4.9
[INFO] [stderr]    Compiling digest v0.10.6
[INFO] [stderr]    Compiling ahash v0.7.6
[INFO] [stderr]    Compiling spki v0.6.0
[INFO] [stderr]    Compiling hmac v0.12.1
[INFO] [stderr]    Compiling pkcs8 v0.9.0
[INFO] [stderr]    Compiling signature v1.6.4
[INFO] [stderr]    Compiling bitflags v1.3.2
[INFO] [stderr]    Compiling encoding_rs v0.8.31
[INFO] [stderr]    Compiling httparse v1.8.0
[INFO] [stderr]    Compiling hkdf v0.12.3
[INFO] [stderr]    Compiling sec1 v0.3.0
[INFO] [stderr]    Compiling adler v1.0.2
[INFO] [stderr]    Compiling actix-service v2.0.2
[INFO] [stderr]    Compiling elliptic-curve v0.12.3
[INFO] [stderr]    Compiling rfc6979 v0.3.1
[INFO] [stderr]    Compiling miniz_oxide v0.6.2
[INFO] [stderr]    Compiling time v0.3.17
[INFO] [stderr]    Compiling brotli-decompressor v2.3.4
[INFO] [stderr]    Compiling actix-utils v3.0.1
[INFO] [stderr]    Compiling form_urlencoded v1.1.0
[INFO] [stderr]    Compiling tracing v0.1.37
[INFO] [stderr]    Compiling num-iter v0.1.43
[INFO] [stderr]    Compiling cookie v0.16.2
[INFO] [stderr]    Compiling proc-macro-error-attr v1.0.4
[INFO] [stderr]    Compiling unicode-bidi v0.3.8
[INFO] [stderr]    Compiling convert_case v0.4.0
[INFO] [stderr]    Compiling ecdsa v0.14.8
[INFO] [stderr]    Compiling unicode-normalization v0.1.22
[INFO] [stderr]    Compiling flate2 v1.0.25
[INFO] [stderr]    Compiling regex v1.7.1
[INFO] [stderr]    Compiling brotli v3.3.4
[INFO] [stderr]    Compiling local-channel v0.1.3
[INFO] [stderr]    Compiling sha2 v0.10.6
[INFO] [stderr]    Compiling sha1 v0.10.5
[INFO] [stderr]    Compiling num_cpus v1.15.0
[INFO] [stderr]    Compiling proc-macro-error v1.0.4
[INFO] [stderr]    Compiling httpdate v1.0.2
[INFO] [stderr]    Compiling idna v0.3.0
[INFO] [stderr]    Compiling language-tags v0.3.2
[INFO] [stderr]    Compiling num-bigint-dig v0.8.2
[INFO] [stderr]    Compiling base64 v0.13.1
[INFO] [stderr]    Compiling crossbeam-utils v0.8.14
[INFO] [stderr]    Compiling mime v0.3.16
[INFO] [stderr]    Compiling anyhow v1.0.68
[INFO] [stderr]    Compiling thiserror v1.0.38
[INFO] [stderr]    Compiling url v2.3.1
[INFO] [stderr]    Compiling overload v0.1.1
[INFO] [stderr]    Compiling byteorder v1.4.3
[INFO] [stderr]    Compiling nu-ansi-term v0.46.0
[INFO] [stderr]    Compiling pkcs1 v0.4.1
[INFO] [stderr]    Compiling tracing-log v0.1.3
[INFO] [stderr]    Compiling actix-rt v2.7.0
[INFO] [stderr]    Compiling sharded-slab v0.1.4
[INFO] [stderr]    Compiling thread_local v1.1.4
[INFO] [stderr]    Compiling ct-codecs v1.1.1
[INFO] [stderr]    Compiling heck v0.4.0
[INFO] [stderr]    Compiling os_str_bytes v6.4.1
[INFO] [stderr]    Compiling ed25519-compact v2.0.4
[INFO] [stderr]    Compiling crossbeam-channel v0.5.6
[INFO] [stderr]    Compiling clap_lex v0.3.1
[INFO] [stderr]    Compiling k256 v0.11.6
[INFO] [stderr]    Compiling p256 v0.11.1
[INFO] [stderr]    Compiling p384 v0.11.2
[INFO] [stderr]    Compiling hmac-sha256 v1.1.6
[INFO] [stderr]    Compiling hmac-sha512 v1.1.4
[INFO] [stderr]    Compiling coarsetime v0.1.22
[INFO] [stderr]    Compiling hmac-sha1-compact v1.1.3
[INFO] [stderr]    Compiling binstring v0.1.1
[INFO] [stderr]    Compiling unsafe-libyaml v0.2.5
[INFO] [stderr]    Compiling rsa v0.7.2
[INFO] [stderr]    Compiling actix-router v0.5.1
[INFO] [stderr]    Compiling tracing-attributes v0.1.23
[INFO] [stderr]    Compiling derive_more v0.99.17
[INFO] [stderr]    Compiling actix-macros v0.2.3
[INFO] [stderr]    Compiling thiserror-impl v1.0.38
[INFO] [stderr]    Compiling clap_derive v4.1.0
[INFO] [stderr]    Compiling actix-web-codegen v4.1.0
[INFO] [stderr]    Compiling tokio-util v0.7.4
[INFO] [stderr]    Compiling actix-server v2.1.1
[INFO] [stderr]    Compiling zstd v0.11.2+zstd.1.5.2
[INFO] [stderr]    Compiling actix-codec v0.5.0
[INFO] [stderr]    Compiling h2 v0.3.15
[INFO] [stderr]    Compiling clap v4.1.1
[INFO] [stderr]    Compiling actix-http v3.2.2
[INFO] [stderr]    Compiling serde_urlencoded v0.7.1
[INFO] [stderr]    Compiling tracing-serde v0.1.3
[INFO] [stderr]    Compiling serde_yaml v0.9.16
[INFO] [stderr]    Compiling tracing-subscriber v0.3.16
[INFO] [stderr]    Compiling jwt-simple v0.11.2
[INFO] [stderr]    Compiling actix-web v4.2.1
[INFO] [stderr]    Compiling tracing-appender v0.2.2
[INFO] [stderr]    Compiling actix-web-httpauth v0.8.0
[INFO] [stderr]    Compiling actix-cors v0.6.4
[INFO] [stderr]    Compiling honeyaml v1.0.0 (/opt/rustwide/workdir)
[INFO] [stdout] warning: field `authorization` is never read
[INFO] [stdout]   --> src/schema.rs:45:9
[INFO] [stdout]    |
[INFO] [stdout] 34 | pub struct WebPath {
[INFO] [stdout]    |            ------- field in this struct
[INFO] [stdout] ...
[INFO] [stdout] 45 |     pub authorization: AuthorizationType,
[INFO] [stdout]    |         ^^^^^^^^^^^^^
[INFO] [stdout]    |
[INFO] [stdout]    = note: `WebPath` has derived impls for the traits `Clone` and `Debug`, but these are intentionally ignored during dead code analysis
[INFO] [stdout]    = note: `#[warn(dead_code)]` on by default
[INFO] [stdout] 
[INFO] [stdout] 
[INFO] [stderr]     Finished `dev` profile [unoptimized + debuginfo] target(s) in 1m 18s
[INFO] running `Command { std: "docker" "inspect" "a6a402bc1773277192b0e9b2ab6aa83b71c15ce2873676a754481fad0a0f90f0", kill_on_drop: false }`
[INFO] running `Command { std: "docker" "rm" "-f" "a6a402bc1773277192b0e9b2ab6aa83b71c15ce2873676a754481fad0a0f90f0", kill_on_drop: false }`
[INFO] [stdout] a6a402bc1773277192b0e9b2ab6aa83b71c15ce2873676a754481fad0a0f90f0
[INFO] running `Command { std: "docker" "create" "-v" "/var/lib/crater-agent-workspace/builds/worker-6-tc1/target:/opt/rustwide/target:rw,Z" "-v" "/var/lib/crater-agent-workspace/builds/worker-6-tc1/source:/opt/rustwide/workdir:ro,Z" "-v" "/var/lib/crater-agent-workspace/cargo-home:/opt/rustwide/cargo-home:ro,Z" "-v" "/var/lib/crater-agent-workspace/rustup-home:/opt/rustwide/rustup-home:ro,Z" "-e" "SOURCE_DIR=/opt/rustwide/workdir" "-e" "CARGO_TARGET_DIR=/opt/rustwide/target" "-e" "CARGO_INCREMENTAL=0" "-e" "RUST_BACKTRACE=full" "-e" "RUSTFLAGS=--cap-lints=warn" "-e" "RUSTDOCFLAGS=--cap-lints=warn" "-e" "CARGO_HOME=/opt/rustwide/cargo-home" "-e" "RUSTUP_HOME=/opt/rustwide/rustup-home" "-w" "/opt/rustwide/workdir" "-m" "1610612736" "--user" "0:0" "--network" "none" "ghcr.io/rust-lang/crates-build-env/linux@sha256:f3a9d4ad9d972b27faf3965f35b62e55ba32bbce8f20bc8fe909558a86702fde" "/opt/rustwide/cargo-home/bin/cargo" "+1.83.0" "test" "--frozen" "--no-run" "--message-format=json", kill_on_drop: false }`
[INFO] [stdout] 7154af115f0d0c2582298fee18b6cb900754f2c2097920d423526a633f0c4f05
[INFO] running `Command { std: "docker" "start" "-a" "7154af115f0d0c2582298fee18b6cb900754f2c2097920d423526a633f0c4f05", kill_on_drop: false }`
[INFO] [stderr]    Compiling doc-comment v0.3.3
[INFO] [stderr]    Compiling either v1.8.0
[INFO] [stderr]    Compiling predicates-core v1.0.5
[INFO] [stderr]    Compiling float-cmp v0.9.0
[INFO] [stderr]    Compiling normalize-line-endings v0.3.0
[INFO] [stderr]    Compiling regex-automata v0.1.10
[INFO] [stderr]    Compiling difflib v0.4.0
[INFO] [stderr]    Compiling termtree v0.4.0
[INFO] [stderr]    Compiling wait-timeout v0.2.0
[INFO] [stderr]    Compiling remove_dir_all v0.5.3
[INFO] [stderr]    Compiling fastrand v1.8.0
[INFO] [stderr]    Compiling glob v0.3.1
[INFO] [stdout] warning: field `authorization` is never read
[INFO] [stdout]   --> src/schema.rs:45:9
[INFO] [stdout]    |
[INFO] [stdout] 34 | pub struct WebPath {
[INFO] [stdout]    |            ------- field in this struct
[INFO] [stdout] ...
[INFO] [stdout] 45 |     pub authorization: AuthorizationType,
[INFO] [stdout]    |         ^^^^^^^^^^^^^
[INFO] [stdout]    |
[INFO] [stdout]    = note: `WebPath` has derived impls for the traits `Clone` and `Debug`, but these are intentionally ignored during dead code analysis
[INFO] [stdout]    = note: `#[warn(dead_code)]` on by default
[INFO] [stdout] 
[INFO] [stdout] 
[INFO] [stderr]    Compiling predicates-tree v1.0.7
[INFO] [stderr]    Compiling tempfile v3.3.0
[INFO] [stderr]    Compiling bstr v1.1.0
[INFO] [stderr]    Compiling itertools v0.10.5
[INFO] [stderr]    Compiling predicates v2.1.5
[INFO] [stderr]    Compiling assert_cmd v2.0.8
[INFO] [stderr]    Compiling honeyaml v1.0.0 (/opt/rustwide/workdir)
[INFO] [stdout] warning: field `authorization` is never read
[INFO] [stdout]   --> src/schema.rs:45:9
[INFO] [stdout]    |
[INFO] [stdout] 34 | pub struct WebPath {
[INFO] [stdout]    |            ------- field in this struct
[INFO] [stdout] ...
[INFO] [stdout] 45 |     pub authorization: AuthorizationType,
[INFO] [stdout]    |         ^^^^^^^^^^^^^
[INFO] [stdout]    |
[INFO] [stdout]    = note: `WebPath` has derived impls for the traits `Clone` and `Debug`, but these are intentionally ignored during dead code analysis
[INFO] [stdout]    = note: `#[warn(dead_code)]` on by default
[INFO] [stdout] 
[INFO] [stdout] 
[INFO] [stderr]     Finished `test` profile [unoptimized + debuginfo] target(s) in 11.63s
[INFO] running `Command { std: "docker" "inspect" "7154af115f0d0c2582298fee18b6cb900754f2c2097920d423526a633f0c4f05", kill_on_drop: false }`
[INFO] running `Command { std: "docker" "rm" "-f" "7154af115f0d0c2582298fee18b6cb900754f2c2097920d423526a633f0c4f05", kill_on_drop: false }`
[INFO] [stdout] 7154af115f0d0c2582298fee18b6cb900754f2c2097920d423526a633f0c4f05
[INFO] running `Command { std: "docker" "create" "-v" "/var/lib/crater-agent-workspace/builds/worker-6-tc1/target:/opt/rustwide/target:rw,Z" "-v" "/var/lib/crater-agent-workspace/builds/worker-6-tc1/source:/opt/rustwide/workdir:ro,Z" "-v" "/var/lib/crater-agent-workspace/cargo-home:/opt/rustwide/cargo-home:ro,Z" "-v" "/var/lib/crater-agent-workspace/rustup-home:/opt/rustwide/rustup-home:ro,Z" "-e" "SOURCE_DIR=/opt/rustwide/workdir" "-e" "CARGO_TARGET_DIR=/opt/rustwide/target" "-e" "CARGO_INCREMENTAL=0" "-e" "RUST_BACKTRACE=full" "-e" "RUSTFLAGS=--cap-lints=warn" "-e" "RUSTDOCFLAGS=--cap-lints=warn" "-e" "CARGO_HOME=/opt/rustwide/cargo-home" "-e" "RUSTUP_HOME=/opt/rustwide/rustup-home" "-w" "/opt/rustwide/workdir" "-m" "1610612736" "--user" "0:0" "--network" "none" "ghcr.io/rust-lang/crates-build-env/linux@sha256:f3a9d4ad9d972b27faf3965f35b62e55ba32bbce8f20bc8fe909558a86702fde" "/opt/rustwide/cargo-home/bin/cargo" "+1.83.0" "test" "--frozen", kill_on_drop: false }`
[INFO] [stdout] 6d600d507fcd0ecc8211199689f9a1abc55e8b9ce67c349879314b6f0ae9faf9
[INFO] running `Command { std: "docker" "start" "-a" "6d600d507fcd0ecc8211199689f9a1abc55e8b9ce67c349879314b6f0ae9faf9", kill_on_drop: false }`
[INFO] [stderr] warning: field `authorization` is never read
[INFO] [stderr]   --> src/schema.rs:45:9
[INFO] [stderr]    |
[INFO] [stderr] 34 | pub struct WebPath {
[INFO] [stderr]    |            ------- field in this struct
[INFO] [stderr] ...
[INFO] [stderr] 45 |     pub authorization: AuthorizationType,
[INFO] [stderr]    |         ^^^^^^^^^^^^^
[INFO] [stderr]    |
[INFO] [stderr]    = note: `WebPath` has derived impls for the traits `Clone` and `Debug`, but these are intentionally ignored during dead code analysis
[INFO] [stderr]    = note: `#[warn(dead_code)]` on by default
[INFO] [stderr] 
[INFO] [stderr] warning: `honeyaml` (bin "honeyaml") generated 1 warning
[INFO] [stderr] warning: `honeyaml` (bin "honeyaml" test) generated 1 warning (1 duplicate)
[INFO] [stderr]     Finished `test` profile [unoptimized + debuginfo] target(s) in 0.21s
[INFO] [stderr]      Running unittests src/main.rs (/opt/rustwide/target/debug/deps/honeyaml-8521835f6117d72a)
[INFO] [stdout] 
[INFO] [stdout] running 6 tests
[INFO] [stdout] test state::test::test_keys ... ok
[INFO] [stdout] [2m2024-12-14T18:33:02.612563Z[0m [33m WARN[0m [2mhoneyaml::access-log[0m[2m:[0m [3mremote_ip[0m[2m=[0m"" [3mpath[0m[2m=[0m"/" [3mmethod[0m[2m=[0m"GET" [3mquery_string[0m[2m=[0m"" [3mbody[0m[2m=[0m"F00oo00oo" [3mstatus_code[0m[2m=[0m200 [3mheaders[0m[2m=[0m"content-type=text/plain; charset=utf-8,"
[INFO] [stdout] test test::test_helpers ... ok
[INFO] [stdout] test schema::test::test_deserialize_and_match ... ok
[INFO] [stdout] test logger::test::test_logging ... ok
[INFO] [stdout] [2m2024-12-14T18:33:02.615366Z[0m [32m INFO[0m [2mactix_server::builder[0m[2m:[0m Starting 1 workers
[INFO] [stdout] [2m2024-12-14T18:33:02.615516Z[0m [32m INFO[0m [2mactix_server::server[0m[2m:[0m Actix runtime found; starting in Actix runtime
[INFO] [stdout] [2m2024-12-14T18:33:02.613649Z[0m [33m WARN[0m [2mhoneyaml::access-log[0m[2m:[0m [3mremote_ip[0m[2m=[0m"" [3mpath[0m[2m=[0m"/x00x00" [3mmethod[0m[2m=[0m"GET" [3mquery_string[0m[2m=[0m"" [3mbody[0m[2m=[0m"" [3mstatus_code[0m[2m=[0m404 [3mheaders[0m[2m=[0m""
[INFO] [stdout] [2m2024-12-14T18:33:02.618423Z[0m [33m WARN[0m [2mhoneyaml::access-log[0m[2m:[0m [3mremote_ip[0m[2m=[0m"" [3mpath[0m[2m=[0m"/auth-get" [3mmethod[0m[2m=[0m"GET" [3mquery_string[0m[2m=[0m"username=user&password=passwd1" [3mbody[0m[2m=[0m"" [3mstatus_code[0m[2m=[0m200 [3mheaders[0m[2m=[0m""
[INFO] [stdout] [2m2024-12-14T18:33:02.618844Z[0m [33m WARN[0m [2mhoneyaml::access-log[0m[2m:[0m [3mremote_ip[0m[2m=[0m"" [3mpath[0m[2m=[0m"/auth-get" [3mmethod[0m[2m=[0m"GET" [3mquery_string[0m[2m=[0m"username=user&password=passwd2" [3mbody[0m[2m=[0m"" [3mstatus_code[0m[2m=[0m401 [3mheaders[0m[2m=[0m""
[INFO] [stdout] [2m2024-12-14T18:33:02.619327Z[0m [33m WARN[0m [2mhoneyaml::access-log[0m[2m:[0m [3mremote_ip[0m[2m=[0m"" [3mpath[0m[2m=[0m"/auth-post" [3mmethod[0m[2m=[0m"POST" [3mquery_string[0m[2m=[0m"" [3mbody[0m[2m=[0m"{\"password\":\"passwd1\",\"username\":\"user\"}" [3mstatus_code[0m[2m=[0m200 [3mheaders[0m[2m=[0m"content-type=application/json,"
[INFO] [stdout] [2m2024-12-14T18:33:02.620443Z[0m [33m WARN[0m [2mhoneyaml::access-log[0m[2m:[0m [3mremote_ip[0m[2m=[0m"" [3mpath[0m[2m=[0m"/end-point1/foo" [3mmethod[0m[2m=[0m"GET" [3mquery_string[0m[2m=[0m"" [3mbody[0m[2m=[0m"" [3mstatus_code[0m[2m=[0m201 [3mheaders[0m[2m=[0m"authorization=Bearer eyJhbGciOiJIUzI1NiIsInR5cCI6IkpXVCJ9.eyJpYXQiOjE3MzQyMDExODIsImV4cCI6MTczNDIwODM4MiwibmJmIjoxNzM0MjAxMTgyLCJpc3MiOiJPcmciLCJzdWIiOiJNeUFwcCIsImF1ZCI6Ik15QXBwIn0.Gdfq65drK0TozDydYTpUogXRyKViPFu_ZAjOaexsY6o,"
[INFO] [stdout] [2m2024-12-14T18:33:02.621687Z[0m [31mERROR[0m [2mhoneyaml::handler[0m[2m:[0m configuration error: 700 is not a valid status code
[INFO] [stdout] [2m2024-12-14T18:33:02.622025Z[0m [33m WARN[0m [2mhoneyaml::access-log[0m[2m:[0m [3mremote_ip[0m[2m=[0m"" [3mpath[0m[2m=[0m"/end-point3/bar" [3mmethod[0m[2m=[0m"GET" [3mquery_string[0m[2m=[0m"" [3mbody[0m[2m=[0m"" [3mstatus_code[0m[2m=[0m500 [3mheaders[0m[2m=[0m"authorization=Bearer eyJhbGciOiJIUzI1NiIsInR5cCI6IkpXVCJ9.eyJpYXQiOjE3MzQyMDExODIsImV4cCI6MTczNDIwODM4MiwibmJmIjoxNzM0MjAxMTgyLCJpc3MiOiJPcmciLCJzdWIiOiJNeUFwcCIsImF1ZCI6Ik15QXBwIn0.Gdfq65drK0TozDydYTpUogXRyKViPFu_ZAjOaexsY6o,"
[INFO] [stdout] [2m2024-12-14T18:33:02.623244Z[0m [32m INFO[0m [2mhoneyaml::handler[0m[2m:[0m failed authentication: JWT compact encoding error
[INFO] [stdout] [2m2024-12-14T18:33:02.623494Z[0m [33m WARN[0m [2mhoneyaml::access-log[0m[2m:[0m [3mremote_ip[0m[2m=[0m"" [3mpath[0m[2m=[0m"/end-point3/bar" [3mmethod[0m[2m=[0m"GET" [3mquery_string[0m[2m=[0m"" [3mbody[0m[2m=[0m"" [3mstatus_code[0m[2m=[0m401 [3mheaders[0m[2m=[0m"authorization=Bearer foobar,"
[INFO] [stdout] [2m2024-12-14T18:33:02.624327Z[0m [33m WARN[0m [2mhoneyaml::access-log[0m[2m:[0m [3mremote_ip[0m[2m=[0m"" [3mpath[0m[2m=[0m"/end-point1/foo" [3mmethod[0m[2m=[0m"GET" [3mquery_string[0m[2m=[0m"" [3mbody[0m[2m=[0m"" [3mstatus_code[0m[2m=[0m401 [3mheaders[0m[2m=[0m""
[INFO] [stdout] test handler::tests::test_handlers ... ok
[INFO] [stdout] [2m2024-12-14T18:33:03.618918Z[0m [32m INFO[0m [2mactix_server::worker[0m[2m:[0m Shutting down idle worker
[INFO] [stdout] [2m2024-12-14T18:33:03.618926Z[0m [34mDEBUG[0m [2mactix_server::accept[0m[2m:[0m Paused accepting connections on 0.0.0.0:9101
[INFO] [stdout] [2m2024-12-14T18:33:03.619057Z[0m [32m INFO[0m [2mactix_server::accept[0m[2m:[0m Accept thread stopped
[INFO] [stdout] [2m2024-12-14T18:33:03.622518Z[0m [32m INFO[0m [2mactix_server::builder[0m[2m:[0m Starting 1 workers
[INFO] [stdout] [2m2024-12-14T18:33:03.622861Z[0m [32m INFO[0m [2mactix_server::server[0m[2m:[0m Actix runtime found; starting in Actix runtime
[INFO] [stdout] [2m2024-12-14T18:33:04.626072Z[0m [32m INFO[0m [2mactix_server::worker[0m[2m:[0m Shutting down idle worker
[INFO] [stdout] [2m2024-12-14T18:33:04.626084Z[0m [34mDEBUG[0m [2mactix_server::accept[0m[2m:[0m Paused accepting connections on 0.0.0.0:9102
[INFO] [stdout] [2m2024-12-14T18:33:04.626252Z[0m [32m INFO[0m [2mactix_server::accept[0m[2m:[0m Accept thread stopped
[INFO] [stdout] test test::test_run ... ok
[INFO] [stdout] 
[INFO] [stdout] test result: ok. 6 passed; 0 failed; 0 ignored; 0 measured; 0 filtered out; finished in 2.02s
[INFO] [stdout] 
[INFO] [stderr]      Running tests/cli.rs (/opt/rustwide/target/debug/deps/cli-e7f687dcbf7548cb)
[INFO] [stdout] 
[INFO] [stdout] running 1 test
[INFO] [stdout] test cli_tests ... FAILED
[INFO] [stdout] 
[INFO] [stdout] failures:
[INFO] [stdout] 
[INFO] [stdout] ---- cli_tests stdout ----
[INFO] [stdout] thread 'cli_tests' panicked at /rustc/90b35a6239c3d8bdabc530a6a0816f7ff89a0aaf/library/core/src/ops/function.rs:250:5:
[INFO] [stdout] Unexpected stderr, failed var.contains(cannot read)
[INFO] [stdout] ├── var: thread 'main' panicked at /opt/rustwide/cargo-home/registry/src/index.crates.io-6f17d22bba15001f/tracing-appender-0.2.2/src/rolling.rs:499:53:
[INFO] [stdout] │   failed to create appender: Os { code: 30, kind: ReadOnlyFilesystem, message: "Read-only file system" }
[INFO] [stdout] │   stack backtrace:
[INFO] [stdout] │      0:     0x616661fba86a - std::backtrace_rs::backtrace::libunwind::trace::h5a5b8284f2d0c266
[INFO] [stdout] │                                  at /rustc/90b35a6239c3d8bdabc530a6a0816f7ff89a0aaf/library/std/src/../../backtrace/src/backtrace/libunwind.rs:116:5
[INFO] [stdout] │      1:     0x616661fba86a - std::backtrace_rs::backtrace::trace_unsynchronized::h76d4f1c9b0b875e3
[INFO] [stdout] │                                  at /rustc/90b35a6239c3d8bdabc530a6a0816f7ff89a0aaf/library/std/src/../../backtrace/src/backtrace/mod.rs:66:5
[INFO] [stdout] │      2:     0x616661fba86a - std::sys::backtrace::_print_fmt::hc4546b8364a537c6
[INFO] [stdout] │                                  at /rustc/90b35a6239c3d8bdabc530a6a0816f7ff89a0aaf/library/std/src/sys/backtrace.rs:66:9
[INFO] [stdout] │      3:     0x616661fba86a - <std::sys::backtrace::BacktraceLock::print::DisplayBacktrace as core::fmt::Display>::fmt::h5b6bd5631a6d1f6b
[INFO] [stdout] │                                  at /rustc/90b35a6239c3d8bdabc530a6a0816f7ff89a0aaf/library/std/src/sys/backtrace.rs:39:26
[INFO] [stdout] │      4:     0x616661fe0f83 - core::fmt::rt::Argument::fmt::h270f6602a2b96f62
[INFO] [stdout] │                                  at /rustc/90b35a6239c3d8bdabc530a6a0816f7ff89a0aaf/library/core/src/fmt/rt.rs:177:76
[INFO] [stdout] │      5:     0x616661fe0f83 - core::fmt::write::h7550c97b06c86515
[INFO] [stdout] │                                  at /rustc/90b35a6239c3d8bdabc530a6a0816f7ff89a0aaf/library/core/src/fmt/mod.rs:1186:21
[INFO] [stdout] │      6:     0x616661fb76b3 - std::io::Write::write_fmt::h7b09c64fe0be9c84
[INFO] [stdout] │                                  at /rustc/90b35a6239c3d8bdabc530a6a0816f7ff89a0aaf/library/std/src/io/mod.rs:1839:15
[INFO] [stdout] │      7:     0x616661fba6b2 - std::sys::backtrace::BacktraceLock::print::h2395ccd2c84ba3aa
[INFO] [stdout] │                                  at /rustc/90b35a6239c3d8bdabc530a6a0816f7ff89a0aaf/library/std/src/sys/backtrace.rs:42:9
[INFO] [stdout] │      8:     0x616661fbb65c - std::panicking::default_hook::{{closure}}::he19d4c7230e07961
[INFO] [stdout] │                                  at /rustc/90b35a6239c3d8bdabc530a6a0816f7ff89a0aaf/library/std/src/panicking.rs:268:22
[INFO] [stdout] │      9:     0x616661fbb4a2 - std::panicking::default_hook::hf614597d3c67bbdb
[INFO] [stdout] │                                  at /rustc/90b35a6239c3d8bdabc530a6a0816f7ff89a0aaf/library/std/src/panicking.rs:295:9
[INFO] [stdout] │     10:     0x616661fbbc37 - std::panicking::rust_panic_with_hook::h8942133a8b252070
[INFO] [stdout] │                                  at /rustc/90b35a6239c3d8bdabc530a6a0816f7ff89a0aaf/library/std/src/panicking.rs:801:13
[INFO] [stdout] │     11:     0x616661fbbaca - std::panicking::begin_panic_handler::{{closure}}::hb5f5963570096b29
[INFO] [stdout] │                                  at /rustc/90b35a6239c3d8bdabc530a6a0816f7ff89a0aaf/library/std/src/panicking.rs:674:13
[INFO] [stdout] │     12:     0x616661fbad49 - std::sys::backtrace::__rust_end_short_backtrace::h6208cedc1922feda
[INFO] [stdout] │                                  at /rustc/90b35a6239c3d8bdabc530a6a0816f7ff89a0aaf/library/std/src/sys/backtrace.rs:170:18
[INFO] [stdout] │     13:     0x616661fbb75c - rust_begin_unwind
[INFO] [stdout] │                                  at /rustc/90b35a6239c3d8bdabc530a6a0816f7ff89a0aaf/library/std/src/panicking.rs:665:5
[INFO] [stdout] │     14:     0x6166616a2f90 - core::panicking::panic_fmt::h0c3082644d1bf418
[INFO] [stdout] │                                  at /rustc/90b35a6239c3d8bdabc530a6a0816f7ff89a0aaf/library/core/src/panicking.rs:74:14
[INFO] [stdout] │     15:     0x6166616a3476 - core::result::unwrap_failed::hd20b4aa073bda1e2
[INFO] [stdout] │                                  at /rustc/90b35a6239c3d8bdabc530a6a0816f7ff89a0aaf/library/core/src/result.rs:1700:5
[INFO] [stdout] │     16:     0x6166617d383d - core::result::Result<T,E>::expect::h1907c35cd0bdb490
[INFO] [stdout] │                                  at /rustc/90b35a6239c3d8bdabc530a6a0816f7ff89a0aaf/library/core/src/result.rs:1061:23
[INFO] [stdout] │     17:     0x616661759559 - tracing_appender::rolling::Inner::new::h065cebcead1f01cd
[INFO] [stdout] │                                  at /opt/rustwide/cargo-home/registry/src/index.crates.io-6f17d22bba15001f/tracing-appender-0.2.2/src/rolling.rs:499:13
[INFO] [stdout] │     18:     0x6166617591a3 - tracing_appender::rolling::RollingFileAppender::new::hf0a7ee4ed453f381
[INFO] [stdout] │                                  at /opt/rustwide/cargo-home/registry/src/index.crates.io-6f17d22bba15001f/tracing-appender-0.2.2/src/rolling.rs:147:31
[INFO] [stdout] │     19:     0x616661759818 - tracing_appender::rolling::daily::h314701efd6b40979
[INFO] [stdout] │                                  at /opt/rustwide/cargo-home/registry/src/index.crates.io-6f17d22bba15001f/tracing-appender-0.2.2/src/rolling.rs:314:5
[INFO] [stdout] │     20:     0x61666173bb9d - honeyaml::logger::setup_logger::h93fbcae2910abf7b
[INFO] [stdout] │                                  at /opt/rustwide/workdir/src/logger.rs:43:25
[INFO] [stdout] │     21:     0x6166616bb438 - honeyaml::run::{{closure}}::h03897e415ef78d30
[INFO] [stdout] │                                  at /opt/rustwide/workdir/src/main.rs:92:15
[INFO] [stdout] │     22:     0x6166616bf852 - honeyaml::main::{{closure}}::h4f40e74fe87a4947
[INFO] [stdout] │                                  at /opt/rustwide/workdir/src/main.rs:156:36
[INFO] [stdout] │     23:     0x616661763ff3 - <tokio::task::local::RunUntil<T> as core::future::future::Future>::poll::{{closure}}::h379d39c0199929dd
[INFO] [stdout] │                                  at /opt/rustwide/cargo-home/registry/src/index.crates.io-6f17d22bba15001f/tokio-1.24.1/src/task/local.rs:924:42
[INFO] [stdout] │     24:     0x616661762f6d - tokio::task::local::LocalSet::with::{{closure}}::h1852765ad8191df6
[INFO] [stdout] │                                  at /opt/rustwide/cargo-home/registry/src/index.crates.io-6f17d22bba15001f/tokio-1.24.1/src/task/local.rs:685:13
[INFO] [stdout] │     25:     0x61666175ae07 - std::thread::local::LocalKey<T>::try_with::h42639d98fcaed78e
[INFO] [stdout] │                                  at /rustc/90b35a6239c3d8bdabc530a6a0816f7ff89a0aaf/library/std/src/thread/local.rs:283:12
[INFO] [stdout] │     26:     0x61666175a95a - std::thread::local::LocalKey<T>::with::h830bc3252716d910
[INFO] [stdout] │                                  at /rustc/90b35a6239c3d8bdabc530a6a0816f7ff89a0aaf/library/std/src/thread/local.rs:260:9
[INFO] [stdout] │     27:     0x616661762e92 - tokio::task::local::LocalSet::with::he390dd65d9dbfc04
[INFO] [stdout] │                                  at /opt/rustwide/cargo-home/registry/src/index.crates.io-6f17d22bba15001f/tokio-1.24.1/src/task/local.rs:668:9
[INFO] [stdout] │     28:     0x616661763f55 - <tokio::task::local::RunUntil<T> as core::future::future::Future>::poll::h6073d87c3cfe830b
[INFO] [stdout] │                                  at /opt/rustwide/cargo-home/registry/src/index.crates.io-6f17d22bba15001f/tokio-1.24.1/src/task/local.rs:914:9
[INFO] [stdout] │     29:     0x616661763245 - tokio::task::local::LocalSet::run_until::{{closure}}::h7c042e646203684a
[INFO] [stdout] │                                  at /opt/rustwide/cargo-home/registry/src/index.crates.io-6f17d22bba15001f/tokio-1.24.1/src/task/local.rs:574:19
[INFO] [stdout] │     30:     0x6166617d680d - <core::pin::Pin<P> as core::future::future::Future>::poll::h848f2efb14e23612
[INFO] [stdout] │                                  at /rustc/90b35a6239c3d8bdabc530a6a0816f7ff89a0aaf/library/core/src/future/future.rs:123:9
[INFO] [stdout] │     31:     0x6166617be80f - tokio::runtime::scheduler::current_thread::CoreGuard::block_on::{{closure}}::{{closure}}::{{closure}}::h85e3113c1de9fbe7
[INFO] [stdout] │                                  at /opt/rustwide/cargo-home/registry/src/index.crates.io-6f17d22bba15001f/tokio-1.24.1/src/runtime/scheduler/current_thread.rs:541:57
[INFO] [stdout] │     32:     0x6166617be716 - tokio::runtime::coop::with_budget::hd5a0d934acd6f96a
[INFO] [stdout] │                                  at /opt/rustwide/cargo-home/registry/src/index.crates.io-6f17d22bba15001f/tokio-1.24.1/src/runtime/coop.rs:102:5
[INFO] [stdout] │     33:     0x6166617be716 - tokio::runtime::coop::budget::h70e8ea2f90df48b0
[INFO] [stdout] │                                  at /opt/rustwide/cargo-home/registry/src/index.crates.io-6f17d22bba15001f/tokio-1.24.1/src/runtime/coop.rs:68:5
[INFO] [stdout] │     34:     0x6166617be716 - tokio::runtime::scheduler::current_thread::CoreGuard::block_on::{{closure}}::{{closure}}::h7bf87c7865aa76b5
[INFO] [stdout] │                                  at /opt/rustwide/cargo-home/registry/src/index.crates.io-6f17d22bba15001f/tokio-1.24.1/src/runtime/scheduler/current_thread.rs:541:25
[INFO] [stdout] │     35:     0x6166617bcf5a - tokio::runtime::scheduler::current_thread::Context::enter::h67bc5108f32ae305
[INFO] [stdout] │                                  at /opt/rustwide/cargo-home/registry/src/index.crates.io-6f17d22bba15001f/tokio-1.24.1/src/runtime/scheduler/current_thread.rs:350:19
[INFO] [stdout] │     36:     0x6166617bdd22 - tokio::runtime::scheduler::current_thread::CoreGuard::block_on::{{closure}}::h8090305a8843b928
[INFO] [stdout] │                                  at /opt/rustwide/cargo-home/registry/src/index.crates.io-6f17d22bba15001f/tokio-1.24.1/src/runtime/scheduler/current_thread.rs:540:36
[INFO] [stdout] │     37:     0x6166617bda8b - tokio::runtime::scheduler::current_thread::CoreGuard::enter::{{closure}}::h38eacfd0829dda05
[INFO] [stdout] │                                  at /opt/rustwide/cargo-home/registry/src/index.crates.io-6f17d22bba15001f/tokio-1.24.1/src/runtime/scheduler/current_thread.rs:615:57
[INFO] [stdout] │     38:     0x6166617eebaa - tokio::macros::scoped_tls::ScopedKey<T>::set::h6acbe44934cf135c
[INFO] [stdout] │                                  at /opt/rustwide/cargo-home/registry/src/index.crates.io-6f17d22bba15001f/tokio-1.24.1/src/macros/scoped_tls.rs:61:9
[INFO] [stdout] │     39:     0x6166617bd804 - tokio::runtime::scheduler::current_thread::CoreGuard::enter::h5175f2c2e56e772c
[INFO] [stdout] │                                  at /opt/rustwide/cargo-home/registry/src/index.crates.io-6f17d22bba15001f/tokio-1.24.1/src/runtime/scheduler/current_thread.rs:615:27
[INFO] [stdout] │     40:     0x6166617bdab2 - tokio::runtime::scheduler::current_thread::CoreGuard::block_on::h7a04fc2b55933df5
[INFO] [stdout] │                                  at /opt/rustwide/cargo-home/registry/src/index.crates.io-6f17d22bba15001f/tokio-1.24.1/src/runtime/scheduler/current_thread.rs:530:19
[INFO] [stdout] │     41:     0x6166617bc981 - tokio::runtime::scheduler::current_thread::CurrentThread::block_on::h79a7ae2c829aff9c
[INFO] [stdout] │                                  at /opt/rustwide/cargo-home/registry/src/index.crates.io-6f17d22bba15001f/tokio-1.24.1/src/runtime/scheduler/current_thread.rs:154:24
[INFO] [stdout] │     42:     0x6166617ca931 - tokio::runtime::runtime::Runtime::block_on::had201dab982a6e80
[INFO] [stdout] │                                  at /opt/rustwide/cargo-home/registry/src/index.crates.io-6f17d22bba15001f/tokio-1.24.1/src/runtime/runtime.rs:282:47
[INFO] [stdout] │     43:     0x616661763033 - tokio::task::local::LocalSet::block_on::h278843e1fc35222d
[INFO] [stdout] │                                  at /opt/rustwide/cargo-home/registry/src/index.crates.io-6f17d22bba15001f/tokio-1.24.1/src/task/local.rs:535:9
[INFO] [stdout] │     44:     0x61666175702b - actix_rt::runtime::Runtime::block_on::hc5492dd48258be0d
[INFO] [stdout] │                                  at /opt/rustwide/cargo-home/registry/src/index.crates.io-6f17d22bba15001f/actix-rt-2.7.0/src/runtime.rs:80:9
[INFO] [stdout] │     45:     0x61666179ea5a - actix_rt::system::SystemRunner::block_on::ha39c44604ee67d50
[INFO] [stdout] │                                  at /opt/rustwide/cargo-home/registry/src/index.crates.io-6f17d22bba15001f/actix-rt-2.7.0/src/system.rs:209:9
[INFO] [stdout] │     46:     0x6166616bf691 - honeyaml::main::h8f5215f0e05da06c
[INFO] [stdout] │                                  at /opt/rustwide/workdir/src/main.rs:154:1
[INFO] [stdout] │     47:     0x6166616e984b - core::ops::function::FnOnce::call_once::hd15ebcc79c1eef6c
[INFO] [stdout] │                                  at /rustc/90b35a6239c3d8bdabc530a6a0816f7ff89a0aaf/library/core/src/ops/function.rs:250:5
[INFO] [stdout] │     48:     0x6166617367ad - std::sys::backtrace::__rust_begin_short_backtrace::hf0ff1a7ff0fcbb03
[INFO] [stdout] │                                  at /rustc/90b35a6239c3d8bdabc530a6a0816f7ff89a0aaf/library/std/src/sys/backtrace.rs:154:18
[INFO] [stdout] │     49:     0x616661771411 - std::rt::lang_start::{{closure}}::h0fa7fba513cf78a6
[INFO] [stdout] │                                  at /rustc/90b35a6239c3d8bdabc530a6a0816f7ff89a0aaf/library/std/src/rt.rs:195:18
[INFO] [stdout] │     50:     0x616661fb32fe - core::ops::function::impls::<impl core::ops::function::FnOnce<A> for &F>::call_once::hfdb85f4ee94732d3
[INFO] [stdout] │                                  at /rustc/90b35a6239c3d8bdabc530a6a0816f7ff89a0aaf/library/core/src/ops/function.rs:284:13
[INFO] [stdout] │     51:     0x616661fb32fe - std::panicking::try::do_call::h6e577310f330cbef
[INFO] [stdout] │                                  at /rustc/90b35a6239c3d8bdabc530a6a0816f7ff89a0aaf/library/std/src/panicking.rs:557:40
[INFO] [stdout] │     52:     0x616661fb32fe - std::panicking::try::ha588d438267d2645
[INFO] [stdout] │                                  at /rustc/90b35a6239c3d8bdabc530a6a0816f7ff89a0aaf/library/std/src/panicking.rs:520:19
[INFO] [stdout] │     53:     0x616661fb32fe - std::panic::catch_unwind::h429fda1e025f26d9
[INFO] [stdout] │                                  at /rustc/90b35a6239c3d8bdabc530a6a0816f7ff89a0aaf/library/std/src/panic.rs:358:14
[INFO] [stdout] │     54:     0x616661fb32fe - std::rt::lang_start_internal::{{closure}}::h7b731265e841c4bf
[INFO] [stdout] │                                  at /rustc/90b35a6239c3d8bdabc530a6a0816f7ff89a0aaf/library/std/src/rt.rs:174:48
[INFO] [stdout] │     55:     0x616661fb32fe - std::panicking::try::do_call::hc0f6a675b7ae5a36
[INFO] [stdout] │                                  at /rustc/90b35a6239c3d8bdabc530a6a0816f7ff89a0aaf/library/std/src/panicking.rs:557:40
[INFO] [stdout] │     56:     0x616661fb32fe - std::panicking::try::h4c93b7ff0671f1ff
[INFO] [stdout] │                                  at /rustc/90b35a6239c3d8bdabc530a6a0816f7ff89a0aaf/library/std/src/panicking.rs:520:19
[INFO] [stdout] │     57:     0x616661fb32fe - std::panic::catch_unwind::hcc1e154961d16ce6
[INFO] [stdout] │                                  at /rustc/90b35a6239c3d8bdabc530a6a0816f7ff89a0aaf/library/std/src/panic.rs:358:14
[INFO] [stdout] │     58:     0x616661fb32fe - std::rt::lang_start_internal::h1c66660c99c8424c
[INFO] [stdout] │                                  at /rustc/90b35a6239c3d8bdabc530a6a0816f7ff89a0aaf/library/std/src/rt.rs:174:20
[INFO] [stdout] │     59:     0x6166617713ea - std::rt::lang_start::h85503749af1cebba
[INFO] [stdout] │                                  at /rustc/90b35a6239c3d8bdabc530a6a0816f7ff89a0aaf/library/std/src/rt.rs:194:17
[INFO] [stdout] │     60:     0x6166616bf92e - main
[INFO] [stdout] │     61:     0x70fb12909d90 - <unknown>
[INFO] [stdout] │     62:     0x70fb12909e40 - __libc_start_main
[INFO] [stdout] │     63:     0x6166616a3a75 - _start
[INFO] [stdout] │     64:                0x0 - <unknown>
[INFO] [stdout] └── var as str: thread 'main' panicked at /opt/rustwide/cargo-home/registry/src/index.crates.io-6f17d22bba15001f/tracing-appender-0.2.2/src/rolling.rs:499:53:
[INFO] [stdout]     failed to create appender: Os { code: 30, kind: ReadOnlyFilesystem, message: "Read-only file system" }
[INFO] [stdout]     stack backtrace:
[INFO] [stdout]        0:     0x616661fba86a - std::backtrace_rs::backtrace::libunwind::trace::h5a5b8284f2d0c266
[INFO] [stdout]                                    at /rustc/90b35a6239c3d8bdabc530a6a0816f7ff89a0aaf/library/std/src/../../backtrace/src/backtrace/libunwind.rs:116:5
[INFO] [stdout]        1:     0x616661fba86a - std::backtrace_rs::backtrace::trace_unsynchronized::h76d4f1c9b0b875e3
[INFO] [stdout]                                    at /rustc/90b35a6239c3d8bdabc530a6a0816f7ff89a0aaf/library/std/src/../../backtrace/src/backtrace/mod.rs:66:5
[INFO] [stdout]        2:     0x616661fba86a - std::sys::backtrace::_print_fmt::hc4546b8364a537c6
[INFO] [stdout]                                    at /rustc/90b35a6239c3d8bdabc530a6a0816f7ff89a0aaf/library/std/src/sys/backtrace.rs:66:9
[INFO] [stdout]        3:     0x616661fba86a - <std::sys::backtrace::BacktraceLock::print::DisplayBacktrace as core::fmt::Display>::fmt::h5b6bd5631a6d1f6b
[INFO] [stdout]                                    at /rustc/90b35a6239c3d8bdabc530a6a0816f7ff89a0aaf/library/std/src/sys/backtrace.rs:39:26
[INFO] [stdout]        4:     0x616661fe0f83 - core::fmt::rt::Argument::fmt::h270f6602a2b96f62
[INFO] [stdout]                                    at /rustc/90b35a6239c3d8bdabc530a6a0816f7ff89a0aaf/library/core/src/fmt/rt.rs:177:76
[INFO] [stdout]        5:     0x616661fe0f83 - core::fmt::write::h7550c97b06c86515
[INFO] [stdout]                                    at /rustc/90b35a6239c3d8bdabc530a6a0816f7ff89a0aaf/library/core/src/fmt/mod.rs:1186:21
[INFO] [stdout]        6:     0x616661fb76b3 - std::io::Write::write_fmt::h7b09c64fe0be9c84
[INFO] [stdout]                                    at /rustc/90b35a6239c3d8bdabc530a6a0816f7ff89a0aaf/library/std/src/io/mod.rs:1839:15
[INFO] [stdout]        7:     0x616661fba6b2 - std::sys::backtrace::BacktraceLock::print::h2395ccd2c84ba3aa
[INFO] [stdout]                                    at /rustc/90b35a6239c3d8bdabc530a6a0816f7ff89a0aaf/library/std/src/sys/backtrace.rs:42:9
[INFO] [stdout]        8:     0x616661fbb65c - std::panicking::default_hook::{{closure}}::he19d4c7230e07961
[INFO] [stdout]                                    at /rustc/90b35a6239c3d8bdabc530a6a0816f7ff89a0aaf/library/std/src/panicking.rs:268:22
[INFO] [stdout]        9:     0x616661fbb4a2 - std::panicking::default_hook::hf614597d3c67bbdb
[INFO] [stdout]                                    at /rustc/90b35a6239c3d8bdabc530a6a0816f7ff89a0aaf/library/std/src/panicking.rs:295:9
[INFO] [stdout]       10:     0x616661fbbc37 - std::panicking::rust_panic_with_hook::h8942133a8b252070
[INFO] [stdout]                                    at /rustc/90b35a6239c3d8bdabc530a6a0816f7ff89a0aaf/library/std/src/panicking.rs:801:13
[INFO] [stdout]       11:     0x616661fbbaca - std::panicking::begin_panic_handler::{{closure}}::hb5f5963570096b29
[INFO] [stdout]                                    at /rustc/90b35a6239c3d8bdabc530a6a0816f7ff89a0aaf/library/std/src/panicking.rs:674:13
[INFO] [stdout]       12:     0x616661fbad49 - std::sys::backtrace::__rust_end_short_backtrace::h6208cedc1922feda
[INFO] [stdout]                                    at /rustc/90b35a6239c3d8bdabc530a6a0816f7ff89a0aaf/library/std/src/sys/backtrace.rs:170:18
[INFO] [stdout]       13:     0x616661fbb75c - rust_begin_unwind
[INFO] [stdout]                                    at /rustc/90b35a6239c3d8bdabc530a6a0816f7ff89a0aaf/library/std/src/panicking.rs:665:5
[INFO] [stdout]       14:     0x6166616a2f90 - core::panicking::panic_fmt::h0c3082644d1bf418
[INFO] [stdout]                                    at /rustc/90b35a6239c3d8bdabc530a6a0816f7ff89a0aaf/library/core/src/panicking.rs:74:14
[INFO] [stdout]       15:     0x6166616a3476 - core::result::unwrap_failed::hd20b4aa073bda1e2
[INFO] [stdout]                                    at /rustc/90b35a6239c3d8bdabc530a6a0816f7ff89a0aaf/library/core/src/result.rs:1700:5
[INFO] [stdout]       16:     0x6166617d383d - core::result::Result<T,E>::expect::h1907c35cd0bdb490
[INFO] [stdout]                                    at /rustc/90b35a6239c3d8bdabc530a6a0816f7ff89a0aaf/library/core/src/result.rs:1061:23
[INFO] [stdout]       17:     0x616661759559 - tracing_appender::rolling::Inner::new::h065cebcead1f01cd
[INFO] [stdout]                                    at /opt/rustwide/cargo-home/registry/src/index.crates.io-6f17d22bba15001f/tracing-appender-0.2.2/src/rolling.rs:499:13
[INFO] [stdout]       18:     0x6166617591a3 - tracing_appender::rolling::RollingFileAppender::new::hf0a7ee4ed453f381
[INFO] [stdout]                                    at /opt/rustwide/cargo-home/registry/src/index.crates.io-6f17d22bba15001f/tracing-appender-0.2.2/src/rolling.rs:147:31
[INFO] [stdout]       19:     0x616661759818 - tracing_appender::rolling::daily::h314701efd6b40979
[INFO] [stdout]                                    at /opt/rustwide/cargo-home/registry/src/index.crates.io-6f17d22bba15001f/tracing-appender-0.2.2/src/rolling.rs:314:5
[INFO] [stdout]       20:     0x61666173bb9d - honeyaml::logger::setup_logger::h93fbcae2910abf7b
[INFO] [stdout]                                    at /opt/rustwide/workdir/src/logger.rs:43:25
[INFO] [stdout]       21:     0x6166616bb438 - honeyaml::run::{{closure}}::h03897e415ef78d30
[INFO] [stdout]                                    at /opt/rustwide/workdir/src/main.rs:92:15
[INFO] [stdout]       22:     0x6166616bf852 - honeyaml::main::{{closure}}::h4f40e74fe87a4947
[INFO] [stdout]                                    at /opt/rustwide/workdir/src/main.rs:156:36
[INFO] [stdout]       23:     0x616661763ff3 - <tokio::task::local::RunUntil<T> as core::future::future::Future>::poll::{{closure}}::h379d39c0199929dd
[INFO] [stdout]                                    at /opt/rustwide/cargo-home/registry/src/index.crates.io-6f17d22bba15001f/tokio-1.24.1/src/task/local.rs:924:42
[INFO] [stdout]       24:     0x616661762f6d - tokio::task::local::LocalSet::with::{{closure}}::h1852765ad8191df6
[INFO] [stdout]                                    at /opt/rustwide/cargo-home/registry/src/index.crates.io-6f17d22bba15001f/tokio-1.24.1/src/task/local.rs:685:13
[INFO] [stdout]       25:     0x61666175ae07 - std::thread::local::LocalKey<T>::try_with::h42639d98fcaed78e
[INFO] [stdout]                                    at /rustc/90b35a6239c3d8bdabc530a6a0816f7ff89a0aaf/library/std/src/thread/local.rs:283:12
[INFO] [stdout]       26:     0x61666175a95a - std::thread::local::LocalKey<T>::with::h830bc3252716d910
[INFO] [stdout]                                    at /rustc/90b35a6239c3d8bdabc530a6a0816f7ff89a0aaf/library/std/src/thread/local.rs:260:9
[INFO] [stdout]       27:     0x616661762e92 - tokio::task::local::LocalSet::with::he390dd65d9dbfc04
[INFO] [stdout]                                    at /opt/rustwide/cargo-home/registry/src/index.crates.io-6f17d22bba15001f/tokio-1.24.1/src/task/local.rs:668:9
[INFO] [stdout]       28:     0x616661763f55 - <tokio::task::local::RunUntil<T> as core::future::future::Future>::poll::h6073d87c3cfe830b
[INFO] [stdout]                                    at /opt/rustwide/cargo-home/registry/src/index.crates.io-6f17d22bba15001f/tokio-1.24.1/src/task/local.rs:914:9
[INFO] [stdout]       29:     0x616661763245 - tokio::task::local::LocalSet::run_until::{{closure}}::h7c042e646203684a
[INFO] [stdout]                                    at /opt/rustwide/cargo-home/registry/src/index.crates.io-6f17d22bba15001f/tokio-1.24.1/src/task/local.rs:574:19
[INFO] [stdout]       30:     0x6166617d680d - <core::pin::Pin<P> as core::future::future::Future>::poll::h848f2efb14e23612
[INFO] [stdout]                                    at /rustc/90b35a6239c3d8bdabc530a6a0816f7ff89a0aaf/library/core/src/future/future.rs:123:9
[INFO] [stdout]       31:     0x6166617be80f - tokio::runtime::scheduler::current_thread::CoreGuard::block_on::{{closure}}::{{closure}}::{{closure}}::h85e3113c1de9fbe7
[INFO] [stdout]                                    at /opt/rustwide/cargo-home/registry/src/index.crates.io-6f17d22bba15001f/tokio-1.24.1/src/runtime/scheduler/current_thread.rs:541:57
[INFO] [stdout]       32:     0x6166617be716 - tokio::runtime::coop::with_budget::hd5a0d934acd6f96a
[INFO] [stdout]                                    at /opt/rustwide/cargo-home/registry/src/index.crates.io-6f17d22bba15001f/tokio-1.24.1/src/runtime/coop.rs:102:5
[INFO] [stdout]       33:     0x6166617be716 - tokio::runtime::coop::budget::h70e8ea2f90df48b0
[INFO] [stdout]                                    at /opt/rustwide/cargo-home/registry/src/index.crates.io-6f17d22bba15001f/tokio-1.24.1/src/runtime/coop.rs:68:5
[INFO] [stdout]       34:     0x6166617be716 - tokio::runtime::scheduler::current_thread::CoreGuard::block_on::{{closure}}::{{closure}}::h7bf87c7865aa76b5
[INFO] [stdout]                                    at /opt/rustwide/cargo-home/registry/src/index.crates.io-6f17d22bba15001f/tokio-1.24.1/src/runtime/scheduler/current_thread.rs:541:25
[INFO] [stdout]       35:     0x6166617bcf5a - tokio::runtime::scheduler::current_thread::Context::enter::h67bc5108f32ae305
[INFO] [stdout]                                    at /opt/rustwide/cargo-home/registry/src/index.crates.io-6f17d22bba15001f/tokio-1.24.1/src/runtime/scheduler/current_thread.rs:350:19
[INFO] [stdout]       36:     0x6166617bdd22 - tokio::runtime::scheduler::current_thread::CoreGuard::block_on::{{closure}}::h8090305a8843b928
[INFO] [stdout]                                    at /opt/rustwide/cargo-home/registry/src/index.crates.io-6f17d22bba15001f/tokio-1.24.1/src/runtime/scheduler/current_thread.rs:540:36
[INFO] [stdout]       37:     0x6166617bda8b - tokio::runtime::scheduler::current_thread::CoreGuard::enter::{{closure}}::h38eacfd0829dda05
[INFO] [stdout]                                    at /opt/rustwide/cargo-home/registry/src/index.crates.io-6f17d22bba15001f/tokio-1.24.1/src/runtime/scheduler/current_thread.rs:615:57
[INFO] [stdout]       38:     0x6166617eebaa - tokio::macros::scoped_tls::ScopedKey<T>::set::h6acbe44934cf135c
[INFO] [stdout]                                    at /opt/rustwide/cargo-home/registry/src/index.crates.io-6f17d22bba15001f/tokio-1.24.1/src/macros/scoped_tls.rs:61:9
[INFO] [stdout]       39:     0x6166617bd804 - tokio::runtime::scheduler::current_thread::CoreGuard::enter::h5175f2c2e56e772c
[INFO] [stdout]                                    at /opt/rustwide/cargo-home/registry/src/index.crates.io-6f17d22bba15001f/tokio-1.24.1/src/runtime/scheduler/current_thread.rs:615:27
[INFO] [stdout]       40:     0x6166617bdab2 - tokio::runtime::scheduler::current_thread::CoreGuard::block_on::h7a04fc2b55933df5
[INFO] [stdout]                                    at /opt/rustwide/cargo-home/registry/src/index.crates.io-6f17d22bba15001f/tokio-1.24.1/src/runtime/scheduler/current_thread.rs:530:19
[INFO] [stdout]       41:     0x6166617bc981 - tokio::runtime::scheduler::current_thread::CurrentThread::block_on::h79a7ae2c829aff9c
[INFO] [stdout]                                    at /opt/rustwide/cargo-home/registry/src/index.crates.io-6f17d22bba15001f/tokio-1.24.1/src/runtime/scheduler/current_thread.rs:154:24
[INFO] [stdout]       42:     0x6166617ca931 - tokio::runtime::runtime::Runtime::block_on::had201dab982a6e80
[INFO] [stdout]                                    at /opt/rustwide/cargo-home/registry/src/index.crates.io-6f17d22bba15001f/tokio-1.24.1/src/runtime/runtime.rs:282:47
[INFO] [stdout]       43:     0x616661763033 - tokio::task::local::LocalSet::block_on::h278843e1fc35222d
[INFO] [stdout]                                    at /opt/rustwide/cargo-home/registry/src/index.crates.io-6f17d22bba15001f/tokio-1.24.1/src/task/local.rs:535:9
[INFO] [stdout]       44:     0x61666175702b - actix_rt::runtime::Runtime::block_on::hc5492dd48258be0d
[INFO] [stdout]                                    at /opt/rustwide/cargo-home/registry/src/index.crates.io-6f17d22bba15001f/actix-rt-2.7.0/src/runtime.rs:80:9
[INFO] [stdout]       45:     0x61666179ea5a - actix_rt::system::SystemRunner::block_on::ha39c44604ee67d50
[INFO] [stdout]                                    at /opt/rustwide/cargo-home/registry/src/index.crates.io-6f17d22bba15001f/actix-rt-2.7.0/src/system.rs:209:9
[INFO] [stdout]       46:     0x6166616bf691 - honeyaml::main::h8f5215f0e05da06c
[INFO] [stdout]                                    at /opt/rustwide/workdir/src/main.rs:154:1
[INFO] [stdout]       47:     0x6166616e984b - core::ops::function::FnOnce::call_once::hd15ebcc79c1eef6c
[INFO] [stdout]                                    at /rustc/90b35a6239c3d8bdabc530a6a0816f7ff89a0aaf/library/core/src/ops/function.rs:250:5
[INFO] [stdout]       48:     0x6166617367ad - std::sys::backtrace::__rust_begin_short_backtrace::hf0ff1a7ff0fcbb03
[INFO] [stdout]                                    at /rustc/90b35a6239c3d8bdabc530a6a0816f7ff89a0aaf/library/std/src/sys/backtrace.rs:154:18
[INFO] [stdout]       49:     0x616661771411 - std::rt::lang_start::{{closure}}::h0fa7fba513cf78a6
[INFO] [stdout]                                    at /rustc/90b35a6239c3d8bdabc530a6a0816f7ff89a0aaf/library/std/src/rt.rs:195:18
[INFO] [stdout]       50:     0x616661fb32fe - core::ops::function::impls::<impl core::ops::function::FnOnce<A> for &F>::call_once::hfdb85f4ee94732d3
[INFO] [stdout]                                    at /rustc/90b35a6239c3d8bdabc530a6a0816f7ff89a0aaf/library/core/src/ops/function.rs:284:13
[INFO] [stdout]       51:     0x616661fb32fe - std::panicking::try::do_call::h6e577310f330cbef
[INFO] [stdout]                                    at /rustc/90b35a6239c3d8bdabc530a6a0816f7ff89a0aaf/library/std/src/panicking.rs:557:40
[INFO] [stdout]       52:     0x616661fb32fe - std::panicking::try::ha588d438267d2645
[INFO] [stdout]                                    at /rustc/90b35a6239c3d8bdabc530a6a0816f7ff89a0aaf/library/std/src/panicking.rs:520:19
[INFO] [stdout]       53:     0x616661fb32fe - std::panic::catch_unwind::h429fda1e025f26d9
[INFO] [stdout]                                    at /rustc/90b35a6239c3d8bdabc530a6a0816f7ff89a0aaf/library/std/src/panic.rs:358:14
[INFO] [stdout]       54:     0x616661fb32fe - std::rt::lang_start_internal::{{closure}}::h7b731265e841c4bf
[INFO] [stdout]                                    at /rustc/90b35a6239c3d8bdabc530a6a0816f7ff89a0aaf/library/std/src/rt.rs:174:48
[INFO] [stdout]       55:     0x616661fb32fe - std::panicking::try::do_call::hc0f6a675b7ae5a36
[INFO] [stdout]                                    at /rustc/90b35a6239c3d8bdabc530a6a0816f7ff89a0aaf/library/std/src/panicking.rs:557:40
[INFO] [stdout]       56:     0x616661fb32fe - std::panicking::try::h4c93b7ff0671f1ff
[INFO] [stdout]                                    at /rustc/90b35a6239c3d8bdabc530a6a0816f7ff89a0aaf/library/std/src/panicking.rs:520:19
[INFO] [stdout]       57:     0x616661fb32fe - std::panic::catch_unwind::hcc1e154961d16ce6
[INFO] [stdout]                                    at /rustc/90b35a6239c3d8bdabc530a6a0816f7ff89a0aaf/library/std/src/panic.rs:358:14
[INFO] [stdout]       58:     0x616661fb32fe - std::rt::lang_start_internal::h1c66660c99c8424c
[INFO] [stdout]                                    at /rustc/90b35a6239c3d8bdabc530a6a0816f7ff89a0aaf/library/std/src/rt.rs:174:20
[INFO] [stdout]       59:     0x6166617713ea - std::rt::lang_start::h85503749af1cebba
[INFO] [stdout]                                    at /rustc/90b35a6239c3d8bdabc530a6a0816f7ff89a0aaf/library/std/src/rt.rs:194:17
[INFO] [stdout]       60:     0x6166616bf92e - main
[INFO] [stdout]       61:     0x70fb12909d90 - <unknown>
[INFO] [stdout]       62:     0x70fb12909e40 - __libc_start_main
[INFO] [stdout]       63:     0x6166616a3a75 - _start
[INFO] [stdout]       64:                0x0 - <unknown>
[INFO] [stdout] 
[INFO] [stdout] command=`"/opt/rustwide/target/debug/honeyaml" "-f /tmp/foo"`
[INFO] [stdout] code=101
[INFO] [stdout] stdout=""
[INFO] [stdout] stderr=<128 lines total>
[INFO] [stdout] ```
[INFO] [stdout] thread \'main\' panicked at /opt/rustwide/cargo-home/registry/src/index.crates.io-6f17d22bba15001f/tracing-appender-0.2.2/src/rolling.rs:499:53:
[INFO] [stdout] failed to create appender: Os { code: 30, kind: ReadOnlyFilesystem, message: \"Read-only file system\" }
[INFO] [stdout] stack backtrace:
[INFO] [stdout]    0:     0x616661fba86a - std::backtrace_rs::backtrace::libunwind::trace::h5a5b8284f2d0c266
[INFO] [stdout]                                at /rustc/90b35a6239c3d8bdabc530a6a0816f7ff89a0aaf/library/std/src/../../backtrace/src/backtrace/libunwind.rs:116:5
[INFO] [stdout]    1:     0x616661fba86a - std::backtrace_rs::backtrace::trace_unsynchronized::h76d4f1c9b0b875e3
[INFO] [stdout]                                at /rustc/90b35a6239c3d8bdabc530a6a0816f7ff89a0aaf/library/std/src/../../backtrace/src/backtrace/mod.rs:66:5
[INFO] [stdout]    2:     0x616661fba86a - std::sys::backtrace::_print_fmt::hc4546b8364a537c6
[INFO] [stdout]                                at /rustc/90b35a6239c3d8bdabc530a6a0816f7ff89a0aaf/library/std/src/sys/backtrace.rs:66:9
[INFO] [stdout]    3:     0x616661fba86a - <std::sys::backtrace::BacktraceLock::print::DisplayBacktrace as core::fmt::Display>::fmt::h5b6bd5631a6d1f6b
[INFO] [stdout]                                at /rustc/90b35a6239c3d8bdabc530a6a0816f7ff89a0aaf/library/std/src/sys/backtrace.rs:39:26
[INFO] [stdout]    4:     0x616661fe0f83 - core::fmt::rt::Argument::fmt::h270f6602a2b96f62
[INFO] [stdout]                                at /rustc/90b35a6239c3d8bdabc530a6a0816f7ff89a0aaf/library/core/src/fmt/rt.rs:177:76
[INFO] [stdout]    5:     0x616661fe0f83 - core::fmt::write::h7550c97b06c86515
[INFO] [stdout]                                at /rustc/90b35a6239c3d8bdabc530a6a0816f7ff89a0aaf/library/core/src/fmt/mod.rs:1186:21
[INFO] [stdout]    6:     0x616661fb76b3 - std::io::Write::write_fmt::h7b09c64fe0be9c84
[INFO] [stdout]                                at /rustc/90b35a6239c3d8bdabc530a6a0816f7ff89a0aaf/library/std/src/io/mod.rs:1839:15
[INFO] [stdout]    7:     0x616661fba6b2 - std::sys::backtrace::BacktraceLock::print::h2395ccd2c84ba3aa
[INFO] [stdout]                                at /rustc/90b35a6239c3d8bdabc530a6a0816f7ff89a0aaf/library/std/src/sys/backtrace.rs:42:9
[INFO] [stdout]    8:     0x616661fbb65c - std::panicking::default_hook::{{closure}}::he19d4c7230e07961
[INFO] [stdout] ```
[INFO] [stdout] <68 lines omitted>
[INFO] [stdout] ```
[INFO] [stdout]                                at /opt/rustwide/cargo-home/registry/src/index.crates.io-6f17d22bba15001f/tokio-1.24.1/src/runtime/runtime.rs:282:47
[INFO] [stdout]   43:     0x616661763033 - tokio::task::local::LocalSet::block_on::h278843e1fc35222d
[INFO] [stdout]                                at /opt/rustwide/cargo-home/registry/src/index.crates.io-6f17d22bba15001f/tokio-1.24.1/src/task/local.rs:535:9
[INFO] [stdout]   44:     0x61666175702b - actix_rt::runtime::Runtime::block_on::hc5492dd48258be0d
[INFO] [stdout]                                at /opt/rustwide/cargo-home/registry/src/index.crates.io-6f17d22bba15001f/actix-rt-2.7.0/src/runtime.rs:80:9
[INFO] [stdout]   45:     0x61666179ea5a - actix_rt::system::SystemRunner::block_on::ha39c44604ee67d50
[INFO] [stdout]                                at /opt/rustwide/cargo-home/registry/src/index.crates.io-6f17d22bba15001f/actix-rt-2.7.0/src/system.rs:209:9
[INFO] [stdout]   46:     0x6166616bf691 - honeyaml::main::h8f5215f0e05da06c
[INFO] [stdout]                                at /opt/rustwide/workdir/src/main.rs:154:1
[INFO] [stdout]   47:     0x6166616e984b - core::ops::function::FnOnce::call_once::hd15ebcc79c1eef6c
[INFO] [stdout]                                at /rustc/90b35a6239c3d8bdabc530a6a0816f7ff89a0aaf/library/core/src/ops/function.rs:250:5
[INFO] [stdout]   48:     0x6166617367ad - std::sys::backtrace::__rust_begin_short_backtrace::hf0ff1a7ff0fcbb03
[INFO] [stdout]                                at /rustc/90b35a6239c3d8bdabc530a6a0816f7ff89a0aaf/library/std/src/sys/backtrace.rs:154:18
[INFO] [stdout]   49:     0x616661771411 - std::rt::lang_start::{{closure}}::h0fa7fba513cf78a6
[INFO] [stdout]                                at /rustc/90b35a6239c3d8bdabc530a6a0816f7ff89a0aaf/library/std/src/rt.rs:195:18
[INFO] [stdout]   50:     0x616661fb32fe - core::ops::function::impls::<impl core::ops::function::FnOnce<A> for &F>::call_once::hfdb85f4ee94732d3
[INFO] [stdout]                                at /rustc/90b35a6239c3d8bdabc530a6a0816f7ff89a0aaf/library/core/src/ops/function.rs:284:13
[INFO] [stdout]   51:     0x616661fb32fe - std::panicking::try::do_call::h6e577310f330cbef
[INFO] [stdout]                                at /rustc/90b35a6239c3d8bdabc530a6a0816f7ff89a0aaf/library/std/src/panicking.rs:557:40
[INFO] [stdout]   52:     0x616661fb32fe - std::panicking::try::ha588d438267d2645
[INFO] [stdout]                                at /rustc/90b35a6239c3d8bdabc530a6a0816f7ff89a0aaf/library/std/src/panicking.rs:520:19
[INFO] [stdout]   53:     0x616661fb32fe - std::panic::catch_unwind::h429fda1e025f26d9
[INFO] [stdout]                                at /rustc/90b35a6239c3d8bdabc530a6a0816f7ff89a0aaf/library/std/src/panic.rs:358:14
[INFO] [stdout]   54:     0x616661fb32fe - std::rt::lang_start_internal::{{closure}}::h7b731265e841c4bf
[INFO] [stdout]                                at /rustc/90b35a6239c3d8bdabc530a6a0816f7ff89a0aaf/library/std/src/rt.rs:174:48
[INFO] [stdout]   55:     0x616661fb32fe - std::panicking::try::do_call::hc0f6a675b7ae5a36
[INFO] [stdout]                                at /rustc/90b35a6239c3d8bdabc530a6a0816f7ff89a0aaf/library/std/src/panicking.rs:557:40
[INFO] [stdout]   56:     0x616661fb32fe - std::panicking::try::h4c93b7ff0671f1ff
[INFO] [stdout]                                at /rustc/90b35a6239c3d8bdabc530a6a0816f7ff89a0aaf/library/std/src/panicking.rs:520:19
[INFO] [stdout]   57:     0x616661fb32fe - std::panic::catch_unwind::hcc1e154961d16ce6
[INFO] [stdout]                                at /rustc/90b35a6239c3d8bdabc530a6a0816f7ff89a0aaf/library/std/src/panic.rs:358:14
[INFO] [stdout]   58:     0x616661fb32fe - std::rt::lang_start_internal::h1c66660c99c8424c
[INFO] [stdout]                                at /rustc/90b35a6239c3d8bdabc530a6a0816f7ff89a0aaf/library/std/src/rt.rs:174:20
[INFO] [stdout]   59:     0x6166617713ea - std::rt::lang_start::h85503749af1cebba
[INFO] [stdout]                                at /rustc/90b35a6239c3d8bdabc530a6a0816f7ff89a0aaf/library/std/src/rt.rs:194:17
[INFO] [stdout]   60:     0x6166616bf92e - main
[INFO] [stdout]   61:     0x70fb12909d90 - <unknown>
[INFO] [stdout]   62:     0x70fb12909e40 - __libc_start_main
[INFO] [stdout]   63:     0x6166616a3a75 - _start
[INFO] [stdout]   64:                0x0 - <unknown>
[INFO] [stdout] ```
[INFO] [stdout] 
[INFO] [stdout] 
[INFO] [stdout] stack backtrace:
[INFO] [stdout]    0:     0x5bb0714373ba - std::backtrace_rs::backtrace::libunwind::trace::h5a5b8284f2d0c266
[INFO] [stdout]                                at /rustc/90b35a6239c3d8bdabc530a6a0816f7ff89a0aaf/library/std/src/../../backtrace/src/backtrace/libunwind.rs:116:5
[INFO] [stdout]    1:     0x5bb0714373ba - std::backtrace_rs::backtrace::trace_unsynchronized::h76d4f1c9b0b875e3
[INFO] [stdout]                                at /rustc/90b35a6239c3d8bdabc530a6a0816f7ff89a0aaf/library/std/src/../../backtrace/src/backtrace/mod.rs:66:5
[INFO] [stdout]    2:     0x5bb0714373ba - std::sys::backtrace::_print_fmt::hc4546b8364a537c6
[INFO] [stdout]                                at /rustc/90b35a6239c3d8bdabc530a6a0816f7ff89a0aaf/library/std/src/sys/backtrace.rs:66:9
[INFO] [stdout]    3:     0x5bb0714373ba - <std::sys::backtrace::BacktraceLock::print::DisplayBacktrace as core::fmt::Display>::fmt::h5b6bd5631a6d1f6b
[INFO] [stdout]                                at /rustc/90b35a6239c3d8bdabc530a6a0816f7ff89a0aaf/library/std/src/sys/backtrace.rs:39:26
[INFO] [stdout]    4:     0x5bb07145d6b3 - core::fmt::rt::Argument::fmt::h270f6602a2b96f62
[INFO] [stdout]                                at /rustc/90b35a6239c3d8bdabc530a6a0816f7ff89a0aaf/library/core/src/fmt/rt.rs:177:76
[INFO] [stdout]    5:     0x5bb07145d6b3 - core::fmt::write::h7550c97b06c86515
[INFO] [stdout]                                at /rustc/90b35a6239c3d8bdabc530a6a0816f7ff89a0aaf/library/core/src/fmt/mod.rs:1186:21
[INFO] [stdout]    6:     0x5bb0714341c3 - std::io::Write::write_fmt::h509ff860e5956e5e
[INFO] [stdout]                                at /rustc/90b35a6239c3d8bdabc530a6a0816f7ff89a0aaf/library/std/src/io/mod.rs:1839:15
[INFO] [stdout]    7:     0x5bb071437202 - std::sys::backtrace::BacktraceLock::print::h2395ccd2c84ba3aa
[INFO] [stdout]                                at /rustc/90b35a6239c3d8bdabc530a6a0816f7ff89a0aaf/library/std/src/sys/backtrace.rs:42:9
[INFO] [stdout]    8:     0x5bb07143889a - std::panicking::default_hook::{{closure}}::he19d4c7230e07961
[INFO] [stdout]                                at /rustc/90b35a6239c3d8bdabc530a6a0816f7ff89a0aaf/library/std/src/panicking.rs:268:22
[INFO] [stdout]    9:     0x5bb0714386a4 - std::panicking::default_hook::hf614597d3c67bbdb
[INFO] [stdout]                                at /rustc/90b35a6239c3d8bdabc530a6a0816f7ff89a0aaf/library/std/src/panicking.rs:292:9
[INFO] [stdout]   10:     0x5bb0713db609 - <alloc::boxed::Box<F,A> as core::ops::function::Fn<Args>>::call::h39b51ce4599c23d1
[INFO] [stdout]                                at /rustc/90b35a6239c3d8bdabc530a6a0816f7ff89a0aaf/library/alloc/src/boxed.rs:2468:9
[INFO] [stdout]   11:     0x5bb0713db609 - test::test_main::{{closure}}::he977ae839a582784
[INFO] [stdout]                                at /rustc/90b35a6239c3d8bdabc530a6a0816f7ff89a0aaf/library/test/src/lib.rs:133:21
[INFO] [stdout]   12:     0x5bb071438f38 - <alloc::boxed::Box<F,A> as core::ops::function::Fn<Args>>::call::h9455091b6b06f9fb
[INFO] [stdout]                                at /rustc/90b35a6239c3d8bdabc530a6a0816f7ff89a0aaf/library/alloc/src/boxed.rs:2468:9
[INFO] [stdout]   13:     0x5bb071438f38 - std::panicking::rust_panic_with_hook::h8942133a8b252070
[INFO] [stdout]                                at /rustc/90b35a6239c3d8bdabc530a6a0816f7ff89a0aaf/library/std/src/panicking.rs:809:13
[INFO] [stdout]   14:     0x5bb071438cfa - std::panicking::begin_panic_handler::{{closure}}::hb5f5963570096b29
[INFO] [stdout]                                at /rustc/90b35a6239c3d8bdabc530a6a0816f7ff89a0aaf/library/std/src/panicking.rs:674:13
[INFO] [stdout]   15:     0x5bb071437899 - std::sys::backtrace::__rust_end_short_backtrace::h6208cedc1922feda
[INFO] [stdout]                                at /rustc/90b35a6239c3d8bdabc530a6a0816f7ff89a0aaf/library/std/src/sys/backtrace.rs:170:18
[INFO] [stdout]   16:     0x5bb07143898c - rust_begin_unwind
[INFO] [stdout]                                at /rustc/90b35a6239c3d8bdabc530a6a0816f7ff89a0aaf/library/std/src/panicking.rs:665:5
[INFO] [stdout]   17:     0x5bb07139ffd0 - core::panicking::panic_fmt::h0c3082644d1bf418
[INFO] [stdout]                                at /rustc/90b35a6239c3d8bdabc530a6a0816f7ff89a0aaf/library/core/src/panicking.rs:74:14
[INFO] [stdout]   18:     0x5bb0713e97e3 - core::panicking::panic_display::h1b0f214c2638c964
[INFO] [stdout]                                at /rustc/90b35a6239c3d8bdabc530a6a0816f7ff89a0aaf/library/core/src/panicking.rs:264:5
[INFO] [stdout]   19:     0x5bb0713e8a0e - assert_cmd::assert::AssertError::panic::panic_cold_display::ha4bf30892db01611
[INFO] [stdout]                                at /rustc/90b35a6239c3d8bdabc530a6a0816f7ff89a0aaf/library/core/src/panic.rs:100:13
[INFO] [stdout]   20:     0x5bb0713e82e7 - assert_cmd::assert::AssertError::panic::h7beebbec67faf01e
[INFO] [stdout]                                at /opt/rustwide/cargo-home/registry/src/index.crates.io-6f17d22bba15001f/assert_cmd-2.0.8/src/assert.rs:1036:9
[INFO] [stdout]   21:     0x5bb0713e6187 - core::ops::function::FnOnce::call_once::h73dabbc095e91996
[INFO] [stdout]                                at /rustc/90b35a6239c3d8bdabc530a6a0816f7ff89a0aaf/library/core/src/ops/function.rs:250:5
[INFO] [stdout]   22:     0x5bb0713eee30 - core::result::Result<T,E>::unwrap_or_else::h3b7798cfc0cd3a92
[INFO] [stdout]                                at /rustc/90b35a6239c3d8bdabc530a6a0816f7ff89a0aaf/library/core/src/result.rs:1458:23
[INFO] [stdout]   23:     0x5bb0713a0fe5 - assert_cmd::assert::Assert::stderr::hc1ba7a2b4bf27903
[INFO] [stdout]                                at /opt/rustwide/cargo-home/registry/src/index.crates.io-6f17d22bba15001f/assert_cmd-2.0.8/src/assert.rs:458:9
[INFO] [stdout]   24:     0x5bb0713a323e - cli::cli_tests::hb84d5381b0f10c1a
[INFO] [stdout]                                at /opt/rustwide/workdir/tests/cli.rs:13:5
[INFO] [stdout]   25:     0x5bb0713a2e57 - cli::cli_tests::{{closure}}::ha8c13d71a75fab00
[INFO] [stdout]                                at /opt/rustwide/workdir/tests/cli.rs:6:19
[INFO] [stdout]   26:     0x5bb0713a1a26 - core::ops::function::FnOnce::call_once::h971d0dbf0d22a9d7
[INFO] [stdout]                                at /rustc/90b35a6239c3d8bdabc530a6a0816f7ff89a0aaf/library/core/src/ops/function.rs:250:5
[INFO] [stdout]   27:     0x5bb0713dffcb - core::ops::function::FnOnce::call_once::h109cf8051a59b34e
[INFO] [stdout]                                at /rustc/90b35a6239c3d8bdabc530a6a0816f7ff89a0aaf/library/core/src/ops/function.rs:250:5
[INFO] [stdout]   28:     0x5bb0713dffcb - test::__rust_begin_short_backtrace::hf4fff89d377446ba
[INFO] [stdout]                                at /rustc/90b35a6239c3d8bdabc530a6a0816f7ff89a0aaf/library/test/src/lib.rs:621:18
[INFO] [stdout]   29:     0x5bb0713df807 - test::run_test_in_process::{{closure}}::h0e39181dd7ee5a43
[INFO] [stdout]                                at /rustc/90b35a6239c3d8bdabc530a6a0816f7ff89a0aaf/library/test/src/lib.rs:644:60
[INFO] [stdout]   30:     0x5bb0713df807 - <core::panic::unwind_safe::AssertUnwindSafe<F> as core::ops::function::FnOnce<()>>::call_once::hc5a66a30f0bdfd1f
[INFO] [stdout]                                at /rustc/90b35a6239c3d8bdabc530a6a0816f7ff89a0aaf/library/core/src/panic/unwind_safe.rs:272:9
[INFO] [stdout]   31:     0x5bb0713df807 - std::panicking::try::do_call::h873b7cf639554a5e
[INFO] [stdout]                                at /rustc/90b35a6239c3d8bdabc530a6a0816f7ff89a0aaf/library/std/src/panicking.rs:557:40
[INFO] [stdout]   32:     0x5bb0713df807 - std::panicking::try::hdb19862fad9c8bd1
[INFO] [stdout]                                at /rustc/90b35a6239c3d8bdabc530a6a0816f7ff89a0aaf/library/std/src/panicking.rs:520:19
[INFO] [stdout]   33:     0x5bb0713df807 - std::panic::catch_unwind::h281fe732d236d260
[INFO] [stdout]                                at /rustc/90b35a6239c3d8bdabc530a6a0816f7ff89a0aaf/library/std/src/panic.rs:358:14
[INFO] [stdout]   34:     0x5bb0713df807 - test::run_test_in_process::h949b6df8457ed338
[INFO] [stdout]                                at /rustc/90b35a6239c3d8bdabc530a6a0816f7ff89a0aaf/library/test/src/lib.rs:644:27
[INFO] [stdout]   35:     0x5bb0713df807 - test::run_test::{{closure}}::h52c556a6d4740e10
[INFO] [stdout]                                at /rustc/90b35a6239c3d8bdabc530a6a0816f7ff89a0aaf/library/test/src/lib.rs:565:43
[INFO] [stdout]   36:     0x5bb0713a4ae4 - test::run_test::{{closure}}::h4237f6381c45ccb9
[INFO] [stdout]                                at /rustc/90b35a6239c3d8bdabc530a6a0816f7ff89a0aaf/library/test/src/lib.rs:595:41
[INFO] [stdout]   37:     0x5bb0713a4ae4 - std::sys::backtrace::__rust_begin_short_backtrace::h505c97a579eca628
[INFO] [stdout]                                at /rustc/90b35a6239c3d8bdabc530a6a0816f7ff89a0aaf/library/std/src/sys/backtrace.rs:154:18
[INFO] [stdout]   38:     0x5bb0713a81ae - std::thread::Builder::spawn_unchecked_::{{closure}}::{{closure}}::h9e86b2e2bc107ea3
[INFO] [stdout]                                at /rustc/90b35a6239c3d8bdabc530a6a0816f7ff89a0aaf/library/std/src/thread/mod.rs:538:17
[INFO] [stdout]   39:     0x5bb0713a81ae - <core::panic::unwind_safe::AssertUnwindSafe<F> as core::ops::function::FnOnce<()>>::call_once::h8b06ddb275ff4a25
[INFO] [stdout]                                at /rustc/90b35a6239c3d8bdabc530a6a0816f7ff89a0aaf/library/core/src/panic/unwind_safe.rs:272:9
[INFO] [stdout]   40:     0x5bb0713a81ae - std::panicking::try::do_call::hb26ecd7cd9a9355d
[INFO] [stderr] error: test failed, to rerun pass `--test cli`
[INFO] [stdout]                                at /rustc/90b35a6239c3d8bdabc530a6a0816f7ff89a0aaf/library/std/src/panicking.rs:557:40
[INFO] [stdout]   41:     0x5bb0713a81ae - std::panicking::try::h8ddeca9d705f9069
[INFO] [stdout]                                at /rustc/90b35a6239c3d8bdabc530a6a0816f7ff89a0aaf/library/std/src/panicking.rs:520:19
[INFO] [stdout]   42:     0x5bb0713a81ae - std::panic::catch_unwind::h49e1c33078844c46
[INFO] [stdout]                                at /rustc/90b35a6239c3d8bdabc530a6a0816f7ff89a0aaf/library/std/src/panic.rs:358:14
[INFO] [stdout]   43:     0x5bb0713a81ae - std::thread::Builder::spawn_unchecked_::{{closure}}::h6073db6ff56ad35d
[INFO] [stdout]                                at /rustc/90b35a6239c3d8bdabc530a6a0816f7ff89a0aaf/library/std/src/thread/mod.rs:537:30
[INFO] [stdout]   44:     0x5bb0713a81ae - core::ops::function::FnOnce::call_once{{vtable.shim}}::h2c5a5f3779c774f1
[INFO] [stdout]                                at /rustc/90b35a6239c3d8bdabc530a6a0816f7ff89a0aaf/library/core/src/ops/function.rs:250:5
[INFO] [stdout]   45:     0x5bb07143d66b - <alloc::boxed::Box<F,A> as core::ops::function::FnOnce<Args>>::call_once::hf75717d9f28faebf
[INFO] [stdout]                                at /rustc/90b35a6239c3d8bdabc530a6a0816f7ff89a0aaf/library/alloc/src/boxed.rs:2454:9
[INFO] [stdout]   46:     0x5bb07143d66b - <alloc::boxed::Box<F,A> as core::ops::function::FnOnce<Args>>::call_once::h7bd883a5f3c5f3c1
[INFO] [stdout]                                at /rustc/90b35a6239c3d8bdabc530a6a0816f7ff89a0aaf/library/alloc/src/boxed.rs:2454:9
[INFO] [stdout]   47:     0x5bb07143d66b - std::sys::pal::unix::thread::Thread::new::thread_start::hcc78f3943333fa94
[INFO] [stdout]                                at /rustc/90b35a6239c3d8bdabc530a6a0816f7ff89a0aaf/library/std/src/sys/pal/unix/thread.rs:105:17
[INFO] [stdout]   48:     0x774a03549ac3 - <unknown>
[INFO] [stdout]   49:     0x774a035daa04 - clone
[INFO] [stdout]   50:                0x0 - <unknown>
[INFO] [stdout] 
[INFO] [stdout] 
[INFO] [stdout] failures:
[INFO] [stdout]     cli_tests
[INFO] [stdout] 
[INFO] [stdout] test result: FAILED. 0 passed; 1 failed; 0 ignored; 0 measured; 0 filtered out; finished in 0.12s
[INFO] [stdout] 
[INFO] running `Command { std: "docker" "inspect" "6d600d507fcd0ecc8211199689f9a1abc55e8b9ce67c349879314b6f0ae9faf9", kill_on_drop: false }`
[INFO] running `Command { std: "docker" "rm" "-f" "6d600d507fcd0ecc8211199689f9a1abc55e8b9ce67c349879314b6f0ae9faf9", kill_on_drop: false }`
[INFO] [stdout] 6d600d507fcd0ecc8211199689f9a1abc55e8b9ce67c349879314b6f0ae9faf9
