[INFO] cloning repository https://github.com/mklein994/jq-repl
[INFO] running `Command { std: "git" "-c" "credential.helper=" "-c" "credential.helper=/workspace/cargo-home/bin/git-credential-null" "clone" "--bare" "https://github.com/mklein994/jq-repl" "/workspace/cache/git-repos/https%3A%2F%2Fgithub.com%2Fmklein994%2Fjq-repl", kill_on_drop: false }`
[INFO] [stderr] Cloning into bare repository '/workspace/cache/git-repos/https%3A%2F%2Fgithub.com%2Fmklein994%2Fjq-repl'...
[INFO] running `Command { std: "git" "rev-parse" "HEAD", kill_on_drop: false }`
[INFO] [stdout] ec1c00393a6e20aee04329ae70f5d0be612f450b
[INFO] testing mklein994/jq-repl against 1.83.0 for beta-1.84.0-4-retry
[INFO] running `Command { std: "git" "clone" "/workspace/cache/git-repos/https%3A%2F%2Fgithub.com%2Fmklein994%2Fjq-repl" "/workspace/builds/worker-1-tc1/source", kill_on_drop: false }`
[INFO] [stderr] Cloning into '/workspace/builds/worker-1-tc1/source'...
[INFO] [stderr] done.
[INFO] validating manifest of git repo https://github.com/mklein994/jq-repl on toolchain 1.83.0
[INFO] running `Command { std: CARGO_HOME="/workspace/cargo-home" RUSTUP_HOME="/workspace/rustup-home" "/workspace/cargo-home/bin/cargo" "+1.83.0" "metadata" "--manifest-path" "Cargo.toml" "--no-deps", kill_on_drop: false }`
[INFO] started tweaking git repo https://github.com/mklein994/jq-repl
[INFO] finished tweaking git repo https://github.com/mklein994/jq-repl
[INFO] tweaked toml for git repo https://github.com/mklein994/jq-repl written to /workspace/builds/worker-1-tc1/source/Cargo.toml
[INFO] crate git repo https://github.com/mklein994/jq-repl already has a lockfile, it will not be regenerated
[INFO] running `Command { std: CARGO_HOME="/workspace/cargo-home" RUSTUP_HOME="/workspace/rustup-home" "/workspace/cargo-home/bin/cargo" "+1.83.0" "fetch" "--manifest-path" "Cargo.toml", kill_on_drop: false }`
[INFO] [stderr]     Updating crates.io index
[INFO] [stderr]  Downloading crates ...
[INFO] [stderr]   Downloaded terminal_size v0.3.0
[INFO] [stderr]   Downloaded insta v1.39.0
[INFO] [stderr]   Downloaded libc v0.2.156
[INFO] [stderr]   Downloaded shell-quote v0.7.1
[INFO] running `Command { std: "docker" "create" "-v" "/var/lib/crater-agent-workspace/builds/worker-1-tc1/target:/opt/rustwide/target:rw,Z" "-v" "/var/lib/crater-agent-workspace/builds/worker-1-tc1/source:/opt/rustwide/workdir:ro,Z" "-v" "/var/lib/crater-agent-workspace/cargo-home:/opt/rustwide/cargo-home:ro,Z" "-v" "/var/lib/crater-agent-workspace/rustup-home:/opt/rustwide/rustup-home:ro,Z" "-e" "SOURCE_DIR=/opt/rustwide/workdir" "-e" "CARGO_TARGET_DIR=/opt/rustwide/target" "-e" "CARGO_HOME=/opt/rustwide/cargo-home" "-e" "RUSTUP_HOME=/opt/rustwide/rustup-home" "-w" "/opt/rustwide/workdir" "-m" "1610612736" "--user" "0:0" "--network" "none" "ghcr.io/rust-lang/crates-build-env/linux@sha256:f3a9d4ad9d972b27faf3965f35b62e55ba32bbce8f20bc8fe909558a86702fde" "/opt/rustwide/cargo-home/bin/cargo" "+1.83.0" "metadata" "--no-deps" "--format-version=1", kill_on_drop: false }`
[INFO] [stdout] 6860de2f0ade0f3ad801b96a97ca62623b84893c9de717f06f0dde225688d476
[INFO] running `Command { std: "docker" "start" "-a" "6860de2f0ade0f3ad801b96a97ca62623b84893c9de717f06f0dde225688d476", kill_on_drop: false }`
[INFO] running `Command { std: "docker" "inspect" "6860de2f0ade0f3ad801b96a97ca62623b84893c9de717f06f0dde225688d476", kill_on_drop: false }`
[INFO] running `Command { std: "docker" "rm" "-f" "6860de2f0ade0f3ad801b96a97ca62623b84893c9de717f06f0dde225688d476", kill_on_drop: false }`
[INFO] [stdout] 6860de2f0ade0f3ad801b96a97ca62623b84893c9de717f06f0dde225688d476
[INFO] running `Command { std: "docker" "create" "-v" "/var/lib/crater-agent-workspace/builds/worker-1-tc1/target:/opt/rustwide/target:rw,Z" "-v" "/var/lib/crater-agent-workspace/builds/worker-1-tc1/source:/opt/rustwide/workdir:ro,Z" "-v" "/var/lib/crater-agent-workspace/cargo-home:/opt/rustwide/cargo-home:ro,Z" "-v" "/var/lib/crater-agent-workspace/rustup-home:/opt/rustwide/rustup-home:ro,Z" "-e" "SOURCE_DIR=/opt/rustwide/workdir" "-e" "CARGO_TARGET_DIR=/opt/rustwide/target" "-e" "CARGO_INCREMENTAL=0" "-e" "RUST_BACKTRACE=full" "-e" "RUSTFLAGS=--cap-lints=warn" "-e" "RUSTDOCFLAGS=--cap-lints=warn" "-e" "CARGO_HOME=/opt/rustwide/cargo-home" "-e" "RUSTUP_HOME=/opt/rustwide/rustup-home" "-w" "/opt/rustwide/workdir" "-m" "1610612736" "--user" "0:0" "--network" "none" "ghcr.io/rust-lang/crates-build-env/linux@sha256:f3a9d4ad9d972b27faf3965f35b62e55ba32bbce8f20bc8fe909558a86702fde" "/opt/rustwide/cargo-home/bin/cargo" "+1.83.0" "build" "--frozen" "--message-format=json", kill_on_drop: false }`
[INFO] [stdout] fbee76767f89b0d27757c1b6fe53924d0496ec4ea0976b2d933e655b1bfdff3a
[INFO] running `Command { std: "docker" "start" "-a" "fbee76767f89b0d27757c1b6fe53924d0496ec4ea0976b2d933e655b1bfdff3a", kill_on_drop: false }`
[INFO] [stderr]    Compiling rustix v0.38.34
[INFO] [stderr]    Compiling proc-macro2 v1.0.86
[INFO] [stderr]    Compiling bitflags v2.6.0
[INFO] [stderr]    Compiling linux-raw-sys v0.4.14
[INFO] [stderr]    Compiling utf8parse v0.2.2
[INFO] [stderr]    Compiling anstyle-query v1.1.1
[INFO] [stderr]    Compiling anstyle v1.0.8
[INFO] [stderr]    Compiling is_terminal_polyfill v1.70.1
[INFO] [stderr]    Compiling colorchoice v1.0.2
[INFO] [stderr]    Compiling libc v0.2.156
[INFO] [stderr]    Compiling regex-automata v0.4.7
[INFO] [stderr]    Compiling clap_lex v0.7.2
[INFO] [stderr]    Compiling heck v0.5.0
[INFO] [stderr]    Compiling memchr v2.7.4
[INFO] [stderr]    Compiling strsim v0.11.1
[INFO] [stderr]    Compiling fastrand v2.1.0
[INFO] [stderr]    Compiling anstyle-parse v0.2.5
[INFO] [stderr]    Compiling once_cell v1.19.0
[INFO] [stderr]    Compiling anstream v0.6.15
[INFO] [stderr]    Compiling quote v1.0.36
[INFO] [stderr]    Compiling atty v0.2.14
[INFO] [stderr]    Compiling bstr v1.10.0
[INFO] [stderr]    Compiling syn v2.0.74
[INFO] [stderr]    Compiling shell-quote v0.7.1
[INFO] [stderr]    Compiling terminal_size v0.3.0
[INFO] [stderr]    Compiling tempfile v3.12.0
[INFO] [stderr]    Compiling clap_builder v4.5.15
[INFO] [stderr]    Compiling clap_derive v4.5.13
[INFO] [stderr]    Compiling clap v4.5.16
[INFO] [stderr]    Compiling jq-repl v0.17.10 (/opt/rustwide/workdir)
[INFO] [stderr]     Finished `dev` profile [unoptimized + debuginfo] target(s) in 15.24s
[INFO] running `Command { std: "docker" "inspect" "fbee76767f89b0d27757c1b6fe53924d0496ec4ea0976b2d933e655b1bfdff3a", kill_on_drop: false }`
[INFO] running `Command { std: "docker" "rm" "-f" "fbee76767f89b0d27757c1b6fe53924d0496ec4ea0976b2d933e655b1bfdff3a", kill_on_drop: false }`
[INFO] [stdout] fbee76767f89b0d27757c1b6fe53924d0496ec4ea0976b2d933e655b1bfdff3a
[INFO] running `Command { std: "docker" "create" "-v" "/var/lib/crater-agent-workspace/builds/worker-1-tc1/target:/opt/rustwide/target:rw,Z" "-v" "/var/lib/crater-agent-workspace/builds/worker-1-tc1/source:/opt/rustwide/workdir:ro,Z" "-v" "/var/lib/crater-agent-workspace/cargo-home:/opt/rustwide/cargo-home:ro,Z" "-v" "/var/lib/crater-agent-workspace/rustup-home:/opt/rustwide/rustup-home:ro,Z" "-e" "SOURCE_DIR=/opt/rustwide/workdir" "-e" "CARGO_TARGET_DIR=/opt/rustwide/target" "-e" "CARGO_INCREMENTAL=0" "-e" "RUST_BACKTRACE=full" "-e" "RUSTFLAGS=--cap-lints=warn" "-e" "RUSTDOCFLAGS=--cap-lints=warn" "-e" "CARGO_HOME=/opt/rustwide/cargo-home" "-e" "RUSTUP_HOME=/opt/rustwide/rustup-home" "-w" "/opt/rustwide/workdir" "-m" "1610612736" "--user" "0:0" "--network" "none" "ghcr.io/rust-lang/crates-build-env/linux@sha256:f3a9d4ad9d972b27faf3965f35b62e55ba32bbce8f20bc8fe909558a86702fde" "/opt/rustwide/cargo-home/bin/cargo" "+1.83.0" "test" "--frozen" "--no-run" "--message-format=json", kill_on_drop: false }`
[INFO] [stdout] 6c4adc27a8b3da5ccd511b2787d3537ca323da7aed0969f61275fd4121bc2c0a
[INFO] running `Command { std: "docker" "start" "-a" "6c4adc27a8b3da5ccd511b2787d3537ca323da7aed0969f61275fd4121bc2c0a", kill_on_drop: false }`
[INFO] [stderr]    Compiling libc v0.2.156
[INFO] [stderr]    Compiling linked-hash-map v0.5.6
[INFO] [stderr]    Compiling similar v2.6.0
[INFO] [stderr]    Compiling atty v0.2.14
[INFO] [stderr]    Compiling console v0.15.8
[INFO] [stderr]    Compiling jq-repl v0.17.10 (/opt/rustwide/workdir)
[INFO] [stderr]    Compiling insta v1.39.0
[INFO] [stderr]     Finished `test` profile [unoptimized + debuginfo] target(s) in 7.51s
[INFO] running `Command { std: "docker" "inspect" "6c4adc27a8b3da5ccd511b2787d3537ca323da7aed0969f61275fd4121bc2c0a", kill_on_drop: false }`
[INFO] running `Command { std: "docker" "rm" "-f" "6c4adc27a8b3da5ccd511b2787d3537ca323da7aed0969f61275fd4121bc2c0a", kill_on_drop: false }`
[INFO] [stdout] 6c4adc27a8b3da5ccd511b2787d3537ca323da7aed0969f61275fd4121bc2c0a
[INFO] running `Command { std: "docker" "create" "-v" "/var/lib/crater-agent-workspace/builds/worker-1-tc1/target:/opt/rustwide/target:rw,Z" "-v" "/var/lib/crater-agent-workspace/builds/worker-1-tc1/source:/opt/rustwide/workdir:ro,Z" "-v" "/var/lib/crater-agent-workspace/cargo-home:/opt/rustwide/cargo-home:ro,Z" "-v" "/var/lib/crater-agent-workspace/rustup-home:/opt/rustwide/rustup-home:ro,Z" "-e" "SOURCE_DIR=/opt/rustwide/workdir" "-e" "CARGO_TARGET_DIR=/opt/rustwide/target" "-e" "CARGO_INCREMENTAL=0" "-e" "RUST_BACKTRACE=full" "-e" "RUSTFLAGS=--cap-lints=warn" "-e" "RUSTDOCFLAGS=--cap-lints=warn" "-e" "CARGO_HOME=/opt/rustwide/cargo-home" "-e" "RUSTUP_HOME=/opt/rustwide/rustup-home" "-w" "/opt/rustwide/workdir" "-m" "1610612736" "--user" "0:0" "--network" "none" "ghcr.io/rust-lang/crates-build-env/linux@sha256:f3a9d4ad9d972b27faf3965f35b62e55ba32bbce8f20bc8fe909558a86702fde" "/opt/rustwide/cargo-home/bin/cargo" "+1.83.0" "test" "--frozen", kill_on_drop: false }`
[INFO] [stdout] c4906454cbe927e17d909d6cc9b19cace980214be0dcf56229d58861041e7df9
[INFO] running `Command { std: "docker" "start" "-a" "c4906454cbe927e17d909d6cc9b19cace980214be0dcf56229d58861041e7df9", kill_on_drop: false }`
[INFO] [stderr]     Finished `test` profile [unoptimized + debuginfo] target(s) in 0.07s
[INFO] [stderr]      Running unittests src/lib.rs (/opt/rustwide/target/debug/deps/jq_repl-ebdd0d4aec873b88)
[INFO] [stdout] 
[INFO] [stdout] running 2 tests
[INFO] [stdout] test tests::check_args ... ok
[INFO] [stdout] test opt::tests::app_sanity_check ... ok
[INFO] [stdout] 
[INFO] [stdout] test result: ok. 2 passed; 0 failed; 0 ignored; 0 measured; 0 filtered out; finished in 0.00s
[INFO] [stdout] 
[INFO] [stderr]      Running unittests src/bin/charcounter.rs (/opt/rustwide/target/debug/deps/charcounter-d7e61bab90552e45)
[INFO] [stdout] 
[INFO] [stdout] running 0 tests
[INFO] [stdout] 
[INFO] [stdout] test result: ok. 0 passed; 0 failed; 0 ignored; 0 measured; 0 filtered out; finished in 0.00s
[INFO] [stdout] 
[INFO] [stderr]      Running unittests src/main.rs (/opt/rustwide/target/debug/deps/jq_repl-71949399375e7095)
[INFO] [stdout] 
[INFO] [stdout] running 0 tests
[INFO] [stderr]      Running tests/charcounter.rs (/opt/rustwide/target/debug/deps/charcounter-321a674a4723e92a)
[INFO] [stdout] 
[INFO] [stdout] test result: ok. 0 passed; 0 failed; 0 ignored; 0 measured; 0 filtered out; finished in 0.00s
[INFO] [stdout] 
[INFO] [stdout] 
[INFO] [stdout] running 3 tests
[INFO] [stdout] test blank_when_given_max_characters ... ok
[INFO] [stdout] test blank_when_given_few_characters ... ok
[INFO] [stdout] test blank_when_given_almost_max_characters ... ok
[INFO] [stdout] 
[INFO] [stdout] test result: ok. 3 passed; 0 failed; 0 ignored; 0 measured; 0 filtered out; finished in 0.01s
[INFO] [stdout] 
[INFO] [stderr]      Running tests/fzf_arguments.rs (/opt/rustwide/target/debug/deps/fzf_arguments-71edb37689ea2156)
[INFO] [stdout] 
[INFO] [stdout] running 1 test
[INFO] [stdout] test check_fzf_command_output ... FAILED
[INFO] [stdout] 
[INFO] [stdout] failures:
[INFO] [stdout] 
[INFO] [stdout] ---- check_fzf_command_output stdout ----
[INFO] [stdout] ━━━━━━━━━━━━━━━━━━━━━━━━━━━━━━━ Snapshot Summary ━━━━━━━━━━━━━━━━━━━━━━━━━━━━━━━
[INFO] [stdout] Snapshot file: tests/snapshots/fzf_arguments__check_fzf_command_output.snap
[INFO] [stdout] Snapshot: check_fzf_command_output
[INFO] [stdout] Source: tests/fzf_arguments.rs:18
[INFO] [stdout] ────────────────────────────────────────────────────────────────────────────────
[INFO] [stdout] Expression: stdout
[INFO] [stdout] ────────────────────────────────────────────────────────────────────────────────
[INFO] [stdout] -old snapshot
[INFO] [stdout] +new results
[INFO] [stdout] ────────────┬───────────────────────────────────────────────────────────────────
[INFO] [stdout]    10    10 │ $'--header=M-e: editor \xE2\x81\x84 M-j: vd \xE2\x81\x84 M-l: pager \xE2\x81\x84 M-g: braille \xE2\x81\x84 ^<space>: gron' \
[INFO] [stdout]    11    11 │ $'--history=/tmp/jq_repl_history' \
[INFO] [stdout]    12    12 │ $'--preview-label-pos=-1' \
[INFO] [stdout]    13    13 │ $'--bind=change:transform-preview-label:printf "%s" {q} | charcounter ' \
[INFO] [stdout]    14       │-$'--preview=gojq -L ~/.jq -L ~/.jq/.jq --raw-output -C -n {q} ' \
[INFO] [stdout]          14 │+$'--preview=gojq -L ~/.jq -L ~/.jq/.jq --raw-output -C -n {q} /tmp/.tmptMXnzo' \
[INFO] [stdout]    15    15 │ $'--bind=ctrl-k:kill-line,pgup:preview-page-up,pgdn:preview-page-down,alt-w:toggle-preview-wrap,home:preview-top,end:preview-bottom,tab:refresh-preview' \
[INFO] [stdout]    16       │-$'--bind=alt-s:change-prompt(-ns> )+change-preview:gojq -L ~/.jq -L ~/.jq/.jq --raw-output -C -n --slurp {q} ' \
[INFO] [stdout]    17       │-$'--bind=alt-S:change-prompt(-n> )+change-preview:gojq -L ~/.jq -L ~/.jq/.jq --raw-output -C -n {q} ' \
[INFO] [stdout]    18       │-$'--bind=alt-c:change-prompt(-nc> )+change-preview:gojq -L ~/.jq -L ~/.jq/.jq --raw-output -C -n -c {q} ' \
[INFO] [stdout]    19       │-$'--bind=alt-C:change-prompt(-n> )+change-preview:gojq -L ~/.jq -L ~/.jq/.jq --raw-output -C -n {q} ' \
[INFO] [stdout]    20       │-$'--bind=ctrl-space:change-prompt(-n gron> )+change-preview:gojq -L ~/.jq -L ~/.jq/.jq --raw-output -C -n -M {q}  | gron --colorize' \
[INFO] [stdout]    21       │-$'--bind=alt-space:change-prompt(-n> )+change-preview:gojq -L ~/.jq -L ~/.jq/.jq --raw-output -C -n {q} ' \
[INFO] [stdout]    22       │-$'--bind=alt-g:change-prompt(-n braille> )+change-preview:gojq -L ~/.jq -L ~/.jq/.jq --raw-output -C -n -M {q}  | BRAILLE_USE_FULL_DEFAULT_HEIGHT=1 braille --modeline' \
[INFO] [stdout]    23       │-$'--bind=alt-G:change-prompt(-n> )+change-preview:gojq -L ~/.jq -L ~/.jq/.jq --raw-output -C -n {q} ' \
[INFO] [stdout]    24       │-$'--bind=alt-e:execute:gojq -L ~/.jq -L ~/.jq/.jq --raw-output -C -n -M {q}  | nvim -c \'set ft=json\' -' \
[INFO] [stdout]    25       │-$'--bind=alt-j:execute:gojq -L ~/.jq -L ~/.jq/.jq --raw-output -C -n -M {q}  | vd --filetype json' \
[INFO] [stdout]    26       │-$'--bind=alt-J:execute:gojq -L ~/.jq -L ~/.jq/.jq --raw-output -C -n -c -M {q}  | vd --filetype jsonl' \
[INFO] [stdout]    27       │-$'--bind=alt-v:execute:gojq -L ~/.jq -L ~/.jq/.jq --raw-output -C -n -M {q}  | vd --filetype csv' \
[INFO] [stdout]    28       │-$'--bind=alt-l:execute:gojq -L ~/.jq -L ~/.jq/.jq --raw-output -C -n -M {q}  | less ' \
[INFO] [stdout]    29       │-$'--bind=alt-L:execute:gojq -L ~/.jq -L ~/.jq/.jq --raw-output -C -n -M {q}  | bat --language json --paging always' < /dev/null
[INFO] [stdout]          16 │+$'--bind=alt-s:change-prompt(-ns> )+change-preview:gojq -L ~/.jq -L ~/.jq/.jq --raw-output -C -n --slurp {q} /tmp/.tmptMXnzo' \
[INFO] [stdout]          17 │+$'--bind=alt-S:change-prompt(-n> )+change-preview:gojq -L ~/.jq -L ~/.jq/.jq --raw-output -C -n {q} /tmp/.tmptMXnzo' \
[INFO] [stdout]          18 │+$'--bind=alt-c:change-prompt(-nc> )+change-preview:gojq -L ~/.jq -L ~/.jq/.jq --raw-output -C -n -c {q} /tmp/.tmptMXnzo' \
[INFO] [stdout]          19 │+$'--bind=alt-C:change-prompt(-n> )+change-preview:gojq -L ~/.jq -L ~/.jq/.jq --raw-output -C -n {q} /tmp/.tmptMXnzo' \
[INFO] [stdout]          20 │+$'--bind=ctrl-space:change-prompt(-n gron> )+change-preview:gojq -L ~/.jq -L ~/.jq/.jq --raw-output -C -n -M {q} /tmp/.tmptMXnzo | gron --colorize' \
[INFO] [stdout]          21 │+$'--bind=alt-space:change-prompt(-n> )+change-preview:gojq -L ~/.jq -L ~/.jq/.jq --raw-output -C -n {q} /tmp/.tmptMXnzo' \
[INFO] [stdout]          22 │+$'--bind=alt-g:change-prompt(-n braille> )+change-preview:gojq -L ~/.jq -L ~/.jq/.jq --raw-output -C -n -M {q} /tmp/.tmptMXnzo | BRAILLE_USE_FULL_DEFAULT_HEIGHT=1 braille --modeline' \
[INFO] [stdout]          23 │+$'--bind=alt-G:change-prompt(-n> )+change-preview:gojq -L ~/.jq -L ~/.jq/.jq --raw-output -C -n {q} /tmp/.tmptMXnzo' \
[INFO] [stdout]          24 │+$'--bind=alt-e:execute:gojq -L ~/.jq -L ~/.jq/.jq --raw-output -C -n -M {q} /tmp/.tmptMXnzo | nvim -c \'set ft=json\' -' \
[INFO] [stdout]          25 │+$'--bind=alt-j:execute:gojq -L ~/.jq -L ~/.jq/.jq --raw-output -C -n -M {q} /tmp/.tmptMXnzo | vd --filetype json' \
[INFO] [stdout]          26 │+$'--bind=alt-J:execute:gojq -L ~/.jq -L ~/.jq/.jq --raw-output -C -n -c -M {q} /tmp/.tmptMXnzo | vd --filetype jsonl' \
[INFO] [stdout]          27 │+$'--bind=alt-v:execute:gojq -L ~/.jq -L ~/.jq/.jq --raw-output -C -n -M {q} /tmp/.tmptMXnzo | vd --filetype csv' \
[INFO] [stdout]          28 │+$'--bind=alt-l:execute:gojq -L ~/.jq -L ~/.jq/.jq --raw-output -C -n -M {q} /tmp/.tmptMXnzo | less ' \
[INFO] [stdout]          29 │+$'--bind=alt-L:execute:gojq -L ~/.jq -L ~/.jq/.jq --raw-output -C -n -M {q} /tmp/.tmptMXnzo | bat --language json --paging always' < /dev/null
[INFO] [stdout] ────────────┴───────────────────────────────────────────────────────────────────
[INFO] [stdout] thread 'check_fzf_command_output' panicked at tests/fzf_arguments.rs:18:5:
[INFO] [stdout] called `Result::unwrap()` on an `Err` value: Os { code: 30, kind: ReadOnlyFilesystem, message: "Read-only file system" }
[INFO] [stdout] stack backtrace:
[INFO] [stdout]    0:     0x610d04e3d8fa - std::backtrace_rs::backtrace::libunwind::trace::h5a5b8284f2d0c266
[INFO] [stdout]                                at /rustc/90b35a6239c3d8bdabc530a6a0816f7ff89a0aaf/library/std/src/../../backtrace/src/backtrace/libunwind.rs:116:5
[INFO] [stdout]    1:     0x610d04e3d8fa - std::backtrace_rs::backtrace::trace_unsynchronized::h76d4f1c9b0b875e3
[INFO] [stdout]                                at /rustc/90b35a6239c3d8bdabc530a6a0816f7ff89a0aaf/library/std/src/../../backtrace/src/backtrace/mod.rs:66:5
[INFO] [stdout]    2:     0x610d04e3d8fa - std::sys::backtrace::_print_fmt::hc4546b8364a537c6
[INFO] [stdout]                                at /rustc/90b35a6239c3d8bdabc530a6a0816f7ff89a0aaf/library/std/src/sys/backtrace.rs:66:9
[INFO] [stdout]    3:     0x610d04e3d8fa - <std::sys::backtrace::BacktraceLock::print::DisplayBacktrace as core::fmt::Display>::fmt::h5b6bd5631a6d1f6b
[INFO] [stdout]                                at /rustc/90b35a6239c3d8bdabc530a6a0816f7ff89a0aaf/library/std/src/sys/backtrace.rs:39:26
[INFO] [stdout]    4:     0x610d04e66243 - core::fmt::rt::Argument::fmt::h270f6602a2b96f62
[INFO] [stdout]                                at /rustc/90b35a6239c3d8bdabc530a6a0816f7ff89a0aaf/library/core/src/fmt/rt.rs:177:76
[INFO] [stdout]    5:     0x610d04e66243 - core::fmt::write::h7550c97b06c86515
[INFO] [stdout]                                at /rustc/90b35a6239c3d8bdabc530a6a0816f7ff89a0aaf/library/core/src/fmt/mod.rs:1186:21
[INFO] [stdout]    6:     0x610d04e3a053 - std::io::Write::write_fmt::h509ff860e5956e5e
[INFO] [stdout]                                at /rustc/90b35a6239c3d8bdabc530a6a0816f7ff89a0aaf/library/std/src/io/mod.rs:1839:15
[INFO] [stdout]    7:     0x610d04e3d742 - std::sys::backtrace::BacktraceLock::print::h2395ccd2c84ba3aa
[INFO] [stdout]                                at /rustc/90b35a6239c3d8bdabc530a6a0816f7ff89a0aaf/library/std/src/sys/backtrace.rs:42:9
[INFO] [stdout]    8:     0x610d04e3f35a - std::panicking::default_hook::{{closure}}::he19d4c7230e07961
[INFO] [stdout]                                at /rustc/90b35a6239c3d8bdabc530a6a0816f7ff89a0aaf/library/std/src/panicking.rs:268:22
[INFO] [stdout]    9:     0x610d04e3f164 - std::panicking::default_hook::hf614597d3c67bbdb
[INFO] [stdout]                                at /rustc/90b35a6239c3d8bdabc530a6a0816f7ff89a0aaf/library/std/src/panicking.rs:292:9
[INFO] [stdout]   10:     0x610d04e081d9 - <alloc::boxed::Box<F,A> as core::ops::function::Fn<Args>>::call::h39b51ce4599c23d1
[INFO] [stdout]                                at /rustc/90b35a6239c3d8bdabc530a6a0816f7ff89a0aaf/library/alloc/src/boxed.rs:2468:9
[INFO] [stdout]   11:     0x610d04e081d9 - test::test_main::{{closure}}::he977ae839a582784
[INFO] [stdout]                                at /rustc/90b35a6239c3d8bdabc530a6a0816f7ff89a0aaf/library/test/src/lib.rs:133:21
[INFO] [stdout]   12:     0x610d04e3f9f8 - <alloc::boxed::Box<F,A> as core::ops::function::Fn<Args>>::call::h9455091b6b06f9fb
[INFO] [stdout]                                at /rustc/90b35a6239c3d8bdabc530a6a0816f7ff89a0aaf/library/alloc/src/boxed.rs:2468:9
[INFO] [stdout]   13:     0x610d04e3f9f8 - std::panicking::rust_panic_with_hook::h8942133a8b252070
[INFO] [stdout]                                at /rustc/90b35a6239c3d8bdabc530a6a0816f7ff89a0aaf/library/std/src/panicking.rs:809:13
[INFO] [stdout]   14:     0x610d04e3f7ba - std::panicking::begin_panic_handler::{{closure}}::hb5f5963570096b29
[INFO] [stdout]                                at /rustc/90b35a6239c3d8bdabc530a6a0816f7ff89a0aaf/library/std/src/panicking.rs:674:13
[INFO] [stdout]   15:     0x610d04e3ddd9 - std::sys::backtrace::__rust_end_short_backtrace::h6208cedc1922feda
[INFO] [stdout]                                at /rustc/90b35a6239c3d8bdabc530a6a0816f7ff89a0aaf/library/std/src/sys/backtrace.rs:170:18
[INFO] [stdout]   16:     0x610d04e3f44c - rust_begin_unwind
[INFO] [stdout]                                at /rustc/90b35a6239c3d8bdabc530a6a0816f7ff89a0aaf/library/std/src/panicking.rs:665:5
[INFO] [stdout]   17:     0x610d04ca5c10 - core::panicking::panic_fmt::h0c3082644d1bf418
[INFO] [stdout]                                at /rustc/90b35a6239c3d8bdabc530a6a0816f7ff89a0aaf/library/core/src/panicking.rs:74:14
[INFO] [stdout]   18:     0x610d04ca6056 - core::result::unwrap_failed::hd20b4aa073bda1e2
[INFO] [stdout]                                at /rustc/90b35a6239c3d8bdabc530a6a0816f7ff89a0aaf/library/core/src/result.rs:1700:5
[INFO] [stdout]   19:     0x610d04ca7c97 - core::result::Result<T,E>::unwrap::h48f6adde9b2cd955
[INFO] [stdout]                                at /rustc/90b35a6239c3d8bdabc530a6a0816f7ff89a0aaf/library/core/src/result.rs:1104:23
[INFO] [stdout]   20:     0x610d04ca7c97 - fzf_arguments::check_fzf_command_output::ha942cf6a5278dfcf
[INFO] [stdout]                                at /opt/rustwide/workdir/tests/fzf_arguments.rs:18:5
[INFO] [stdout]   21:     0x610d04ca7507 - fzf_arguments::check_fzf_command_output::{{closure}}::hbb7ff46e22b406ae
[INFO] [stdout]                                at /opt/rustwide/workdir/tests/fzf_arguments.rs:4:30
[INFO] [stdout]   22:     0x610d04ca6856 - core::ops::function::FnOnce::call_once::h427129c4246e3dac
[INFO] [stdout]                                at /rustc/90b35a6239c3d8bdabc530a6a0816f7ff89a0aaf/library/core/src/ops/function.rs:250:5
[INFO] [stdout]   23:     0x610d04e0cb9b - core::ops::function::FnOnce::call_once::h109cf8051a59b34e
[INFO] [stdout]                                at /rustc/90b35a6239c3d8bdabc530a6a0816f7ff89a0aaf/library/core/src/ops/function.rs:250:5
[INFO] [stdout]   24:     0x610d04e0cb9b - test::__rust_begin_short_backtrace::hf4fff89d377446ba
[INFO] [stdout]                                at /rustc/90b35a6239c3d8bdabc530a6a0816f7ff89a0aaf/library/test/src/lib.rs:621:18
[INFO] [stdout]   25:     0x610d04e0c3d7 - test::run_test_in_process::{{closure}}::h0e39181dd7ee5a43
[INFO] [stdout]                                at /rustc/90b35a6239c3d8bdabc530a6a0816f7ff89a0aaf/library/test/src/lib.rs:644:60
[INFO] [stdout]   26:     0x610d04e0c3d7 - <core::panic::unwind_safe::AssertUnwindSafe<F> as core::ops::function::FnOnce<()>>::call_once::hc5a66a30f0bdfd1f
[INFO] [stdout]                                at /rustc/90b35a6239c3d8bdabc530a6a0816f7ff89a0aaf/library/core/src/panic/unwind_safe.rs:272:9
[INFO] [stdout]   27:     0x610d04e0c3d7 - std::panicking::try::do_call::h873b7cf639554a5e
[INFO] [stdout]                                at /rustc/90b35a6239c3d8bdabc530a6a0816f7ff89a0aaf/library/std/src/panicking.rs:557:40
[INFO] [stdout]   28:     0x610d04e0c3d7 - std::panicking::try::hdb19862fad9c8bd1
[INFO] [stdout]                                at /rustc/90b35a6239c3d8bdabc530a6a0816f7ff89a0aaf/library/std/src/panicking.rs:520:19
[INFO] [stdout]   29:     0x610d04e0c3d7 - std::panic::catch_unwind::h281fe732d236d260
[INFO] [stdout]                                at /rustc/90b35a6239c3d8bdabc530a6a0816f7ff89a0aaf/library/std/src/panic.rs:358:14
[INFO] [stdout]   30:     0x610d04e0c3d7 - test::run_test_in_process::h949b6df8457ed338
[INFO] [stdout]                                at /rustc/90b35a6239c3d8bdabc530a6a0816f7ff89a0aaf/library/test/src/lib.rs:644:27
[INFO] [stdout]   31:     0x610d04e0c3d7 - test::run_test::{{closure}}::h52c556a6d4740e10
[INFO] [stdout]                                at /rustc/90b35a6239c3d8bdabc530a6a0816f7ff89a0aaf/library/test/src/lib.rs:565:43
[INFO] [stdout]   32:     0x610d04dd16b4 - test::run_test::{{closure}}::h4237f6381c45ccb9
[INFO] [stdout]                                at /rustc/90b35a6239c3d8bdabc530a6a0816f7ff89a0aaf/library/test/src/lib.rs:595:41
[INFO] [stdout]   33:     0x610d04dd16b4 - std::sys::backtrace::__rust_begin_short_backtrace::h505c97a579eca628
[INFO] [stdout]                                at /rustc/90b35a6239c3d8bdabc530a6a0816f7ff89a0aaf/library/std/src/sys/backtrace.rs:154:18
[INFO] [stdout]   34:     0x610d04dd4d7e - std::thread::Builder::spawn_unchecked_::{{closure}}::{{closure}}::h9e86b2e2bc107ea3
[INFO] [stdout]                                at /rustc/90b35a6239c3d8bdabc530a6a0816f7ff89a0aaf/library/std/src/thread/mod.rs:538:17
[INFO] [stdout]   35:     0x610d04dd4d7e - <core::panic::unwind_safe::AssertUnwindSafe<F> as core::ops::function::FnOnce<()>>::call_once::h8b06ddb275ff4a25
[INFO] [stdout]                                at /rustc/90b35a6239c3d8bdabc530a6a0816f7ff89a0aaf/library/core/src/panic/unwind_safe.rs:272:9
[INFO] [stdout]   36:     0x610d04dd4d7e - std::panicking::try::do_call::hb26ecd7cd9a9355d
[INFO] [stdout]                                at /rustc/90b35a6239c3d8bdabc530a6a0816f7ff89a0aaf/library/std/src/panicking.rs:557:40
[INFO] [stdout]   37:     0x610d04dd4d7e - std::panicking::try::h8ddeca9d705f9069
[INFO] [stdout]                                at /rustc/90b35a6239c3d8bdabc530a6a0816f7ff89a0aaf/library/std/src/panicking.rs:520:19
[INFO] [stdout]   38:     0x610d04dd4d7e - std::panic::catch_unwind::h49e1c33078844c46
[INFO] [stdout]                                at /rustc/90b35a6239c3d8bdabc530a6a0816f7ff89a0aaf/library/std/src/panic.rs:358:14
[INFO] [stdout]   39:     0x610d04dd4d7e - std::thread::Builder::spawn_unchecked_::{{closure}}::h6073db6ff56ad35d
[INFO] [stdout]                                at /rustc/90b35a6239c3d8bdabc530a6a0816f7ff89a0aaf/library/std/src/thread/mod.rs:537:30
[INFO] [stdout]   40:     0x610d04dd4d7e - core::ops::function::FnOnce::call_once{{vtable.shim}}::h2c5a5f3779c774f1
[INFO] [stdout]                                at /rustc/90b35a6239c3d8bdabc530a6a0816f7ff89a0aaf/library/core/src/ops/function.rs:250:5
[INFO] [stdout]   41:     0x610d04e43d5b - <alloc::boxed::Box<F,A> as core::ops::function::FnOnce<Args>>::call_once::hf75717d9f28faebf
[INFO] [stdout]                                at /rustc/90b35a6239c3d8bdabc530a6a0816f7ff89a0aaf/library/alloc/src/boxed.rs:2454:9
[INFO] [stdout]   42:     0x610d04e43d5b - <alloc::boxed::Box<F,A> as core::ops::function::FnOnce<Args>>::call_once::h7bd883a5f3c5f3c1
[INFO] [stdout]                                at /rustc/90b35a6239c3d8bdabc530a6a0816f7ff89a0aaf/library/alloc/src/boxed.rs:2454:9
[INFO] [stdout]   43:     0x610d04e43d5b - std::sys::pal::unix::thread::Thread::new::thread_start::hcc78f3943333fa94
[INFO] [stdout]                                at /rustc/90b35a6239c3d8bdabc530a6a0816f7ff89a0aaf/library/std/src/sys/pal/unix/thread.rs:105:17
[INFO] [stdout]   44:     0x7b909e1f5ac3 - <unknown>
[INFO] [stdout]   45:     0x7b909e286a04 - clone
[INFO] [stdout]   46:                0x0 - <unknown>
[INFO] [stdout] 
[INFO] [stdout] 
[INFO] [stdout] failures:
[INFO] [stdout]     check_fzf_command_output
[INFO] [stdout] 
[INFO] [stdout] test result: FAILED. 0 passed; 1 failed; 0 ignored; 0 measured; 0 filtered out; finished in 1.47s
[INFO] [stdout] 
[INFO] [stderr] error: test failed, to rerun pass `--test fzf_arguments`
[INFO] running `Command { std: "docker" "inspect" "c4906454cbe927e17d909d6cc9b19cace980214be0dcf56229d58861041e7df9", kill_on_drop: false }`
[INFO] running `Command { std: "docker" "rm" "-f" "c4906454cbe927e17d909d6cc9b19cace980214be0dcf56229d58861041e7df9", kill_on_drop: false }`
[INFO] [stdout] c4906454cbe927e17d909d6cc9b19cace980214be0dcf56229d58861041e7df9
