[INFO] cloning repository https://github.com/misaka10987/fe3o4
[INFO] running `Command { std: "git" "-c" "credential.helper=" "-c" "credential.helper=/workspace/cargo-home/bin/git-credential-null" "clone" "--bare" "https://github.com/misaka10987/fe3o4" "/workspace/cache/git-repos/https%3A%2F%2Fgithub.com%2Fmisaka10987%2Ffe3o4", kill_on_drop: false }`
[INFO] [stderr] Cloning into bare repository '/workspace/cache/git-repos/https%3A%2F%2Fgithub.com%2Fmisaka10987%2Ffe3o4'...
[INFO] running `Command { std: "git" "rev-parse" "HEAD", kill_on_drop: false }`
[INFO] [stdout] 56ef9d25f73c7fe9bfb4fb6fbe19210301f5959b
[INFO] testing misaka10987/fe3o4 against 1.83.0 for beta-1.84.0-4-retry
[INFO] running `Command { std: "git" "clone" "/workspace/cache/git-repos/https%3A%2F%2Fgithub.com%2Fmisaka10987%2Ffe3o4" "/workspace/builds/worker-1-tc1/source", kill_on_drop: false }`
[INFO] [stderr] Cloning into '/workspace/builds/worker-1-tc1/source'...
[INFO] [stderr] done.
[INFO] validating manifest of git repo https://github.com/misaka10987/fe3o4 on toolchain 1.83.0
[INFO] running `Command { std: CARGO_HOME="/workspace/cargo-home" RUSTUP_HOME="/workspace/rustup-home" "/workspace/cargo-home/bin/cargo" "+1.83.0" "metadata" "--manifest-path" "Cargo.toml" "--no-deps", kill_on_drop: false }`
[INFO] started tweaking git repo https://github.com/misaka10987/fe3o4
[INFO] finished tweaking git repo https://github.com/misaka10987/fe3o4
[INFO] tweaked toml for git repo https://github.com/misaka10987/fe3o4 written to /workspace/builds/worker-1-tc1/source/Cargo.toml
[INFO] crate git repo https://github.com/misaka10987/fe3o4 already has a lockfile, it will not be regenerated
[INFO] running `Command { std: CARGO_HOME="/workspace/cargo-home" RUSTUP_HOME="/workspace/rustup-home" "/workspace/cargo-home/bin/cargo" "+1.83.0" "fetch" "--manifest-path" "Cargo.toml", kill_on_drop: false }`
[INFO] [stderr]  Downloading crates ...
[INFO] [stderr]   Downloaded dashmap v6.1.0
[INFO] running `Command { std: "docker" "create" "-v" "/var/lib/crater-agent-workspace/builds/worker-1-tc1/target:/opt/rustwide/target:rw,Z" "-v" "/var/lib/crater-agent-workspace/builds/worker-1-tc1/source:/opt/rustwide/workdir:ro,Z" "-v" "/var/lib/crater-agent-workspace/cargo-home:/opt/rustwide/cargo-home:ro,Z" "-v" "/var/lib/crater-agent-workspace/rustup-home:/opt/rustwide/rustup-home:ro,Z" "-e" "SOURCE_DIR=/opt/rustwide/workdir" "-e" "CARGO_TARGET_DIR=/opt/rustwide/target" "-e" "CARGO_HOME=/opt/rustwide/cargo-home" "-e" "RUSTUP_HOME=/opt/rustwide/rustup-home" "-w" "/opt/rustwide/workdir" "-m" "1610612736" "--user" "0:0" "--network" "none" "ghcr.io/rust-lang/crates-build-env/linux@sha256:f3a9d4ad9d972b27faf3965f35b62e55ba32bbce8f20bc8fe909558a86702fde" "/opt/rustwide/cargo-home/bin/cargo" "+1.83.0" "metadata" "--no-deps" "--format-version=1", kill_on_drop: false }`
[INFO] [stdout] 4eb0e03d353c13c79235527d1370a96ea17e0c4c89de60b9a445b6fd5a1b7d59
[INFO] running `Command { std: "docker" "start" "-a" "4eb0e03d353c13c79235527d1370a96ea17e0c4c89de60b9a445b6fd5a1b7d59", kill_on_drop: false }`
[INFO] running `Command { std: "docker" "inspect" "4eb0e03d353c13c79235527d1370a96ea17e0c4c89de60b9a445b6fd5a1b7d59", kill_on_drop: false }`
[INFO] running `Command { std: "docker" "rm" "-f" "4eb0e03d353c13c79235527d1370a96ea17e0c4c89de60b9a445b6fd5a1b7d59", kill_on_drop: false }`
[INFO] [stdout] 4eb0e03d353c13c79235527d1370a96ea17e0c4c89de60b9a445b6fd5a1b7d59
[INFO] running `Command { std: "docker" "create" "-v" "/var/lib/crater-agent-workspace/builds/worker-1-tc1/target:/opt/rustwide/target:rw,Z" "-v" "/var/lib/crater-agent-workspace/builds/worker-1-tc1/source:/opt/rustwide/workdir:ro,Z" "-v" "/var/lib/crater-agent-workspace/cargo-home:/opt/rustwide/cargo-home:ro,Z" "-v" "/var/lib/crater-agent-workspace/rustup-home:/opt/rustwide/rustup-home:ro,Z" "-e" "SOURCE_DIR=/opt/rustwide/workdir" "-e" "CARGO_TARGET_DIR=/opt/rustwide/target" "-e" "CARGO_INCREMENTAL=0" "-e" "RUST_BACKTRACE=full" "-e" "RUSTFLAGS=--cap-lints=warn" "-e" "RUSTDOCFLAGS=--cap-lints=warn" "-e" "CARGO_HOME=/opt/rustwide/cargo-home" "-e" "RUSTUP_HOME=/opt/rustwide/rustup-home" "-w" "/opt/rustwide/workdir" "-m" "1610612736" "--user" "0:0" "--network" "none" "ghcr.io/rust-lang/crates-build-env/linux@sha256:f3a9d4ad9d972b27faf3965f35b62e55ba32bbce8f20bc8fe909558a86702fde" "/opt/rustwide/cargo-home/bin/cargo" "+1.83.0" "build" "--frozen" "--message-format=json", kill_on_drop: false }`
[INFO] [stdout] 1a832e3ec6301573d13e95b08b2f42f566a81da6758a14700ffa7819fc595675
[INFO] running `Command { std: "docker" "start" "-a" "1a832e3ec6301573d13e95b08b2f42f566a81da6758a14700ffa7819fc595675", kill_on_drop: false }`
[INFO] [stderr]    Compiling proc-macro2 v1.0.86
[INFO] [stderr]    Compiling autocfg v1.3.0
[INFO] [stderr]    Compiling libc v0.2.158
[INFO] [stderr]    Compiling parking_lot_core v0.9.10
[INFO] [stderr]    Compiling crossbeam-utils v0.8.20
[INFO] [stderr]    Compiling serde v1.0.210
[INFO] [stderr]    Compiling smallvec v1.13.2
[INFO] [stderr]    Compiling hashbrown v0.14.5
[INFO] [stderr]    Compiling lock_api v0.4.12
[INFO] [stderr]    Compiling quote v1.0.37
[INFO] [stderr]    Compiling syn v2.0.77
[INFO] [stderr]    Compiling dashmap v6.1.0
[INFO] [stderr]    Compiling serde_derive v1.0.210
[INFO] [stderr]    Compiling fe3o4 v0.2.0 (/opt/rustwide/workdir)
[INFO] [stderr]     Finished `dev` profile [unoptimized + debuginfo] target(s) in 21.25s
[INFO] running `Command { std: "docker" "inspect" "1a832e3ec6301573d13e95b08b2f42f566a81da6758a14700ffa7819fc595675", kill_on_drop: false }`
[INFO] running `Command { std: "docker" "rm" "-f" "1a832e3ec6301573d13e95b08b2f42f566a81da6758a14700ffa7819fc595675", kill_on_drop: false }`
[INFO] [stdout] 1a832e3ec6301573d13e95b08b2f42f566a81da6758a14700ffa7819fc595675
[INFO] running `Command { std: "docker" "create" "-v" "/var/lib/crater-agent-workspace/builds/worker-1-tc1/target:/opt/rustwide/target:rw,Z" "-v" "/var/lib/crater-agent-workspace/builds/worker-1-tc1/source:/opt/rustwide/workdir:ro,Z" "-v" "/var/lib/crater-agent-workspace/cargo-home:/opt/rustwide/cargo-home:ro,Z" "-v" "/var/lib/crater-agent-workspace/rustup-home:/opt/rustwide/rustup-home:ro,Z" "-e" "SOURCE_DIR=/opt/rustwide/workdir" "-e" "CARGO_TARGET_DIR=/opt/rustwide/target" "-e" "CARGO_INCREMENTAL=0" "-e" "RUST_BACKTRACE=full" "-e" "RUSTFLAGS=--cap-lints=warn" "-e" "RUSTDOCFLAGS=--cap-lints=warn" "-e" "CARGO_HOME=/opt/rustwide/cargo-home" "-e" "RUSTUP_HOME=/opt/rustwide/rustup-home" "-w" "/opt/rustwide/workdir" "-m" "1610612736" "--user" "0:0" "--network" "none" "ghcr.io/rust-lang/crates-build-env/linux@sha256:f3a9d4ad9d972b27faf3965f35b62e55ba32bbce8f20bc8fe909558a86702fde" "/opt/rustwide/cargo-home/bin/cargo" "+1.83.0" "test" "--frozen" "--no-run" "--message-format=json", kill_on_drop: false }`
[INFO] [stdout] 0c22ab21bc0bab7a47d084355e7810f16244eea5062ed64059150ce4da8e7ee2
[INFO] running `Command { std: "docker" "start" "-a" "0c22ab21bc0bab7a47d084355e7810f16244eea5062ed64059150ce4da8e7ee2", kill_on_drop: false }`
[INFO] [stderr]    Compiling fe3o4 v0.2.0 (/opt/rustwide/workdir)
[INFO] [stderr]     Finished `test` profile [unoptimized + debuginfo] target(s) in 0.81s
[INFO] running `Command { std: "docker" "inspect" "0c22ab21bc0bab7a47d084355e7810f16244eea5062ed64059150ce4da8e7ee2", kill_on_drop: false }`
[INFO] running `Command { std: "docker" "rm" "-f" "0c22ab21bc0bab7a47d084355e7810f16244eea5062ed64059150ce4da8e7ee2", kill_on_drop: false }`
[INFO] [stdout] 0c22ab21bc0bab7a47d084355e7810f16244eea5062ed64059150ce4da8e7ee2
[INFO] running `Command { std: "docker" "create" "-v" "/var/lib/crater-agent-workspace/builds/worker-1-tc1/target:/opt/rustwide/target:rw,Z" "-v" "/var/lib/crater-agent-workspace/builds/worker-1-tc1/source:/opt/rustwide/workdir:ro,Z" "-v" "/var/lib/crater-agent-workspace/cargo-home:/opt/rustwide/cargo-home:ro,Z" "-v" "/var/lib/crater-agent-workspace/rustup-home:/opt/rustwide/rustup-home:ro,Z" "-e" "SOURCE_DIR=/opt/rustwide/workdir" "-e" "CARGO_TARGET_DIR=/opt/rustwide/target" "-e" "CARGO_INCREMENTAL=0" "-e" "RUST_BACKTRACE=full" "-e" "RUSTFLAGS=--cap-lints=warn" "-e" "RUSTDOCFLAGS=--cap-lints=warn" "-e" "CARGO_HOME=/opt/rustwide/cargo-home" "-e" "RUSTUP_HOME=/opt/rustwide/rustup-home" "-w" "/opt/rustwide/workdir" "-m" "1610612736" "--user" "0:0" "--network" "none" "ghcr.io/rust-lang/crates-build-env/linux@sha256:f3a9d4ad9d972b27faf3965f35b62e55ba32bbce8f20bc8fe909558a86702fde" "/opt/rustwide/cargo-home/bin/cargo" "+1.83.0" "test" "--frozen", kill_on_drop: false }`
[INFO] [stdout] 0269bd31bf60483b72fb57a2146ce6452fb87b90d9ade4b81fc7f1c421355fb2
[INFO] running `Command { std: "docker" "start" "-a" "0269bd31bf60483b72fb57a2146ce6452fb87b90d9ade4b81fc7f1c421355fb2", kill_on_drop: false }`
[INFO] [stderr]     Finished `test` profile [unoptimized + debuginfo] target(s) in 0.04s
[INFO] [stderr]      Running unittests src/lib.rs (/opt/rustwide/target/debug/deps/fe3o4-ff2d0538acfc4e59)
[INFO] [stdout] 
[INFO] [stdout] running 0 tests
[INFO] [stdout] 
[INFO] [stdout] test result: ok. 0 passed; 0 failed; 0 ignored; 0 measured; 0 filtered out; finished in 0.00s
[INFO] [stdout] 
[INFO] [stderr]    Doc-tests fe3o4
[INFO] [stdout] 
[INFO] [stdout] running 1 test
[INFO] [stdout] test src/tab.rs - tab::def_regtab (line 58) ... FAILED
[INFO] [stdout] 
[INFO] [stdout] failures:
[INFO] [stdout] 
[INFO] [stdout] ---- src/tab.rs - tab::def_regtab (line 58) stdout ----
[INFO] [stdout] error[E0433]: failed to resolve: could not find `static_init` in the list of imported crates
[INFO] [stdout]   --> src/tab.rs:65:1
[INFO] [stdout]    |
[INFO] [stdout] 10 | def_regtab!(Foo);
[INFO] [stdout]    | ^^^^^^^^^^^^^^^^ could not find `static_init` in the list of imported crates
[INFO] [stdout]    |
[INFO] [stdout]    = note: this error originates in the macro `def_regtab` (in Nightly builds, run with -Z macro-backtrace for more info)
[INFO] [stdout] 
[INFO] [stdout] error[E0433]: failed to resolve: could not find `static_init` in the list of imported crates
[INFO] [stdout]   --> src/tab.rs:66:1
[INFO] [stdout]    |
[INFO] [stdout] 11 | def_regtab!(Bar, REG_BAR);
[INFO] [stdout]    | ^^^^^^^^^^^^^^^^^^^^^^^^^ could not find `static_init` in the list of imported crates
[INFO] [stdout]    |
[INFO] [stdout]    = note: this error originates in the macro `def_regtab` (in Nightly builds, run with -Z macro-backtrace for more info)
[INFO] [stdout] 
[INFO] [stdout] error[E0015]: cannot call non-const fn `RegTab::<Foo>::new` in statics
[INFO] [stdout]   --> src/tab.rs:65:1
[INFO] [stdout]    |
[INFO] [stdout] 10 | def_regtab!(Foo);
[INFO] [stdout]    | ^^^^^^^^^^^^^^^^
[INFO] [stdout]    |
[INFO] [stdout]    = note: calls in statics are limited to constant functions, tuple structs and tuple variants
[INFO] [stdout]    = note: consider wrapping this expression in `std::sync::LazyLock::new(|| ...)`
[INFO] [stdout]    = note: this error originates in the macro `def_regtab` (in Nightly builds, run with -Z macro-backtrace for more info)
[INFO] [stdout] 
[INFO] [stdout] error[E0015]: cannot call non-const fn `RegTab::<Bar>::new` in statics
[INFO] [stdout]   --> src/tab.rs:66:1
[INFO] [stdout]    |
[INFO] [stdout] 11 | def_regtab!(Bar, REG_BAR);
[INFO] [stdout]    | ^^^^^^^^^^^^^^^^^^^^^^^^^
[INFO] [stdout]    |
[INFO] [stdout]    = note: calls in statics are limited to constant functions, tuple structs and tuple variants
[INFO] [stdout]    = note: consider wrapping this expression in `std::sync::LazyLock::new(|| ...)`
[INFO] [stdout]    = note: this error originates in the macro `def_regtab` (in Nightly builds, run with -Z macro-backtrace for more info)
[INFO] [stdout] 
[INFO] [stdout] error: aborting due to 4 previous errors
[INFO] [stdout] 
[INFO] [stdout] Some errors have detailed explanations: E0015, E0433.
[INFO] [stdout] For more information about an error, try `rustc --explain E0015`.
[INFO] [stdout] Couldn't compile the test.
[INFO] [stdout] 
[INFO] [stdout] failures:
[INFO] [stdout]     src/tab.rs - tab::def_regtab (line 58)
[INFO] [stdout] 
[INFO] [stdout] test result: FAILED. 0 passed; 1 failed; 0 ignored; 0 measured; 0 filtered out; finished in 0.14s
[INFO] [stdout] 
[INFO] [stderr] error: doctest failed, to rerun pass `--doc`
[INFO] running `Command { std: "docker" "inspect" "0269bd31bf60483b72fb57a2146ce6452fb87b90d9ade4b81fc7f1c421355fb2", kill_on_drop: false }`
[INFO] running `Command { std: "docker" "rm" "-f" "0269bd31bf60483b72fb57a2146ce6452fb87b90d9ade4b81fc7f1c421355fb2", kill_on_drop: false }`
[INFO] [stdout] 0269bd31bf60483b72fb57a2146ce6452fb87b90d9ade4b81fc7f1c421355fb2
