[INFO] cloning repository https://github.com/mipdableep/rust_nes_emu
[INFO] running `Command { std: "git" "-c" "credential.helper=" "-c" "credential.helper=/workspace/cargo-home/bin/git-credential-null" "clone" "--bare" "https://github.com/mipdableep/rust_nes_emu" "/workspace/cache/git-repos/https%3A%2F%2Fgithub.com%2Fmipdableep%2Frust_nes_emu", kill_on_drop: false }`
[INFO] [stderr] Cloning into bare repository '/workspace/cache/git-repos/https%3A%2F%2Fgithub.com%2Fmipdableep%2Frust_nes_emu'...
[INFO] running `Command { std: "git" "rev-parse" "HEAD", kill_on_drop: false }`
[INFO] [stdout] 3dc63c5cb619f154d42959b6c24eb7f8124de2c8
[INFO] testing mipdableep/rust_nes_emu against beta-2024-12-08 for beta-1.84.0-4-retry
[INFO] running `Command { std: "git" "clone" "/workspace/cache/git-repos/https%3A%2F%2Fgithub.com%2Fmipdableep%2Frust_nes_emu" "/workspace/builds/worker-4-tc2/source", kill_on_drop: false }`
[INFO] [stderr] Cloning into '/workspace/builds/worker-4-tc2/source'...
[INFO] [stderr] done.
[INFO] validating manifest of git repo https://github.com/mipdableep/rust_nes_emu on toolchain beta-2024-12-08
[INFO] running `Command { std: CARGO_HOME="/workspace/cargo-home" RUSTUP_HOME="/workspace/rustup-home" "/workspace/cargo-home/bin/cargo" "+beta-2024-12-08" "metadata" "--manifest-path" "Cargo.toml" "--no-deps", kill_on_drop: false }`
[INFO] removed /workspace/builds/worker-4-tc2/source/.cargo/config.toml
[INFO] started tweaking git repo https://github.com/mipdableep/rust_nes_emu
[INFO] finished tweaking git repo https://github.com/mipdableep/rust_nes_emu
[INFO] tweaked toml for git repo https://github.com/mipdableep/rust_nes_emu written to /workspace/builds/worker-4-tc2/source/Cargo.toml
[INFO] crate git repo https://github.com/mipdableep/rust_nes_emu already has a lockfile, it will not be regenerated
[INFO] running `Command { std: CARGO_HOME="/workspace/cargo-home" RUSTUP_HOME="/workspace/rustup-home" "/workspace/cargo-home/bin/cargo" "+beta-2024-12-08" "fetch" "--manifest-path" "Cargo.toml", kill_on_drop: false }`
[INFO] running `Command { std: "docker" "create" "-v" "/var/lib/crater-agent-workspace/builds/worker-4-tc2/target:/opt/rustwide/target:rw,Z" "-v" "/var/lib/crater-agent-workspace/builds/worker-4-tc2/source:/opt/rustwide/workdir:ro,Z" "-v" "/var/lib/crater-agent-workspace/cargo-home:/opt/rustwide/cargo-home:ro,Z" "-v" "/var/lib/crater-agent-workspace/rustup-home:/opt/rustwide/rustup-home:ro,Z" "-e" "SOURCE_DIR=/opt/rustwide/workdir" "-e" "CARGO_TARGET_DIR=/opt/rustwide/target" "-e" "CARGO_HOME=/opt/rustwide/cargo-home" "-e" "RUSTUP_HOME=/opt/rustwide/rustup-home" "-w" "/opt/rustwide/workdir" "-m" "1610612736" "--user" "0:0" "--network" "none" "ghcr.io/rust-lang/crates-build-env/linux@sha256:f3a9d4ad9d972b27faf3965f35b62e55ba32bbce8f20bc8fe909558a86702fde" "/opt/rustwide/cargo-home/bin/cargo" "+beta-2024-12-08" "metadata" "--no-deps" "--format-version=1", kill_on_drop: false }`
[INFO] [stdout] 9d5f5a49924141f88d11f6014644be8bd9083b5fe3f119dc91e413dcd038d8dd
[INFO] running `Command { std: "docker" "start" "-a" "9d5f5a49924141f88d11f6014644be8bd9083b5fe3f119dc91e413dcd038d8dd", kill_on_drop: false }`
[INFO] running `Command { std: "docker" "inspect" "9d5f5a49924141f88d11f6014644be8bd9083b5fe3f119dc91e413dcd038d8dd", kill_on_drop: false }`
[INFO] running `Command { std: "docker" "rm" "-f" "9d5f5a49924141f88d11f6014644be8bd9083b5fe3f119dc91e413dcd038d8dd", kill_on_drop: false }`
[INFO] [stdout] 9d5f5a49924141f88d11f6014644be8bd9083b5fe3f119dc91e413dcd038d8dd
[INFO] running `Command { std: "docker" "create" "-v" "/var/lib/crater-agent-workspace/builds/worker-4-tc2/target:/opt/rustwide/target:rw,Z" "-v" "/var/lib/crater-agent-workspace/builds/worker-4-tc2/source:/opt/rustwide/workdir:ro,Z" "-v" "/var/lib/crater-agent-workspace/cargo-home:/opt/rustwide/cargo-home:ro,Z" "-v" "/var/lib/crater-agent-workspace/rustup-home:/opt/rustwide/rustup-home:ro,Z" "-e" "SOURCE_DIR=/opt/rustwide/workdir" "-e" "CARGO_TARGET_DIR=/opt/rustwide/target" "-e" "CARGO_INCREMENTAL=0" "-e" "RUST_BACKTRACE=full" "-e" "RUSTFLAGS=--cap-lints=warn" "-e" "RUSTDOCFLAGS=--cap-lints=warn" "-e" "CARGO_HOME=/opt/rustwide/cargo-home" "-e" "RUSTUP_HOME=/opt/rustwide/rustup-home" "-w" "/opt/rustwide/workdir" "-m" "1610612736" "--user" "0:0" "--network" "none" "ghcr.io/rust-lang/crates-build-env/linux@sha256:f3a9d4ad9d972b27faf3965f35b62e55ba32bbce8f20bc8fe909558a86702fde" "/opt/rustwide/cargo-home/bin/cargo" "+beta-2024-12-08" "build" "--frozen" "--message-format=json", kill_on_drop: false }`
[INFO] [stdout] 6a88feb3faf3b0e7a156bb79eed82acec61faccac02ec3f1daafb8f2150db9b6
[INFO] running `Command { std: "docker" "start" "-a" "6a88feb3faf3b0e7a156bb79eed82acec61faccac02ec3f1daafb8f2150db9b6", kill_on_drop: false }`
[INFO] [stderr]    Compiling proc-macro2 v1.0.86
[INFO] [stderr]    Compiling unicode-ident v1.0.13
[INFO] [stderr]    Compiling libc v0.2.158
[INFO] [stderr]    Compiling version-compare v0.1.1
[INFO] [stderr]    Compiling byteorder v1.5.0
[INFO] [stderr]    Compiling rand_core v0.6.4
[INFO] [stderr]    Compiling memchr v2.7.4
[INFO] [stderr]    Compiling anyhow v1.0.89
[INFO] [stderr]    Compiling sdl2 v0.37.0
[INFO] [stderr]    Compiling rand v0.8.5
[INFO] [stderr]    Compiling regex-syntax v0.8.5
[INFO] [stderr]    Compiling sdl2-sys v0.37.0
[INFO] [stderr]    Compiling lazy_static v1.5.0
[INFO] [stderr]    Compiling aho-corasick v1.1.3
[INFO] [stderr]    Compiling bitflags v1.3.2
[INFO] [stderr]    Compiling once_cell v1.20.2
[INFO] [stderr]    Compiling phf_generator v0.11.2
[INFO] [stderr]    Compiling quote v1.0.37
[INFO] [stderr]    Compiling syn v2.0.77
[INFO] [stderr]    Compiling getrandom v0.2.15
[INFO] [stderr]    Compiling regex-automata v0.4.8
[INFO] [stderr]    Compiling zerocopy-derive v0.7.35
[INFO] [stderr]    Compiling phf_macros v0.11.2
[INFO] [stderr]    Compiling regex v1.11.0
[INFO] [stderr]    Compiling phf v0.11.2
[INFO] [stderr]    Compiling zerocopy v0.7.35
[INFO] [stderr]    Compiling ppv-lite86 v0.2.20
[INFO] [stderr]    Compiling rand_chacha v0.3.1
[INFO] [stderr]    Compiling nes_emulator v0.1.0 (/opt/rustwide/workdir)
[INFO] [stdout] warning: unused import: `thread::sleep`
[INFO] [stdout]  --> nes_main/main.rs:1:11
[INFO] [stdout]   |
[INFO] [stdout] 1 | use std::{thread::sleep, time};
[INFO] [stdout]   |           ^^^^^^^^^^^^^
[INFO] [stdout]   |
[INFO] [stdout]   = note: `#[warn(unused_imports)]` on by default
[INFO] [stdout] 
[INFO] [stdout] 
[INFO] [stdout] warning: unused imports: `SCREEN_HEIGHT`, `SCREEN_WIDTH`, and `update_texture_from_frame`
[INFO] [stdout]  --> nes_main/main.rs:4:34
[INFO] [stdout]   |
[INFO] [stdout] 4 |     screen_rendering_constants::{SCREEN_HEIGHT, SCREEN_WIDTH},
[INFO] [stdout]   |                                  ^^^^^^^^^^^^^  ^^^^^^^^^^^^
[INFO] [stdout] 5 |     update_texture_from_frame, Frame,
[INFO] [stdout]   |     ^^^^^^^^^^^^^^^^^^^^^^^^^
[INFO] [stdout] 
[INFO] [stdout] 
[INFO] [stdout] warning: unused import: `generate_cpu`
[INFO] [stdout]  --> nes_main/main.rs:9:20
[INFO] [stdout]   |
[INFO] [stdout] 9 | use nes_emulator::{generate_cpu, generate_texture_canvas_event_pump};
[INFO] [stdout]   |                    ^^^^^^^^^^^^
[INFO] [stdout] 
[INFO] [stdout] 
[INFO] [stdout] warning: unused variable: `sleep_time`
[INFO] [stdout]   --> nes_main/main.rs:37:13
[INFO] [stdout]    |
[INFO] [stdout] 37 |         let sleep_time = time::Duration::from_secs_f64(0.001);
[INFO] [stdout]    |             ^^^^^^^^^^ help: if this is intentional, prefix it with an underscore: `_sleep_time`
[INFO] [stdout]    |
[INFO] [stdout]    = note: `#[warn(unused_variables)]` on by default
[INFO] [stdout] 
[INFO] [stdout] 
[INFO] [stderr]     Finished `dev` profile [unoptimized + debuginfo] target(s) in 29.38s
[INFO] running `Command { std: "docker" "inspect" "6a88feb3faf3b0e7a156bb79eed82acec61faccac02ec3f1daafb8f2150db9b6", kill_on_drop: false }`
[INFO] running `Command { std: "docker" "rm" "-f" "6a88feb3faf3b0e7a156bb79eed82acec61faccac02ec3f1daafb8f2150db9b6", kill_on_drop: false }`
[INFO] [stdout] 6a88feb3faf3b0e7a156bb79eed82acec61faccac02ec3f1daafb8f2150db9b6
[INFO] running `Command { std: "docker" "create" "-v" "/var/lib/crater-agent-workspace/builds/worker-4-tc2/target:/opt/rustwide/target:rw,Z" "-v" "/var/lib/crater-agent-workspace/builds/worker-4-tc2/source:/opt/rustwide/workdir:ro,Z" "-v" "/var/lib/crater-agent-workspace/cargo-home:/opt/rustwide/cargo-home:ro,Z" "-v" "/var/lib/crater-agent-workspace/rustup-home:/opt/rustwide/rustup-home:ro,Z" "-e" "SOURCE_DIR=/opt/rustwide/workdir" "-e" "CARGO_TARGET_DIR=/opt/rustwide/target" "-e" "CARGO_INCREMENTAL=0" "-e" "RUST_BACKTRACE=full" "-e" "RUSTFLAGS=--cap-lints=warn" "-e" "RUSTDOCFLAGS=--cap-lints=warn" "-e" "CARGO_HOME=/opt/rustwide/cargo-home" "-e" "RUSTUP_HOME=/opt/rustwide/rustup-home" "-w" "/opt/rustwide/workdir" "-m" "1610612736" "--user" "0:0" "--network" "none" "ghcr.io/rust-lang/crates-build-env/linux@sha256:f3a9d4ad9d972b27faf3965f35b62e55ba32bbce8f20bc8fe909558a86702fde" "/opt/rustwide/cargo-home/bin/cargo" "+beta-2024-12-08" "test" "--frozen" "--no-run" "--message-format=json", kill_on_drop: false }`
[INFO] [stdout] 22327eb5868a206c28ae88171999810f72e48be724bab3d832e7ea62f012a40e
[INFO] running `Command { std: "docker" "start" "-a" "22327eb5868a206c28ae88171999810f72e48be724bab3d832e7ea62f012a40e", kill_on_drop: false }`
[INFO] [stderr]    Compiling cargo-husky v1.5.0
[INFO] [stdout] warning: unused import: `thread::sleep`
[INFO] [stdout]  --> nes_main/main.rs:1:11
[INFO] [stdout]   |
[INFO] [stdout] 1 | use std::{thread::sleep, time};
[INFO] [stdout]   |           ^^^^^^^^^^^^^
[INFO] [stdout]   |
[INFO] [stdout]   = note: `#[warn(unused_imports)]` on by default
[INFO] [stdout] 
[INFO] [stdout] 
[INFO] [stdout] warning: unused imports: `SCREEN_HEIGHT`, `SCREEN_WIDTH`, and `update_texture_from_frame`
[INFO] [stdout]  --> nes_main/main.rs:4:34
[INFO] [stdout]   |
[INFO] [stdout] 4 |     screen_rendering_constants::{SCREEN_HEIGHT, SCREEN_WIDTH},
[INFO] [stdout]   |                                  ^^^^^^^^^^^^^  ^^^^^^^^^^^^
[INFO] [stdout] 5 |     update_texture_from_frame, Frame,
[INFO] [stdout]   |     ^^^^^^^^^^^^^^^^^^^^^^^^^
[INFO] [stdout] 
[INFO] [stdout] 
[INFO] [stdout] warning: unused import: `generate_cpu`
[INFO] [stdout]  --> nes_main/main.rs:9:20
[INFO] [stdout]   |
[INFO] [stdout] 9 | use nes_emulator::{generate_cpu, generate_texture_canvas_event_pump};
[INFO] [stdout]   |                    ^^^^^^^^^^^^
[INFO] [stdout] 
[INFO] [stdout] 
[INFO] [stdout] warning: unused variable: `sleep_time`
[INFO] [stdout]   --> nes_main/main.rs:37:13
[INFO] [stdout]    |
[INFO] [stdout] 37 |         let sleep_time = time::Duration::from_secs_f64(0.001);
[INFO] [stdout]    |             ^^^^^^^^^^ help: if this is intentional, prefix it with an underscore: `_sleep_time`
[INFO] [stdout]    |
[INFO] [stdout]    = note: `#[warn(unused_variables)]` on by default
[INFO] [stdout] 
[INFO] [stdout] 
[INFO] [stderr]    Compiling nes_emulator v0.1.0 (/opt/rustwide/workdir)
[INFO] [stdout] warning: unused import: `thread::sleep`
[INFO] [stdout]  --> nes_main/main.rs:1:11
[INFO] [stdout]   |
[INFO] [stdout] 1 | use std::{thread::sleep, time};
[INFO] [stdout]   |           ^^^^^^^^^^^^^
[INFO] [stdout]   |
[INFO] [stdout]   = note: `#[warn(unused_imports)]` on by default
[INFO] [stdout] 
[INFO] [stdout] 
[INFO] [stdout] warning: unused imports: `SCREEN_HEIGHT`, `SCREEN_WIDTH`, and `update_texture_from_frame`
[INFO] [stdout]  --> nes_main/main.rs:4:34
[INFO] [stdout]   |
[INFO] [stdout] 4 |     screen_rendering_constants::{SCREEN_HEIGHT, SCREEN_WIDTH},
[INFO] [stdout]   |                                  ^^^^^^^^^^^^^  ^^^^^^^^^^^^
[INFO] [stdout] 5 |     update_texture_from_frame, Frame,
[INFO] [stdout]   |     ^^^^^^^^^^^^^^^^^^^^^^^^^
[INFO] [stdout] 
[INFO] [stdout] 
[INFO] [stdout] warning: unused import: `generate_cpu`
[INFO] [stdout]  --> nes_main/main.rs:9:20
[INFO] [stdout]   |
[INFO] [stdout] 9 | use nes_emulator::{generate_cpu, generate_texture_canvas_event_pump};
[INFO] [stdout]   |                    ^^^^^^^^^^^^
[INFO] [stdout] 
[INFO] [stdout] 
[INFO] [stdout] warning: unused variable: `sleep_time`
[INFO] [stdout]   --> nes_main/main.rs:37:13
[INFO] [stdout]    |
[INFO] [stdout] 37 |         let sleep_time = time::Duration::from_secs_f64(0.001);
[INFO] [stdout]    |             ^^^^^^^^^^ help: if this is intentional, prefix it with an underscore: `_sleep_time`
[INFO] [stdout]    |
[INFO] [stdout]    = note: `#[warn(unused_variables)]` on by default
[INFO] [stdout] 
[INFO] [stdout] 
[INFO] [stdout] warning: unused import: `crate::bus::Bus`
[INFO] [stdout]  --> src/bus/ppu_memory_tests.rs:2:5
[INFO] [stdout]   |
[INFO] [stdout] 2 | use crate::bus::Bus;
[INFO] [stdout]   |     ^^^^^^^^^^^^^^^
[INFO] [stdout]   |
[INFO] [stdout]   = note: `#[warn(unused_imports)]` on by default
[INFO] [stdout] 
[INFO] [stdout] 
[INFO] [stdout] warning: unused import: `crate::bus::Bus`
[INFO] [stdout]  --> src/cpu/cpu_operations_tests/arithmetic_logic.rs:1:5
[INFO] [stdout]   |
[INFO] [stdout] 1 | use crate::bus::Bus;
[INFO] [stdout]   |     ^^^^^^^^^^^^^^^
[INFO] [stdout] 
[INFO] [stdout] 
[INFO] [stdout] warning: unused import: `crate::bus::Bus`
[INFO] [stdout]  --> src/cpu/cpu_operations_tests/control_flow.rs:1:5
[INFO] [stdout]   |
[INFO] [stdout] 1 | use crate::bus::Bus;
[INFO] [stdout]   |     ^^^^^^^^^^^^^^^
[INFO] [stdout] 
[INFO] [stdout] 
[INFO] [stdout] warning: unused import: `crate::cpu::CPU`
[INFO] [stdout]  --> src/cpu/cpu_operations_tests/control_flow.rs:2:5
[INFO] [stdout]   |
[INFO] [stdout] 2 | use crate::cpu::CPU;
[INFO] [stdout]   |     ^^^^^^^^^^^^^^^
[INFO] [stdout] 
[INFO] [stdout] 
[INFO] [stdout] warning: unused import: `crate::bus::Bus`
[INFO] [stdout]  --> src/cpu/cpu_operations_tests/register_ops.rs:1:5
[INFO] [stdout]   |
[INFO] [stdout] 1 | use crate::bus::Bus;
[INFO] [stdout]   |     ^^^^^^^^^^^^^^^
[INFO] [stdout] 
[INFO] [stdout] 
[INFO] [stdout] warning: unused import: `crate::bus::Bus`
[INFO] [stdout]  --> src/cpu/cpu_operations_tests/status_register.rs:1:5
[INFO] [stdout]   |
[INFO] [stdout] 1 | use crate::bus::Bus;
[INFO] [stdout]   |     ^^^^^^^^^^^^^^^
[INFO] [stdout] 
[INFO] [stdout] 
[INFO] [stdout] warning: unused import: `crate::cpu::CPU`
[INFO] [stdout]  --> src/cpu/cpu_operations_tests/status_register.rs:2:5
[INFO] [stdout]   |
[INFO] [stdout] 2 | use crate::cpu::CPU;
[INFO] [stdout]   |     ^^^^^^^^^^^^^^^
[INFO] [stdout] 
[INFO] [stdout] 
[INFO] [stdout] warning: unused import: `super::CPU`
[INFO] [stdout]  --> src/cpu/cpu_tests.rs:1:5
[INFO] [stdout]   |
[INFO] [stdout] 1 | use super::CPU;
[INFO] [stdout]   |     ^^^^^^^^^^
[INFO] [stdout] 
[INFO] [stdout] 
[INFO] [stdout] warning: unused import: `crate::bus::Bus`
[INFO] [stdout]  --> src/cpu/cpu_tests.rs:2:5
[INFO] [stdout]   |
[INFO] [stdout] 2 | use crate::bus::Bus;
[INFO] [stdout]   |     ^^^^^^^^^^^^^^^
[INFO] [stdout] 
[INFO] [stdout] 
[INFO] [stdout] warning: unused import: `super::super::CPU`
[INFO] [stdout]  --> src/cpu/mem_utils/counting_page_cross_for_cycles_test.rs:2:5
[INFO] [stdout]   |
[INFO] [stdout] 2 | use super::super::CPU;
[INFO] [stdout]   |     ^^^^^^^^^^^^^^^^^
[INFO] [stdout] 
[INFO] [stdout] 
[INFO] [stdout] warning: unused import: `crate::bus::Bus`
[INFO] [stdout]  --> src/cpu/mem_utils/counting_page_cross_for_cycles_test.rs:3:5
[INFO] [stdout]   |
[INFO] [stdout] 3 | use crate::bus::Bus;
[INFO] [stdout]   |     ^^^^^^^^^^^^^^^
[INFO] [stdout] 
[INFO] [stdout] 
[INFO] [stdout] warning: function `test_ppu_reg_mirroring` is never used
[INFO] [stdout]   --> src/bus/mem_tests.rs:48:4
[INFO] [stdout]    |
[INFO] [stdout] 48 | fn test_ppu_reg_mirroring() {
[INFO] [stdout]    |    ^^^^^^^^^^^^^^^^^^^^^^
[INFO] [stdout]    |
[INFO] [stdout]    = note: `#[warn(dead_code)]` on by default
[INFO] [stdout] 
[INFO] [stdout] 
[INFO] [stderr]     Finished `test` profile [unoptimized + debuginfo] target(s) in 3.94s
[INFO] running `Command { std: "docker" "inspect" "22327eb5868a206c28ae88171999810f72e48be724bab3d832e7ea62f012a40e", kill_on_drop: false }`
[INFO] running `Command { std: "docker" "rm" "-f" "22327eb5868a206c28ae88171999810f72e48be724bab3d832e7ea62f012a40e", kill_on_drop: false }`
[INFO] [stdout] 22327eb5868a206c28ae88171999810f72e48be724bab3d832e7ea62f012a40e
[INFO] running `Command { std: "docker" "create" "-v" "/var/lib/crater-agent-workspace/builds/worker-4-tc2/target:/opt/rustwide/target:rw,Z" "-v" "/var/lib/crater-agent-workspace/builds/worker-4-tc2/source:/opt/rustwide/workdir:ro,Z" "-v" "/var/lib/crater-agent-workspace/cargo-home:/opt/rustwide/cargo-home:ro,Z" "-v" "/var/lib/crater-agent-workspace/rustup-home:/opt/rustwide/rustup-home:ro,Z" "-e" "SOURCE_DIR=/opt/rustwide/workdir" "-e" "CARGO_TARGET_DIR=/opt/rustwide/target" "-e" "CARGO_INCREMENTAL=0" "-e" "RUST_BACKTRACE=full" "-e" "RUSTFLAGS=--cap-lints=warn" "-e" "RUSTDOCFLAGS=--cap-lints=warn" "-e" "CARGO_HOME=/opt/rustwide/cargo-home" "-e" "RUSTUP_HOME=/opt/rustwide/rustup-home" "-w" "/opt/rustwide/workdir" "-m" "1610612736" "--user" "0:0" "--network" "none" "ghcr.io/rust-lang/crates-build-env/linux@sha256:f3a9d4ad9d972b27faf3965f35b62e55ba32bbce8f20bc8fe909558a86702fde" "/opt/rustwide/cargo-home/bin/cargo" "+beta-2024-12-08" "test" "--frozen", kill_on_drop: false }`
[INFO] [stdout] c9683db20a0e266c29fdff75fc4767c308d986fe64dfd2ec7a7b98bfbef56b29
[INFO] running `Command { std: "docker" "start" "-a" "c9683db20a0e266c29fdff75fc4767c308d986fe64dfd2ec7a7b98bfbef56b29", kill_on_drop: false }`
[INFO] [stderr] warning: unused import: `crate::bus::Bus`
[INFO] [stderr]  --> src/bus/ppu_memory_tests.rs:2:5
[INFO] [stderr]   |
[INFO] [stderr] 2 | use crate::bus::Bus;
[INFO] [stderr]   |     ^^^^^^^^^^^^^^^
[INFO] [stderr]   |
[INFO] [stderr]   = note: `#[warn(unused_imports)]` on by default
[INFO] [stderr] 
[INFO] [stderr] warning: unused import: `crate::bus::Bus`
[INFO] [stderr]  --> src/cpu/cpu_operations_tests/arithmetic_logic.rs:1:5
[INFO] [stderr]   |
[INFO] [stderr] 1 | use crate::bus::Bus;
[INFO] [stderr]   |     ^^^^^^^^^^^^^^^
[INFO] [stderr] 
[INFO] [stderr] warning: unused import: `crate::bus::Bus`
[INFO] [stderr]  --> src/cpu/cpu_operations_tests/control_flow.rs:1:5
[INFO] [stderr]   |
[INFO] [stderr] 1 | use crate::bus::Bus;
[INFO] [stderr]   |     ^^^^^^^^^^^^^^^
[INFO] [stderr] 
[INFO] [stderr] warning: unused import: `crate::cpu::CPU`
[INFO] [stderr]  --> src/cpu/cpu_operations_tests/control_flow.rs:2:5
[INFO] [stderr]   |
[INFO] [stderr] 2 | use crate::cpu::CPU;
[INFO] [stderr]   |     ^^^^^^^^^^^^^^^
[INFO] [stderr] 
[INFO] [stderr] warning: unused import: `crate::bus::Bus`
[INFO] [stderr]  --> src/cpu/cpu_operations_tests/register_ops.rs:1:5
[INFO] [stderr]   |
[INFO] [stderr] 1 | use crate::bus::Bus;
[INFO] [stderr]   |     ^^^^^^^^^^^^^^^
[INFO] [stderr] 
[INFO] [stderr] warning: unused import: `crate::bus::Bus`
[INFO] [stderr]  --> src/cpu/cpu_operations_tests/status_register.rs:1:5
[INFO] [stderr]   |
[INFO] [stderr] 1 | use crate::bus::Bus;
[INFO] [stderr]   |     ^^^^^^^^^^^^^^^
[INFO] [stderr] 
[INFO] [stderr] warning: unused import: `crate::cpu::CPU`
[INFO] [stderr]  --> src/cpu/cpu_operations_tests/status_register.rs:2:5
[INFO] [stderr]   |
[INFO] [stderr] 2 | use crate::cpu::CPU;
[INFO] [stderr]   |     ^^^^^^^^^^^^^^^
[INFO] [stderr] 
[INFO] [stderr] warning: unused import: `super::CPU`
[INFO] [stderr]  --> src/cpu/cpu_tests.rs:1:5
[INFO] [stderr]   |
[INFO] [stderr] 1 | use super::CPU;
[INFO] [stderr]   |     ^^^^^^^^^^
[INFO] [stderr] 
[INFO] [stderr] warning: unused import: `crate::bus::Bus`
[INFO] [stderr]  --> src/cpu/cpu_tests.rs:2:5
[INFO] [stderr]   |
[INFO] [stderr] 2 | use crate::bus::Bus;
[INFO] [stderr]   |     ^^^^^^^^^^^^^^^
[INFO] [stderr] 
[INFO] [stderr] warning: unused import: `super::super::CPU`
[INFO] [stderr]  --> src/cpu/mem_utils/counting_page_cross_for_cycles_test.rs:2:5
[INFO] [stderr]   |
[INFO] [stderr] 2 | use super::super::CPU;
[INFO] [stderr]   |     ^^^^^^^^^^^^^^^^^
[INFO] [stderr] 
[INFO] [stderr] warning: unused import: `crate::bus::Bus`
[INFO] [stderr]  --> src/cpu/mem_utils/counting_page_cross_for_cycles_test.rs:3:5
[INFO] [stderr]   |
[INFO] [stderr] 3 | use crate::bus::Bus;
[INFO] [stderr]   |     ^^^^^^^^^^^^^^^
[INFO] [stderr] 
[INFO] [stderr] warning: function `test_ppu_reg_mirroring` is never used
[INFO] [stderr]   --> src/bus/mem_tests.rs:48:4
[INFO] [stderr]    |
[INFO] [stderr] 48 | fn test_ppu_reg_mirroring() {
[INFO] [stderr]    |    ^^^^^^^^^^^^^^^^^^^^^^
[INFO] [stderr]    |
[INFO] [stderr]    = note: `#[warn(dead_code)]` on by default
[INFO] [stderr] 
[INFO] [stderr] warning: `nes_emulator` (lib test) generated 12 warnings (run `cargo fix --lib -p nes_emulator --tests` to apply 11 suggestions)
[INFO] [stderr] warning: unused import: `thread::sleep`
[INFO] [stderr]  --> nes_main/main.rs:1:11
[INFO] [stderr]   |
[INFO] [stderr] 1 | use std::{thread::sleep, time};
[INFO] [stderr]   |           ^^^^^^^^^^^^^
[INFO] [stderr]   |
[INFO] [stderr]   = note: `#[warn(unused_imports)]` on by default
[INFO] [stderr] 
[INFO] [stderr] warning: unused imports: `SCREEN_HEIGHT`, `SCREEN_WIDTH`, and `update_texture_from_frame`
[INFO] [stderr]  --> nes_main/main.rs:4:34
[INFO] [stderr]   |
[INFO] [stderr] 4 |     screen_rendering_constants::{SCREEN_HEIGHT, SCREEN_WIDTH},
[INFO] [stderr]   |                                  ^^^^^^^^^^^^^  ^^^^^^^^^^^^
[INFO] [stderr] 5 |     update_texture_from_frame, Frame,
[INFO] [stderr]   |     ^^^^^^^^^^^^^^^^^^^^^^^^^
[INFO] [stderr] 
[INFO] [stderr] warning: unused import: `generate_cpu`
[INFO] [stderr]  --> nes_main/main.rs:9:20
[INFO] [stderr]   |
[INFO] [stderr] 9 | use nes_emulator::{generate_cpu, generate_texture_canvas_event_pump};
[INFO] [stderr]   |                    ^^^^^^^^^^^^
[INFO] [stderr] 
[INFO] [stderr] warning: unused variable: `sleep_time`
[INFO] [stderr]   --> nes_main/main.rs:37:13
[INFO] [stderr]    |
[INFO] [stderr] 37 |         let sleep_time = time::Duration::from_secs_f64(0.001);
[INFO] [stderr]    |             ^^^^^^^^^^ help: if this is intentional, prefix it with an underscore: `_sleep_time`
[INFO] [stderr]    |
[INFO] [stderr]    = note: `#[warn(unused_variables)]` on by default
[INFO] [stderr] 
[INFO] [stderr] warning: `nes_emulator` (bin "nes_main" test) generated 4 warnings (run `cargo fix --bin "nes_main" --tests` to apply 3 suggestions)
[INFO] [stderr] warning: `nes_emulator` (bin "nes_main") generated 4 warnings (4 duplicates)
[INFO] [stderr]     Finished `test` profile [unoptimized + debuginfo] target(s) in 0.07s
[INFO] [stderr]      Running unittests src/lib.rs (/opt/rustwide/target/debug/deps/nes_emulator-ec62f3be9c67518b)
[INFO] [stdout] 
[INFO] [stdout] running 103 tests
[INFO] [stdout] test bus::ppu_memory_tests::test_access_ppu_memory_from_cpu ... ok
[INFO] [stdout] test bus::ppu_memory_tests::test_address_increment_on_ppu_data_read ... ok
[INFO] [stdout] test bus::ppu_memory_tests::test_horizontal_mirroring ... ok
[INFO] [stdout] test bus::ppu_memory_tests::test_vertical_mirroring ... ok
[INFO] [stdout] test bus::ppu_memory_tests::test_write_to_ppu_memory ... ok
[INFO] [stdout] test bus::ppu_registers::status_register::test_set_vblank_status ... ok
[INFO] [stdout] test bus::ppu_registers_tests::address_register::test_initialization ... ok
[INFO] [stdout] test bus::ppu_memory_tests::test_read_from_status_resets_latch ... ok
[INFO] [stdout] test bus::mem_tests::test_read_memory_2_bytes ... ok
[INFO] [stdout] test bus::ppu_registers_tests::address_register::test_mirroring ... ok
[INFO] [stdout] test bus::mem_tests::test_bus_memory_boundaries ... ok
[INFO] [stdout] test bus::ppu_registers_tests::address_register::test_writing_to_ppu_addr ... ok
[INFO] [stdout] test bus::mem_tests::test_cpu_ram_mirroring ... ok
[INFO] [stdout] test bus::ppu_registers_tests::control_register::test_get_vram_address_increment ... ok
[INFO] [stdout] test bus::ppu_registers_tests::control_register::test_read_and_write ... ok
[INFO] [stdout] test cpu::cpu_operations_tests::arithmetic_logic::ADC ... ok
[INFO] [stdout] test cpu::cpu_operations_tests::arithmetic_logic::ASL_accumulator ... ok
[INFO] [stdout] test cpu::cpu_operations_tests::arithmetic_logic::AND ... ok
[INFO] [stdout] test cpu::cpu_operations_tests::arithmetic_logic::BIT ... ok
[INFO] [stdout] test bus::ppu_registers_tests::address_register::write_while_resetting_latch ... ok
[INFO] [stdout] test cpu::cpu_operations_tests::arithmetic_logic::EOR ... ok
[INFO] [stdout] test bus::ppu_registers_tests::control_register::test_get_vblank_nmi ... ok
[INFO] [stdout] test cpu::cpu_operations_tests::arithmetic_logic::LSR_memory ... ok
[INFO] [stdout] test cpu::cpu_operations_tests::arithmetic_logic::ORA ... ok
[INFO] [stdout] test cpu::cpu_operations_tests::arithmetic_logic::ROL_accumulator ... ok
[INFO] [stdout] test cpu::cpu_operations_tests::arithmetic_logic::ROL_memory ... ok
[INFO] [stdout] test cpu::cpu_operations_tests::arithmetic_logic::ROR_accumulator ... ok
[INFO] [stdout] test cpu::cpu_operations_tests::arithmetic_logic::SBC ... ok
[INFO] [stdout] test cpu::cpu_operations_tests::arithmetic_logic::ROR_memory ... ok
[INFO] [stdout] test cpu::cpu_operations_tests::control_flow::BCC_and_BCS ... ok
[INFO] [stdout] test cpu::cpu_operations_tests::control_flow::BEQ_and_BNQ ... ok
[INFO] [stdout] test cpu::cpu_operations_tests::control_flow::BMI_and_BPL ... ok
[INFO] [stdout] test cpu::cpu_operations_tests::control_flow::BVC_and_BVS ... ok
[INFO] [stdout] test cpu::cpu_operations_tests::control_flow::JMP ... ok
[INFO] [stdout] test cpu::cpu_operations_tests::control_flow::JSR ... ok
[INFO] [stdout] test cpu::cpu_operations_tests::interrupts_nop_stack::NOP ... ok
[INFO] [stdout] test cpu::cpu_operations_tests::interrupts_nop_stack::PHA_and_PLA ... ok
[INFO] [stdout] test cpu::cpu_operations_tests::interrupts_nop_stack::PHP_and_PLP ... ok
[INFO] [stdout] test cpu::cpu_operations_tests::interrupts_nop_stack::RTI ... ok
[INFO] [stdout] test cpu::cpu_operations_tests::register_ops::CMP ... ok
[INFO] [stdout] test cpu::cpu_operations_tests::control_flow::RTS ... ok
[INFO] [stdout] test cpu::cpu_operations_tests::interrupts_nop_stack::BRK ... ok
[INFO] [stdout] test cpu::cpu_operations_tests::register_ops::CPX ... ok
[INFO] [stdout] test cpu::cpu_operations_tests::register_ops::DEC ... ok
[INFO] [stdout] test cpu::cpu_operations_tests::register_ops::CPY ... ok
[INFO] [stdout] test cpu::cpu_operations_tests::register_ops::DEX ... ok
[INFO] [stdout] test cpu::cpu_operations_tests::register_ops::INX ... ok
[INFO] [stdout] test cpu::cpu_operations_tests::register_ops::DEY ... ok
[INFO] [stdout] test cpu::cpu_operations_tests::register_ops::LDX ... ok
[INFO] [stdout] test cpu::cpu_operations_tests::register_ops::LDA ... ok
[INFO] [stdout] test cpu::cpu_operations_tests::register_ops::INC ... ok
[INFO] [stdout] test cpu::cpu_operations_tests::register_ops::INY ... ok
[INFO] [stdout] test cpu::cpu_operations_tests::register_ops::LDY ... ok
[INFO] [stdout] test cpu::cpu_operations_tests::register_ops::STA ... ok
[INFO] [stdout] test bus::ppu_registers_tests::address_register::test_read_last_value ... ok
[INFO] [stdout] test cpu::cpu_operations_tests::arithmetic_logic::ASL_memory ... ok
[INFO] [stdout] test cpu::cpu_operations_tests::arithmetic_logic::LSR_accumulator ... ok
[INFO] [stdout] test cpu::cpu_operations_tests::register_ops::STY ... ok
[INFO] [stdout] test cpu::cpu_operations_tests::register_ops::STX ... ok
[INFO] [stdout] test cpu::cpu_tests::get_status_b ... ok
[INFO] [stdout] test cpu::cpu_operations_tests::register_ops::test_transfer ... ok
[INFO] [stdout] test cpu::cpu_tests::get_status_d ... ok
[INFO] [stdout] test cpu::cpu_operations_tests::status_register::CLC_and_SEC ... ok
[INFO] [stdout] test cpu::cpu_operations_tests::status_register::CLD_and_SED ... ok
[INFO] [stdout] test cpu::cpu_operations_tests::status_register::CLI_and_SEI ... ok
[INFO] [stdout] test cpu::cpu_tests::get_status_c ... ok
[INFO] [stdout] test cpu::cpu_tests::get_status_i ... ok
[INFO] [stdout] test cpu::cpu_tests::get_status_n ... ok
[INFO] [stdout] test cpu::cpu_tests::get_status_v ... ok
[INFO] [stdout] test cpu::cpu_tests::nmi_attendance ... ok
[INFO] [stdout] test cpu::cpu_tests::get_status_z ... ok
[INFO] [stdout] test cpu::cpu_tests::set_negative_and_zero ... ok
[INFO] [stdout] test cpu::cpu_tests::set_status_c ... ok
[INFO] [stdout] test cpu::cpu_tests::set_status_i ... ok
[INFO] [stdout] test cpu::cpu_tests::set_status_z ... ok
[INFO] [stdout] test cpu::cpu_tests::stack_u16 ... ok
[INFO] [stdout] test cpu::cpu_tests::set_status_v ... ok
[INFO] [stdout] test cpu::cpu_tests::stack_u8 ... ok
[INFO] [stdout] test cpu::mem_utils::counting_page_cross_for_cycles_test::test_page_cross_detection_absolute_x ... ok
[INFO] [stdout] test cpu::mem_utils::counting_page_cross_for_cycles_test::test_page_cross_detection_absolute_y ... ok
[INFO] [stdout] test cpu::mem_utils::counting_page_cross_for_cycles_test::test_page_cross_detection_indirect_y ... ok
[INFO] [stdout] test cpu::mem_utils::mem_tests::mod_to_mem_indirect_x ... ok
[INFO] [stdout] test cpu::cpu_tests::new ... ok
[INFO] [stdout] test cpu::cpu_tests::set_status_d ... ok
[INFO] [stdout] test cpu::cpu_tests::set_status_n ... ok
[INFO] [stdout] test cpu::mem_utils::counting_page_cross_for_cycles_test::test_page_cross ... ok
[INFO] [stdout] test cpu::cpu_operations_tests::status_register::CLV ... ok
[INFO] [stdout] test cpu::mem_utils::mem_tests::mode_to_mem_absolute ... ok
[INFO] [stdout] test cpu::mem_utils::mem_tests::mode_to_mem_absolute_x ... ok
[INFO] [stdout] test cpu::mem_utils::mem_tests::mode_to_mem_addr_immediate ... ok
[INFO] [stdout] test cpu::mem_utils::mem_tests::mod_to_mem_indirect_y ... ok
[INFO] [stdout] test cpu::mem_utils::mem_tests::mode_to_mem_addr_zeropage ... ok
[INFO] [stdout] test cpu::mem_utils::mem_tests::mode_to_mem_indirect ... ok
[INFO] [stdout] test cpu::mem_utils::mem_tests::mode_to_mem_relative ... ok
[INFO] [stdout] test cpu::mem_utils::mem_tests::mode_to_mem_zeropage_y ... ok
[INFO] [stdout] test cpu::mem_utils::mem_tests::mode_to_mem_zeropage_x ... ok
[INFO] [stdout] test cpu::mem_utils::mem_tests::test_write_memory_zeropage ... ok
[INFO] [stdout] test cpu::mem_utils::mem_tests::test_read_memory_zeropage ... ok
[INFO] [stdout] test cpu::mem_utils::mem_tests::mode_to_mem_absolute_y ... ok
[INFO] [stdout] test bus::mem_tests::test_memory_retrieval ... ok
[INFO] [stdout] test cpu::mem_utils::mem_tests::test_read_memory_2_bytes ... ok
[INFO] [stdout] test cpu::cpu_tests::panic_new - should panic ... ok
[INFO] [stdout] test cpu::mem_utils::mem_tests::test_memory_violation - should panic ... ok
[INFO] [stdout] 
[INFO] [stdout] test result: ok. 103 passed; 0 failed; 0 ignored; 0 measured; 0 filtered out; finished in 0.14s
[INFO] [stdout] 
[INFO] [stderr]      Running unittests snake_game/snake_game.rs (/opt/rustwide/target/debug/deps/SNAKE-aa31323855370f83)
[INFO] [stdout] 
[INFO] [stdout] running 0 tests
[INFO] [stdout] 
[INFO] [stdout] test result: ok. 0 passed; 0 failed; 0 ignored; 0 measured; 0 filtered out; finished in 0.00s
[INFO] [stdout] 
[INFO] [stderr]      Running unittests nes_main/main.rs (/opt/rustwide/target/debug/deps/nes_main-f0f9cd3d01dfba7c)
[INFO] [stdout] 
[INFO] [stdout] running 0 tests
[INFO] [stdout] 
[INFO] [stdout] test result: ok. 0 passed; 0 failed; 0 ignored; 0 measured; 0 filtered out; finished in 0.00s
[INFO] [stdout] 
[INFO] [stderr]      Running tests/compare_logs.rs (/opt/rustwide/target/debug/deps/compare_logs-75c6869b4a2bc40d)
[INFO] [stdout] 
[INFO] [stdout] running 1 test
[INFO] [stdout] test compare::create_and_compare_logs ... FAILED
[INFO] [stdout] 
[INFO] [stdout] failures:
[INFO] [stdout] 
[INFO] [stdout] ---- compare::create_and_compare_logs stdout ----
[INFO] [stdout] thread 'compare::create_and_compare_logs' panicked at tests/compare_logs.rs:84:40:
[INFO] [stdout] called `Result::unwrap()` on an `Err` value: Os { code: 30, kind: ReadOnlyFilesystem, message: "Read-only file system" }
[INFO] [stdout] stack backtrace:
[INFO] [stdout]    0:     0x613fe9bd558a - std::backtrace_rs::backtrace::libunwind::trace::h8810477743020387
[INFO] [stdout]                                at /rustc/202008a1b8de96d2e5b6bc02d379db03a877d34d/library/std/src/../../backtrace/src/backtrace/libunwind.rs:116:5
[INFO] [stdout]    1:     0x613fe9bd558a - std::backtrace_rs::backtrace::trace_unsynchronized::h3aa55355dd6c54a6
[INFO] [stdout]                                at /rustc/202008a1b8de96d2e5b6bc02d379db03a877d34d/library/std/src/../../backtrace/src/backtrace/mod.rs:66:5
[INFO] [stdout]    2:     0x613fe9bd558a - std::sys::backtrace::_print_fmt::h8588b0f62410823f
[INFO] [stdout]                                at /rustc/202008a1b8de96d2e5b6bc02d379db03a877d34d/library/std/src/sys/backtrace.rs:66:9
[INFO] [stdout]    3:     0x613fe9bd558a - <std::sys::backtrace::BacktraceLock::print::DisplayBacktrace as core::fmt::Display>::fmt::h98c26ac25ffe89bb
[INFO] [stdout]                                at /rustc/202008a1b8de96d2e5b6bc02d379db03a877d34d/library/std/src/sys/backtrace.rs:39:26
[INFO] [stdout]    4:     0x613fe9bfb5a3 - core::fmt::rt::Argument::fmt::hf95377f4aebd453b
[INFO] [stdout]                                at /rustc/202008a1b8de96d2e5b6bc02d379db03a877d34d/library/core/src/fmt/rt.rs:177:76
[INFO] [stdout]    5:     0x613fe9bfb5a3 - core::fmt::write::h0dd5f6e2238c7982
[INFO] [stdout]                                at /rustc/202008a1b8de96d2e5b6bc02d379db03a877d34d/library/core/src/fmt/mod.rs:1189:21
[INFO] [stdout]    6:     0x613fe9bd2553 - std::io::Write::write_fmt::h03bb0ca26e6faf8c
[INFO] [stdout]                                at /rustc/202008a1b8de96d2e5b6bc02d379db03a877d34d/library/std/src/io/mod.rs:1884:15
[INFO] [stdout]    7:     0x613fe9bd53d2 - std::sys::backtrace::BacktraceLock::print::h5c19c1c038ee186d
[INFO] [stdout]                                at /rustc/202008a1b8de96d2e5b6bc02d379db03a877d34d/library/std/src/sys/backtrace.rs:42:9
[INFO] [stdout]    8:     0x613fe9bd6a0d - std::panicking::default_hook::{{closure}}::h77172f079a1fcb13
[INFO] [stdout]                                at /rustc/202008a1b8de96d2e5b6bc02d379db03a877d34d/library/std/src/panicking.rs:268:22
[INFO] [stdout]    9:     0x613fe9bd6817 - std::panicking::default_hook::he5f8e3b203ccddba
[INFO] [stdout]                                at /rustc/202008a1b8de96d2e5b6bc02d379db03a877d34d/library/std/src/panicking.rs:292:9
[INFO] [stdout]   10:     0x613fe9902e57 - <alloc::boxed::Box<F,A> as core::ops::function::Fn<Args>>::call::h7a3c7b4a1ae77f2f
[INFO] [stdout]                                at /rustc/202008a1b8de96d2e5b6bc02d379db03a877d34d/library/alloc/src/boxed.rs:1986:9
[INFO] [stdout]   11:     0x613fe9902e57 - test::test_main::{{closure}}::hf0d3b69ae9b353d1
[INFO] [stdout]                                at /rustc/202008a1b8de96d2e5b6bc02d379db03a877d34d/library/test/src/lib.rs:134:21
[INFO] [stdout]   12:     0x613fe9bd70b8 - <alloc::boxed::Box<F,A> as core::ops::function::Fn<Args>>::call::h6332e82e7b189abd
[INFO] [stdout]                                at /rustc/202008a1b8de96d2e5b6bc02d379db03a877d34d/library/alloc/src/boxed.rs:1986:9
[INFO] [stdout]   13:     0x613fe9bd70b8 - std::panicking::rust_panic_with_hook::h53863d4e9018df39
[INFO] [stdout]                                at /rustc/202008a1b8de96d2e5b6bc02d379db03a877d34d/library/std/src/panicking.rs:809:13
[INFO] [stdout]   14:     0x613fe9bd6e7a - std::panicking::begin_panic_handler::{{closure}}::h67280e6fa0757873
[INFO] [stdout]                                at /rustc/202008a1b8de96d2e5b6bc02d379db03a877d34d/library/std/src/panicking.rs:674:13
[INFO] [stdout]   15:     0x613fe9bd5a69 - std::sys::backtrace::__rust_end_short_backtrace::h1dac3f54d6fbbeb2
[INFO] [stdout]                                at /rustc/202008a1b8de96d2e5b6bc02d379db03a877d34d/library/std/src/sys/backtrace.rs:170:18
[INFO] [stdout]   16:     0x613fe9bd6b0c - rust_begin_unwind
[INFO] [stdout]                                at /rustc/202008a1b8de96d2e5b6bc02d379db03a877d34d/library/std/src/panicking.rs:665:5
[INFO] [stdout]   17:     0x613fe98bc180 - core::panicking::panic_fmt::h6792bd1b2bf01041
[INFO] [stdout]                                at /rustc/202008a1b8de96d2e5b6bc02d379db03a877d34d/library/core/src/panicking.rs:76:14
[INFO] [stdout]   18:     0x613fe98bc606 - core::result::unwrap_failed::h05e0602ed34287c5
[INFO] [stdout]                                at /rustc/202008a1b8de96d2e5b6bc02d379db03a877d34d/library/core/src/result.rs:1699:5
[INFO] [stdout]   19:     0x613fe98c94a8 - core::result::Result<T,E>::unwrap::h945c8bd8831e8e1d
[INFO] [stdout]                                at /rustc/202008a1b8de96d2e5b6bc02d379db03a877d34d/library/core/src/result.rs:1104:23
[INFO] [stdout]   20:     0x613fe98c94a8 - compare_logs::generate_cpu_logs::run_and_log_all::h020de6fb7570c876
[INFO] [stdout]                                at /opt/rustwide/workdir/tests/compare_logs.rs:84:9
[INFO] [stdout]   21:     0x613fe98c3d4a - compare_logs::compare::create_and_compare_logs::h0e6df828c9c0241a
[INFO] [stdout]                                at /opt/rustwide/workdir/tests/compare_logs.rs:157:9
[INFO] [stdout]   22:     0x613fe98c3b27 - compare_logs::compare::create_and_compare_logs::{{closure}}::h7813dda19e5700a7
[INFO] [stdout]                                at /opt/rustwide/workdir/tests/compare_logs.rs:156:37
[INFO] [stdout]   23:     0x613fe98c5ed6 - core::ops::function::FnOnce::call_once::h1895a692ec0296f9
[INFO] [stdout]                                at /rustc/202008a1b8de96d2e5b6bc02d379db03a877d34d/library/core/src/ops/function.rs:250:5
[INFO] [stdout]   24:     0x613fe990797b - core::ops::function::FnOnce::call_once::h871bf86719ec9aa4
[INFO] [stdout]                                at /rustc/202008a1b8de96d2e5b6bc02d379db03a877d34d/library/core/src/ops/function.rs:250:5
[INFO] [stdout]   25:     0x613fe990797b - test::__rust_begin_short_backtrace::h2167df1e2b7d76fd
[INFO] [stdout]                                at /rustc/202008a1b8de96d2e5b6bc02d379db03a877d34d/library/test/src/lib.rs:632:18
[INFO] [stdout]   26:     0x613fe9907368 - test::run_test_in_process::{{closure}}::h15d92f75a3adfb79
[INFO] [stdout]                                at /rustc/202008a1b8de96d2e5b6bc02d379db03a877d34d/library/test/src/lib.rs:655:60
[INFO] [stdout]   27:     0x613fe9907368 - <core::panic::unwind_safe::AssertUnwindSafe<F> as core::ops::function::FnOnce<()>>::call_once::hb6c8955835a8dbbb
[INFO] [stdout]                                at /rustc/202008a1b8de96d2e5b6bc02d379db03a877d34d/library/core/src/panic/unwind_safe.rs:272:9
[INFO] [stdout]   28:     0x613fe9907368 - std::panicking::try::do_call::hc79d0fc888a0bd30
[INFO] [stdout]                                at /rustc/202008a1b8de96d2e5b6bc02d379db03a877d34d/library/std/src/panicking.rs:557:40
[INFO] [stdout]   29:     0x613fe9907368 - std::panicking::try::hb8a7878e3a8589d6
[INFO] [stdout]                                at /rustc/202008a1b8de96d2e5b6bc02d379db03a877d34d/library/std/src/panicking.rs:520:19
[INFO] [stdout]   30:     0x613fe9907368 - std::panic::catch_unwind::hb8e4600ff0ff5cfa
[INFO] [stdout]                                at /rustc/202008a1b8de96d2e5b6bc02d379db03a877d34d/library/std/src/panic.rs:358:14
[INFO] [stdout]   31:     0x613fe9907368 - test::run_test_in_process::hc2900b0b18688dd6
[INFO] [stdout]                                at /rustc/202008a1b8de96d2e5b6bc02d379db03a877d34d/library/test/src/lib.rs:655:27
[INFO] [stdout]   32:     0x613fe9907368 - test::run_test::{{closure}}::hac2a9cb07be3d48d
[INFO] [stdout]                                at /rustc/202008a1b8de96d2e5b6bc02d379db03a877d34d/library/test/src/lib.rs:576:43
[INFO] [stdout]   33:     0x613fe98cae0a - test::run_test::{{closure}}::h4a5b729e66a38cd8
[INFO] [stdout]                                at /rustc/202008a1b8de96d2e5b6bc02d379db03a877d34d/library/test/src/lib.rs:606:41
[INFO] [stdout]   34:     0x613fe98cae0a - std::sys::backtrace::__rust_begin_short_backtrace::h0496fb742492f573
[INFO] [stdout]                                at /rustc/202008a1b8de96d2e5b6bc02d379db03a877d34d/library/std/src/sys/backtrace.rs:154:18
[INFO] [stdout]   35:     0x613fe98ce784 - std::thread::Builder::spawn_unchecked_::{{closure}}::{{closure}}::hbb6d257c550a54bd
[INFO] [stdout]                                at /rustc/202008a1b8de96d2e5b6bc02d379db03a877d34d/library/std/src/thread/mod.rs:561:17
[INFO] [stdout]   36:     0x613fe98ce784 - <core::panic::unwind_safe::AssertUnwindSafe<F> as core::ops::function::FnOnce<()>>::call_once::h46696fe4a6832328
[INFO] [stdout]                                at /rustc/202008a1b8de96d2e5b6bc02d379db03a877d34d/library/core/src/panic/unwind_safe.rs:272:9
[INFO] [stdout]   37:     0x613fe98ce784 - std::panicking::try::do_call::h2625a51b667bfb64
[INFO] [stdout]                                at /rustc/202008a1b8de96d2e5b6bc02d379db03a877d34d/library/std/src/panicking.rs:557:40
[INFO] [stdout]   38:     0x613fe98ce784 - std::panicking::try::hb956a59a1973aa4c
[INFO] [stdout]                                at /rustc/202008a1b8de96d2e5b6bc02d379db03a877d34d/library/std/src/panicking.rs:520:19
[INFO] [stdout]   39:     0x613fe98ce784 - std::panic::catch_unwind::h64f3b9d1067ef6a0
[INFO] [stdout]                                at /rustc/202008a1b8de96d2e5b6bc02d379db03a877d34d/library/std/src/panic.rs:358:14
[INFO] [stdout]   40:     0x613fe98ce784 - std::thread::Builder::spawn_unchecked_::{{closure}}::h42b2841295b6c0b2
[INFO] [stdout]                                at /rustc/202008a1b8de96d2e5b6bc02d379db03a877d34d/library/std/src/thread/mod.rs:559:30
[INFO] [stdout]   41:     0x613fe98ce784 - core::ops::function::FnOnce::call_once{{vtable.shim}}::h6127de71b8124639
[INFO] [stdout]                                at /rustc/202008a1b8de96d2e5b6bc02d379db03a877d34d/library/core/src/ops/function.rs:250:5
[INFO] [stdout]   42:     0x613fe9bdb00b - <alloc::boxed::Box<F,A> as core::ops::function::FnOnce<Args>>::call_once::h42f0ba71002a1b2c
[INFO] [stdout]                                at /rustc/202008a1b8de96d2e5b6bc02d379db03a877d34d/library/alloc/src/boxed.rs:1972:9
[INFO] [stdout]   43:     0x613fe9bdb00b - <alloc::boxed::Box<F,A> as core::ops::function::FnOnce<Args>>::call_once::had9e47d7a3dcecb8
[INFO] [stdout]                                at /rustc/202008a1b8de96d2e5b6bc02d379db03a877d34d/library/alloc/src/boxed.rs:1972:9
[INFO] [stdout]   44:     0x613fe9bdb00b - std::sys::pal::unix::thread::Thread::new::thread_start::h48cf765408f6f5f2
[INFO] [stdout]                                at /rustc/202008a1b8de96d2e5b6bc02d379db03a877d34d/library/std/src/sys/pal/unix/thread.rs:105:17
[INFO] [stdout]   45:     0x71ec829f4ac3 - <unknown>
[INFO] [stdout]   46:     0x71ec82a85a04 - clone
[INFO] [stdout]   47:                0x0 - <unknown>
[INFO] [stdout] 
[INFO] [stdout] 
[INFO] [stdout] failures:
[INFO] [stdout]     compare::create_and_compare_logs
[INFO] [stdout] 
[INFO] [stdout] test result: FAILED. 0 passed; 1 failed; 0 ignored; 0 measured; 0 filtered out; finished in 0.04s
[INFO] [stdout] 
[INFO] [stderr] error: test failed, to rerun pass `--test compare_logs`
[INFO] running `Command { std: "docker" "inspect" "c9683db20a0e266c29fdff75fc4767c308d986fe64dfd2ec7a7b98bfbef56b29", kill_on_drop: false }`
[INFO] running `Command { std: "docker" "rm" "-f" "c9683db20a0e266c29fdff75fc4767c308d986fe64dfd2ec7a7b98bfbef56b29", kill_on_drop: false }`
[INFO] [stdout] c9683db20a0e266c29fdff75fc4767c308d986fe64dfd2ec7a7b98bfbef56b29
