[INFO] cloning repository https://github.com/miniluz/nesluz
[INFO] running `Command { std: "git" "-c" "credential.helper=" "-c" "credential.helper=/workspace/cargo-home/bin/git-credential-null" "clone" "--bare" "https://github.com/miniluz/nesluz" "/workspace/cache/git-repos/https%3A%2F%2Fgithub.com%2Fminiluz%2Fnesluz", kill_on_drop: false }`
[INFO] [stderr] Cloning into bare repository '/workspace/cache/git-repos/https%3A%2F%2Fgithub.com%2Fminiluz%2Fnesluz'...
[INFO] running `Command { std: "git" "rev-parse" "HEAD", kill_on_drop: false }`
[INFO] [stdout] 110646e8f40991468e9709fa04af04e584e0137b
[INFO] testing miniluz/nesluz against beta-2024-12-08 for beta-1.84.0-4-retry
[INFO] running `Command { std: "git" "clone" "/workspace/cache/git-repos/https%3A%2F%2Fgithub.com%2Fminiluz%2Fnesluz" "/workspace/builds/worker-1-tc2/source", kill_on_drop: false }`
[INFO] [stderr] Cloning into '/workspace/builds/worker-1-tc2/source'...
[INFO] [stderr] done.
[INFO] validating manifest of git repo https://github.com/miniluz/nesluz on toolchain beta-2024-12-08
[INFO] running `Command { std: CARGO_HOME="/workspace/cargo-home" RUSTUP_HOME="/workspace/rustup-home" "/workspace/cargo-home/bin/cargo" "+beta-2024-12-08" "metadata" "--manifest-path" "Cargo.toml" "--no-deps", kill_on_drop: false }`
[INFO] started tweaking git repo https://github.com/miniluz/nesluz
[INFO] finished tweaking git repo https://github.com/miniluz/nesluz
[INFO] tweaked toml for git repo https://github.com/miniluz/nesluz written to /workspace/builds/worker-1-tc2/source/Cargo.toml
[INFO] crate git repo https://github.com/miniluz/nesluz already has a lockfile, it will not be regenerated
[INFO] running `Command { std: CARGO_HOME="/workspace/cargo-home" RUSTUP_HOME="/workspace/rustup-home" "/workspace/cargo-home/bin/cargo" "+beta-2024-12-08" "fetch" "--manifest-path" "Cargo.toml", kill_on_drop: false }`
[INFO] running `Command { std: "docker" "create" "-v" "/var/lib/crater-agent-workspace/builds/worker-1-tc2/target:/opt/rustwide/target:rw,Z" "-v" "/var/lib/crater-agent-workspace/builds/worker-1-tc2/source:/opt/rustwide/workdir:ro,Z" "-v" "/var/lib/crater-agent-workspace/cargo-home:/opt/rustwide/cargo-home:ro,Z" "-v" "/var/lib/crater-agent-workspace/rustup-home:/opt/rustwide/rustup-home:ro,Z" "-e" "SOURCE_DIR=/opt/rustwide/workdir" "-e" "CARGO_TARGET_DIR=/opt/rustwide/target" "-e" "CARGO_HOME=/opt/rustwide/cargo-home" "-e" "RUSTUP_HOME=/opt/rustwide/rustup-home" "-w" "/opt/rustwide/workdir" "-m" "1610612736" "--user" "0:0" "--network" "none" "ghcr.io/rust-lang/crates-build-env/linux@sha256:f3a9d4ad9d972b27faf3965f35b62e55ba32bbce8f20bc8fe909558a86702fde" "/opt/rustwide/cargo-home/bin/cargo" "+beta-2024-12-08" "metadata" "--no-deps" "--format-version=1", kill_on_drop: false }`
[INFO] [stdout] 50248a967b722543da5a4b8f75ebf41929aa37b0fd6dbaa5cc55582ccbabbaf4
[INFO] running `Command { std: "docker" "start" "-a" "50248a967b722543da5a4b8f75ebf41929aa37b0fd6dbaa5cc55582ccbabbaf4", kill_on_drop: false }`
[INFO] running `Command { std: "docker" "inspect" "50248a967b722543da5a4b8f75ebf41929aa37b0fd6dbaa5cc55582ccbabbaf4", kill_on_drop: false }`
[INFO] running `Command { std: "docker" "rm" "-f" "50248a967b722543da5a4b8f75ebf41929aa37b0fd6dbaa5cc55582ccbabbaf4", kill_on_drop: false }`
[INFO] [stdout] 50248a967b722543da5a4b8f75ebf41929aa37b0fd6dbaa5cc55582ccbabbaf4
[INFO] running `Command { std: "docker" "create" "-v" "/var/lib/crater-agent-workspace/builds/worker-1-tc2/target:/opt/rustwide/target:rw,Z" "-v" "/var/lib/crater-agent-workspace/builds/worker-1-tc2/source:/opt/rustwide/workdir:ro,Z" "-v" "/var/lib/crater-agent-workspace/cargo-home:/opt/rustwide/cargo-home:ro,Z" "-v" "/var/lib/crater-agent-workspace/rustup-home:/opt/rustwide/rustup-home:ro,Z" "-e" "SOURCE_DIR=/opt/rustwide/workdir" "-e" "CARGO_TARGET_DIR=/opt/rustwide/target" "-e" "CARGO_INCREMENTAL=0" "-e" "RUST_BACKTRACE=full" "-e" "RUSTFLAGS=--cap-lints=warn" "-e" "RUSTDOCFLAGS=--cap-lints=warn" "-e" "CARGO_HOME=/opt/rustwide/cargo-home" "-e" "RUSTUP_HOME=/opt/rustwide/rustup-home" "-w" "/opt/rustwide/workdir" "-m" "1610612736" "--user" "0:0" "--network" "none" "ghcr.io/rust-lang/crates-build-env/linux@sha256:f3a9d4ad9d972b27faf3965f35b62e55ba32bbce8f20bc8fe909558a86702fde" "/opt/rustwide/cargo-home/bin/cargo" "+beta-2024-12-08" "build" "--frozen" "--message-format=json", kill_on_drop: false }`
[INFO] [stdout] b531f445e0ee51923bed02d4616215859a1bdabf59d84bafb7abc07a61e5e6b6
[INFO] running `Command { std: "docker" "start" "-a" "b531f445e0ee51923bed02d4616215859a1bdabf59d84bafb7abc07a61e5e6b6", kill_on_drop: false }`
[INFO] [stderr]    Compiling proc-macro2 v1.0.69
[INFO] [stderr]    Compiling unicode-ident v1.0.12
[INFO] [stderr]    Compiling once_cell v1.18.0
[INFO] [stderr]    Compiling libc v0.2.150
[INFO] [stderr]    Compiling ident_case v1.0.1
[INFO] [stderr]    Compiling pin-project-lite v0.2.13
[INFO] [stderr]    Compiling strsim v0.10.0
[INFO] [stderr]    Compiling eyre v0.6.8
[INFO] [stderr]    Compiling gimli v0.28.0
[INFO] [stderr]    Compiling adler v1.0.2
[INFO] [stderr]    Compiling thiserror v1.0.50
[INFO] [stderr]    Compiling memchr v2.6.4
[INFO] [stderr]    Compiling indenter v0.3.3
[INFO] [stderr]    Compiling sharded-slab v0.1.7
[INFO] [stderr]    Compiling owo-colors v3.5.0
[INFO] [stderr]    Compiling rustc-demangle v0.1.23
[INFO] [stderr]    Compiling miniz_oxide v0.7.1
[INFO] [stderr]    Compiling tracing-core v0.1.32
[INFO] [stderr]    Compiling thread_local v1.1.7
[INFO] [stderr]    Compiling object v0.32.1
[INFO] [stderr]    Compiling tracing v0.1.40
[INFO] [stderr]    Compiling quote v1.0.33
[INFO] [stderr]    Compiling syn v2.0.39
[INFO] [stderr]    Compiling tracing-subscriber v0.3.17
[INFO] [stderr]    Compiling cc v1.0.83
[INFO] [stderr]    Compiling tracing-error v0.2.0
[INFO] [stderr]    Compiling color-spantrace v0.2.0
[INFO] [stderr]    Compiling backtrace v0.3.69
[INFO] [stderr]    Compiling addr2line v0.21.0
[INFO] [stderr]    Compiling darling_core v0.20.3
[INFO] [stderr]    Compiling color-eyre v0.6.2
[INFO] [stderr]    Compiling thiserror-impl v1.0.50
[INFO] [stderr]    Compiling darling_macro v0.20.3
[INFO] [stderr]    Compiling darling v0.20.3
[INFO] [stderr]    Compiling derives v0.1.0 (/opt/rustwide/workdir/derives)
[INFO] [stdout] warning: field `ident` is never read
[INFO] [stdout]  --> derives/src/addressing_enum/parse_enum.rs:6:9
[INFO] [stdout]   |
[INFO] [stdout] 5 | pub struct Enum {
[INFO] [stdout]   |            ---- field in this struct
[INFO] [stdout] 6 |     pub ident: Ident,
[INFO] [stdout]   |         ^^^^^
[INFO] [stdout]   |
[INFO] [stdout]   = note: `#[warn(dead_code)]` on by default
[INFO] [stdout] 
[INFO] [stdout] 
[INFO] [stderr]    Compiling nesluz v0.1.0 (/opt/rustwide/workdir)
[INFO] [stderr]     Finished `dev` profile [unoptimized + debuginfo] target(s) in 16.15s
[INFO] running `Command { std: "docker" "inspect" "b531f445e0ee51923bed02d4616215859a1bdabf59d84bafb7abc07a61e5e6b6", kill_on_drop: false }`
[INFO] running `Command { std: "docker" "rm" "-f" "b531f445e0ee51923bed02d4616215859a1bdabf59d84bafb7abc07a61e5e6b6", kill_on_drop: false }`
[INFO] [stdout] b531f445e0ee51923bed02d4616215859a1bdabf59d84bafb7abc07a61e5e6b6
[INFO] running `Command { std: "docker" "create" "-v" "/var/lib/crater-agent-workspace/builds/worker-1-tc2/target:/opt/rustwide/target:rw,Z" "-v" "/var/lib/crater-agent-workspace/builds/worker-1-tc2/source:/opt/rustwide/workdir:ro,Z" "-v" "/var/lib/crater-agent-workspace/cargo-home:/opt/rustwide/cargo-home:ro,Z" "-v" "/var/lib/crater-agent-workspace/rustup-home:/opt/rustwide/rustup-home:ro,Z" "-e" "SOURCE_DIR=/opt/rustwide/workdir" "-e" "CARGO_TARGET_DIR=/opt/rustwide/target" "-e" "CARGO_INCREMENTAL=0" "-e" "RUST_BACKTRACE=full" "-e" "RUSTFLAGS=--cap-lints=warn" "-e" "RUSTDOCFLAGS=--cap-lints=warn" "-e" "CARGO_HOME=/opt/rustwide/cargo-home" "-e" "RUSTUP_HOME=/opt/rustwide/rustup-home" "-w" "/opt/rustwide/workdir" "-m" "1610612736" "--user" "0:0" "--network" "none" "ghcr.io/rust-lang/crates-build-env/linux@sha256:f3a9d4ad9d972b27faf3965f35b62e55ba32bbce8f20bc8fe909558a86702fde" "/opt/rustwide/cargo-home/bin/cargo" "+beta-2024-12-08" "test" "--frozen" "--no-run" "--message-format=json", kill_on_drop: false }`
[INFO] [stdout] a56b05e8ce0e0957977e8256d841f6696a950b6812a5947b63e92f1692d7c89d
[INFO] running `Command { std: "docker" "start" "-a" "a56b05e8ce0e0957977e8256d841f6696a950b6812a5947b63e92f1692d7c89d", kill_on_drop: false }`
[INFO] [stdout] warning: field `ident` is never read
[INFO] [stdout]  --> derives/src/addressing_enum/parse_enum.rs:6:9
[INFO] [stdout]   |
[INFO] [stdout] 5 | pub struct Enum {
[INFO] [stdout]   |            ---- field in this struct
[INFO] [stdout] 6 |     pub ident: Ident,
[INFO] [stdout]   |         ^^^^^
[INFO] [stdout]   |
[INFO] [stdout]   = note: `#[warn(dead_code)]` on by default
[INFO] [stdout] 
[INFO] [stdout] 
[INFO] [stderr]    Compiling nesluz v0.1.0 (/opt/rustwide/workdir)
[INFO] [stderr]     Finished `test` profile [unoptimized + debuginfo] target(s) in 1.28s
[INFO] running `Command { std: "docker" "inspect" "a56b05e8ce0e0957977e8256d841f6696a950b6812a5947b63e92f1692d7c89d", kill_on_drop: false }`
[INFO] running `Command { std: "docker" "rm" "-f" "a56b05e8ce0e0957977e8256d841f6696a950b6812a5947b63e92f1692d7c89d", kill_on_drop: false }`
[INFO] [stdout] a56b05e8ce0e0957977e8256d841f6696a950b6812a5947b63e92f1692d7c89d
[INFO] running `Command { std: "docker" "create" "-v" "/var/lib/crater-agent-workspace/builds/worker-1-tc2/target:/opt/rustwide/target:rw,Z" "-v" "/var/lib/crater-agent-workspace/builds/worker-1-tc2/source:/opt/rustwide/workdir:ro,Z" "-v" "/var/lib/crater-agent-workspace/cargo-home:/opt/rustwide/cargo-home:ro,Z" "-v" "/var/lib/crater-agent-workspace/rustup-home:/opt/rustwide/rustup-home:ro,Z" "-e" "SOURCE_DIR=/opt/rustwide/workdir" "-e" "CARGO_TARGET_DIR=/opt/rustwide/target" "-e" "CARGO_INCREMENTAL=0" "-e" "RUST_BACKTRACE=full" "-e" "RUSTFLAGS=--cap-lints=warn" "-e" "RUSTDOCFLAGS=--cap-lints=warn" "-e" "CARGO_HOME=/opt/rustwide/cargo-home" "-e" "RUSTUP_HOME=/opt/rustwide/rustup-home" "-w" "/opt/rustwide/workdir" "-m" "1610612736" "--user" "0:0" "--network" "none" "ghcr.io/rust-lang/crates-build-env/linux@sha256:f3a9d4ad9d972b27faf3965f35b62e55ba32bbce8f20bc8fe909558a86702fde" "/opt/rustwide/cargo-home/bin/cargo" "+beta-2024-12-08" "test" "--frozen", kill_on_drop: false }`
[INFO] [stdout] 1d33afea23f1df7df3a75ed1152d4c7ccc10877217ba32768e32361c232e2c9f
[INFO] running `Command { std: "docker" "start" "-a" "1d33afea23f1df7df3a75ed1152d4c7ccc10877217ba32768e32361c232e2c9f", kill_on_drop: false }`
[INFO] [stderr] warning: field `ident` is never read
[INFO] [stderr]  --> derives/src/addressing_enum/parse_enum.rs:6:9
[INFO] [stderr]   |
[INFO] [stderr] 5 | pub struct Enum {
[INFO] [stderr]   |            ---- field in this struct
[INFO] [stderr] 6 |     pub ident: Ident,
[INFO] [stderr]   |         ^^^^^
[INFO] [stderr]   |
[INFO] [stderr]   = note: `#[warn(dead_code)]` on by default
[INFO] [stderr] 
[INFO] [stderr] warning: `derives` (lib) generated 1 warning
[INFO] [stderr]     Finished `test` profile [unoptimized + debuginfo] target(s) in 0.05s
[INFO] [stderr]      Running unittests src/main.rs (/opt/rustwide/target/debug/deps/nesluz-5aa3a7c0985017c0)
[INFO] [stdout] 
[INFO] [stdout] running 79 tests
[INFO] [stdout] test cpu::instruction::tests::adc_absolute ... ok
[INFO] [stdout] test cpu::instruction::tests::and_absolute ... ok
[INFO] [stdout] test cpu::instruction::tests::adc_absolute_y ... ok
[INFO] [stdout] test cpu::instruction::tests::adc_immediate ... ok
[INFO] [stdout] test cpu::instruction::tests::adc_indirect_y ... ok
[INFO] [stdout] test cpu::instruction::tests::and_indirect_y ... ok
[INFO] [stdout] test cpu::instruction::tests::and_immediate ... ok
[INFO] [stdout] test cpu::instruction::tests::asl_zero_page_x ... ok
[INFO] [stdout] test cpu::instruction::tests::adc_zero_page ... ok
[INFO] [stdout] test cpu::instruction::tests::adc_indirect_x ... ok
[INFO] [stdout] test cpu::instruction::tests::and_absolute_x ... ok
[INFO] [stdout] test cpu::instruction::tests::and_absolute_y ... ok
[INFO] [stdout] test cpu::instruction::tests::asl_accumulator ... ok
[INFO] [stdout] test cpu::instruction::tests::and_zero_page_x ... ok
[INFO] [stdout] test cpu::instruction::tests::asl_absolute ... ok
[INFO] [stdout] test cpu::instruction::tests::asl_absolute_x ... ok
[INFO] [stdout] test cpu::instruction::tests::asl_zero_page ... ok
[INFO] [stdout] test cpu::instruction::tests::and_indirect_x ... ok
[INFO] [stdout] test cpu::instruction::tests::adc_zero_page_x ... ok
[INFO] [stdout] test cpu::instruction::tests::adc_absolute_x ... ok
[INFO] [stdout] test cpu::instruction::tests::and_zero_page ... ok
[INFO] [stdout] test cpu::instruction::tests::bit_absolute ... ok
[INFO] [stdout] test cpu::instruction::tests::bne ... ok
[INFO] [stdout] test cpu::instruction::tests::clc ... ok
[INFO] [stdout] test cpu::instruction::tests::cmp_absolute ... ok
[INFO] [stdout] test cpu::instruction::tests::bcc ... ok
[INFO] [stdout] test cpu::instruction::tests::bcs ... ok
[INFO] [stdout] test cpu::instruction::tests::beq ... ok
[INFO] [stdout] test cpu::instruction::tests::bvs ... ok
[INFO] [stdout] test cpu::instruction::tests::bpl ... ok
[INFO] [stdout] test cpu::instruction::tests::cmp_absolute_x ... ok
[INFO] [stdout] test cpu::instruction::tests::cmp_zero_page ... ok
[INFO] [stdout] test cpu::instruction::tests::cmp_indirect_y ... ok
[INFO] [stdout] test cpu::instruction::tests::cmp_indirect_x ... ok
[INFO] [stdout] test cpu::instruction::tests::cmp_zero_page_x ... ok
[INFO] [stdout] test cpu::instruction::tests::cpx_absolute ... ok
[INFO] [stdout] test cpu::instruction::tests::clv ... ok
[INFO] [stdout] test cpu::instruction::tests::cli ... ok
[INFO] [stdout] test cpu::instruction::tests::bit_zero_page ... ok
[INFO] [stdout] test cpu::instruction::tests::bvc ... ok
[INFO] [stdout] test cpu::instruction::tests::bmi ... ok
[INFO] [stdout] test cpu::instruction::tests::cpx_immediate ... ok
[INFO] [stdout] test cpu::instruction::tests::cmp_absolute_y ... ok
[INFO] [stdout] test cpu::instruction::tests::cpx_zero_page ... ok
[INFO] [stdout] test cpu::instruction::tests::cmp_immediate ... ok
[INFO] [stdout] test cpu::instruction::tests::cpy_immediate ... ok
[INFO] [stdout] test cpu::instruction::tests::cld ... ok
[INFO] [stdout] test cpu::instruction::tests::cpy_zero_page ... ok
[INFO] [stdout] test cpu::instruction::tests::cpy_absolute ... ok
[INFO] [stdout] test cpu::instruction::tests::dec_zero_page ... ok
[INFO] [stdout] test cpu::instruction::tests::lda_indirect_x ... ok
[INFO] [stdout] test cpu::instruction::tests::lda_indirect_y ... ok
[INFO] [stdout] test cpu::instruction::tests::lda_zero_page ... ok
[INFO] [stdout] test cpu::instruction::tests::ldx_zero_page ... ok
[INFO] [stdout] test cpu::instruction::tests::lda_absolute_y ... ok
[INFO] [stdout] test cpu::instruction::tests::lda_absolute ... ok
[INFO] [stdout] test cpu::instruction::tests::lda_zero_page_x ... ok
[INFO] [stdout] test cpu::instruction::tests::ldy_immediate ... ok
[INFO] [stdout] test cpu::instruction::tests::ldx_zero_page_y ... ok
[INFO] [stdout] test cpu::instruction::tests::ldy_absolute ... ok
[INFO] [stdout] test cpu::instruction::tests::inx ... ok
[INFO] [stdout] test cpu::instruction::tests::ldx_absolute_y ... ok
[INFO] [stdout] test cpu::instruction::tests::ldx_immediate ... ok
[INFO] [stdout] test cpu::instruction::tests::lda_absolute_x ... ok
[INFO] [stdout] test cpu::instruction::tests::lda_immediate ... ok
[INFO] [stdout] test cpu::instruction::tests::ldx_absolute ... ok
[INFO] [stdout] test cpu::instruction::tests::ldy_absolute_x ... ok
[INFO] [stdout] test cpu::instruction::tests::ldy_zero_page_x ... ok
[INFO] [stdout] test cpu::macro_test::accumulator_immediate_addresses ... ok
[INFO] [stdout] test cpu::instruction::tests::tax ... ok
[INFO] [stdout] test cpu::macro_test::accumulator_addresses ... ok
[INFO] [stdout] test cpu::macro_test::immediate_address ... ok
[INFO] [stdout] test cpu::macro_test::immediate_addresses ... ok
[INFO] [stdout] test cpu::macro_test::accumulator_address ... ok
[INFO] [stdout] test cpu::instruction::tests::ldy_zero_page ... ok
[INFO] [stdout] test cpu::macro_test::addresses ... ok
[INFO] [stdout] test cpu::macro_test::accumulator_immediate ... ok
[INFO] [stdout] test cpu::macro_test::test_multiple ... ok
[INFO] [stdout] test cpu::instruction::tests::dec ... FAILED
[INFO] [stderr] error: test failed, to rerun pass `--bin nesluz`
[INFO] [stdout] 
[INFO] [stdout] failures:
[INFO] [stdout] 
[INFO] [stdout] ---- cpu::instruction::tests::dec stdout ----
[INFO] [stdout] thread 'cpu::instruction::tests::dec' panicked at src/cpu/instruction/tests.rs:15:5:
[INFO] [stdout] not yet implemented: DEC tests
[INFO] [stdout] stack backtrace:
[INFO] [stdout]    0:     0x63c26b1fbfba - std::backtrace_rs::backtrace::libunwind::trace::h8810477743020387
[INFO] [stdout]                                at /rustc/202008a1b8de96d2e5b6bc02d379db03a877d34d/library/std/src/../../backtrace/src/backtrace/libunwind.rs:116:5
[INFO] [stdout]    1:     0x63c26b1fbfba - std::backtrace_rs::backtrace::trace_unsynchronized::h3aa55355dd6c54a6
[INFO] [stdout]                                at /rustc/202008a1b8de96d2e5b6bc02d379db03a877d34d/library/std/src/../../backtrace/src/backtrace/mod.rs:66:5
[INFO] [stdout]    2:     0x63c26b1fbfba - std::sys::backtrace::_print_fmt::h8588b0f62410823f
[INFO] [stdout]                                at /rustc/202008a1b8de96d2e5b6bc02d379db03a877d34d/library/std/src/sys/backtrace.rs:66:9
[INFO] [stdout]    3:     0x63c26b1fbfba - <std::sys::backtrace::BacktraceLock::print::DisplayBacktrace as core::fmt::Display>::fmt::h98c26ac25ffe89bb
[INFO] [stdout]                                at /rustc/202008a1b8de96d2e5b6bc02d379db03a877d34d/library/std/src/sys/backtrace.rs:39:26
[INFO] [stdout]    4:     0x63c26b221a43 - core::fmt::rt::Argument::fmt::hf95377f4aebd453b
[INFO] [stdout]                                at /rustc/202008a1b8de96d2e5b6bc02d379db03a877d34d/library/core/src/fmt/rt.rs:177:76
[INFO] [stdout]    5:     0x63c26b221a43 - core::fmt::write::h0dd5f6e2238c7982
[INFO] [stdout]                                at /rustc/202008a1b8de96d2e5b6bc02d379db03a877d34d/library/core/src/fmt/mod.rs:1189:21
[INFO] [stdout]    6:     0x63c26b1f9153 - std::io::Write::write_fmt::h03bb0ca26e6faf8c
[INFO] [stdout]                                at /rustc/202008a1b8de96d2e5b6bc02d379db03a877d34d/library/std/src/io/mod.rs:1884:15
[INFO] [stdout]    7:     0x63c26b1fbe02 - std::sys::backtrace::BacktraceLock::print::h5c19c1c038ee186d
[INFO] [stdout]                                at /rustc/202008a1b8de96d2e5b6bc02d379db03a877d34d/library/std/src/sys/backtrace.rs:42:9
[INFO] [stdout]    8:     0x63c26b1fd43d - std::panicking::default_hook::{{closure}}::h77172f079a1fcb13
[INFO] [stdout]                                at /rustc/202008a1b8de96d2e5b6bc02d379db03a877d34d/library/std/src/panicking.rs:268:22
[INFO] [stdout]    9:     0x63c26b1fd247 - std::panicking::default_hook::he5f8e3b203ccddba
[INFO] [stdout]                                at /rustc/202008a1b8de96d2e5b6bc02d379db03a877d34d/library/std/src/panicking.rs:292:9
[INFO] [stdout]   10:     0x63c26b1c6b77 - <alloc::boxed::Box<F,A> as core::ops::function::Fn<Args>>::call::h7a3c7b4a1ae77f2f
[INFO] [stdout]                                at /rustc/202008a1b8de96d2e5b6bc02d379db03a877d34d/library/alloc/src/boxed.rs:1986:9
[INFO] [stdout]   11:     0x63c26b1c6b77 - test::test_main::{{closure}}::hf0d3b69ae9b353d1
[INFO] [stdout]                                at /rustc/202008a1b8de96d2e5b6bc02d379db03a877d34d/library/test/src/lib.rs:134:21
[INFO] [stdout]   12:     0x63c26b1fdae8 - <alloc::boxed::Box<F,A> as core::ops::function::Fn<Args>>::call::h6332e82e7b189abd
[INFO] [stdout]                                at /rustc/202008a1b8de96d2e5b6bc02d379db03a877d34d/library/alloc/src/boxed.rs:1986:9
[INFO] [stdout]   13:     0x63c26b1fdae8 - std::panicking::rust_panic_with_hook::h53863d4e9018df39
[INFO] [stdout]                                at /rustc/202008a1b8de96d2e5b6bc02d379db03a877d34d/library/std/src/panicking.rs:809:13
[INFO] [stdout]   14:     0x63c26b1fd876 - std::panicking::begin_panic_handler::{{closure}}::h67280e6fa0757873
[INFO] [stdout]                                at /rustc/202008a1b8de96d2e5b6bc02d379db03a877d34d/library/std/src/panicking.rs:667:13
[INFO] [stdout]   15:     0x63c26b1fc499 - std::sys::backtrace::__rust_end_short_backtrace::h1dac3f54d6fbbeb2
[INFO] [stdout]                                at /rustc/202008a1b8de96d2e5b6bc02d379db03a877d34d/library/std/src/sys/backtrace.rs:170:18
[INFO] [stdout]   16:     0x63c26b1fd53c - rust_begin_unwind
[INFO] [stdout]                                at /rustc/202008a1b8de96d2e5b6bc02d379db03a877d34d/library/std/src/panicking.rs:665:5
[INFO] [stdout]   17:     0x63c26b14eaa0 - core::panicking::panic_fmt::h6792bd1b2bf01041
[INFO] [stdout]                                at /rustc/202008a1b8de96d2e5b6bc02d379db03a877d34d/library/core/src/panicking.rs:76:14
[INFO] [stdout]   18:     0x63c26b14f494 - nesluz::cpu::instruction::tests::dec::hac8dd0106d293c40
[INFO] [stdout]                                at /opt/rustwide/workdir/src/cpu/instruction/tests.rs:15:5
[INFO] [stdout]   19:     0x63c26b14f447 - nesluz::cpu::instruction::tests::dec::{{closure}}::hc7bf9e4c9384a74b
[INFO] [stdout]                                at /opt/rustwide/workdir/src/cpu/instruction/tests.rs:14:9
[INFO] [stdout]   20:     0x63c26b17d566 - core::ops::function::FnOnce::call_once::h7c68b23c64caaeaf
[INFO] [stdout]                                at /rustc/202008a1b8de96d2e5b6bc02d379db03a877d34d/library/core/src/ops/function.rs:250:5
[INFO] [stdout]   21:     0x63c26b1cb69b - core::ops::function::FnOnce::call_once::h871bf86719ec9aa4
[INFO] [stdout]                                at /rustc/202008a1b8de96d2e5b6bc02d379db03a877d34d/library/core/src/ops/function.rs:250:5
[INFO] [stdout]   22:     0x63c26b1cb69b - test::__rust_begin_short_backtrace::h2167df1e2b7d76fd
[INFO] [stdout]                                at /rustc/202008a1b8de96d2e5b6bc02d379db03a877d34d/library/test/src/lib.rs:632:18
[INFO] [stdout]   23:     0x63c26b1cb088 - test::run_test_in_process::{{closure}}::h15d92f75a3adfb79
[INFO] [stdout]                                at /rustc/202008a1b8de96d2e5b6bc02d379db03a877d34d/library/test/src/lib.rs:655:60
[INFO] [stdout]   24:     0x63c26b1cb088 - <core::panic::unwind_safe::AssertUnwindSafe<F> as core::ops::function::FnOnce<()>>::call_once::hb6c8955835a8dbbb
[INFO] [stdout]                                at /rustc/202008a1b8de96d2e5b6bc02d379db03a877d34d/library/core/src/panic/unwind_safe.rs:272:9
[INFO] [stdout]   25:     0x63c26b1cb088 - std::panicking::try::do_call::hc79d0fc888a0bd30
[INFO] [stdout]                                at /rustc/202008a1b8de96d2e5b6bc02d379db03a877d34d/library/std/src/panicking.rs:557:40
[INFO] [stdout]   26:     0x63c26b1cb088 - std::panicking::try::hb8a7878e3a8589d6
[INFO] [stdout]                                at /rustc/202008a1b8de96d2e5b6bc02d379db03a877d34d/library/std/src/panicking.rs:520:19
[INFO] [stdout]   27:     0x63c26b1cb088 - std::panic::catch_unwind::hb8e4600ff0ff5cfa
[INFO] [stdout]                                at /rustc/202008a1b8de96d2e5b6bc02d379db03a877d34d/library/std/src/panic.rs:358:14
[INFO] [stdout]   28:     0x63c26b1cb088 - test::run_test_in_process::hc2900b0b18688dd6
[INFO] [stdout]                                at /rustc/202008a1b8de96d2e5b6bc02d379db03a877d34d/library/test/src/lib.rs:655:27
[INFO] [stdout]   29:     0x63c26b1cb088 - test::run_test::{{closure}}::hac2a9cb07be3d48d
[INFO] [stdout]                                at /rustc/202008a1b8de96d2e5b6bc02d379db03a877d34d/library/test/src/lib.rs:576:43
[INFO] [stdout]   30:     0x63c26b18eb2a - test::run_test::{{closure}}::h4a5b729e66a38cd8
[INFO] [stdout]                                at /rustc/202008a1b8de96d2e5b6bc02d379db03a877d34d/library/test/src/lib.rs:606:41
[INFO] [stdout]   31:     0x63c26b18eb2a - std::sys::backtrace::__rust_begin_short_backtrace::h0496fb742492f573
[INFO] [stdout]                                at /rustc/202008a1b8de96d2e5b6bc02d379db03a877d34d/library/std/src/sys/backtrace.rs:154:18
[INFO] [stdout]   32:     0x63c26b1924a4 - std::thread::Builder::spawn_unchecked_::{{closure}}::{{closure}}::hbb6d257c550a54bd
[INFO] [stdout]                                at /rustc/202008a1b8de96d2e5b6bc02d379db03a877d34d/library/std/src/thread/mod.rs:561:17
[INFO] [stdout]   33:     0x63c26b1924a4 - <core::panic::unwind_safe::AssertUnwindSafe<F> as core::ops::function::FnOnce<()>>::call_once::h46696fe4a6832328
[INFO] [stdout]                                at /rustc/202008a1b8de96d2e5b6bc02d379db03a877d34d/library/core/src/panic/unwind_safe.rs:272:9
[INFO] [stdout]   34:     0x63c26b1924a4 - std::panicking::try::do_call::h2625a51b667bfb64
[INFO] [stdout]                                at /rustc/202008a1b8de96d2e5b6bc02d379db03a877d34d/library/std/src/panicking.rs:557:40
[INFO] [stdout]   35:     0x63c26b1924a4 - std::panicking::try::hb956a59a1973aa4c
[INFO] [stdout]                                at /rustc/202008a1b8de96d2e5b6bc02d379db03a877d34d/library/std/src/panicking.rs:520:19
[INFO] [stdout]   36:     0x63c26b1924a4 - std::panic::catch_unwind::h64f3b9d1067ef6a0
[INFO] [stdout]                                at /rustc/202008a1b8de96d2e5b6bc02d379db03a877d34d/library/std/src/panic.rs:358:14
[INFO] [stdout]   37:     0x63c26b1924a4 - std::thread::Builder::spawn_unchecked_::{{closure}}::h42b2841295b6c0b2
[INFO] [stdout]                                at /rustc/202008a1b8de96d2e5b6bc02d379db03a877d34d/library/std/src/thread/mod.rs:559:30
[INFO] [stdout]   38:     0x63c26b1924a4 - core::ops::function::FnOnce::call_once{{vtable.shim}}::h6127de71b8124639
[INFO] [stdout]                                at /rustc/202008a1b8de96d2e5b6bc02d379db03a877d34d/library/core/src/ops/function.rs:250:5
[INFO] [stdout]   39:     0x63c26b201a2b - <alloc::boxed::Box<F,A> as core::ops::function::FnOnce<Args>>::call_once::h42f0ba71002a1b2c
[INFO] [stdout]                                at /rustc/202008a1b8de96d2e5b6bc02d379db03a877d34d/library/alloc/src/boxed.rs:1972:9
[INFO] [stdout]   40:     0x63c26b201a2b - <alloc::boxed::Box<F,A> as core::ops::function::FnOnce<Args>>::call_once::had9e47d7a3dcecb8
[INFO] [stdout]                                at /rustc/202008a1b8de96d2e5b6bc02d379db03a877d34d/library/alloc/src/boxed.rs:1972:9
[INFO] [stdout]   41:     0x63c26b201a2b - std::sys::pal::unix::thread::Thread::new::thread_start::h48cf765408f6f5f2
[INFO] [stdout]                                at /rustc/202008a1b8de96d2e5b6bc02d379db03a877d34d/library/std/src/sys/pal/unix/thread.rs:105:17
[INFO] [stdout]   42:     0x7fbb022bbac3 - <unknown>
[INFO] [stdout]   43:     0x7fbb0234ca04 - clone
[INFO] [stdout]   44:                0x0 - <unknown>
[INFO] [stdout] 
[INFO] [stdout] 
[INFO] [stdout] failures:
[INFO] [stdout]     cpu::instruction::tests::dec
[INFO] [stdout] 
[INFO] [stdout] test result: FAILED. 78 passed; 1 failed; 0 ignored; 0 measured; 0 filtered out; finished in 0.07s
[INFO] [stdout] 
[INFO] running `Command { std: "docker" "inspect" "1d33afea23f1df7df3a75ed1152d4c7ccc10877217ba32768e32361c232e2c9f", kill_on_drop: false }`
[INFO] running `Command { std: "docker" "rm" "-f" "1d33afea23f1df7df3a75ed1152d4c7ccc10877217ba32768e32361c232e2c9f", kill_on_drop: false }`
[INFO] [stdout] 1d33afea23f1df7df3a75ed1152d4c7ccc10877217ba32768e32361c232e2c9f
