[INFO] cloning repository https://github.com/mingmamma/rusty-journal-clap
[INFO] running `Command { std: "git" "-c" "credential.helper=" "-c" "credential.helper=/workspace/cargo-home/bin/git-credential-null" "clone" "--bare" "https://github.com/mingmamma/rusty-journal-clap" "/workspace/cache/git-repos/https%3A%2F%2Fgithub.com%2Fmingmamma%2Frusty-journal-clap", kill_on_drop: false }`
[INFO] [stderr] Cloning into bare repository '/workspace/cache/git-repos/https%3A%2F%2Fgithub.com%2Fmingmamma%2Frusty-journal-clap'...
[INFO] running `Command { std: "git" "rev-parse" "HEAD", kill_on_drop: false }`
[INFO] [stdout] 2b88d444c816c9a3e1cbb52bb8aac9487c247446
[INFO] testing mingmamma/rusty-journal-clap against 1.83.0 for beta-1.84.0-4-retry
[INFO] running `Command { std: "git" "clone" "/workspace/cache/git-repos/https%3A%2F%2Fgithub.com%2Fmingmamma%2Frusty-journal-clap" "/workspace/builds/worker-5-tc1/source", kill_on_drop: false }`
[INFO] [stderr] Cloning into '/workspace/builds/worker-5-tc1/source'...
[INFO] [stderr] done.
[INFO] validating manifest of git repo https://github.com/mingmamma/rusty-journal-clap on toolchain 1.83.0
[INFO] running `Command { std: CARGO_HOME="/workspace/cargo-home" RUSTUP_HOME="/workspace/rustup-home" "/workspace/cargo-home/bin/cargo" "+1.83.0" "metadata" "--manifest-path" "Cargo.toml" "--no-deps", kill_on_drop: false }`
[INFO] started tweaking git repo https://github.com/mingmamma/rusty-journal-clap
[INFO] finished tweaking git repo https://github.com/mingmamma/rusty-journal-clap
[INFO] tweaked toml for git repo https://github.com/mingmamma/rusty-journal-clap written to /workspace/builds/worker-5-tc1/source/Cargo.toml
[INFO] crate git repo https://github.com/mingmamma/rusty-journal-clap already has a lockfile, it will not be regenerated
[INFO] running `Command { std: CARGO_HOME="/workspace/cargo-home" RUSTUP_HOME="/workspace/rustup-home" "/workspace/cargo-home/bin/cargo" "+1.83.0" "fetch" "--manifest-path" "Cargo.toml", kill_on_drop: false }`
[INFO] [stderr]  Downloading crates ...
[INFO] [stderr]   Downloaded itoa v1.0.10
[INFO] [stderr]   Downloaded colorchoice v1.0.0
[INFO] [stderr]   Downloaded wasm-bindgen-shared v0.2.90
[INFO] [stderr]   Downloaded windows-targets v0.52.0
[INFO] [stderr]   Downloaded wasm-bindgen-macro-support v0.2.90
[INFO] [stderr]   Downloaded wasm-bindgen-macro v0.2.90
[INFO] [stderr]   Downloaded iana-time-zone v0.1.59
[INFO] [stderr]   Downloaded log v0.4.20
[INFO] [stderr]   Downloaded clap v4.4.16
[INFO] [stderr]   Downloaded num-traits v0.2.17
[INFO] [stderr]   Downloaded ryu v1.0.16
[INFO] [stderr]   Downloaded cc v1.0.83
[INFO] [stderr]   Downloaded js-sys v0.3.67
[INFO] [stderr]   Downloaded serde_json v1.0.111
[INFO] [stderr]   Downloaded bumpalo v3.14.0
[INFO] [stderr]   Downloaded wasm-bindgen v0.2.90
[INFO] [stderr]   Downloaded clap_builder v4.4.16
[INFO] [stderr]   Downloaded syn v2.0.48
[INFO] [stderr]   Downloaded serde v1.0.195
[INFO] [stderr]   Downloaded chrono v0.4.31
[INFO] [stderr]   Downloaded wasm-bindgen-backend v0.2.90
[INFO] [stderr]   Downloaded anstyle-parse v0.2.3
[INFO] [stderr]   Downloaded anstream v0.6.7
[INFO] [stderr]   Downloaded clap_derive v4.4.7
[INFO] [stderr]   Downloaded proc-macro2 v1.0.76
[INFO] [stderr]   Downloaded quote v1.0.35
[INFO] [stderr]   Downloaded serde_derive v1.0.195
[INFO] [stderr]   Downloaded windows_aarch64_gnullvm v0.52.0
[INFO] [stderr]   Downloaded windows_x86_64_gnullvm v0.52.0
[INFO] [stderr]   Downloaded anstyle-query v1.0.2
[INFO] [stderr]   Downloaded utf8parse v0.2.1
[INFO] [stderr]   Downloaded anstyle v1.0.4
[INFO] [stderr]   Downloaded clap_lex v0.6.0
[INFO] [stderr]   Downloaded heck v0.4.1
[INFO] [stderr]   Downloaded anstyle-wincon v3.0.2
[INFO] [stderr]   Downloaded libc v0.2.152
[INFO] [stderr]   Downloaded windows_x86_64_msvc v0.52.0
[INFO] [stderr]   Downloaded windows_aarch64_msvc v0.52.0
[INFO] [stderr]   Downloaded windows_i686_gnu v0.52.0
[INFO] [stderr]   Downloaded windows_x86_64_gnu v0.52.0
[INFO] [stderr]   Downloaded windows_i686_msvc v0.52.0
[INFO] running `Command { std: "docker" "create" "-v" "/var/lib/crater-agent-workspace/builds/worker-5-tc1/target:/opt/rustwide/target:rw,Z" "-v" "/var/lib/crater-agent-workspace/builds/worker-5-tc1/source:/opt/rustwide/workdir:ro,Z" "-v" "/var/lib/crater-agent-workspace/cargo-home:/opt/rustwide/cargo-home:ro,Z" "-v" "/var/lib/crater-agent-workspace/rustup-home:/opt/rustwide/rustup-home:ro,Z" "-e" "SOURCE_DIR=/opt/rustwide/workdir" "-e" "CARGO_TARGET_DIR=/opt/rustwide/target" "-e" "CARGO_HOME=/opt/rustwide/cargo-home" "-e" "RUSTUP_HOME=/opt/rustwide/rustup-home" "-w" "/opt/rustwide/workdir" "-m" "1610612736" "--user" "0:0" "--network" "none" "ghcr.io/rust-lang/crates-build-env/linux@sha256:f3a9d4ad9d972b27faf3965f35b62e55ba32bbce8f20bc8fe909558a86702fde" "/opt/rustwide/cargo-home/bin/cargo" "+1.83.0" "metadata" "--no-deps" "--format-version=1", kill_on_drop: false }`
[INFO] [stdout] 3d366b02248e488686e1b787613ef3f3bc453dad9537e79b0f1f24fc6ef377e1
[INFO] running `Command { std: "docker" "start" "-a" "3d366b02248e488686e1b787613ef3f3bc453dad9537e79b0f1f24fc6ef377e1", kill_on_drop: false }`
[INFO] running `Command { std: "docker" "inspect" "3d366b02248e488686e1b787613ef3f3bc453dad9537e79b0f1f24fc6ef377e1", kill_on_drop: false }`
[INFO] running `Command { std: "docker" "rm" "-f" "3d366b02248e488686e1b787613ef3f3bc453dad9537e79b0f1f24fc6ef377e1", kill_on_drop: false }`
[INFO] [stdout] 3d366b02248e488686e1b787613ef3f3bc453dad9537e79b0f1f24fc6ef377e1
[INFO] running `Command { std: "docker" "create" "-v" "/var/lib/crater-agent-workspace/builds/worker-5-tc1/target:/opt/rustwide/target:rw,Z" "-v" "/var/lib/crater-agent-workspace/builds/worker-5-tc1/source:/opt/rustwide/workdir:ro,Z" "-v" "/var/lib/crater-agent-workspace/cargo-home:/opt/rustwide/cargo-home:ro,Z" "-v" "/var/lib/crater-agent-workspace/rustup-home:/opt/rustwide/rustup-home:ro,Z" "-e" "SOURCE_DIR=/opt/rustwide/workdir" "-e" "CARGO_TARGET_DIR=/opt/rustwide/target" "-e" "CARGO_INCREMENTAL=0" "-e" "RUST_BACKTRACE=full" "-e" "RUSTFLAGS=--cap-lints=warn" "-e" "RUSTDOCFLAGS=--cap-lints=warn" "-e" "CARGO_HOME=/opt/rustwide/cargo-home" "-e" "RUSTUP_HOME=/opt/rustwide/rustup-home" "-w" "/opt/rustwide/workdir" "-m" "1610612736" "--user" "0:0" "--network" "none" "ghcr.io/rust-lang/crates-build-env/linux@sha256:f3a9d4ad9d972b27faf3965f35b62e55ba32bbce8f20bc8fe909558a86702fde" "/opt/rustwide/cargo-home/bin/cargo" "+1.83.0" "build" "--frozen" "--message-format=json", kill_on_drop: false }`
[INFO] [stdout] d7806ca6a6c7ef9a2ca9d51c6152b282940134c18d05e8bb69e7d428d2ab4e0b
[INFO] running `Command { std: "docker" "start" "-a" "d7806ca6a6c7ef9a2ca9d51c6152b282940134c18d05e8bb69e7d428d2ab4e0b", kill_on_drop: false }`
[INFO] [stderr]    Compiling proc-macro2 v1.0.76
[INFO] [stderr]    Compiling unicode-ident v1.0.12
[INFO] [stderr]    Compiling autocfg v1.1.0
[INFO] [stderr]    Compiling serde v1.0.195
[INFO] [stderr]    Compiling utf8parse v0.2.1
[INFO] [stderr]    Compiling anstyle v1.0.4
[INFO] [stderr]    Compiling anstyle-query v1.0.2
[INFO] [stderr]    Compiling colorchoice v1.0.0
[INFO] [stderr]    Compiling serde_json v1.0.111
[INFO] [stderr]    Compiling strsim v0.10.0
[INFO] [stderr]    Compiling clap_lex v0.6.0
[INFO] [stderr]    Compiling heck v0.4.1
[INFO] [stderr]    Compiling ryu v1.0.16
[INFO] [stderr]    Compiling iana-time-zone v0.1.59
[INFO] [stderr]    Compiling itoa v1.0.10
[INFO] [stderr]    Compiling anstyle-parse v0.2.3
[INFO] [stderr]    Compiling num-traits v0.2.17
[INFO] [stderr]    Compiling anstream v0.6.7
[INFO] [stderr]    Compiling clap_builder v4.4.16
[INFO] [stderr]    Compiling quote v1.0.35
[INFO] [stderr]    Compiling syn v2.0.48
[INFO] [stderr]    Compiling serde_derive v1.0.195
[INFO] [stderr]    Compiling clap_derive v4.4.7
[INFO] [stderr]    Compiling clap v4.4.16
[INFO] [stderr]    Compiling chrono v0.4.31
[INFO] [stderr]    Compiling rusty-journal-clap v0.1.0 (/opt/rustwide/workdir)
[INFO] [stderr]     Finished `dev` profile [unoptimized + debuginfo] target(s) in 18.91s
[INFO] running `Command { std: "docker" "inspect" "d7806ca6a6c7ef9a2ca9d51c6152b282940134c18d05e8bb69e7d428d2ab4e0b", kill_on_drop: false }`
[INFO] running `Command { std: "docker" "rm" "-f" "d7806ca6a6c7ef9a2ca9d51c6152b282940134c18d05e8bb69e7d428d2ab4e0b", kill_on_drop: false }`
[INFO] [stdout] d7806ca6a6c7ef9a2ca9d51c6152b282940134c18d05e8bb69e7d428d2ab4e0b
[INFO] running `Command { std: "docker" "create" "-v" "/var/lib/crater-agent-workspace/builds/worker-5-tc1/target:/opt/rustwide/target:rw,Z" "-v" "/var/lib/crater-agent-workspace/builds/worker-5-tc1/source:/opt/rustwide/workdir:ro,Z" "-v" "/var/lib/crater-agent-workspace/cargo-home:/opt/rustwide/cargo-home:ro,Z" "-v" "/var/lib/crater-agent-workspace/rustup-home:/opt/rustwide/rustup-home:ro,Z" "-e" "SOURCE_DIR=/opt/rustwide/workdir" "-e" "CARGO_TARGET_DIR=/opt/rustwide/target" "-e" "CARGO_INCREMENTAL=0" "-e" "RUST_BACKTRACE=full" "-e" "RUSTFLAGS=--cap-lints=warn" "-e" "RUSTDOCFLAGS=--cap-lints=warn" "-e" "CARGO_HOME=/opt/rustwide/cargo-home" "-e" "RUSTUP_HOME=/opt/rustwide/rustup-home" "-w" "/opt/rustwide/workdir" "-m" "1610612736" "--user" "0:0" "--network" "none" "ghcr.io/rust-lang/crates-build-env/linux@sha256:f3a9d4ad9d972b27faf3965f35b62e55ba32bbce8f20bc8fe909558a86702fde" "/opt/rustwide/cargo-home/bin/cargo" "+1.83.0" "test" "--frozen" "--no-run" "--message-format=json", kill_on_drop: false }`
[INFO] [stdout] 60bc381fe60f61219d55ad6391a844f30737d8207b0297139527a147e24517cd
[INFO] running `Command { std: "docker" "start" "-a" "60bc381fe60f61219d55ad6391a844f30737d8207b0297139527a147e24517cd", kill_on_drop: false }`
[INFO] [stderr]    Compiling rusty-journal-clap v0.1.0 (/opt/rustwide/workdir)
[INFO] [stderr]     Finished `test` profile [unoptimized + debuginfo] target(s) in 0.90s
[INFO] running `Command { std: "docker" "inspect" "60bc381fe60f61219d55ad6391a844f30737d8207b0297139527a147e24517cd", kill_on_drop: false }`
[INFO] running `Command { std: "docker" "rm" "-f" "60bc381fe60f61219d55ad6391a844f30737d8207b0297139527a147e24517cd", kill_on_drop: false }`
[INFO] [stdout] 60bc381fe60f61219d55ad6391a844f30737d8207b0297139527a147e24517cd
[INFO] running `Command { std: "docker" "create" "-v" "/var/lib/crater-agent-workspace/builds/worker-5-tc1/target:/opt/rustwide/target:rw,Z" "-v" "/var/lib/crater-agent-workspace/builds/worker-5-tc1/source:/opt/rustwide/workdir:ro,Z" "-v" "/var/lib/crater-agent-workspace/cargo-home:/opt/rustwide/cargo-home:ro,Z" "-v" "/var/lib/crater-agent-workspace/rustup-home:/opt/rustwide/rustup-home:ro,Z" "-e" "SOURCE_DIR=/opt/rustwide/workdir" "-e" "CARGO_TARGET_DIR=/opt/rustwide/target" "-e" "CARGO_INCREMENTAL=0" "-e" "RUST_BACKTRACE=full" "-e" "RUSTFLAGS=--cap-lints=warn" "-e" "RUSTDOCFLAGS=--cap-lints=warn" "-e" "CARGO_HOME=/opt/rustwide/cargo-home" "-e" "RUSTUP_HOME=/opt/rustwide/rustup-home" "-w" "/opt/rustwide/workdir" "-m" "1610612736" "--user" "0:0" "--network" "none" "ghcr.io/rust-lang/crates-build-env/linux@sha256:f3a9d4ad9d972b27faf3965f35b62e55ba32bbce8f20bc8fe909558a86702fde" "/opt/rustwide/cargo-home/bin/cargo" "+1.83.0" "test" "--frozen", kill_on_drop: false }`
[INFO] [stdout] cc54defebe2518d4c5d2e9b1f67ed9f44ca483e9e9fb6ee2f9a9c20b655cd2ea
[INFO] running `Command { std: "docker" "start" "-a" "cc54defebe2518d4c5d2e9b1f67ed9f44ca483e9e9fb6ee2f9a9c20b655cd2ea", kill_on_drop: false }`
[INFO] [stderr]     Finished `test` profile [unoptimized + debuginfo] target(s) in 0.06s
[INFO] [stderr]      Running unittests src/lib.rs (/opt/rustwide/target/debug/deps/rusty_journal_clap-ad0b5e5b26e76cd0)
[INFO] [stdout] 
[INFO] [stdout] running 0 tests
[INFO] [stdout] 
[INFO] [stdout] test result: ok. 0 passed; 0 failed; 0 ignored; 0 measured; 0 filtered out; finished in 0.00s
[INFO] [stderr]      Running unittests src/main.rs (/opt/rustwide/target/debug/deps/rusty_journal_clap-4bf5b52879ebb66d)
[INFO] [stdout] 
[INFO] [stdout] 
[INFO] [stdout] running 0 tests
[INFO] [stdout] 
[INFO] [stdout] test result: ok. 0 passed; 0 failed; 0 ignored; 0 measured; 0 filtered out; finished in 0.00s
[INFO] [stdout] 
[INFO] [stderr]    Doc-tests rusty_journal_clap
[INFO] [stdout] 
[INFO] [stdout] running 5 tests
[INFO] [stdout] test src/task.rs - task::Task::list (line 210) ... FAILED
[INFO] [stdout] test src/task.rs - task::Task::remove (line 123) ... ok
[INFO] [stdout] test src/task.rs - task::Task::clear (line 261) ... ok
[INFO] [stdout] test src/task.rs - task::Task::add (line 86) ... ok
[INFO] [stdout] test src/task.rs - task::Task::complete (line 167) ... ok
[INFO] [stdout] 
[INFO] [stdout] failures:
[INFO] [stdout] 
[INFO] [stdout] ---- src/task.rs - task::Task::list (line 210) stdout ----
[INFO] [stdout] error[E0061]: this function takes 2 arguments but 1 argument was supplied
[INFO] [stdout]    --> src/task.rs:214:1
[INFO] [stdout]     |
[INFO] [stdout] 7   | task::Task::list(PathBuf::from("todo.json"));
[INFO] [stdout]     | ^^^^^^^^^^^^^^^^---------------------------- argument #2 of type `Option<&String>` is missing
[INFO] [stdout]     |
[INFO] [stdout] note: associated function defined here
[INFO] [stdout]    --> /opt/rustwide/workdir/src/task.rs:215:12
[INFO] [stdout]     |
[INFO] [stdout] 215 |     pub fn list(journal_path: PathBuf, tag: Option<&String>) -> ioResult<()> {        
[INFO] [stdout]     |            ^^^^
[INFO] [stdout] help: provide the argument
[INFO] [stdout]     |
[INFO] [stdout] 7   | task::Task::list(PathBuf::from("todo.json"), /* Option<&String> */);
[INFO] [stdout]     |                 ~~~~~~~~~~~~~~~~~~~~~~~~~~~~~~~~~~~~~~~~~~~~~~~~~~~
[INFO] [stdout] 
[INFO] [stdout] error: aborting due to 1 previous error
[INFO] [stdout] 
[INFO] [stdout] For more information about this error, try `rustc --explain E0061`.
[INFO] [stdout] Couldn't compile the test.
[INFO] [stdout] 
[INFO] [stdout] failures:
[INFO] [stdout]     src/task.rs - task::Task::list (line 210)
[INFO] [stdout] 
[INFO] [stdout] test result: FAILED. 4 passed; 1 failed; 0 ignored; 0 measured; 0 filtered out; finished in 2.05s
[INFO] [stdout] 
[INFO] [stderr] error: doctest failed, to rerun pass `--doc`
[INFO] running `Command { std: "docker" "inspect" "cc54defebe2518d4c5d2e9b1f67ed9f44ca483e9e9fb6ee2f9a9c20b655cd2ea", kill_on_drop: false }`
[INFO] running `Command { std: "docker" "rm" "-f" "cc54defebe2518d4c5d2e9b1f67ed9f44ca483e9e9fb6ee2f9a9c20b655cd2ea", kill_on_drop: false }`
[INFO] [stdout] cc54defebe2518d4c5d2e9b1f67ed9f44ca483e9e9fb6ee2f9a9c20b655cd2ea
