[INFO] cloning repository https://github.com/mikiymk/download-rs
[INFO] running `Command { std: "git" "-c" "credential.helper=" "-c" "credential.helper=/workspace/cargo-home/bin/git-credential-null" "clone" "--bare" "https://github.com/mikiymk/download-rs" "/workspace/cache/git-repos/https%3A%2F%2Fgithub.com%2Fmikiymk%2Fdownload-rs", kill_on_drop: false }`
[INFO] [stderr] Cloning into bare repository '/workspace/cache/git-repos/https%3A%2F%2Fgithub.com%2Fmikiymk%2Fdownload-rs'...
[INFO] running `Command { std: "git" "rev-parse" "HEAD", kill_on_drop: false }`
[INFO] [stdout] 0639f8329d37e7cc13108c3a81208a658f5a928d
[INFO] testing mikiymk/download-rs against beta-2024-12-08 for beta-1.84.0-4-retry
[INFO] running `Command { std: "git" "clone" "/workspace/cache/git-repos/https%3A%2F%2Fgithub.com%2Fmikiymk%2Fdownload-rs" "/workspace/builds/worker-6-tc2/source", kill_on_drop: false }`
[INFO] [stderr] Cloning into '/workspace/builds/worker-6-tc2/source'...
[INFO] [stderr] done.
[INFO] validating manifest of git repo https://github.com/mikiymk/download-rs on toolchain beta-2024-12-08
[INFO] running `Command { std: CARGO_HOME="/workspace/cargo-home" RUSTUP_HOME="/workspace/rustup-home" "/workspace/cargo-home/bin/cargo" "+beta-2024-12-08" "metadata" "--manifest-path" "Cargo.toml" "--no-deps", kill_on_drop: false }`
[INFO] started tweaking git repo https://github.com/mikiymk/download-rs
[INFO] finished tweaking git repo https://github.com/mikiymk/download-rs
[INFO] tweaked toml for git repo https://github.com/mikiymk/download-rs written to /workspace/builds/worker-6-tc2/source/Cargo.toml
[INFO] crate git repo https://github.com/mikiymk/download-rs already has a lockfile, it will not be regenerated
[INFO] running `Command { std: CARGO_HOME="/workspace/cargo-home" RUSTUP_HOME="/workspace/rustup-home" "/workspace/cargo-home/bin/cargo" "+beta-2024-12-08" "fetch" "--manifest-path" "Cargo.toml", kill_on_drop: false }`
[INFO] running `Command { std: "docker" "create" "-v" "/var/lib/crater-agent-workspace/builds/worker-6-tc2/target:/opt/rustwide/target:rw,Z" "-v" "/var/lib/crater-agent-workspace/builds/worker-6-tc2/source:/opt/rustwide/workdir:ro,Z" "-v" "/var/lib/crater-agent-workspace/cargo-home:/opt/rustwide/cargo-home:ro,Z" "-v" "/var/lib/crater-agent-workspace/rustup-home:/opt/rustwide/rustup-home:ro,Z" "-e" "SOURCE_DIR=/opt/rustwide/workdir" "-e" "CARGO_TARGET_DIR=/opt/rustwide/target" "-e" "CARGO_HOME=/opt/rustwide/cargo-home" "-e" "RUSTUP_HOME=/opt/rustwide/rustup-home" "-w" "/opt/rustwide/workdir" "-m" "1610612736" "--user" "0:0" "--network" "none" "ghcr.io/rust-lang/crates-build-env/linux@sha256:f3a9d4ad9d972b27faf3965f35b62e55ba32bbce8f20bc8fe909558a86702fde" "/opt/rustwide/cargo-home/bin/cargo" "+beta-2024-12-08" "metadata" "--no-deps" "--format-version=1", kill_on_drop: false }`
[INFO] [stdout] afed9461836ae369ffacdb39e92cf136eaf92324ee8cd8fb7e41efc5a3fa1345
[INFO] running `Command { std: "docker" "start" "-a" "afed9461836ae369ffacdb39e92cf136eaf92324ee8cd8fb7e41efc5a3fa1345", kill_on_drop: false }`
[INFO] running `Command { std: "docker" "inspect" "afed9461836ae369ffacdb39e92cf136eaf92324ee8cd8fb7e41efc5a3fa1345", kill_on_drop: false }`
[INFO] running `Command { std: "docker" "rm" "-f" "afed9461836ae369ffacdb39e92cf136eaf92324ee8cd8fb7e41efc5a3fa1345", kill_on_drop: false }`
[INFO] [stdout] afed9461836ae369ffacdb39e92cf136eaf92324ee8cd8fb7e41efc5a3fa1345
[INFO] running `Command { std: "docker" "create" "-v" "/var/lib/crater-agent-workspace/builds/worker-6-tc2/target:/opt/rustwide/target:rw,Z" "-v" "/var/lib/crater-agent-workspace/builds/worker-6-tc2/source:/opt/rustwide/workdir:ro,Z" "-v" "/var/lib/crater-agent-workspace/cargo-home:/opt/rustwide/cargo-home:ro,Z" "-v" "/var/lib/crater-agent-workspace/rustup-home:/opt/rustwide/rustup-home:ro,Z" "-e" "SOURCE_DIR=/opt/rustwide/workdir" "-e" "CARGO_TARGET_DIR=/opt/rustwide/target" "-e" "CARGO_INCREMENTAL=0" "-e" "RUST_BACKTRACE=full" "-e" "RUSTFLAGS=--cap-lints=warn" "-e" "RUSTDOCFLAGS=--cap-lints=warn" "-e" "CARGO_HOME=/opt/rustwide/cargo-home" "-e" "RUSTUP_HOME=/opt/rustwide/rustup-home" "-w" "/opt/rustwide/workdir" "-m" "1610612736" "--user" "0:0" "--network" "none" "ghcr.io/rust-lang/crates-build-env/linux@sha256:f3a9d4ad9d972b27faf3965f35b62e55ba32bbce8f20bc8fe909558a86702fde" "/opt/rustwide/cargo-home/bin/cargo" "+beta-2024-12-08" "build" "--frozen" "--message-format=json", kill_on_drop: false }`
[INFO] [stdout] 4a407c54692487f90c78596e049a3f3360cfef70efa4f4f85f2bad53258340a4
[INFO] running `Command { std: "docker" "start" "-a" "4a407c54692487f90c78596e049a3f3360cfef70efa4f4f85f2bad53258340a4", kill_on_drop: false }`
[INFO] [stderr]    Compiling proc-macro2 v1.0.36
[INFO] [stderr]    Compiling unicode-xid v0.2.2
[INFO] [stderr]    Compiling libc v0.2.113
[INFO] [stderr]    Compiling syn v1.0.86
[INFO] [stderr]    Compiling getrandom v0.1.16
[INFO] [stderr]    Compiling siphasher v0.3.9
[INFO] [stderr]    Compiling log v0.4.14
[INFO] [stderr]    Compiling ppv-lite86 v0.2.16
[INFO] [stderr]    Compiling smallvec v1.8.0
[INFO] [stderr]    Compiling parking_lot_core v0.8.5
[INFO] [stderr]    Compiling instant v0.1.12
[INFO] [stderr]    Compiling memchr v2.4.1
[INFO] [stderr]    Compiling pkg-config v0.3.24
[INFO] [stderr]    Compiling lock_api v0.4.5
[INFO] [stderr]    Compiling cc v1.0.72
[INFO] [stderr]    Compiling pin-project-lite v0.2.8
[INFO] [stderr]    Compiling serde v1.0.135
[INFO] [stderr]    Compiling bytes v1.1.0
[INFO] [stderr]    Compiling phf_shared v0.8.0
[INFO] [stderr]    Compiling once_cell v1.9.0
[INFO] [stderr]    Compiling futures-core v0.3.19
[INFO] [stderr]    Compiling matches v0.1.9
[INFO] [stderr]    Compiling itoa v1.0.1
[INFO] [stderr]    Compiling futures-task v0.3.19
[INFO] [stderr]    Compiling indexmap v1.8.0
[INFO] [stderr]    Compiling openssl v0.10.38
[INFO] [stderr]    Compiling new_debug_unreachable v1.0.4
[INFO] [stderr]    Compiling futures-util v0.3.19
[INFO] [stderr]    Compiling foreign-types-shared v0.1.1
[INFO] [stderr]    Compiling itoa v0.4.8
[INFO] [stderr]    Compiling foreign-types v0.3.2
[INFO] [stderr]    Compiling tracing-core v0.1.21
[INFO] [stderr]    Compiling precomputed-hash v0.1.1
[INFO] [stderr]    Compiling hashbrown v0.11.2
[INFO] [stderr]    Compiling http v0.2.6
[INFO] [stderr]    Compiling native-tls v0.2.8
[INFO] [stderr]    Compiling mac v0.1.1
[INFO] [stderr]    Compiling httparse v1.5.1
[INFO] [stderr]    Compiling tinyvec_macros v0.1.0
[INFO] [stderr]    Compiling futures-channel v0.3.19
[INFO] [stderr]    Compiling futures-sink v0.3.19
[INFO] [stderr]    Compiling tinyvec v1.5.1
[INFO] [stderr]    Compiling futf v0.1.4
[INFO] [stderr]    Compiling tracing v0.1.29
[INFO] [stderr]    Compiling dtoa v0.4.8
[INFO] [stderr]    Compiling utf-8 v0.7.6
[INFO] [stderr]    Compiling openssl-sys v0.9.72
[INFO] [stderr]    Compiling try-lock v0.2.3
[INFO] [stderr]    Compiling openssl-probe v0.1.5
[INFO] [stderr]    Compiling slab v0.4.5
[INFO] [stderr]    Compiling want v0.3.0
[INFO] [stderr]    Compiling dtoa-short v0.3.3
[INFO] [stderr]    Compiling tendril v0.4.2
[INFO] [stderr]    Compiling form_urlencoded v1.0.1
[INFO] [stderr]    Compiling nodrop v0.1.14
[INFO] [stderr]    Compiling tower-service v0.3.1
[INFO] [stderr]    Compiling serde_json v1.0.78
[INFO] [stderr]    Compiling ryu v1.0.9
[INFO] [stderr]    Compiling byteorder v1.4.3
[INFO] [stderr]    Compiling stable_deref_trait v1.2.0
[INFO] [stderr]    Compiling encoding_rs v0.8.30
[INFO] [stderr]    Compiling httpdate v1.0.2
[INFO] [stderr]    Compiling rand_core v0.5.1
[INFO] [stderr]    Compiling mio v0.7.14
[INFO] [stderr]    Compiling rand_chacha v0.2.2
[INFO] [stderr]    Compiling rand_pcg v0.2.1
[INFO] [stderr]    Compiling signal-hook-registry v1.4.0
[INFO] [stderr]    Compiling num_cpus v1.13.1
[INFO] [stderr]    Compiling socket2 v0.4.3
[INFO] [stderr]    Compiling quote v1.0.15
[INFO] [stderr]    Compiling unicode-bidi v0.3.7
[INFO] [stderr]    Compiling parking_lot v0.11.2
[INFO] [stderr]    Compiling rand v0.7.3
[INFO] [stderr]    Compiling unicode-normalization v0.1.19
[INFO] [stderr]    Compiling fxhash v0.2.1
[INFO] [stderr]    Compiling servo_arc v0.1.1
[INFO] [stderr]    Compiling thin-slice v0.1.1
[INFO] [stderr]    Compiling unicode-width v0.1.9
[INFO] [stderr]    Compiling getopts v0.2.21
[INFO] [stderr]    Compiling getrandom v0.2.4
[INFO] [stderr]    Compiling aho-corasick v0.7.18
[INFO] [stderr]    Compiling ipnet v2.3.1
[INFO] [stderr]    Compiling regex-syntax v0.6.25
[INFO] [stderr]    Compiling mime v0.3.16
[INFO] [stderr]    Compiling base64 v0.13.0
[INFO] [stderr]    Compiling either v1.6.1
[INFO] [stderr]    Compiling idna v0.2.3
[INFO] [stderr]    Compiling ego-tree v0.6.2
[INFO] [stderr]    Compiling itertools v0.10.3
[INFO] [stderr]    Compiling uuid v0.8.2
[INFO] [stderr]    Compiling urlencoding v2.1.0
[INFO] [stderr]    Compiling url v2.2.2
[INFO] [stderr]    Compiling phf_generator v0.8.0
[INFO] [stderr]    Compiling phf_codegen v0.8.0
[INFO] [stderr]    Compiling string_cache_codegen v0.5.1
[INFO] [stderr]    Compiling http-body v0.4.4
[INFO] [stderr]    Compiling selectors v0.22.0
[INFO] [stderr]    Compiling markup5ever v0.10.1
[INFO] [stderr]    Compiling string_cache v0.8.2
[INFO] [stderr]    Compiling serde_urlencoded v0.7.1
[INFO] [stderr]    Compiling regex v1.5.4
[INFO] [stderr]    Compiling tokio-macros v1.7.0
[INFO] [stderr]    Compiling phf_macros v0.8.0
[INFO] [stderr]    Compiling cssparser v0.27.2
[INFO] [stderr]    Compiling cssparser-macros v0.6.0
[INFO] [stderr]    Compiling html5ever v0.25.1
[INFO] [stderr]    Compiling derive_more v0.99.17
[INFO] [stderr]    Compiling tokio v1.15.0
[INFO] [stderr]    Compiling phf v0.8.0
[INFO] [stderr]    Compiling scraper v0.12.0
[INFO] [stderr]    Compiling tokio-util v0.6.9
[INFO] [stderr]    Compiling tokio-native-tls v0.3.0
[INFO] [stderr]    Compiling h2 v0.3.10
[INFO] [stderr]    Compiling hyper v0.14.16
[INFO] [stderr]    Compiling hyper-tls v0.5.0
[INFO] [stderr]    Compiling reqwest v0.11.9
[INFO] [stderr]    Compiling web_page_downloader v0.1.0 (/opt/rustwide/workdir)
[INFO] [stdout] warning: field `0` is never read
[INFO] [stdout]   --> src/download.rs:18:26
[INFO] [stdout]    |
[INFO] [stdout] 18 | pub struct DownloadError(reqwest::StatusCode);
[INFO] [stdout]    |            ------------- ^^^^^^^^^^^^^^^^^^^
[INFO] [stdout]    |            |
[INFO] [stdout]    |            field in this struct
[INFO] [stdout]    |
[INFO] [stdout]    = help: consider removing this field
[INFO] [stdout]    = note: `DownloadError` has derived impls for the traits `Clone` and `Debug`, but these are intentionally ignored during dead code analysis
[INFO] [stdout]    = note: `#[warn(dead_code)]` on by default
[INFO] [stdout] 
[INFO] [stdout] 
[INFO] [stderr]     Finished `dev` profile [unoptimized + debuginfo] target(s) in 45.47s
[INFO] [stderr] warning: the following packages contain code that will be rejected by a future version of Rust: html5ever v0.25.1
[INFO] [stderr] note: to see what the problems were, use the option `--future-incompat-report`, or run `cargo report future-incompatibilities --id 1`
[INFO] running `Command { std: "docker" "inspect" "4a407c54692487f90c78596e049a3f3360cfef70efa4f4f85f2bad53258340a4", kill_on_drop: false }`
[INFO] running `Command { std: "docker" "rm" "-f" "4a407c54692487f90c78596e049a3f3360cfef70efa4f4f85f2bad53258340a4", kill_on_drop: false }`
[INFO] [stdout] 4a407c54692487f90c78596e049a3f3360cfef70efa4f4f85f2bad53258340a4
[INFO] running `Command { std: "docker" "create" "-v" "/var/lib/crater-agent-workspace/builds/worker-6-tc2/target:/opt/rustwide/target:rw,Z" "-v" "/var/lib/crater-agent-workspace/builds/worker-6-tc2/source:/opt/rustwide/workdir:ro,Z" "-v" "/var/lib/crater-agent-workspace/cargo-home:/opt/rustwide/cargo-home:ro,Z" "-v" "/var/lib/crater-agent-workspace/rustup-home:/opt/rustwide/rustup-home:ro,Z" "-e" "SOURCE_DIR=/opt/rustwide/workdir" "-e" "CARGO_TARGET_DIR=/opt/rustwide/target" "-e" "CARGO_INCREMENTAL=0" "-e" "RUST_BACKTRACE=full" "-e" "RUSTFLAGS=--cap-lints=warn" "-e" "RUSTDOCFLAGS=--cap-lints=warn" "-e" "CARGO_HOME=/opt/rustwide/cargo-home" "-e" "RUSTUP_HOME=/opt/rustwide/rustup-home" "-w" "/opt/rustwide/workdir" "-m" "1610612736" "--user" "0:0" "--network" "none" "ghcr.io/rust-lang/crates-build-env/linux@sha256:f3a9d4ad9d972b27faf3965f35b62e55ba32bbce8f20bc8fe909558a86702fde" "/opt/rustwide/cargo-home/bin/cargo" "+beta-2024-12-08" "test" "--frozen" "--no-run" "--message-format=json", kill_on_drop: false }`
[INFO] [stdout] c2540a049901066e747a60e941ec996a637e1fa1c9ef891499ddea97972eb212
[INFO] running `Command { std: "docker" "start" "-a" "c2540a049901066e747a60e941ec996a637e1fa1c9ef891499ddea97972eb212", kill_on_drop: false }`
[INFO] [stdout] warning: field `0` is never read
[INFO] [stdout]   --> src/download.rs:18:26
[INFO] [stdout]    |
[INFO] [stdout] 18 | pub struct DownloadError(reqwest::StatusCode);
[INFO] [stdout]    |            ------------- ^^^^^^^^^^^^^^^^^^^
[INFO] [stdout]    |            |
[INFO] [stdout]    |            field in this struct
[INFO] [stdout]    |
[INFO] [stdout]    = help: consider removing this field
[INFO] [stdout]    = note: `DownloadError` has derived impls for the traits `Clone` and `Debug`, but these are intentionally ignored during dead code analysis
[INFO] [stdout]    = note: `#[warn(dead_code)]` on by default
[INFO] [stdout] 
[INFO] [stdout] 
[INFO] [stderr]    Compiling web_page_downloader v0.1.0 (/opt/rustwide/workdir)
[INFO] [stdout] warning: field `0` is never read
[INFO] [stdout]   --> src/download.rs:18:26
[INFO] [stdout]    |
[INFO] [stdout] 18 | pub struct DownloadError(reqwest::StatusCode);
[INFO] [stdout]    |            ------------- ^^^^^^^^^^^^^^^^^^^
[INFO] [stdout]    |            |
[INFO] [stdout]    |            field in this struct
[INFO] [stdout]    |
[INFO] [stdout]    = help: consider removing this field
[INFO] [stdout]    = note: `DownloadError` has derived impls for the traits `Clone` and `Debug`, but these are intentionally ignored during dead code analysis
[INFO] [stdout]    = note: `#[warn(dead_code)]` on by default
[INFO] [stdout] 
[INFO] [stdout] 
[INFO] [stderr]     Finished `test` profile [unoptimized + debuginfo] target(s) in 3.65s
[INFO] [stderr] warning: the following packages contain code that will be rejected by a future version of Rust: html5ever v0.25.1
[INFO] [stderr] note: to see what the problems were, use the option `--future-incompat-report`, or run `cargo report future-incompatibilities --id 1`
[INFO] running `Command { std: "docker" "inspect" "c2540a049901066e747a60e941ec996a637e1fa1c9ef891499ddea97972eb212", kill_on_drop: false }`
[INFO] running `Command { std: "docker" "rm" "-f" "c2540a049901066e747a60e941ec996a637e1fa1c9ef891499ddea97972eb212", kill_on_drop: false }`
[INFO] [stdout] c2540a049901066e747a60e941ec996a637e1fa1c9ef891499ddea97972eb212
[INFO] running `Command { std: "docker" "create" "-v" "/var/lib/crater-agent-workspace/builds/worker-6-tc2/target:/opt/rustwide/target:rw,Z" "-v" "/var/lib/crater-agent-workspace/builds/worker-6-tc2/source:/opt/rustwide/workdir:ro,Z" "-v" "/var/lib/crater-agent-workspace/cargo-home:/opt/rustwide/cargo-home:ro,Z" "-v" "/var/lib/crater-agent-workspace/rustup-home:/opt/rustwide/rustup-home:ro,Z" "-e" "SOURCE_DIR=/opt/rustwide/workdir" "-e" "CARGO_TARGET_DIR=/opt/rustwide/target" "-e" "CARGO_INCREMENTAL=0" "-e" "RUST_BACKTRACE=full" "-e" "RUSTFLAGS=--cap-lints=warn" "-e" "RUSTDOCFLAGS=--cap-lints=warn" "-e" "CARGO_HOME=/opt/rustwide/cargo-home" "-e" "RUSTUP_HOME=/opt/rustwide/rustup-home" "-w" "/opt/rustwide/workdir" "-m" "1610612736" "--user" "0:0" "--network" "none" "ghcr.io/rust-lang/crates-build-env/linux@sha256:f3a9d4ad9d972b27faf3965f35b62e55ba32bbce8f20bc8fe909558a86702fde" "/opt/rustwide/cargo-home/bin/cargo" "+beta-2024-12-08" "test" "--frozen", kill_on_drop: false }`
[INFO] [stdout] bf187786a2692535ab1053ac8cdaf362ebb373093404e3e3043cc636e4f25f42
[INFO] running `Command { std: "docker" "start" "-a" "bf187786a2692535ab1053ac8cdaf362ebb373093404e3e3043cc636e4f25f42", kill_on_drop: false }`
[INFO] [stderr] warning: field `0` is never read
[INFO] [stderr]   --> src/download.rs:18:26
[INFO] [stderr]    |
[INFO] [stderr] 18 | pub struct DownloadError(reqwest::StatusCode);
[INFO] [stderr]    |            ------------- ^^^^^^^^^^^^^^^^^^^
[INFO] [stderr]    |            |
[INFO] [stderr]    |            field in this struct
[INFO] [stderr]    |
[INFO] [stderr]    = help: consider removing this field
[INFO] [stderr]    = note: `DownloadError` has derived impls for the traits `Clone` and `Debug`, but these are intentionally ignored during dead code analysis
[INFO] [stderr]    = note: `#[warn(dead_code)]` on by default
[INFO] [stderr] 
[INFO] [stderr] warning: `web_page_downloader` (lib) generated 1 warning
[INFO] [stderr] warning: `web_page_downloader` (lib test) generated 1 warning (1 duplicate)
[INFO] [stderr]     Finished `test` profile [unoptimized + debuginfo] target(s) in 0.17s
[INFO] [stderr] warning: the following packages contain code that will be rejected by a future version of Rust: html5ever v0.25.1
[INFO] [stderr] note: to see what the problems were, use the option `--future-incompat-report`, or run `cargo report future-incompatibilities --id 1`
[INFO] [stderr]      Running unittests src/lib.rs (/opt/rustwide/target/debug/deps/web_page_downloader-2703b8b192e217e7)
[INFO] [stdout] 
[INFO] [stdout] running 2 tests
[INFO] [stdout] test get_links::html::test_srcset ... ok
[INFO] [stdout] test get_links::test_join_url ... FAILED
[INFO] [stdout] 
[INFO] [stdout] failures:
[INFO] [stdout] 
[INFO] [stdout] ---- get_links::test_join_url stdout ----
[INFO] [stdout] thread 'get_links::test_join_url' panicked at src/get_links/mod.rs:28:5:
[INFO] [stdout] assertion `left == right` failed
[INFO] [stdout]   left: Url { scheme: "https", cannot_be_a_base: false, username: "", password: None, host: Some(Domain("adm-sidem-gs.idolmaster-official.jp")), port: None, path: "//wsm/", query: None, fragment: None }
[INFO] [stdout]  right: Url { scheme: "https", cannot_be_a_base: false, username: "", password: None, host: Some(Domain("adm-sidem-gs.idolmaster-official.jp")), port: None, path: "/wsm/", query: None, fragment: None }
[INFO] [stdout] stack backtrace:
[INFO] [stdout]    0:     0x58de83dd9e1a - std::backtrace_rs::backtrace::libunwind::trace::h8810477743020387
[INFO] [stdout]                                at /rustc/202008a1b8de96d2e5b6bc02d379db03a877d34d/library/std/src/../../backtrace/src/backtrace/libunwind.rs:116:5
[INFO] [stdout]    1:     0x58de83dd9e1a - std::backtrace_rs::backtrace::trace_unsynchronized::h3aa55355dd6c54a6
[INFO] [stdout]                                at /rustc/202008a1b8de96d2e5b6bc02d379db03a877d34d/library/std/src/../../backtrace/src/backtrace/mod.rs:66:5
[INFO] [stdout]    2:     0x58de83dd9e1a - std::sys::backtrace::_print_fmt::h8588b0f62410823f
[INFO] [stdout]                                at /rustc/202008a1b8de96d2e5b6bc02d379db03a877d34d/library/std/src/sys/backtrace.rs:66:9
[INFO] [stdout]    3:     0x58de83dd9e1a - <std::sys::backtrace::BacktraceLock::print::DisplayBacktrace as core::fmt::Display>::fmt::h98c26ac25ffe89bb
[INFO] [stdout]                                at /rustc/202008a1b8de96d2e5b6bc02d379db03a877d34d/library/std/src/sys/backtrace.rs:39:26
[INFO] [stdout]    4:     0x58de83e007c3 - core::fmt::rt::Argument::fmt::hf95377f4aebd453b
[INFO] [stdout]                                at /rustc/202008a1b8de96d2e5b6bc02d379db03a877d34d/library/core/src/fmt/rt.rs:177:76
[INFO] [stdout]    5:     0x58de83e007c3 - core::fmt::write::h0dd5f6e2238c7982
[INFO] [stdout]                                at /rustc/202008a1b8de96d2e5b6bc02d379db03a877d34d/library/core/src/fmt/mod.rs:1189:21
[INFO] [stdout]    6:     0x58de83dd6fb3 - std::io::Write::write_fmt::h03bb0ca26e6faf8c
[INFO] [stdout]                                at /rustc/202008a1b8de96d2e5b6bc02d379db03a877d34d/library/std/src/io/mod.rs:1884:15
[INFO] [stdout]    7:     0x58de83dd9c62 - std::sys::backtrace::BacktraceLock::print::h5c19c1c038ee186d
[INFO] [stdout]                                at /rustc/202008a1b8de96d2e5b6bc02d379db03a877d34d/library/std/src/sys/backtrace.rs:42:9
[INFO] [stdout]    8:     0x58de83ddb29d - std::panicking::default_hook::{{closure}}::h77172f079a1fcb13
[INFO] [stdout]                                at /rustc/202008a1b8de96d2e5b6bc02d379db03a877d34d/library/std/src/panicking.rs:268:22
[INFO] [stdout]    9:     0x58de83ddb0a7 - std::panicking::default_hook::he5f8e3b203ccddba
[INFO] [stdout]                                at /rustc/202008a1b8de96d2e5b6bc02d379db03a877d34d/library/std/src/panicking.rs:292:9
[INFO] [stdout]   10:     0x58de83d5d6a7 - <alloc::boxed::Box<F,A> as core::ops::function::Fn<Args>>::call::h7a3c7b4a1ae77f2f
[INFO] [stdout]                                at /rustc/202008a1b8de96d2e5b6bc02d379db03a877d34d/library/alloc/src/boxed.rs:1986:9
[INFO] [stdout]   11:     0x58de83d5d6a7 - test::test_main::{{closure}}::hf0d3b69ae9b353d1
[INFO] [stdout]                                at /rustc/202008a1b8de96d2e5b6bc02d379db03a877d34d/library/test/src/lib.rs:134:21
[INFO] [stdout]   12:     0x58de83ddb948 - <alloc::boxed::Box<F,A> as core::ops::function::Fn<Args>>::call::h6332e82e7b189abd
[INFO] [stdout]                                at /rustc/202008a1b8de96d2e5b6bc02d379db03a877d34d/library/alloc/src/boxed.rs:1986:9
[INFO] [stdout]   13:     0x58de83ddb948 - std::panicking::rust_panic_with_hook::h53863d4e9018df39
[INFO] [stdout]                                at /rustc/202008a1b8de96d2e5b6bc02d379db03a877d34d/library/std/src/panicking.rs:809:13
[INFO] [stdout]   14:     0x58de83ddb70a - std::panicking::begin_panic_handler::{{closure}}::h67280e6fa0757873
[INFO] [stdout]                                at /rustc/202008a1b8de96d2e5b6bc02d379db03a877d34d/library/std/src/panicking.rs:674:13
[INFO] [stdout]   15:     0x58de83dda2f9 - std::sys::backtrace::__rust_end_short_backtrace::h1dac3f54d6fbbeb2
[INFO] [stdout]                                at /rustc/202008a1b8de96d2e5b6bc02d379db03a877d34d/library/std/src/sys/backtrace.rs:170:18
[INFO] [stdout]   16:     0x58de83ddb39c - rust_begin_unwind
[INFO] [stdout]                                at /rustc/202008a1b8de96d2e5b6bc02d379db03a877d34d/library/std/src/panicking.rs:665:5
[INFO] [stdout]   17:     0x58de83d20b50 - core::panicking::panic_fmt::h6792bd1b2bf01041
[INFO] [stdout]                                at /rustc/202008a1b8de96d2e5b6bc02d379db03a877d34d/library/core/src/panicking.rs:76:14
[INFO] [stdout]   18:     0x58de83d20f1b - core::panicking::assert_failed_inner::hf2c17e6d30928787
[INFO] [stdout]   19:     0x58de83d22204 - core::panicking::assert_failed::ha9240b7605a2fff9
[INFO] [stdout]                                at /rustc/202008a1b8de96d2e5b6bc02d379db03a877d34d/library/core/src/panicking.rs:373:5
[INFO] [stdout]   20:     0x58de83d237ee - web_page_downloader::get_links::test_join_url::h6c559c8b30a4b478
[INFO] [stdout]                                at /opt/rustwide/workdir/src/get_links/mod.rs:28:5
[INFO] [stdout]   21:     0x58de83d23417 - web_page_downloader::get_links::test_join_url::{{closure}}::h3e22d5c0891e1c09
[INFO] [stdout]                                at /opt/rustwide/workdir/src/get_links/mod.rs:22:19
[INFO] [stdout]   22:     0x58de83d21c16 - core::ops::function::FnOnce::call_once::h5d513721b48b13c4
[INFO] [stdout]                                at /rustc/202008a1b8de96d2e5b6bc02d379db03a877d34d/library/core/src/ops/function.rs:250:5
[INFO] [stdout]   23:     0x58de83d621cb - core::ops::function::FnOnce::call_once::h871bf86719ec9aa4
[INFO] [stdout]                                at /rustc/202008a1b8de96d2e5b6bc02d379db03a877d34d/library/core/src/ops/function.rs:250:5
[INFO] [stdout]   24:     0x58de83d621cb - test::__rust_begin_short_backtrace::h2167df1e2b7d76fd
[INFO] [stdout]                                at /rustc/202008a1b8de96d2e5b6bc02d379db03a877d34d/library/test/src/lib.rs:632:18
[INFO] [stdout]   25:     0x58de83d61bb8 - test::run_test_in_process::{{closure}}::h15d92f75a3adfb79
[INFO] [stdout]                                at /rustc/202008a1b8de96d2e5b6bc02d379db03a877d34d/library/test/src/lib.rs:655:60
[INFO] [stdout]   26:     0x58de83d61bb8 - <core::panic::unwind_safe::AssertUnwindSafe<F> as core::ops::function::FnOnce<()>>::call_once::hb6c8955835a8dbbb
[INFO] [stdout]                                at /rustc/202008a1b8de96d2e5b6bc02d379db03a877d34d/library/core/src/panic/unwind_safe.rs:272:9
[INFO] [stdout]   27:     0x58de83d61bb8 - std::panicking::try::do_call::hc79d0fc888a0bd30
[INFO] [stdout]                                at /rustc/202008a1b8de96d2e5b6bc02d379db03a877d34d/library/std/src/panicking.rs:557:40
[INFO] [stdout]   28:     0x58de83d61bb8 - std::panicking::try::hb8a7878e3a8589d6
[INFO] [stdout]                                at /rustc/202008a1b8de96d2e5b6bc02d379db03a877d34d/library/std/src/panicking.rs:520:19
[INFO] [stdout]   29:     0x58de83d61bb8 - std::panic::catch_unwind::hb8e4600ff0ff5cfa
[INFO] [stdout]                                at /rustc/202008a1b8de96d2e5b6bc02d379db03a877d34d/library/std/src/panic.rs:358:14
[INFO] [stdout]   30:     0x58de83d61bb8 - test::run_test_in_process::hc2900b0b18688dd6
[INFO] [stdout]                                at /rustc/202008a1b8de96d2e5b6bc02d379db03a877d34d/library/test/src/lib.rs:655:27
[INFO] [stdout]   31:     0x58de83d61bb8 - test::run_test::{{closure}}::hac2a9cb07be3d48d
[INFO] [stdout]                                at /rustc/202008a1b8de96d2e5b6bc02d379db03a877d34d/library/test/src/lib.rs:576:43
[INFO] [stdout]   32:     0x58de83d2565a - test::run_test::{{closure}}::h4a5b729e66a38cd8
[INFO] [stdout]                                at /rustc/202008a1b8de96d2e5b6bc02d379db03a877d34d/library/test/src/lib.rs:606:41
[INFO] [stdout]   33:     0x58de83d2565a - std::sys::backtrace::__rust_begin_short_backtrace::h0496fb742492f573
[INFO] [stdout]                                at /rustc/202008a1b8de96d2e5b6bc02d379db03a877d34d/library/std/src/sys/backtrace.rs:154:18
[INFO] [stdout]   34:     0x58de83d28fd4 - std::thread::Builder::spawn_unchecked_::{{closure}}::{{closure}}::hbb6d257c550a54bd
[INFO] [stdout]                                at /rustc/202008a1b8de96d2e5b6bc02d379db03a877d34d/library/std/src/thread/mod.rs:561:17
[INFO] [stdout]   35:     0x58de83d28fd4 - <core::panic::unwind_safe::AssertUnwindSafe<F> as core::ops::function::FnOnce<()>>::call_once::h46696fe4a6832328
[INFO] [stdout]                                at /rustc/202008a1b8de96d2e5b6bc02d379db03a877d34d/library/core/src/panic/unwind_safe.rs:272:9
[INFO] [stdout]   36:     0x58de83d28fd4 - std::panicking::try::do_call::h2625a51b667bfb64
[INFO] [stdout]                                at /rustc/202008a1b8de96d2e5b6bc02d379db03a877d34d/library/std/src/panicking.rs:557:40
[INFO] [stdout]   37:     0x58de83d28fd4 - std::panicking::try::hb956a59a1973aa4c
[INFO] [stdout]                                at /rustc/202008a1b8de96d2e5b6bc02d379db03a877d34d/library/std/src/panicking.rs:520:19
[INFO] [stdout]   38:     0x58de83d28fd4 - std::panic::catch_unwind::h64f3b9d1067ef6a0
[INFO] [stdout]                                at /rustc/202008a1b8de96d2e5b6bc02d379db03a877d34d/library/std/src/panic.rs:358:14
[INFO] [stdout]   39:     0x58de83d28fd4 - std::thread::Builder::spawn_unchecked_::{{closure}}::h42b2841295b6c0b2
[INFO] [stdout]                                at /rustc/202008a1b8de96d2e5b6bc02d379db03a877d34d/library/std/src/thread/mod.rs:559:30
[INFO] [stdout]   40:     0x58de83d28fd4 - core::ops::function::FnOnce::call_once{{vtable.shim}}::h6127de71b8124639
[INFO] [stdout]                                at /rustc/202008a1b8de96d2e5b6bc02d379db03a877d34d/library/core/src/ops/function.rs:250:5
[INFO] [stdout]   41:     0x58de83ddf88b - <alloc::boxed::Box<F,A> as core::ops::function::FnOnce<Args>>::call_once::h42f0ba71002a1b2c
[INFO] [stdout]                                at /rustc/202008a1b8de96d2e5b6bc02d379db03a877d34d/library/alloc/src/boxed.rs:1972:9
[INFO] [stdout]   42:     0x58de83ddf88b - <alloc::boxed::Box<F,A> as core::ops::function::FnOnce<Args>>::call_once::had9e47d7a3dcecb8
[INFO] [stdout]                                at /rustc/202008a1b8de96d2e5b6bc02d379db03a877d34d/library/alloc/src/boxed.rs:1972:9
[INFO] [stdout]   43:     0x58de83ddf88b - std::sys::pal::unix::thread::Thread::new::thread_start::h48cf765408f6f5f2
[INFO] [stdout]                                at /rustc/202008a1b8de96d2e5b6bc02d379db03a877d34d/library/std/src/sys/pal/unix/thread.rs:105:17
[INFO] [stdout]   44:     0x786a61419ac3 - <unknown>
[INFO] [stdout]   45:     0x786a614aaa04 - clone
[INFO] [stdout]   46:                0x0 - <unknown>
[INFO] [stdout] 
[INFO] [stdout] 
[INFO] [stdout] failures:
[INFO] [stdout]     get_links::test_join_url
[INFO] [stdout] 
[INFO] [stdout] test result: FAILED. 1 passed; 1 failed; 0 ignored; 0 measured; 0 filtered out; finished in 0.10s
[INFO] [stdout] 
[INFO] [stderr] error: test failed, to rerun pass `--lib`
[INFO] running `Command { std: "docker" "inspect" "bf187786a2692535ab1053ac8cdaf362ebb373093404e3e3043cc636e4f25f42", kill_on_drop: false }`
[INFO] running `Command { std: "docker" "rm" "-f" "bf187786a2692535ab1053ac8cdaf362ebb373093404e3e3043cc636e4f25f42", kill_on_drop: false }`
[INFO] [stdout] bf187786a2692535ab1053ac8cdaf362ebb373093404e3e3043cc636e4f25f42
