[INFO] cloning repository https://github.com/mikegin/leetcode-rs
[INFO] running `Command { std: "git" "-c" "credential.helper=" "-c" "credential.helper=/workspace/cargo-home/bin/git-credential-null" "clone" "--bare" "https://github.com/mikegin/leetcode-rs" "/workspace/cache/git-repos/https%3A%2F%2Fgithub.com%2Fmikegin%2Fleetcode-rs", kill_on_drop: false }`
[INFO] [stderr] Cloning into bare repository '/workspace/cache/git-repos/https%3A%2F%2Fgithub.com%2Fmikegin%2Fleetcode-rs'...
[INFO] running `Command { std: "git" "rev-parse" "HEAD", kill_on_drop: false }`
[INFO] [stdout] 5e954155d3cf91563ec1ee1eb47bfcb40fae9e30
[INFO] testing mikegin/leetcode-rs against beta-2024-12-08 for beta-1.84.0-4-retry
[INFO] running `Command { std: "git" "clone" "/workspace/cache/git-repos/https%3A%2F%2Fgithub.com%2Fmikegin%2Fleetcode-rs" "/workspace/builds/worker-6-tc2/source", kill_on_drop: false }`
[INFO] [stderr] Cloning into '/workspace/builds/worker-6-tc2/source'...
[INFO] [stderr] done.
[INFO] validating manifest of git repo https://github.com/mikegin/leetcode-rs on toolchain beta-2024-12-08
[INFO] running `Command { std: CARGO_HOME="/workspace/cargo-home" RUSTUP_HOME="/workspace/rustup-home" "/workspace/cargo-home/bin/cargo" "+beta-2024-12-08" "metadata" "--manifest-path" "Cargo.toml" "--no-deps", kill_on_drop: false }`
[INFO] started tweaking git repo https://github.com/mikegin/leetcode-rs
[INFO] finished tweaking git repo https://github.com/mikegin/leetcode-rs
[INFO] tweaked toml for git repo https://github.com/mikegin/leetcode-rs written to /workspace/builds/worker-6-tc2/source/Cargo.toml
[INFO] crate git repo https://github.com/mikegin/leetcode-rs already has a lockfile, it will not be regenerated
[INFO] running `Command { std: CARGO_HOME="/workspace/cargo-home" RUSTUP_HOME="/workspace/rustup-home" "/workspace/cargo-home/bin/cargo" "+beta-2024-12-08" "fetch" "--manifest-path" "Cargo.toml", kill_on_drop: false }`
[INFO] running `Command { std: "docker" "create" "-v" "/var/lib/crater-agent-workspace/builds/worker-6-tc2/target:/opt/rustwide/target:rw,Z" "-v" "/var/lib/crater-agent-workspace/builds/worker-6-tc2/source:/opt/rustwide/workdir:ro,Z" "-v" "/var/lib/crater-agent-workspace/cargo-home:/opt/rustwide/cargo-home:ro,Z" "-v" "/var/lib/crater-agent-workspace/rustup-home:/opt/rustwide/rustup-home:ro,Z" "-e" "SOURCE_DIR=/opt/rustwide/workdir" "-e" "CARGO_TARGET_DIR=/opt/rustwide/target" "-e" "CARGO_HOME=/opt/rustwide/cargo-home" "-e" "RUSTUP_HOME=/opt/rustwide/rustup-home" "-w" "/opt/rustwide/workdir" "-m" "1610612736" "--user" "0:0" "--network" "none" "ghcr.io/rust-lang/crates-build-env/linux@sha256:f3a9d4ad9d972b27faf3965f35b62e55ba32bbce8f20bc8fe909558a86702fde" "/opt/rustwide/cargo-home/bin/cargo" "+beta-2024-12-08" "metadata" "--no-deps" "--format-version=1", kill_on_drop: false }`
[INFO] [stdout] 76ff981b7a8722eeb50f6e0c7624f2c5289432d748ef6beee28f044b4ad2a091
[INFO] running `Command { std: "docker" "start" "-a" "76ff981b7a8722eeb50f6e0c7624f2c5289432d748ef6beee28f044b4ad2a091", kill_on_drop: false }`
[INFO] running `Command { std: "docker" "inspect" "76ff981b7a8722eeb50f6e0c7624f2c5289432d748ef6beee28f044b4ad2a091", kill_on_drop: false }`
[INFO] running `Command { std: "docker" "rm" "-f" "76ff981b7a8722eeb50f6e0c7624f2c5289432d748ef6beee28f044b4ad2a091", kill_on_drop: false }`
[INFO] [stdout] 76ff981b7a8722eeb50f6e0c7624f2c5289432d748ef6beee28f044b4ad2a091
[INFO] running `Command { std: "docker" "create" "-v" "/var/lib/crater-agent-workspace/builds/worker-6-tc2/target:/opt/rustwide/target:rw,Z" "-v" "/var/lib/crater-agent-workspace/builds/worker-6-tc2/source:/opt/rustwide/workdir:ro,Z" "-v" "/var/lib/crater-agent-workspace/cargo-home:/opt/rustwide/cargo-home:ro,Z" "-v" "/var/lib/crater-agent-workspace/rustup-home:/opt/rustwide/rustup-home:ro,Z" "-e" "SOURCE_DIR=/opt/rustwide/workdir" "-e" "CARGO_TARGET_DIR=/opt/rustwide/target" "-e" "CARGO_INCREMENTAL=0" "-e" "RUST_BACKTRACE=full" "-e" "RUSTFLAGS=--cap-lints=warn" "-e" "RUSTDOCFLAGS=--cap-lints=warn" "-e" "CARGO_HOME=/opt/rustwide/cargo-home" "-e" "RUSTUP_HOME=/opt/rustwide/rustup-home" "-w" "/opt/rustwide/workdir" "-m" "1610612736" "--user" "0:0" "--network" "none" "ghcr.io/rust-lang/crates-build-env/linux@sha256:f3a9d4ad9d972b27faf3965f35b62e55ba32bbce8f20bc8fe909558a86702fde" "/opt/rustwide/cargo-home/bin/cargo" "+beta-2024-12-08" "build" "--frozen" "--message-format=json", kill_on_drop: false }`
[INFO] [stdout] 265ddc8d27eeb757484b066c1aa16220fd6f88ee6e56f4fcdaff402678cf4099
[INFO] running `Command { std: "docker" "start" "-a" "265ddc8d27eeb757484b066c1aa16220fd6f88ee6e56f4fcdaff402678cf4099", kill_on_drop: false }`
[INFO] [stderr]    Compiling play v0.1.0 (/opt/rustwide/workdir)
[INFO] [stdout] warning: unnecessary trailing semicolon
[INFO] [stdout]   --> src/add_binary.rs:14:6
[INFO] [stdout]    |
[INFO] [stdout] 14 |     };
[INFO] [stdout]    |      ^ help: remove this semicolon
[INFO] [stdout]    |
[INFO] [stdout]    = note: `#[warn(redundant_semicolons)]` on by default
[INFO] [stdout] 
[INFO] [stdout] 
[INFO] [stdout] warning: unused import: `std::borrow::Borrow`
[INFO] [stdout]   --> src/inorder_traversal.rs:19:5
[INFO] [stdout]    |
[INFO] [stdout] 19 | use std::borrow::Borrow;
[INFO] [stdout]    |     ^^^^^^^^^^^^^^^^^^^
[INFO] [stdout]    |
[INFO] [stdout]    = note: `#[warn(unused_imports)]` on by default
[INFO] [stdout] 
[INFO] [stdout] 
[INFO] [stdout] warning: unnecessary trailing semicolon
[INFO] [stdout]   --> src/inorder_traversal.rs:38:6
[INFO] [stdout]    |
[INFO] [stdout] 38 |     };
[INFO] [stdout]    |      ^ help: remove this semicolon
[INFO] [stdout] 
[INFO] [stdout] 
[INFO] [stdout] warning: function `two_sum` is never used
[INFO] [stdout]  --> src/two_sum.rs:1:8
[INFO] [stdout]   |
[INFO] [stdout] 1 | pub fn two_sum(nums: Vec<i32>, target: i32) -> Vec<i32> {
[INFO] [stdout]   |        ^^^^^^^
[INFO] [stdout]   |
[INFO] [stdout]   = note: `#[warn(dead_code)]` on by default
[INFO] [stdout] 
[INFO] [stdout] 
[INFO] [stdout] warning: function `remove_duplicates` is never used
[INFO] [stdout]  --> src/remove_duplicates.rs:3:8
[INFO] [stdout]   |
[INFO] [stdout] 3 | pub fn remove_duplicates(nums: &mut Vec<i32>) -> i32 {
[INFO] [stdout]   |        ^^^^^^^^^^^^^^^^^
[INFO] [stdout] 
[INFO] [stdout] 
[INFO] [stdout] warning: function `remove_element` is never used
[INFO] [stdout]  --> src/remove_element.rs:2:8
[INFO] [stdout]   |
[INFO] [stdout] 2 | pub fn remove_element(nums: &mut Vec<i32>, val: i32) -> i32 {
[INFO] [stdout]   |        ^^^^^^^^^^^^^^
[INFO] [stdout] 
[INFO] [stdout] 
[INFO] [stdout] warning: function `search_insert` is never used
[INFO] [stdout]  --> src/search_insert.rs:2:8
[INFO] [stdout]   |
[INFO] [stdout] 2 | pub fn search_insert(nums: Vec<i32>, target: i32) -> i32 {
[INFO] [stdout]   |        ^^^^^^^^^^^^^
[INFO] [stdout] 
[INFO] [stdout] 
[INFO] [stdout] warning: function `length_of_last_word` is never used
[INFO] [stdout]  --> src/length_of_last_word.rs:2:8
[INFO] [stdout]   |
[INFO] [stdout] 2 | pub fn length_of_last_word(s: String) -> i32 {
[INFO] [stdout]   |        ^^^^^^^^^^^^^^^^^^^
[INFO] [stdout] 
[INFO] [stdout] 
[INFO] [stdout] warning: function `plus_one` is never used
[INFO] [stdout]  --> src/plus_one.rs:1:8
[INFO] [stdout]   |
[INFO] [stdout] 1 | pub fn plus_one(digits: Vec<i32>) -> Vec<i32> {
[INFO] [stdout]   |        ^^^^^^^^
[INFO] [stdout] 
[INFO] [stdout] 
[INFO] [stdout] warning: function `str_str` is never used
[INFO] [stdout]  --> src/needle_in_haystack.rs:1:8
[INFO] [stdout]   |
[INFO] [stdout] 1 | pub fn str_str(haystack: String, needle: String) -> i32 {
[INFO] [stdout]   |        ^^^^^^^
[INFO] [stdout] 
[INFO] [stdout] 
[INFO] [stdout] warning: function `add_binary` is never used
[INFO] [stdout]  --> src/add_binary.rs:1:8
[INFO] [stdout]   |
[INFO] [stdout] 1 | pub fn add_binary(a: String, b: String) -> String {
[INFO] [stdout]   |        ^^^^^^^^^^
[INFO] [stdout] 
[INFO] [stdout] 
[INFO] [stdout] warning: associated function `new` is never used
[INFO] [stdout]   --> src/inorder_traversal.rs:11:10
[INFO] [stdout]    |
[INFO] [stdout] 9  | impl TreeNode {
[INFO] [stdout]    | ------------- associated function in this implementation
[INFO] [stdout] 10 |   #[inline]
[INFO] [stdout] 11 |   pub fn new(val: i32) -> Self {
[INFO] [stdout]    |          ^^^
[INFO] [stdout] 
[INFO] [stdout] 
[INFO] [stdout] warning: function `inorder_traversal` is never used
[INFO] [stdout]   --> src/inorder_traversal.rs:22:8
[INFO] [stdout]    |
[INFO] [stdout] 22 | pub fn inorder_traversal(root: Option<Rc<RefCell<TreeNode>>>) -> Vec<i32> {
[INFO] [stdout]    |        ^^^^^^^^^^^^^^^^^
[INFO] [stdout] 
[INFO] [stdout] 
[INFO] [stdout] warning: function `is_palindrome` is never used
[INFO] [stdout]  --> src/palindrome.rs:2:8
[INFO] [stdout]   |
[INFO] [stdout] 2 | pub fn is_palindrome(s: String) -> bool {
[INFO] [stdout]   |        ^^^^^^^^^^^^^
[INFO] [stdout] 
[INFO] [stdout] 
[INFO] [stdout] warning: function `merge` is never used
[INFO] [stdout]  --> src/merge_sorted_arrays.rs:1:8
[INFO] [stdout]   |
[INFO] [stdout] 1 | pub fn merge(nums1: &mut Vec<i32>, m: i32, nums2: &mut Vec<i32>, n: i32) {
[INFO] [stdout]   |        ^^^^^
[INFO] [stdout] 
[INFO] [stdout] 
[INFO] [stdout] warning: associated function `new` is never used
[INFO] [stdout]   --> src/same_tree.rs:11:10
[INFO] [stdout]    |
[INFO] [stdout] 9  | impl TreeNode {
[INFO] [stdout]    | ------------- associated function in this implementation
[INFO] [stdout] 10 |   #[inline]
[INFO] [stdout] 11 |   pub fn new(val: i32) -> Self {
[INFO] [stdout]    |          ^^^
[INFO] [stdout] 
[INFO] [stdout] 
[INFO] [stdout] warning: struct `Solution` is never constructed
[INFO] [stdout]   --> src/same_tree.rs:22:8
[INFO] [stdout]    |
[INFO] [stdout] 22 | struct Solution {}
[INFO] [stdout]    |        ^^^^^^^^
[INFO] [stdout] 
[INFO] [stdout] 
[INFO] [stdout] warning: associated function `is_same_tree` is never used
[INFO] [stdout]   --> src/same_tree.rs:24:12
[INFO] [stdout]    |
[INFO] [stdout] 23 | impl Solution {
[INFO] [stdout]    | ------------- associated function in this implementation
[INFO] [stdout] 24 |     pub fn is_same_tree(p: Option<Rc<RefCell<TreeNode>>>, q: Option<Rc<RefCell<TreeNode>>>) -> bool {
[INFO] [stdout]    |            ^^^^^^^^^^^^
[INFO] [stdout] 
[INFO] [stdout] 
[INFO] [stdout] warning: associated function `new` is never used
[INFO] [stdout]   --> src/symmetric_tree.rs:11:10
[INFO] [stdout]    |
[INFO] [stdout] 9  | impl TreeNode {
[INFO] [stdout]    | ------------- associated function in this implementation
[INFO] [stdout] 10 |   #[inline]
[INFO] [stdout] 11 |   pub fn new(val: i32) -> Self {
[INFO] [stdout]    |          ^^^
[INFO] [stdout] 
[INFO] [stdout] 
[INFO] [stdout] warning: associated function `is_symmetric` is never used
[INFO] [stdout]   --> src/symmetric_tree.rs:43:12
[INFO] [stdout]    |
[INFO] [stdout] 42 | impl Solution {
[INFO] [stdout]    | ------------- associated function in this implementation
[INFO] [stdout] 43 |     pub fn is_symmetric(root: Option<Rc<RefCell<TreeNode>>>) -> bool {
[INFO] [stdout]    |            ^^^^^^^^^^^^
[INFO] [stdout] 
[INFO] [stdout] 
[INFO] [stdout] warning: struct `Solution` is never constructed
[INFO] [stdout]    --> src/symmetric_tree.rs:100:8
[INFO] [stdout]     |
[INFO] [stdout] 100 | struct Solution {}
[INFO] [stdout]     |        ^^^^^^^^
[INFO] [stdout] 
[INFO] [stdout] 
[INFO] [stdout] warning: associated function `new` is never used
[INFO] [stdout]   --> src/maximum_depth_of_binary_tree.rs:11:10
[INFO] [stdout]    |
[INFO] [stdout] 9  | impl TreeNode {
[INFO] [stdout]    | ------------- associated function in this implementation
[INFO] [stdout] 10 |   #[inline]
[INFO] [stdout] 11 |   pub fn new(val: i32) -> Self {
[INFO] [stdout]    |          ^^^
[INFO] [stdout] 
[INFO] [stdout] 
[INFO] [stdout] warning: function `create_rc_refcell` is never used
[INFO] [stdout]   --> src/maximum_depth_of_binary_tree.rs:23:4
[INFO] [stdout]    |
[INFO] [stdout] 23 | fn create_rc_refcell(x: i32) -> Rc<RefCell<TreeNode>> {
[INFO] [stdout]    |    ^^^^^^^^^^^^^^^^^
[INFO] [stdout] 
[INFO] [stdout] 
[INFO] [stdout] warning: associated function `max_depth` is never used
[INFO] [stdout]   --> src/maximum_depth_of_binary_tree.rs:28:12
[INFO] [stdout]    |
[INFO] [stdout] 27 | impl Solution {
[INFO] [stdout]    | ------------- associated function in this implementation
[INFO] [stdout] 28 |     pub fn max_depth(root: Option<Rc<RefCell<TreeNode>>>) -> i32 {
[INFO] [stdout]    |            ^^^^^^^^^
[INFO] [stdout] 
[INFO] [stdout] 
[INFO] [stdout] warning: struct `Solution` is never constructed
[INFO] [stdout]   --> src/maximum_depth_of_binary_tree.rs:59:8
[INFO] [stdout]    |
[INFO] [stdout] 59 | struct Solution {}
[INFO] [stdout]    |        ^^^^^^^^
[INFO] [stdout] 
[INFO] [stdout] 
[INFO] [stdout] warning: associated function `new` is never used
[INFO] [stdout]  --> src/palindrome_linked_list.rs:9:6
[INFO] [stdout]   |
[INFO] [stdout] 7 | impl ListNode {
[INFO] [stdout]   | ------------- associated function in this implementation
[INFO] [stdout] 8 |   #[inline]
[INFO] [stdout] 9 |   fn new(val: i32) -> Self {
[INFO] [stdout]   |      ^^^
[INFO] [stdout] 
[INFO] [stdout] 
[INFO] [stdout] warning: associated function `is_palindrome` is never used
[INFO] [stdout]   --> src/palindrome_linked_list.rs:17:10
[INFO] [stdout]    |
[INFO] [stdout] 16 | impl Solution {
[INFO] [stdout]    | ------------- associated function in this implementation
[INFO] [stdout] 17 |   pub fn is_palindrome(head: Option<Box<ListNode>>) -> bool {
[INFO] [stdout]    |          ^^^^^^^^^^^^^
[INFO] [stdout] 
[INFO] [stdout] 
[INFO] [stdout] warning: struct `Solution` is never constructed
[INFO] [stdout]   --> src/palindrome_linked_list.rs:35:8
[INFO] [stdout]    |
[INFO] [stdout] 35 | struct Solution {}
[INFO] [stdout]    |        ^^^^^^^^
[INFO] [stdout] 
[INFO] [stdout] 
[INFO] [stderr]     Finished `dev` profile [unoptimized + debuginfo] target(s) in 0.36s
[INFO] running `Command { std: "docker" "inspect" "265ddc8d27eeb757484b066c1aa16220fd6f88ee6e56f4fcdaff402678cf4099", kill_on_drop: false }`
[INFO] running `Command { std: "docker" "rm" "-f" "265ddc8d27eeb757484b066c1aa16220fd6f88ee6e56f4fcdaff402678cf4099", kill_on_drop: false }`
[INFO] [stdout] 265ddc8d27eeb757484b066c1aa16220fd6f88ee6e56f4fcdaff402678cf4099
[INFO] running `Command { std: "docker" "create" "-v" "/var/lib/crater-agent-workspace/builds/worker-6-tc2/target:/opt/rustwide/target:rw,Z" "-v" "/var/lib/crater-agent-workspace/builds/worker-6-tc2/source:/opt/rustwide/workdir:ro,Z" "-v" "/var/lib/crater-agent-workspace/cargo-home:/opt/rustwide/cargo-home:ro,Z" "-v" "/var/lib/crater-agent-workspace/rustup-home:/opt/rustwide/rustup-home:ro,Z" "-e" "SOURCE_DIR=/opt/rustwide/workdir" "-e" "CARGO_TARGET_DIR=/opt/rustwide/target" "-e" "CARGO_INCREMENTAL=0" "-e" "RUST_BACKTRACE=full" "-e" "RUSTFLAGS=--cap-lints=warn" "-e" "RUSTDOCFLAGS=--cap-lints=warn" "-e" "CARGO_HOME=/opt/rustwide/cargo-home" "-e" "RUSTUP_HOME=/opt/rustwide/rustup-home" "-w" "/opt/rustwide/workdir" "-m" "1610612736" "--user" "0:0" "--network" "none" "ghcr.io/rust-lang/crates-build-env/linux@sha256:f3a9d4ad9d972b27faf3965f35b62e55ba32bbce8f20bc8fe909558a86702fde" "/opt/rustwide/cargo-home/bin/cargo" "+beta-2024-12-08" "test" "--frozen" "--no-run" "--message-format=json", kill_on_drop: false }`
[INFO] [stdout] 8519db83353b7fa133feb68e5dee698cfbb5208c2142c9ba79e63717870fb8a7
[INFO] running `Command { std: "docker" "start" "-a" "8519db83353b7fa133feb68e5dee698cfbb5208c2142c9ba79e63717870fb8a7", kill_on_drop: false }`
[INFO] [stderr]    Compiling play v0.1.0 (/opt/rustwide/workdir)
[INFO] [stdout] warning: unnecessary trailing semicolon
[INFO] [stdout]   --> src/add_binary.rs:14:6
[INFO] [stdout]    |
[INFO] [stdout] 14 |     };
[INFO] [stdout]    |      ^ help: remove this semicolon
[INFO] [stdout]    |
[INFO] [stdout]    = note: `#[warn(redundant_semicolons)]` on by default
[INFO] [stdout] 
[INFO] [stdout] 
[INFO] [stdout] warning: unused import: `std::borrow::Borrow`
[INFO] [stdout]   --> src/inorder_traversal.rs:19:5
[INFO] [stdout]    |
[INFO] [stdout] 19 | use std::borrow::Borrow;
[INFO] [stdout]    |     ^^^^^^^^^^^^^^^^^^^
[INFO] [stdout]    |
[INFO] [stdout]    = note: `#[warn(unused_imports)]` on by default
[INFO] [stdout] 
[INFO] [stdout] 
[INFO] [stdout] warning: unnecessary trailing semicolon
[INFO] [stdout]   --> src/inorder_traversal.rs:38:6
[INFO] [stdout]    |
[INFO] [stdout] 38 |     };
[INFO] [stdout]    |      ^ help: remove this semicolon
[INFO] [stdout] 
[INFO] [stdout] 
[INFO] [stdout] warning: variable does not need to be mutable
[INFO] [stdout]   --> src/palindrome_linked_list.rs:51:7
[INFO] [stdout]    |
[INFO] [stdout] 51 |   let mut one2 = one.clone();
[INFO] [stdout]    |       ----^^^^
[INFO] [stdout]    |       |
[INFO] [stdout]    |       help: remove this `mut`
[INFO] [stdout]    |
[INFO] [stdout]    = note: `#[warn(unused_mut)]` on by default
[INFO] [stdout] 
[INFO] [stdout] 
[INFO] [stderr]     Finished `test` profile [unoptimized + debuginfo] target(s) in 0.92s
[INFO] running `Command { std: "docker" "inspect" "8519db83353b7fa133feb68e5dee698cfbb5208c2142c9ba79e63717870fb8a7", kill_on_drop: false }`
[INFO] running `Command { std: "docker" "rm" "-f" "8519db83353b7fa133feb68e5dee698cfbb5208c2142c9ba79e63717870fb8a7", kill_on_drop: false }`
[INFO] [stdout] 8519db83353b7fa133feb68e5dee698cfbb5208c2142c9ba79e63717870fb8a7
[INFO] running `Command { std: "docker" "create" "-v" "/var/lib/crater-agent-workspace/builds/worker-6-tc2/target:/opt/rustwide/target:rw,Z" "-v" "/var/lib/crater-agent-workspace/builds/worker-6-tc2/source:/opt/rustwide/workdir:ro,Z" "-v" "/var/lib/crater-agent-workspace/cargo-home:/opt/rustwide/cargo-home:ro,Z" "-v" "/var/lib/crater-agent-workspace/rustup-home:/opt/rustwide/rustup-home:ro,Z" "-e" "SOURCE_DIR=/opt/rustwide/workdir" "-e" "CARGO_TARGET_DIR=/opt/rustwide/target" "-e" "CARGO_INCREMENTAL=0" "-e" "RUST_BACKTRACE=full" "-e" "RUSTFLAGS=--cap-lints=warn" "-e" "RUSTDOCFLAGS=--cap-lints=warn" "-e" "CARGO_HOME=/opt/rustwide/cargo-home" "-e" "RUSTUP_HOME=/opt/rustwide/rustup-home" "-w" "/opt/rustwide/workdir" "-m" "1610612736" "--user" "0:0" "--network" "none" "ghcr.io/rust-lang/crates-build-env/linux@sha256:f3a9d4ad9d972b27faf3965f35b62e55ba32bbce8f20bc8fe909558a86702fde" "/opt/rustwide/cargo-home/bin/cargo" "+beta-2024-12-08" "test" "--frozen", kill_on_drop: false }`
[INFO] [stdout] 87be471f6645e5801df3eecb0c3ee95c313153dfb6abce91b803c3eed7b3e5b4
[INFO] running `Command { std: "docker" "start" "-a" "87be471f6645e5801df3eecb0c3ee95c313153dfb6abce91b803c3eed7b3e5b4", kill_on_drop: false }`
[INFO] [stderr] warning: unnecessary trailing semicolon
[INFO] [stderr]   --> src/add_binary.rs:14:6
[INFO] [stderr]    |
[INFO] [stderr] 14 |     };
[INFO] [stderr]    |      ^ help: remove this semicolon
[INFO] [stderr]    |
[INFO] [stderr]    = note: `#[warn(redundant_semicolons)]` on by default
[INFO] [stderr] 
[INFO] [stderr] warning: unused import: `std::borrow::Borrow`
[INFO] [stderr]   --> src/inorder_traversal.rs:19:5
[INFO] [stderr]    |
[INFO] [stderr] 19 | use std::borrow::Borrow;
[INFO] [stderr]    |     ^^^^^^^^^^^^^^^^^^^
[INFO] [stderr]    |
[INFO] [stderr]    = note: `#[warn(unused_imports)]` on by default
[INFO] [stderr] 
[INFO] [stderr] warning: unnecessary trailing semicolon
[INFO] [stderr]   --> src/inorder_traversal.rs:38:6
[INFO] [stderr]    |
[INFO] [stderr] 38 |     };
[INFO] [stderr]    |      ^ help: remove this semicolon
[INFO] [stderr] 
[INFO] [stderr] warning: variable does not need to be mutable
[INFO] [stderr]   --> src/palindrome_linked_list.rs:51:7
[INFO] [stderr]    |
[INFO] [stderr] 51 |   let mut one2 = one.clone();
[INFO] [stderr]    |       ----^^^^
[INFO] [stderr]    |       |
[INFO] [stderr]    |       help: remove this `mut`
[INFO] [stderr]    |
[INFO] [stderr]    = note: `#[warn(unused_mut)]` on by default
[INFO] [stderr] 
[INFO] [stderr] warning: `play` (bin "play" test) generated 4 warnings (run `cargo fix --bin "play" --tests` to apply 2 suggestions)
[INFO] [stderr]     Finished `test` profile [unoptimized + debuginfo] target(s) in 0.01s
[INFO] [stderr]      Running unittests src/main.rs (/opt/rustwide/target/debug/deps/play-401f4a180ba2cbb9)
[INFO] [stdout] 
[INFO] [stdout] running 39 tests
[INFO] [stdout] test add_binary::test1 ... ok
[INFO] [stdout] test inorder_traversal::test1 ... ok
[INFO] [stdout] test length_of_last_word::test1 ... ok
[INFO] [stdout] test add_binary::test2 ... ok
[INFO] [stdout] test length_of_last_word::test2 ... ok
[INFO] [stdout] test length_of_last_word::test3 ... ok
[INFO] [stdout] test maximum_depth_of_binary_tree::test1 ... ok
[INFO] [stdout] test maximum_depth_of_binary_tree::test2 ... ok
[INFO] [stdout] test merge_sorted_arrays::test1 ... ok
[INFO] [stdout] test merge_sorted_arrays::test2 ... ok
[INFO] [stdout] test merge_sorted_arrays::test3 ... ok
[INFO] [stdout] test merge_sorted_arrays::test4 ... ok
[INFO] [stdout] test needle_in_haystack::test2 ... ok
[INFO] [stdout] test needle_in_haystack::test1 ... ok
[INFO] [stdout] test needle_in_haystack::test3 ... ok
[INFO] [stdout] test needle_in_haystack::test4 ... ok
[INFO] [stdout] test needle_in_haystack::test5 ... ok
[INFO] [stdout] test palindrome::test2 ... ok
[INFO] [stdout] test palindrome::test1 ... ok
[INFO] [stdout] test palindrome_linked_list::test1 ... ok
[INFO] [stdout] test palindrome_linked_list::test2 ... ok
[INFO] [stdout] test plus_one::test1 ... ok
[INFO] [stdout] test palindrome::test3 ... ok
[INFO] [stdout] test plus_one::test2 ... ok
[INFO] [stdout] test plus_one::test3 ... ok
[INFO] [stdout] test plus_one::test4 ... ok
[INFO] [stdout] test remove_duplicates::test2 ... ok
[INFO] [stdout] test remove_duplicates::test1 ... ok
[INFO] [stdout] test remove_element::test1 ... ok
[INFO] [stdout] test remove_element::test2 ... ok
[INFO] [stdout] test same_tree::test1 ... ok
[INFO] [stdout] test search_insert::test1 ... ok
[INFO] [stdout] test search_insert::test2 ... ok
[INFO] [stdout] test search_insert::test3 ... ok
[INFO] [stdout] test symmetric_tree::test1 ... ok
[INFO] [stdout] test symmetric_tree::test2 ... ok
[INFO] [stdout] test two_sum::test1 ... ok
[INFO] [stdout] test two_sum::test2 ... ok
[INFO] [stdout] test palindrome::test4 ... FAILED
[INFO] [stdout] 
[INFO] [stdout] failures:
[INFO] [stdout] 
[INFO] [stdout] ---- palindrome::test4 stdout ----
[INFO] [stdout] thread 'palindrome::test4' panicked at src/palindrome.rs:37:3:
[INFO] [stdout] assertion `left == right` failed
[INFO] [stdout]   left: false
[INFO] [stdout]  right: true
[INFO] [stdout] stack backtrace:
[INFO] [stdout]    0:     0x569db25e5c2a - std::backtrace_rs::backtrace::libunwind::trace::h8810477743020387
[INFO] [stdout]                                at /rustc/202008a1b8de96d2e5b6bc02d379db03a877d34d/library/std/src/../../backtrace/src/backtrace/libunwind.rs:116:5
[INFO] [stdout]    1:     0x569db25e5c2a - std::backtrace_rs::backtrace::trace_unsynchronized::h3aa55355dd6c54a6
[INFO] [stdout]                                at /rustc/202008a1b8de96d2e5b6bc02d379db03a877d34d/library/std/src/../../backtrace/src/backtrace/mod.rs:66:5
[INFO] [stdout]    2:     0x569db25e5c2a - std::sys::backtrace::_print_fmt::h8588b0f62410823f
[INFO] [stdout]                                at /rustc/202008a1b8de96d2e5b6bc02d379db03a877d34d/library/std/src/sys/backtrace.rs:66:9
[INFO] [stdout]    3:     0x569db25e5c2a - <std::sys::backtrace::BacktraceLock::print::DisplayBacktrace as core::fmt::Display>::fmt::h98c26ac25ffe89bb
[INFO] [stdout]                                at /rustc/202008a1b8de96d2e5b6bc02d379db03a877d34d/library/std/src/sys/backtrace.rs:39:26
[INFO] [stdout]    4:     0x569db260b753 - core::fmt::rt::Argument::fmt::hf95377f4aebd453b
[INFO] [stdout]                                at /rustc/202008a1b8de96d2e5b6bc02d379db03a877d34d/library/core/src/fmt/rt.rs:177:76
[INFO] [stdout]    5:     0x569db260b753 - core::fmt::write::h0dd5f6e2238c7982
[INFO] [stdout]                                at /rustc/202008a1b8de96d2e5b6bc02d379db03a877d34d/library/core/src/fmt/mod.rs:1189:21
[INFO] [stdout]    6:     0x569db25e2dc3 - std::io::Write::write_fmt::h03bb0ca26e6faf8c
[INFO] [stdout]                                at /rustc/202008a1b8de96d2e5b6bc02d379db03a877d34d/library/std/src/io/mod.rs:1884:15
[INFO] [stdout]    7:     0x569db25e5a72 - std::sys::backtrace::BacktraceLock::print::h5c19c1c038ee186d
[INFO] [stdout]                                at /rustc/202008a1b8de96d2e5b6bc02d379db03a877d34d/library/std/src/sys/backtrace.rs:42:9
[INFO] [stdout]    8:     0x569db25e70ad - std::panicking::default_hook::{{closure}}::h77172f079a1fcb13
[INFO] [stdout]                                at /rustc/202008a1b8de96d2e5b6bc02d379db03a877d34d/library/std/src/panicking.rs:268:22
[INFO] [stdout]    9:     0x569db25e6eb7 - std::panicking::default_hook::he5f8e3b203ccddba
[INFO] [stdout]                                at /rustc/202008a1b8de96d2e5b6bc02d379db03a877d34d/library/std/src/panicking.rs:292:9
[INFO] [stdout]   10:     0x569db25b07e7 - <alloc::boxed::Box<F,A> as core::ops::function::Fn<Args>>::call::h7a3c7b4a1ae77f2f
[INFO] [stdout]                                at /rustc/202008a1b8de96d2e5b6bc02d379db03a877d34d/library/alloc/src/boxed.rs:1986:9
[INFO] [stdout]   11:     0x569db25b07e7 - test::test_main::{{closure}}::hf0d3b69ae9b353d1
[INFO] [stdout]                                at /rustc/202008a1b8de96d2e5b6bc02d379db03a877d34d/library/test/src/lib.rs:134:21
[INFO] [stdout]   12:     0x569db25e7758 - <alloc::boxed::Box<F,A> as core::ops::function::Fn<Args>>::call::h6332e82e7b189abd
[INFO] [stdout]                                at /rustc/202008a1b8de96d2e5b6bc02d379db03a877d34d/library/alloc/src/boxed.rs:1986:9
[INFO] [stdout]   13:     0x569db25e7758 - std::panicking::rust_panic_with_hook::h53863d4e9018df39
[INFO] [stdout]                                at /rustc/202008a1b8de96d2e5b6bc02d379db03a877d34d/library/std/src/panicking.rs:809:13
[INFO] [stdout]   14:     0x569db25e751a - std::panicking::begin_panic_handler::{{closure}}::h67280e6fa0757873
[INFO] [stdout]                                at /rustc/202008a1b8de96d2e5b6bc02d379db03a877d34d/library/std/src/panicking.rs:674:13
[INFO] [stdout]   15:     0x569db25e6109 - std::sys::backtrace::__rust_end_short_backtrace::h1dac3f54d6fbbeb2
[INFO] [stdout]                                at /rustc/202008a1b8de96d2e5b6bc02d379db03a877d34d/library/std/src/sys/backtrace.rs:170:18
[INFO] [stdout]   16:     0x569db25e71ac - rust_begin_unwind
[INFO] [stdout]                                at /rustc/202008a1b8de96d2e5b6bc02d379db03a877d34d/library/std/src/panicking.rs:665:5
[INFO] [stdout]   17:     0x569db2552b10 - core::panicking::panic_fmt::h6792bd1b2bf01041
[INFO] [stdout]                                at /rustc/202008a1b8de96d2e5b6bc02d379db03a877d34d/library/core/src/panicking.rs:76:14
[INFO] [stdout]   18:     0x569db2552edb - core::panicking::assert_failed_inner::hf2c17e6d30928787
[INFO] [stdout]   19:     0x569db2566414 - core::panicking::assert_failed::hc61c13e459f2b1ba
[INFO] [stdout]                                at /rustc/202008a1b8de96d2e5b6bc02d379db03a877d34d/library/core/src/panicking.rs:373:5
[INFO] [stdout]   20:     0x569db255f71c - play::palindrome::test4::ha194d4f4b8cb2309
[INFO] [stdout]                                at /opt/rustwide/workdir/src/palindrome.rs:37:3
[INFO] [stdout]   21:     0x569db255f667 - play::palindrome::test4::{{closure}}::he0b29103e3f717e1
[INFO] [stdout]                                at /opt/rustwide/workdir/src/palindrome.rs:35:11
[INFO] [stdout]   22:     0x569db255fe66 - core::ops::function::FnOnce::call_once::h3e16b468eebb04ab
[INFO] [stdout]                                at /rustc/202008a1b8de96d2e5b6bc02d379db03a877d34d/library/core/src/ops/function.rs:250:5
[INFO] [stdout]   23:     0x569db25b530b - core::ops::function::FnOnce::call_once::h871bf86719ec9aa4
[INFO] [stdout]                                at /rustc/202008a1b8de96d2e5b6bc02d379db03a877d34d/library/core/src/ops/function.rs:250:5
[INFO] [stdout]   24:     0x569db25b530b - test::__rust_begin_short_backtrace::h2167df1e2b7d76fd
[INFO] [stdout]                                at /rustc/202008a1b8de96d2e5b6bc02d379db03a877d34d/library/test/src/lib.rs:632:18
[INFO] [stdout]   25:     0x569db25b4cf8 - test::run_test_in_process::{{closure}}::h15d92f75a3adfb79
[INFO] [stdout]                                at /rustc/202008a1b8de96d2e5b6bc02d379db03a877d34d/library/test/src/lib.rs:655:60
[INFO] [stdout]   26:     0x569db25b4cf8 - <core::panic::unwind_safe::AssertUnwindSafe<F> as core::ops::function::FnOnce<()>>::call_once::hb6c8955835a8dbbb
[INFO] [stdout]                                at /rustc/202008a1b8de96d2e5b6bc02d379db03a877d34d/library/core/src/panic/unwind_safe.rs:272:9
[INFO] [stdout]   27:     0x569db25b4cf8 - std::panicking::try::do_call::hc79d0fc888a0bd30
[INFO] [stdout]                                at /rustc/202008a1b8de96d2e5b6bc02d379db03a877d34d/library/std/src/panicking.rs:557:40
[INFO] [stdout]   28:     0x569db25b4cf8 - std::panicking::try::hb8a7878e3a8589d6
[INFO] [stdout]                                at /rustc/202008a1b8de96d2e5b6bc02d379db03a877d34d/library/std/src/panicking.rs:520:19
[INFO] [stdout]   29:     0x569db25b4cf8 - std::panic::catch_unwind::hb8e4600ff0ff5cfa
[INFO] [stdout]                                at /rustc/202008a1b8de96d2e5b6bc02d379db03a877d34d/library/std/src/panic.rs:358:14
[INFO] [stdout]   30:     0x569db25b4cf8 - test::run_test_in_process::hc2900b0b18688dd6
[INFO] [stdout]                                at /rustc/202008a1b8de96d2e5b6bc02d379db03a877d34d/library/test/src/lib.rs:655:27
[INFO] [stdout]   31:     0x569db25b4cf8 - test::run_test::{{closure}}::hac2a9cb07be3d48d
[INFO] [stdout]                                at /rustc/202008a1b8de96d2e5b6bc02d379db03a877d34d/library/test/src/lib.rs:576:43
[INFO] [stdout]   32:     0x569db257879a - test::run_test::{{closure}}::h4a5b729e66a38cd8
[INFO] [stdout]                                at /rustc/202008a1b8de96d2e5b6bc02d379db03a877d34d/library/test/src/lib.rs:606:41
[INFO] [stdout]   33:     0x569db257879a - std::sys::backtrace::__rust_begin_short_backtrace::h0496fb742492f573
[INFO] [stdout]                                at /rustc/202008a1b8de96d2e5b6bc02d379db03a877d34d/library/std/src/sys/backtrace.rs:154:18
[INFO] [stdout]   34:     0x569db257c114 - std::thread::Builder::spawn_unchecked_::{{closure}}::{{closure}}::hbb6d257c550a54bd
[INFO] [stdout]                                at /rustc/202008a1b8de96d2e5b6bc02d379db03a877d34d/library/std/src/thread/mod.rs:561:17
[INFO] [stdout]   35:     0x569db257c114 - <core::panic::unwind_safe::AssertUnwindSafe<F> as core::ops::function::FnOnce<()>>::call_once::h46696fe4a6832328
[INFO] [stdout]                                at /rustc/202008a1b8de96d2e5b6bc02d379db03a877d34d/library/core/src/panic/unwind_safe.rs:272:9
[INFO] [stdout]   36:     0x569db257c114 - std::panicking::try::do_call::h2625a51b667bfb64
[INFO] [stdout]                                at /rustc/202008a1b8de96d2e5b6bc02d379db03a877d34d/library/std/src/panicking.rs:557:40
[INFO] [stdout]   37:     0x569db257c114 - std::panicking::try::hb956a59a1973aa4c
[INFO] [stdout]                                at /rustc/202008a1b8de96d2e5b6bc02d379db03a877d34d/library/std/src/panicking.rs:520:19
[INFO] [stdout]   38:     0x569db257c114 - std::panic::catch_unwind::h64f3b9d1067ef6a0
[INFO] [stdout]                                at /rustc/202008a1b8de96d2e5b6bc02d379db03a877d34d/library/std/src/panic.rs:358:14
[INFO] [stdout]   39:     0x569db257c114 - std::thread::Builder::spawn_unchecked_::{{closure}}::h42b2841295b6c0b2
[INFO] [stdout]                                at /rustc/202008a1b8de96d2e5b6bc02d379db03a877d34d/library/std/src/thread/mod.rs:559:30
[INFO] [stdout]   40:     0x569db257c114 - core::ops::function::FnOnce::call_once{{vtable.shim}}::h6127de71b8124639
[INFO] [stdout]                                at /rustc/202008a1b8de96d2e5b6bc02d379db03a877d34d/library/core/src/ops/function.rs:250:5
[INFO] [stdout]   41:     0x569db25eb69b - <alloc::boxed::Box<F,A> as core::ops::function::FnOnce<Args>>::call_once::h42f0ba71002a1b2c
[INFO] [stdout]                                at /rustc/202008a1b8de96d2e5b6bc02d379db03a877d34d/library/alloc/src/boxed.rs:1972:9
[INFO] [stdout]   42:     0x569db25eb69b - <alloc::boxed::Box<F,A> as core::ops::function::FnOnce<Args>>::call_once::had9e47d7a3dcecb8
[INFO] [stdout]                                at /rustc/202008a1b8de96d2e5b6bc02d379db03a877d34d/library/alloc/src/boxed.rs:1972:9
[INFO] [stdout]   43:     0x569db25eb69b - std::sys::pal::unix::thread::Thread::new::thread_start::h48cf765408f6f5f2
[INFO] [stdout]                                at /rustc/202008a1b8de96d2e5b6bc02d379db03a877d34d/library/std/src/sys/pal/unix/thread.rs:105:17
[INFO] [stdout]   44:     0x7b5b09576ac3 - <unknown>
[INFO] [stdout]   45:     0x7b5b09607a04 - clone
[INFO] [stdout]   46:                0x0 - <unknown>
[INFO] [stdout] 
[INFO] [stdout] 
[INFO] [stdout] failures:
[INFO] [stdout]     palindrome::test4
[INFO] [stdout] 
[INFO] [stdout] test result: FAILED. 38 passed; 1 failed; 0 ignored; 0 measured; 0 filtered out; finished in 0.03s
[INFO] [stdout] 
[INFO] [stderr] error: test failed, to rerun pass `--bin play`
[INFO] running `Command { std: "docker" "inspect" "87be471f6645e5801df3eecb0c3ee95c313153dfb6abce91b803c3eed7b3e5b4", kill_on_drop: false }`
[INFO] running `Command { std: "docker" "rm" "-f" "87be471f6645e5801df3eecb0c3ee95c313153dfb6abce91b803c3eed7b3e5b4", kill_on_drop: false }`
[INFO] [stdout] 87be471f6645e5801df3eecb0c3ee95c313153dfb6abce91b803c3eed7b3e5b4
