[INFO] cloning repository https://github.com/mihaicalinluca/ping-pong
[INFO] running `Command { std: "git" "-c" "credential.helper=" "-c" "credential.helper=/workspace/cargo-home/bin/git-credential-null" "clone" "--bare" "https://github.com/mihaicalinluca/ping-pong" "/workspace/cache/git-repos/https%3A%2F%2Fgithub.com%2Fmihaicalinluca%2Fping-pong", kill_on_drop: false }`
[INFO] [stderr] Cloning into bare repository '/workspace/cache/git-repos/https%3A%2F%2Fgithub.com%2Fmihaicalinluca%2Fping-pong'...
[INFO] running `Command { std: "git" "rev-parse" "HEAD", kill_on_drop: false }`
[INFO] [stdout] c8cacc84e74b214da40a208ea3ba9a040f355bc6
[INFO] testing mihaicalinluca/ping-pong against 1.83.0 for beta-1.84.0-4-retry
[INFO] running `Command { std: "git" "clone" "/workspace/cache/git-repos/https%3A%2F%2Fgithub.com%2Fmihaicalinluca%2Fping-pong" "/workspace/builds/worker-3-tc1/source", kill_on_drop: false }`
[INFO] [stderr] Cloning into '/workspace/builds/worker-3-tc1/source'...
[INFO] [stderr] done.
[INFO] validating manifest of git repo https://github.com/mihaicalinluca/ping-pong on toolchain 1.83.0
[INFO] running `Command { std: CARGO_HOME="/workspace/cargo-home" RUSTUP_HOME="/workspace/rustup-home" "/workspace/cargo-home/bin/cargo" "+1.83.0" "metadata" "--manifest-path" "Cargo.toml" "--no-deps", kill_on_drop: false }`
[INFO] started tweaking git repo https://github.com/mihaicalinluca/ping-pong
[INFO] finished tweaking git repo https://github.com/mihaicalinluca/ping-pong
[INFO] tweaked toml for git repo https://github.com/mihaicalinluca/ping-pong written to /workspace/builds/worker-3-tc1/source/Cargo.toml
[INFO] crate git repo https://github.com/mihaicalinluca/ping-pong already has a lockfile, it will not be regenerated
[INFO] running `Command { std: CARGO_HOME="/workspace/cargo-home" RUSTUP_HOME="/workspace/rustup-home" "/workspace/cargo-home/bin/cargo" "+1.83.0" "fetch" "--manifest-path" "Cargo.toml", kill_on_drop: false }`
[INFO] [stderr]     Updating crates.io index
[INFO] [stderr]  Downloading crates ...
[INFO] [stderr]   Downloaded multiversx-sc-derive v0.51.1
[INFO] [stderr]   Downloaded multiversx-sc-codec-derive v0.20.0
[INFO] [stderr]   Downloaded multiversx-sc-meta-lib v0.51.1
[INFO] [stderr]   Downloaded multiversx-sc-codec v0.20.0
[INFO] [stderr]   Downloaded multiversx-sc-snippets v0.51.1
[INFO] [stderr]   Downloaded multiversx-chain-vm v0.9.0
[INFO] [stderr]   Downloaded multiversx-sdk v0.5.0
[INFO] [stderr]   Downloaded multiversx-sc v0.51.1
[INFO] [stderr]   Downloaded multiversx-sc-scenario v0.51.1
[INFO] [stderr]   Downloaded wasmprinter v0.212.0
[INFO] [stderr]   Downloaded wasmparser v0.212.0
[INFO] running `Command { std: "docker" "create" "-v" "/var/lib/crater-agent-workspace/builds/worker-3-tc1/target:/opt/rustwide/target:rw,Z" "-v" "/var/lib/crater-agent-workspace/builds/worker-3-tc1/source:/opt/rustwide/workdir:ro,Z" "-v" "/var/lib/crater-agent-workspace/cargo-home:/opt/rustwide/cargo-home:ro,Z" "-v" "/var/lib/crater-agent-workspace/rustup-home:/opt/rustwide/rustup-home:ro,Z" "-e" "SOURCE_DIR=/opt/rustwide/workdir" "-e" "CARGO_TARGET_DIR=/opt/rustwide/target" "-e" "CARGO_HOME=/opt/rustwide/cargo-home" "-e" "RUSTUP_HOME=/opt/rustwide/rustup-home" "-w" "/opt/rustwide/workdir" "-m" "1610612736" "--user" "0:0" "--network" "none" "ghcr.io/rust-lang/crates-build-env/linux@sha256:f3a9d4ad9d972b27faf3965f35b62e55ba32bbce8f20bc8fe909558a86702fde" "/opt/rustwide/cargo-home/bin/cargo" "+1.83.0" "metadata" "--no-deps" "--format-version=1", kill_on_drop: false }`
[INFO] [stdout] 60d534b7febf388c44c7ae2a1ca0dd15f1d057c25ea603b023dfef11b0565181
[INFO] running `Command { std: "docker" "start" "-a" "60d534b7febf388c44c7ae2a1ca0dd15f1d057c25ea603b023dfef11b0565181", kill_on_drop: false }`
[INFO] running `Command { std: "docker" "inspect" "60d534b7febf388c44c7ae2a1ca0dd15f1d057c25ea603b023dfef11b0565181", kill_on_drop: false }`
[INFO] running `Command { std: "docker" "rm" "-f" "60d534b7febf388c44c7ae2a1ca0dd15f1d057c25ea603b023dfef11b0565181", kill_on_drop: false }`
[INFO] [stdout] 60d534b7febf388c44c7ae2a1ca0dd15f1d057c25ea603b023dfef11b0565181
[INFO] running `Command { std: "docker" "create" "-v" "/var/lib/crater-agent-workspace/builds/worker-3-tc1/target:/opt/rustwide/target:rw,Z" "-v" "/var/lib/crater-agent-workspace/builds/worker-3-tc1/source:/opt/rustwide/workdir:ro,Z" "-v" "/var/lib/crater-agent-workspace/cargo-home:/opt/rustwide/cargo-home:ro,Z" "-v" "/var/lib/crater-agent-workspace/rustup-home:/opt/rustwide/rustup-home:ro,Z" "-e" "SOURCE_DIR=/opt/rustwide/workdir" "-e" "CARGO_TARGET_DIR=/opt/rustwide/target" "-e" "CARGO_INCREMENTAL=0" "-e" "RUST_BACKTRACE=full" "-e" "RUSTFLAGS=--cap-lints=warn" "-e" "RUSTDOCFLAGS=--cap-lints=warn" "-e" "CARGO_HOME=/opt/rustwide/cargo-home" "-e" "RUSTUP_HOME=/opt/rustwide/rustup-home" "-w" "/opt/rustwide/workdir" "-m" "1610612736" "--user" "0:0" "--network" "none" "ghcr.io/rust-lang/crates-build-env/linux@sha256:f3a9d4ad9d972b27faf3965f35b62e55ba32bbce8f20bc8fe909558a86702fde" "/opt/rustwide/cargo-home/bin/cargo" "+1.83.0" "build" "--frozen" "--message-format=json", kill_on_drop: false }`
[INFO] [stdout] 6fbb2a96cf421421336c82584e309c3ac9369421672b079774224425796b8365
[INFO] running `Command { std: "docker" "start" "-a" "6fbb2a96cf421421336c82584e309c3ac9369421672b079774224425796b8365", kill_on_drop: false }`
[INFO] [stderr]    Compiling proc-macro2 v1.0.86
[INFO] [stderr]    Compiling unicode-ident v1.0.12
[INFO] [stderr]    Compiling autocfg v1.3.0
[INFO] [stderr]    Compiling smallvec v1.13.2
[INFO] [stderr]    Compiling hex v0.4.3
[INFO] [stderr]    Compiling endian-type v0.1.2
[INFO] [stderr]    Compiling arrayvec v0.7.4
[INFO] [stderr]    Compiling unwrap-infallible v0.1.5
[INFO] [stderr]    Compiling hex-literal v0.4.1
[INFO] [stderr]    Compiling bitflags v2.6.0
[INFO] [stderr]    Compiling num-traits v0.2.19
[INFO] [stderr]    Compiling nibble_vec v0.1.0
[INFO] [stderr]    Compiling radix_trie v0.2.1
[INFO] [stderr]    Compiling quote v1.0.36
[INFO] [stderr]    Compiling syn v2.0.68
[INFO] [stderr]    Compiling multiversx-sc-codec-derive v0.20.0
[INFO] [stderr]    Compiling multiversx-sc-derive v0.51.1
[INFO] [stderr]    Compiling multiversx-sc-codec v0.20.0
[INFO] [stderr]    Compiling multiversx-sc v0.51.1
[INFO] [stderr]    Compiling ping-pong v0.0.0 (/opt/rustwide/workdir)
[INFO] [stderr]     Finished `dev` profile [unoptimized + debuginfo] target(s) in 34.19s
[INFO] running `Command { std: "docker" "inspect" "6fbb2a96cf421421336c82584e309c3ac9369421672b079774224425796b8365", kill_on_drop: false }`
[INFO] running `Command { std: "docker" "rm" "-f" "6fbb2a96cf421421336c82584e309c3ac9369421672b079774224425796b8365", kill_on_drop: false }`
[INFO] [stdout] 6fbb2a96cf421421336c82584e309c3ac9369421672b079774224425796b8365
[INFO] running `Command { std: "docker" "create" "-v" "/var/lib/crater-agent-workspace/builds/worker-3-tc1/target:/opt/rustwide/target:rw,Z" "-v" "/var/lib/crater-agent-workspace/builds/worker-3-tc1/source:/opt/rustwide/workdir:ro,Z" "-v" "/var/lib/crater-agent-workspace/cargo-home:/opt/rustwide/cargo-home:ro,Z" "-v" "/var/lib/crater-agent-workspace/rustup-home:/opt/rustwide/rustup-home:ro,Z" "-e" "SOURCE_DIR=/opt/rustwide/workdir" "-e" "CARGO_TARGET_DIR=/opt/rustwide/target" "-e" "CARGO_INCREMENTAL=0" "-e" "RUST_BACKTRACE=full" "-e" "RUSTFLAGS=--cap-lints=warn" "-e" "RUSTDOCFLAGS=--cap-lints=warn" "-e" "CARGO_HOME=/opt/rustwide/cargo-home" "-e" "RUSTUP_HOME=/opt/rustwide/rustup-home" "-w" "/opt/rustwide/workdir" "-m" "1610612736" "--user" "0:0" "--network" "none" "ghcr.io/rust-lang/crates-build-env/linux@sha256:f3a9d4ad9d972b27faf3965f35b62e55ba32bbce8f20bc8fe909558a86702fde" "/opt/rustwide/cargo-home/bin/cargo" "+1.83.0" "test" "--frozen" "--no-run" "--message-format=json", kill_on_drop: false }`
[INFO] [stdout] 9399ed03b0ada4634a1d8d747e5d3007ba85b7c0e68c7fb506ba2a93d890356f
[INFO] running `Command { std: "docker" "start" "-a" "9399ed03b0ada4634a1d8d747e5d3007ba85b7c0e68c7fb506ba2a93d890356f", kill_on_drop: false }`
[INFO] [stderr]    Compiling version_check v0.9.5
[INFO] [stderr]    Compiling cfg-if v1.0.0
[INFO] [stderr]    Compiling typenum v1.17.0
[INFO] [stderr]    Compiling serde v1.0.204
[INFO] [stderr]    Compiling libc v0.2.155
[INFO] [stderr]    Compiling zerocopy v0.7.35
[INFO] [stderr]    Compiling syn v2.0.68
[INFO] [stderr]    Compiling num-traits v0.2.19
[INFO] [stderr]    Compiling hex v0.4.3
[INFO] [stderr]    Compiling generic-array v0.14.7
[INFO] [stderr]    Compiling ahash v0.8.11
[INFO] [stderr]    Compiling once_cell v1.19.0
[INFO] [stderr]    Compiling getrandom v0.1.16
[INFO] [stderr]    Compiling ppv-lite86 v0.2.17
[INFO] [stderr]    Compiling semver v1.0.23
[INFO] [stderr]    Compiling equivalent v1.0.1
[INFO] [stderr]    Compiling utf8parse v0.2.2
[INFO] [stderr]    Compiling anstyle-parse v0.2.5
[INFO] [stderr]    Compiling anstyle v1.0.8
[INFO] [stderr]    Compiling serde_json v1.0.120
[INFO] [stderr]    Compiling anstyle-query v1.1.1
[INFO] [stderr]    Compiling cpufeatures v0.2.12
[INFO] [stderr]    Compiling is_terminal_polyfill v1.70.1
[INFO] [stderr]    Compiling anyhow v1.0.86
[INFO] [stderr]    Compiling colorchoice v1.0.2
[INFO] [stderr]    Compiling opaque-debug v0.3.1
[INFO] [stderr]    Compiling anstream v0.6.15
[INFO] [stderr]    Compiling subtle v2.6.1
[INFO] [stderr]    Compiling num-integer v0.1.46
[INFO] [stderr]    Compiling getrandom v0.2.15
[INFO] [stderr]    Compiling itoa v1.0.11
[INFO] [stderr]    Compiling rand_core v0.5.1
[INFO] [stderr]    Compiling keccak v0.1.5
[INFO] [stderr]    Compiling heck v0.5.0
[INFO] [stderr]    Compiling rand_core v0.6.4
[INFO] [stderr]    Compiling byteorder v1.5.0
[INFO] [stderr]    Compiling num-bigint v0.4.6
[INFO] [stderr]    Compiling rand_chacha v0.2.2
[INFO] [stderr]    Compiling strsim v0.11.1
[INFO] [stderr]    Compiling winnow v0.6.16
[INFO] [stderr]    Compiling lazy_static v1.5.0
[INFO] [stderr]    Compiling signature v1.6.4
[INFO] [stderr]    Compiling clap_lex v0.7.2
[INFO] [stderr]    Compiling ryu v1.0.18
[INFO] [stderr]    Compiling clap_builder v4.5.11
[INFO] [stderr]    Compiling ed25519 v1.5.3
[INFO] [stderr]    Compiling rand v0.7.3
[INFO] [stderr]    Compiling block-buffer v0.10.4
[INFO] [stderr]    Compiling crypto-common v0.1.6
[INFO] [stderr]    Compiling digest v0.9.0
[INFO] [stderr]    Compiling digest v0.10.7
[INFO] [stderr]    Compiling block-buffer v0.9.0
[INFO] [stderr]    Compiling colored v2.1.0
[INFO] [stderr]    Compiling sha2 v0.9.9
[INFO] [stderr]    Compiling sha3 v0.10.8
[INFO] [stderr]    Compiling rand_chacha v0.3.1
[INFO] [stderr]    Compiling termcolor v1.4.1
[INFO] [stderr]    Compiling unicode-segmentation v1.11.0
[INFO] [stderr]    Compiling either v1.13.0
[INFO] [stderr]    Compiling rand v0.8.5
[INFO] [stderr]    Compiling itertools v0.13.0
[INFO] [stderr]    Compiling sha2 v0.10.8
[INFO] [stderr]    Compiling convert_case v0.6.0
[INFO] [stderr]    Compiling rand_seeder v0.2.3
[INFO] [stderr]    Compiling rustc_version v0.4.0
[INFO] [stderr]    Compiling multiversx-chain-vm-executor v0.2.0
[INFO] [stderr]    Compiling bech32 v0.9.1
[INFO] [stderr]    Compiling pathdiff v0.2.1
[INFO] [stderr]    Compiling log v0.4.22
[INFO] [stderr]    Compiling base64 v0.22.1
[INFO] [stderr]    Compiling serde_derive v1.0.204
[INFO] [stderr]    Compiling zeroize_derive v1.4.2
[INFO] [stderr]    Compiling multiversx-sc-codec-derive v0.20.0
[INFO] [stderr]    Compiling multiversx-sc-derive v0.51.1
[INFO] [stderr]    Compiling clap_derive v4.5.11
[INFO] [stderr]    Compiling zeroize v1.8.1
[INFO] [stderr]    Compiling multiversx-sc-codec v0.20.0
[INFO] [stderr]    Compiling curve25519-dalek v3.2.0
[INFO] [stderr]    Compiling clap v4.5.11
[INFO] [stderr]    Compiling multiversx-sc v0.51.1
[INFO] [stderr]    Compiling hashbrown v0.14.5
[INFO] [stderr]    Compiling toml_datetime v0.6.7
[INFO] [stderr]    Compiling serde_spanned v0.6.7
[INFO] [stderr]    Compiling ed25519-dalek v1.0.1
[INFO] [stderr]    Compiling multiversx-chain-vm v0.9.0
[INFO] [stderr]    Compiling indexmap v2.2.6
[INFO] [stderr]    Compiling multiversx-chain-scenario-format v0.22.3
[INFO] [stderr]    Compiling toml_edit v0.22.17
[INFO] [stderr]    Compiling wasmparser v0.212.0
[INFO] [stderr]    Compiling toml v0.8.16
[INFO] [stderr]    Compiling wasmprinter v0.212.0
[INFO] [stderr]    Compiling multiversx-sc-meta-lib v0.51.1
[INFO] [stderr]    Compiling ping-pong v0.0.0 (/opt/rustwide/workdir)
[INFO] [stderr]    Compiling multiversx-sc-scenario v0.51.1
[INFO] [stdout] warning: unused import: `ping_pong`
[INFO] [stdout]  --> tests/ping_pong_blackbox_test.rs:3:5
[INFO] [stdout]   |
[INFO] [stdout] 3 | use ping_pong::*;
[INFO] [stdout]   |     ^^^^^^^^^
[INFO] [stdout]   |
[INFO] [stdout]   = note: `#[warn(unused_imports)]` on by default
[INFO] [stdout] 
[INFO] [stdout] 
[INFO] [stdout] warning: constant `CODE_PATH` is never used
[INFO] [stdout]  --> tests/empty_scenario_rs_test.rs:4:7
[INFO] [stdout]   |
[INFO] [stdout] 4 | const CODE_PATH: MxscPath = MxscPath::new("ping-pong.mxsc.json");
[INFO] [stdout]   |       ^^^^^^^^^
[INFO] [stdout]   |
[INFO] [stdout]   = note: `#[warn(dead_code)]` on by default
[INFO] [stdout] 
[INFO] [stdout] 
[INFO] [stderr]     Finished `test` profile [unoptimized + debuginfo] target(s) in 2m 09s
[INFO] running `Command { std: "docker" "inspect" "9399ed03b0ada4634a1d8d747e5d3007ba85b7c0e68c7fb506ba2a93d890356f", kill_on_drop: false }`
[INFO] running `Command { std: "docker" "rm" "-f" "9399ed03b0ada4634a1d8d747e5d3007ba85b7c0e68c7fb506ba2a93d890356f", kill_on_drop: false }`
[INFO] [stdout] 9399ed03b0ada4634a1d8d747e5d3007ba85b7c0e68c7fb506ba2a93d890356f
[INFO] running `Command { std: "docker" "create" "-v" "/var/lib/crater-agent-workspace/builds/worker-3-tc1/target:/opt/rustwide/target:rw,Z" "-v" "/var/lib/crater-agent-workspace/builds/worker-3-tc1/source:/opt/rustwide/workdir:ro,Z" "-v" "/var/lib/crater-agent-workspace/cargo-home:/opt/rustwide/cargo-home:ro,Z" "-v" "/var/lib/crater-agent-workspace/rustup-home:/opt/rustwide/rustup-home:ro,Z" "-e" "SOURCE_DIR=/opt/rustwide/workdir" "-e" "CARGO_TARGET_DIR=/opt/rustwide/target" "-e" "CARGO_INCREMENTAL=0" "-e" "RUST_BACKTRACE=full" "-e" "RUSTFLAGS=--cap-lints=warn" "-e" "RUSTDOCFLAGS=--cap-lints=warn" "-e" "CARGO_HOME=/opt/rustwide/cargo-home" "-e" "RUSTUP_HOME=/opt/rustwide/rustup-home" "-w" "/opt/rustwide/workdir" "-m" "1610612736" "--user" "0:0" "--network" "none" "ghcr.io/rust-lang/crates-build-env/linux@sha256:f3a9d4ad9d972b27faf3965f35b62e55ba32bbce8f20bc8fe909558a86702fde" "/opt/rustwide/cargo-home/bin/cargo" "+1.83.0" "test" "--frozen", kill_on_drop: false }`
[INFO] [stdout] 6346b642efcc981b83a3d903c1ad228ede8f2dfb5cf5c4aa48cc6911ca1ed822
[INFO] running `Command { std: "docker" "start" "-a" "6346b642efcc981b83a3d903c1ad228ede8f2dfb5cf5c4aa48cc6911ca1ed822", kill_on_drop: false }`
[INFO] [stderr] warning: constant `CODE_PATH` is never used
[INFO] [stderr]  --> tests/empty_scenario_rs_test.rs:4:7
[INFO] [stderr]   |
[INFO] [stderr] 4 | const CODE_PATH: MxscPath = MxscPath::new("ping-pong.mxsc.json");
[INFO] [stderr]   |       ^^^^^^^^^
[INFO] [stderr]   |
[INFO] [stderr]   = note: `#[warn(dead_code)]` on by default
[INFO] [stderr] 
[INFO] [stderr] warning: unused import: `ping_pong`
[INFO] [stderr]  --> tests/ping_pong_blackbox_test.rs:3:5
[INFO] [stderr]   |
[INFO] [stderr] 3 | use ping_pong::*;
[INFO] [stderr]   |     ^^^^^^^^^
[INFO] [stderr]   |
[INFO] [stderr]   = note: `#[warn(unused_imports)]` on by default
[INFO] [stderr] 
[INFO] [stderr] warning: `ping-pong` (test "empty_scenario_rs_test") generated 1 warning
[INFO] [stderr] warning: `ping-pong` (test "ping_pong_blackbox_test") generated 1 warning
[INFO] [stderr]     Finished `test` profile [unoptimized + debuginfo] target(s) in 0.30s
[INFO] [stderr]      Running unittests src/lib.rs (/opt/rustwide/target/debug/deps/ping_pong-a1a778c4c8b5371b)
[INFO] [stdout] 
[INFO] [stdout] running 0 tests
[INFO] [stdout] 
[INFO] [stdout] test result: ok. 0 passed; 0 failed; 0 ignored; 0 measured; 0 filtered out; finished in 0.00s
[INFO] [stdout] 
[INFO] [stderr]      Running tests/empty_scenario_go_test.rs (/opt/rustwide/target/debug/deps/empty_scenario_go_test-2448d5afe78c38bc)
[INFO] [stdout] 
[INFO] [stdout] running 2 tests
[INFO] [stdout] test ping_pong_go2 ... ok
[INFO] [stdout] test ping_pong_go ... ok
[INFO] [stdout] 
[INFO] [stdout] test result: ok. 2 passed; 0 failed; 0 ignored; 0 measured; 0 filtered out; finished in 0.00s
[INFO] [stdout] 
[INFO] [stderr]      Running tests/empty_scenario_rs_test.rs (/opt/rustwide/target/debug/deps/empty_scenario_rs_test-5092f69b3b999d81)
[INFO] [stdout] 
[INFO] [stdout] running 1 test
[INFO] [stdout] test ping_pong_rs ... FAILED
[INFO] [stdout] 
[INFO] [stdout] failures:
[INFO] [stdout] 
[INFO] [stdout] ---- ping_pong_rs stdout ----
[INFO] [stdout] thread 'ping_pong_rs' panicked at /opt/rustwide/cargo-home/registry/src/index.crates.io-6f17d22bba15001f/multiversx-sc-scenario-0.51.1/src/debug_executor/contract_map.rs:56:9:
[INFO] [stdout] Unknown contract: MISSING:"/opt/rustwide/workdir/scenarios/output/ping-pong.mxsc.json"
[INFO] [stdout] stack backtrace:
[INFO] [stdout]    0:     0x62a67c22905a - std::backtrace_rs::backtrace::libunwind::trace::h5a5b8284f2d0c266
[INFO] [stdout]                                at /rustc/90b35a6239c3d8bdabc530a6a0816f7ff89a0aaf/library/std/src/../../backtrace/src/backtrace/libunwind.rs:116:5
[INFO] [stdout]    1:     0x62a67c22905a - std::backtrace_rs::backtrace::trace_unsynchronized::h76d4f1c9b0b875e3
[INFO] [stdout]                                at /rustc/90b35a6239c3d8bdabc530a6a0816f7ff89a0aaf/library/std/src/../../backtrace/src/backtrace/mod.rs:66:5
[INFO] [stdout]    2:     0x62a67c22905a - std::sys::backtrace::_print_fmt::hc4546b8364a537c6
[INFO] [stdout]                                at /rustc/90b35a6239c3d8bdabc530a6a0816f7ff89a0aaf/library/std/src/sys/backtrace.rs:66:9
[INFO] [stdout]    3:     0x62a67c22905a - <std::sys::backtrace::BacktraceLock::print::DisplayBacktrace as core::fmt::Display>::fmt::h5b6bd5631a6d1f6b
[INFO] [stdout]                                at /rustc/90b35a6239c3d8bdabc530a6a0816f7ff89a0aaf/library/std/src/sys/backtrace.rs:39:26
[INFO] [stdout]    4:     0x62a67c24fb33 - core::fmt::rt::Argument::fmt::h270f6602a2b96f62
[INFO] [stdout]                                at /rustc/90b35a6239c3d8bdabc530a6a0816f7ff89a0aaf/library/core/src/fmt/rt.rs:177:76
[INFO] [stdout]    5:     0x62a67c24fb33 - core::fmt::write::h7550c97b06c86515
[INFO] [stdout]                                at /rustc/90b35a6239c3d8bdabc530a6a0816f7ff89a0aaf/library/core/src/fmt/mod.rs:1186:21
[INFO] [stdout]    6:     0x62a67c225fd3 - std::io::Write::write_fmt::h509ff860e5956e5e
[INFO] [stdout]                                at /rustc/90b35a6239c3d8bdabc530a6a0816f7ff89a0aaf/library/std/src/io/mod.rs:1839:15
[INFO] [stdout]    7:     0x62a67c228ea2 - std::sys::backtrace::BacktraceLock::print::h2395ccd2c84ba3aa
[INFO] [stdout]                                at /rustc/90b35a6239c3d8bdabc530a6a0816f7ff89a0aaf/library/std/src/sys/backtrace.rs:42:9
[INFO] [stdout]    8:     0x62a67c22a4ba - std::panicking::default_hook::{{closure}}::he19d4c7230e07961
[INFO] [stdout]                                at /rustc/90b35a6239c3d8bdabc530a6a0816f7ff89a0aaf/library/std/src/panicking.rs:268:22
[INFO] [stdout]    9:     0x62a67c22a2c4 - std::panicking::default_hook::hf614597d3c67bbdb
[INFO] [stdout]                                at /rustc/90b35a6239c3d8bdabc530a6a0816f7ff89a0aaf/library/std/src/panicking.rs:292:9
[INFO] [stdout]   10:     0x62a67bef4fd9 - <alloc::boxed::Box<F,A> as core::ops::function::Fn<Args>>::call::h39b51ce4599c23d1
[INFO] [stdout]                                at /rustc/90b35a6239c3d8bdabc530a6a0816f7ff89a0aaf/library/alloc/src/boxed.rs:2468:9
[INFO] [stdout]   11:     0x62a67bef4fd9 - test::test_main::{{closure}}::he977ae839a582784
[INFO] [stdout]                                at /rustc/90b35a6239c3d8bdabc530a6a0816f7ff89a0aaf/library/test/src/lib.rs:133:21
[INFO] [stdout]   12:     0x62a67c22ab58 - <alloc::boxed::Box<F,A> as core::ops::function::Fn<Args>>::call::h9455091b6b06f9fb
[INFO] [stdout]                                at /rustc/90b35a6239c3d8bdabc530a6a0816f7ff89a0aaf/library/alloc/src/boxed.rs:2468:9
[INFO] [stdout]   13:     0x62a67c22ab58 - std::panicking::rust_panic_with_hook::h8942133a8b252070
[INFO] [stdout]                                at /rustc/90b35a6239c3d8bdabc530a6a0816f7ff89a0aaf/library/std/src/panicking.rs:809:13
[INFO] [stdout]   14:     0x62a67c22a91a - std::panicking::begin_panic_handler::{{closure}}::hb5f5963570096b29
[INFO] [stdout]                                at /rustc/90b35a6239c3d8bdabc530a6a0816f7ff89a0aaf/library/std/src/panicking.rs:674:13
[INFO] [stdout]   15:     0x62a67c229539 - std::sys::backtrace::__rust_end_short_backtrace::h6208cedc1922feda
[INFO] [stdout]                                at /rustc/90b35a6239c3d8bdabc530a6a0816f7ff89a0aaf/library/std/src/sys/backtrace.rs:170:18
[INFO] [stdout]   16:     0x62a67c22a5ac - rust_begin_unwind
[INFO] [stdout]                                at /rustc/90b35a6239c3d8bdabc530a6a0816f7ff89a0aaf/library/std/src/panicking.rs:665:5
[INFO] [stdout]   17:     0x62a67be82b60 - core::panicking::panic_fmt::h0c3082644d1bf418
[INFO] [stdout]                                at /rustc/90b35a6239c3d8bdabc530a6a0816f7ff89a0aaf/library/core/src/panicking.rs:74:14
[INFO] [stdout]   18:     0x62a67bf26452 - multiversx_sc_scenario::debug_executor::contract_map::unknown_contract_panic::hf2b3399a89af5c60
[INFO] [stdout]                                at /opt/rustwide/cargo-home/registry/src/index.crates.io-6f17d22bba15001f/multiversx-sc-scenario-0.51.1/src/debug_executor/contract_map.rs:56:9
[INFO] [stdout]   19:     0x62a67bf26213 - multiversx_sc_scenario::debug_executor::contract_map::ContractMap::get_contract::hefd81c3a8b6f3270
[INFO] [stdout]                                at /opt/rustwide/cargo-home/registry/src/index.crates.io-6f17d22bba15001f/multiversx-sc-scenario-0.51.1/src/debug_executor/contract_map.rs:33:13
[INFO] [stdout]   20:     0x62a67bf266eb - <multiversx_sc_scenario::debug_executor::contract_map::ContractMapRef as multiversx_chain_vm_executor::executor::Executor>::new_instance::hf5e7e96348af021e
[INFO] [stdout]                                at /opt/rustwide/cargo-home/registry/src/index.crates.io-6f17d22bba15001f/multiversx-sc-scenario-0.51.1/src/debug_executor/contract_map.rs:101:21
[INFO] [stdout]   21:     0x62a67c165077 - multiversx_chain_vm::tx_execution::exec_contract_endpoint::<impl multiversx_chain_vm::tx_execution::blockchain_vm::BlockchainVMRef>::get_contract_instance::hba1457f0fd5f1690
[INFO] [stdout]                                at /opt/rustwide/cargo-home/registry/src/index.crates.io-6f17d22bba15001f/multiversx-chain-vm-0.9.0/src/tx_execution/exec_contract_endpoint.rs:33:9
[INFO] [stdout]   22:     0x62a67c14b2d0 - multiversx_chain_vm::tx_execution::exec_call::execute_current_tx_context_input::h822db662f72d6c7d
[INFO] [stdout]                                at /opt/rustwide/cargo-home/registry/src/index.crates.io-6f17d22bba15001f/multiversx-chain-vm-0.9.0/src/tx_execution/exec_call.rs:25:20
[INFO] [stdout]   23:     0x62a67c127a27 - core::ops::function::FnOnce::call_once::h002c0f2d4b26fe51
[INFO] [stdout]                                at /rustc/90b35a6239c3d8bdabc530a6a0816f7ff89a0aaf/library/core/src/ops/function.rs:250:5
[INFO] [stdout]   24:     0x62a67c144185 - multiversx_chain_vm::tx_mock::tx_context_stack::TxContextStack::execute_on_vm_stack::{{closure}}::h88cd1d78a546d343
[INFO] [stdout]                                at /opt/rustwide/cargo-home/registry/src/index.crates.io-6f17d22bba15001f/multiversx-chain-vm-0.9.0/src/tx_mock/tx_context_stack.rs:46:26
[INFO] [stdout]   25:     0x62a67c150961 - multiversx_chain_vm::with_shared::shareable::Shareable<T>::with_shared::h387394c09c311c99
[INFO] [stdout]                                at /opt/rustwide/cargo-home/registry/src/index.crates.io-6f17d22bba15001f/multiversx-chain-vm-0.9.0/src/with_shared/shareable.rs:116:22
[INFO] [stdout]   26:     0x62a67c14412f - multiversx_chain_vm::tx_mock::tx_context_stack::TxContextStack::execute_on_vm_stack::h35469a5ab5671b0c
[INFO] [stdout]                                at /opt/rustwide/cargo-home/registry/src/index.crates.io-6f17d22bba15001f/multiversx-chain-vm-0.9.0/src/tx_mock/tx_context_stack.rs:43:9
[INFO] [stdout]   27:     0x62a67c166404 - multiversx_chain_vm::tx_execution::exec_general_tx::<impl multiversx_chain_vm::tx_execution::blockchain_vm::BlockchainVMRef>::deploy_contract::h74db426983796e70
[INFO] [stdout]                                at /opt/rustwide/cargo-home/registry/src/index.crates.io-6f17d22bba15001f/multiversx-chain-vm-0.9.0/src/tx_execution/exec_general_tx.rs:165:9
[INFO] [stdout]   28:     0x62a67bf79f6d - multiversx_chain_vm::tx_execution::exec_create::<impl multiversx_chain_vm::tx_execution::blockchain_vm::BlockchainVMRef>::sc_create::{{closure}}::had6ced2d5af4b03a
[INFO] [stdout]                                at /opt/rustwide/cargo-home/registry/src/index.crates.io-6f17d22bba15001f/multiversx-chain-vm-0.9.0/src/tx_execution/exec_create.rs:30:13
[INFO] [stdout]   29:     0x62a67bf3013e - multiversx_chain_vm::with_shared::shareable::Shareable<T>::with_shared::h7731f2ca69b70522
[INFO] [stdout]                                at /opt/rustwide/cargo-home/registry/src/index.crates.io-6f17d22bba15001f/multiversx-chain-vm-0.9.0/src/with_shared/shareable.rs:116:22
[INFO] [stdout]   30:     0x62a67bf846a9 - multiversx_chain_vm::tx_execution::exec_create::<impl multiversx_chain_vm::tx_execution::blockchain_vm::BlockchainVMRef>::sc_create::h9eef8fd512e33b33
[INFO] [stdout]                                at /opt/rustwide/cargo-home/registry/src/index.crates.io-6f17d22bba15001f/multiversx-chain-vm-0.9.0/src/tx_execution/exec_create.rs:27:60
[INFO] [stdout]   31:     0x62a67bf90990 - multiversx_sc_scenario::scenario::run_vm::sc_deploy::<impl multiversx_sc_scenario::scenario::run_vm::vm_runner::ScenarioVMRunner>::perform_sc_deploy_lambda::hb5916e48bd16a9ac
[INFO] [stdout]                                at /opt/rustwide/cargo-home/registry/src/index.crates.io-6f17d22bba15001f/multiversx-sc-scenario-0.51.1/src/scenario/run_vm/sc_deploy.rs:35:40
[INFO] [stdout]   32:     0x62a67bf90b44 - multiversx_sc_scenario::scenario::run_vm::sc_deploy::<impl multiversx_sc_scenario::scenario::run_vm::vm_runner::ScenarioVMRunner>::perform_sc_deploy_lambda_and_check::h5c7693ec4eeca389
[INFO] [stdout]                                at /opt/rustwide/cargo-home/registry/src/index.crates.io-6f17d22bba15001f/multiversx-sc-scenario-0.51.1/src/scenario/run_vm/sc_deploy.rs:57:40
[INFO] [stdout]   33:     0x62a67bf904e3 - multiversx_sc_scenario::scenario::run_vm::sc_deploy::<impl multiversx_sc_scenario::scenario::run_vm::vm_runner::ScenarioVMRunner>::perform_sc_deploy_update_results::haf1d882a88c6e43c
[INFO] [stdout]                                at /opt/rustwide/cargo-home/registry/src/index.crates.io-6f17d22bba15001f/multiversx-sc-scenario-0.51.1/src/scenario/run_vm/sc_deploy.rs:19:13
[INFO] [stdout]   34:     0x62a67bf91334 - <multiversx_sc_scenario::scenario::run_vm::vm_runner::ScenarioVMRunner as multiversx_sc_scenario::scenario::scenario_runner::ScenarioRunner>::run_sc_deploy_step::h0a5baa93a6e6649d
[INFO] [stdout]                                at /opt/rustwide/cargo-home/registry/src/index.crates.io-6f17d22bba15001f/multiversx-sc-scenario-0.51.1/src/scenario/run_vm/vm_runner.rs:56:9
[INFO] [stdout]   35:     0x62a67bf7603a - <multiversx_sc_scenario::facade::debugger_backend::DebuggerBackend as multiversx_sc_scenario::scenario::scenario_runner::ScenarioRunner>::run_sc_deploy_step::h9c4ce7894047ac4b
[INFO] [stdout]                                at /opt/rustwide/cargo-home/registry/src/index.crates.io-6f17d22bba15001f/multiversx-sc-scenario-0.51.1/src/facade/debugger_backend.rs:58:9
[INFO] [stdout]   36:     0x62a67bf76461 - multiversx_sc_scenario::facade::debugger_backend::DebuggerBackend::run_scenario_file::h1e6f628d748e2ee8
[INFO] [stdout]                                at /opt/rustwide/cargo-home/registry/src/index.crates.io-6f17d22bba15001f/multiversx-sc-scenario-0.51.1/src/facade/debugger_backend.rs:113:21
[INFO] [stdout]   37:     0x62a67beb6e7e - multiversx_sc_scenario::facade::scenario_world::ScenarioWorld::run::h39e9f43f10530055
[INFO] [stdout]                                at /opt/rustwide/cargo-home/registry/src/index.crates.io-6f17d22bba15001f/multiversx-sc-scenario-0.51.1/src/facade/scenario_world.rs:65:17
[INFO] [stdout]   38:     0x62a67be9049b - empty_scenario_rs_test::ping_pong_rs::h45c1b4e78e8da3fb
[INFO] [stdout]                                at /opt/rustwide/workdir/tests/empty_scenario_rs_test.rs:22:5
[INFO] [stdout]   39:     0x62a67be903c7 - empty_scenario_rs_test::ping_pong_rs::{{closure}}::h4bff8c067c7ccb82
[INFO] [stdout]                                at /opt/rustwide/workdir/tests/empty_scenario_rs_test.rs:18:18
[INFO] [stdout]   40:     0x62a67bea8896 - core::ops::function::FnOnce::call_once::h401127b1e8f2f3de
[INFO] [stdout]                                at /rustc/90b35a6239c3d8bdabc530a6a0816f7ff89a0aaf/library/core/src/ops/function.rs:250:5
[INFO] [stdout]   41:     0x62a67bef999b - core::ops::function::FnOnce::call_once::h109cf8051a59b34e
[INFO] [stdout]                                at /rustc/90b35a6239c3d8bdabc530a6a0816f7ff89a0aaf/library/core/src/ops/function.rs:250:5
[INFO] [stdout]   42:     0x62a67bef999b - test::__rust_begin_short_backtrace::hf4fff89d377446ba
[INFO] [stdout]                                at /rustc/90b35a6239c3d8bdabc530a6a0816f7ff89a0aaf/library/test/src/lib.rs:621:18
[INFO] [stdout]   43:     0x62a67bef91d7 - test::run_test_in_process::{{closure}}::h0e39181dd7ee5a43
[INFO] [stdout]                                at /rustc/90b35a6239c3d8bdabc530a6a0816f7ff89a0aaf/library/test/src/lib.rs:644:60
[INFO] [stdout]   44:     0x62a67bef91d7 - <core::panic::unwind_safe::AssertUnwindSafe<F> as core::ops::function::FnOnce<()>>::call_once::hc5a66a30f0bdfd1f
[INFO] [stdout]                                at /rustc/90b35a6239c3d8bdabc530a6a0816f7ff89a0aaf/library/core/src/panic/unwind_safe.rs:272:9
[INFO] [stdout]   45:     0x62a67bef91d7 - std::panicking::try::do_call::h873b7cf639554a5e
[INFO] [stdout]                                at /rustc/90b35a6239c3d8bdabc530a6a0816f7ff89a0aaf/library/std/src/panicking.rs:557:40
[INFO] [stdout]   46:     0x62a67bef91d7 - std::panicking::try::hdb19862fad9c8bd1
[INFO] [stdout]                                at /rustc/90b35a6239c3d8bdabc530a6a0816f7ff89a0aaf/library/std/src/panicking.rs:520:19
[INFO] [stdout]   47:     0x62a67bef91d7 - std::panic::catch_unwind::h281fe732d236d260
[INFO] [stdout]                                at /rustc/90b35a6239c3d8bdabc530a6a0816f7ff89a0aaf/library/std/src/panic.rs:358:14
[INFO] [stdout]   48:     0x62a67bef91d7 - test::run_test_in_process::h949b6df8457ed338
[INFO] [stdout]                                at /rustc/90b35a6239c3d8bdabc530a6a0816f7ff89a0aaf/library/test/src/lib.rs:644:27
[INFO] [stdout]   49:     0x62a67bef91d7 - test::run_test::{{closure}}::h52c556a6d4740e10
[INFO] [stdout]                                at /rustc/90b35a6239c3d8bdabc530a6a0816f7ff89a0aaf/library/test/src/lib.rs:565:43
[INFO] [stdout]   50:     0x62a67bebe4b4 - test::run_test::{{closure}}::h4237f6381c45ccb9
[INFO] [stdout]                                at /rustc/90b35a6239c3d8bdabc530a6a0816f7ff89a0aaf/library/test/src/lib.rs:595:41
[INFO] [stdout]   51:     0x62a67bebe4b4 - std::sys::backtrace::__rust_begin_short_backtrace::h505c97a579eca628
[INFO] [stdout]                                at /rustc/90b35a6239c3d8bdabc530a6a0816f7ff89a0aaf/library/std/src/sys/backtrace.rs:154:18
[INFO] [stdout]   52:     0x62a67bec1b7e - std::thread::Builder::spawn_unchecked_::{{closure}}::{{closure}}::h9e86b2e2bc107ea3
[INFO] [stdout]                                at /rustc/90b35a6239c3d8bdabc530a6a0816f7ff89a0aaf/library/std/src/thread/mod.rs:538:17
[INFO] [stdout]   53:     0x62a67bec1b7e - <core::panic::unwind_safe::AssertUnwindSafe<F> as core::ops::function::FnOnce<()>>::call_once::h8b06ddb275ff4a25
[INFO] [stdout]                                at /rustc/90b35a6239c3d8bdabc530a6a0816f7ff89a0aaf/library/core/src/panic/unwind_safe.rs:272:9
[INFO] [stdout]   54:     0x62a67bec1b7e - std::panicking::try::do_call::hb26ecd7cd9a9355d
[INFO] [stdout]                                at /rustc/90b35a6239c3d8bdabc530a6a0816f7ff89a0aaf/library/std/src/panicking.rs:557:40
[INFO] [stdout]   55:     0x62a67bec1b7e - std::panicking::try::h8ddeca9d705f9069
[INFO] [stdout]                                at /rustc/90b35a6239c3d8bdabc530a6a0816f7ff89a0aaf/library/std/src/panicking.rs:520:19
[INFO] [stdout]   56:     0x62a67bec1b7e - std::panic::catch_unwind::h49e1c33078844c46
[INFO] [stdout]                                at /rustc/90b35a6239c3d8bdabc530a6a0816f7ff89a0aaf/library/std/src/panic.rs:358:14
[INFO] [stdout]   57:     0x62a67bec1b7e - std::thread::Builder::spawn_unchecked_::{{closure}}::h6073db6ff56ad35d
[INFO] [stdout]                                at /rustc/90b35a6239c3d8bdabc530a6a0816f7ff89a0aaf/library/std/src/thread/mod.rs:537:30
[INFO] [stdout]   58:     0x62a67bec1b7e - core::ops::function::FnOnce::call_once{{vtable.shim}}::h2c5a5f3779c774f1
[INFO] [stdout]                                at /rustc/90b35a6239c3d8bdabc530a6a0816f7ff89a0aaf/library/core/src/ops/function.rs:250:5
[INFO] [stdout]   59:     0x62a67c22e8ab - <alloc::boxed::Box<F,A> as core::ops::function::FnOnce<Args>>::call_once::hf75717d9f28faebf
[INFO] [stdout]                                at /rustc/90b35a6239c3d8bdabc530a6a0816f7ff89a0aaf/library/alloc/src/boxed.rs:2454:9
[INFO] [stdout]   60:     0x62a67c22e8ab - <alloc::boxed::Box<F,A> as core::ops::function::FnOnce<Args>>::call_once::h7bd883a5f3c5f3c1
[INFO] [stdout]                                at /rustc/90b35a6239c3d8bdabc530a6a0816f7ff89a0aaf/library/alloc/src/boxed.rs:2454:9
[INFO] [stdout]   61:     0x62a67c22e8ab - std::sys::pal::unix::thread::Thread::new::thread_start::hcc78f3943333fa94
[INFO] [stdout]                                at /rustc/90b35a6239c3d8bdabc530a6a0816f7ff89a0aaf/library/std/src/sys/pal/unix/thread.rs:105:17
[INFO] [stdout]   62:     0x7b488735fac3 - <unknown>
[INFO] [stdout]   63:     0x7b48873f0a04 - clone
[INFO] [stdout]   64:                0x0 - <unknown>
[INFO] [stdout] 
[INFO] [stdout] 
[INFO] [stdout] failures:
[INFO] [stdout]     ping_pong_rs
[INFO] [stdout] 
[INFO] [stdout] test result: FAILED. 0 passed; 1 failed; 0 ignored; 0 measured; 0 filtered out; finished in 0.10s
[INFO] [stdout] 
[INFO] [stderr] error: test failed, to rerun pass `--test empty_scenario_rs_test`
[INFO] running `Command { std: "docker" "inspect" "6346b642efcc981b83a3d903c1ad228ede8f2dfb5cf5c4aa48cc6911ca1ed822", kill_on_drop: false }`
[INFO] running `Command { std: "docker" "rm" "-f" "6346b642efcc981b83a3d903c1ad228ede8f2dfb5cf5c4aa48cc6911ca1ed822", kill_on_drop: false }`
[INFO] [stdout] 6346b642efcc981b83a3d903c1ad228ede8f2dfb5cf5c4aa48cc6911ca1ed822
