[INFO] cloning repository https://github.com/mickvangelderen/bvh-rs
[INFO] running `Command { std: "git" "-c" "credential.helper=" "-c" "credential.helper=/workspace/cargo-home/bin/git-credential-null" "clone" "--bare" "https://github.com/mickvangelderen/bvh-rs" "/workspace/cache/git-repos/https%3A%2F%2Fgithub.com%2Fmickvangelderen%2Fbvh-rs", kill_on_drop: false }`
[INFO] [stderr] Cloning into bare repository '/workspace/cache/git-repos/https%3A%2F%2Fgithub.com%2Fmickvangelderen%2Fbvh-rs'...
[INFO] running `Command { std: "git" "rev-parse" "HEAD", kill_on_drop: false }`
[INFO] [stdout] a65889a89f275d4c5c0e2aa1d3f53de7004fdc55
[INFO] testing mickvangelderen/bvh-rs against 1.83.0 for beta-1.84.0-4-retry
[INFO] running `Command { std: "git" "clone" "/workspace/cache/git-repos/https%3A%2F%2Fgithub.com%2Fmickvangelderen%2Fbvh-rs" "/workspace/builds/worker-4-tc1/source", kill_on_drop: false }`
[INFO] [stderr] Cloning into '/workspace/builds/worker-4-tc1/source'...
[INFO] [stderr] done.
[INFO] validating manifest of git repo https://github.com/mickvangelderen/bvh-rs on toolchain 1.83.0
[INFO] running `Command { std: CARGO_HOME="/workspace/cargo-home" RUSTUP_HOME="/workspace/rustup-home" "/workspace/cargo-home/bin/cargo" "+1.83.0" "metadata" "--manifest-path" "Cargo.toml" "--no-deps", kill_on_drop: false }`
[INFO] started tweaking git repo https://github.com/mickvangelderen/bvh-rs
[INFO] finished tweaking git repo https://github.com/mickvangelderen/bvh-rs
[INFO] tweaked toml for git repo https://github.com/mickvangelderen/bvh-rs written to /workspace/builds/worker-4-tc1/source/Cargo.toml
[INFO] crate git repo https://github.com/mickvangelderen/bvh-rs already has a lockfile, it will not be regenerated
[INFO] running `Command { std: CARGO_HOME="/workspace/cargo-home" RUSTUP_HOME="/workspace/rustup-home" "/workspace/cargo-home/bin/cargo" "+1.83.0" "fetch" "--manifest-path" "Cargo.toml", kill_on_drop: false }`
[INFO] [stderr]     Updating git repository `https://github.com/mickvangelderen/gl-typed-rust`
[INFO] [stderr]      Locking 1 package to latest compatible version
[INFO] [stderr]       Adding gl-typed v0.6.0 (https://github.com/mickvangelderen/gl-typed-rust?branch=master#41bbde04)
[INFO] [stderr]  Downloading crates ...
[INFO] [stderr]   Downloaded glutin v0.22.0
[INFO] [stderr]   Downloaded calloop v0.4.4
[INFO] [stderr]   Downloaded instant v0.1.2
[INFO] [stderr]   Downloaded wayland-scanner v0.23.6
[INFO] [stderr]   Downloaded tobj v0.1.11
[INFO] [stderr]   Downloaded dispatch v0.1.4
[INFO] [stderr]   Downloaded cocoa v0.19.1
[INFO] [stderr]   Downloaded cgmath v0.17.0
[INFO] [stderr]   Downloaded core-video-sys v0.1.3
[INFO] [stderr]   Downloaded wayland-commons v0.23.6
[INFO] [stderr]   Downloaded smithay-client-toolkit v0.6.4
[INFO] [stderr]   Downloaded wayland-protocols v0.23.6
[INFO] [stderr]   Downloaded winit v0.20.0
[INFO] [stderr]   Downloaded wayland-sys v0.23.6
[INFO] [stderr]   Downloaded wayland-client v0.23.6
[INFO] [stderr]   Downloaded regex v1.3.3
[INFO] [stderr]   Downloaded regex-syntax v0.6.13
[INFO] running `Command { std: "docker" "create" "-v" "/var/lib/crater-agent-workspace/builds/worker-4-tc1/target:/opt/rustwide/target:rw,Z" "-v" "/var/lib/crater-agent-workspace/builds/worker-4-tc1/source:/opt/rustwide/workdir:ro,Z" "-v" "/var/lib/crater-agent-workspace/cargo-home:/opt/rustwide/cargo-home:ro,Z" "-v" "/var/lib/crater-agent-workspace/rustup-home:/opt/rustwide/rustup-home:ro,Z" "-e" "SOURCE_DIR=/opt/rustwide/workdir" "-e" "CARGO_TARGET_DIR=/opt/rustwide/target" "-e" "CARGO_HOME=/opt/rustwide/cargo-home" "-e" "RUSTUP_HOME=/opt/rustwide/rustup-home" "-w" "/opt/rustwide/workdir" "-m" "1610612736" "--user" "0:0" "--network" "none" "ghcr.io/rust-lang/crates-build-env/linux@sha256:f3a9d4ad9d972b27faf3965f35b62e55ba32bbce8f20bc8fe909558a86702fde" "/opt/rustwide/cargo-home/bin/cargo" "+1.83.0" "metadata" "--no-deps" "--format-version=1", kill_on_drop: false }`
[INFO] [stdout] aefd8596da79dc1e4460692d370f59ec437d220f2967f9ce23287961fb00b806
[INFO] running `Command { std: "docker" "start" "-a" "aefd8596da79dc1e4460692d370f59ec437d220f2967f9ce23287961fb00b806", kill_on_drop: false }`
[INFO] running `Command { std: "docker" "inspect" "aefd8596da79dc1e4460692d370f59ec437d220f2967f9ce23287961fb00b806", kill_on_drop: false }`
[INFO] running `Command { std: "docker" "rm" "-f" "aefd8596da79dc1e4460692d370f59ec437d220f2967f9ce23287961fb00b806", kill_on_drop: false }`
[INFO] [stdout] aefd8596da79dc1e4460692d370f59ec437d220f2967f9ce23287961fb00b806
[INFO] running `Command { std: "docker" "create" "-v" "/var/lib/crater-agent-workspace/builds/worker-4-tc1/target:/opt/rustwide/target:rw,Z" "-v" "/var/lib/crater-agent-workspace/builds/worker-4-tc1/source:/opt/rustwide/workdir:ro,Z" "-v" "/var/lib/crater-agent-workspace/cargo-home:/opt/rustwide/cargo-home:ro,Z" "-v" "/var/lib/crater-agent-workspace/rustup-home:/opt/rustwide/rustup-home:ro,Z" "-e" "SOURCE_DIR=/opt/rustwide/workdir" "-e" "CARGO_TARGET_DIR=/opt/rustwide/target" "-e" "CARGO_INCREMENTAL=0" "-e" "RUST_BACKTRACE=full" "-e" "RUSTFLAGS=--cap-lints=warn" "-e" "RUSTDOCFLAGS=--cap-lints=warn" "-e" "CARGO_HOME=/opt/rustwide/cargo-home" "-e" "RUSTUP_HOME=/opt/rustwide/rustup-home" "-w" "/opt/rustwide/workdir" "-m" "1610612736" "--user" "0:0" "--network" "none" "ghcr.io/rust-lang/crates-build-env/linux@sha256:f3a9d4ad9d972b27faf3965f35b62e55ba32bbce8f20bc8fe909558a86702fde" "/opt/rustwide/cargo-home/bin/cargo" "+1.83.0" "build" "--frozen" "--message-format=json", kill_on_drop: false }`
[INFO] [stdout] 5f8e028479dcdffecef0fe8228b9971b5be018f63dbf7ed3079cf08f3a861257
[INFO] running `Command { std: "docker" "start" "-a" "5f8e028479dcdffecef0fe8228b9971b5be018f63dbf7ed3079cf08f3a861257", kill_on_drop: false }`
[INFO] [stderr]    Compiling cfg-if v0.1.10
[INFO] [stderr]    Compiling libc v0.2.66
[INFO] [stderr]    Compiling log v0.4.8
[INFO] [stderr]    Compiling xml-rs v0.8.0
[INFO] [stderr]    Compiling khronos_api v3.1.0
[INFO] [stderr]    Compiling proc-macro2 v0.4.30
[INFO] [stderr]    Compiling autocfg v1.0.0
[INFO] [stderr]    Compiling bitflags v1.2.1
[INFO] [stderr]    Compiling unicode-xid v0.1.0
[INFO] [stderr]    Compiling cc v1.0.50
[INFO] [stderr]    Compiling autocfg v0.1.7
[INFO] [stderr]    Compiling rand_core v0.4.2
[INFO] [stderr]    Compiling semver-parser v0.7.0
[INFO] [stderr]    Compiling nix v0.14.1
[INFO] [stderr]    Compiling byteorder v1.3.2
[INFO] [stderr]    Compiling maybe-uninit v2.0.0
[INFO] [stderr]    Compiling slab v0.4.2
[INFO] [stderr]    Compiling void v1.0.2
[INFO] [stderr]    Compiling lazycell v1.2.1
[INFO] [stderr]    Compiling arrayvec v0.5.1
[INFO] [stderr]    Compiling pkg-config v0.3.17
[INFO] [stderr]    Compiling num-traits v0.2.11
[INFO] [stderr]    Compiling semver v0.9.0
[INFO] [stderr]    Compiling rand_core v0.3.1
[INFO] [stderr]    Compiling scopeguard v1.0.0
[INFO] [stderr]    Compiling memchr v2.3.0
[INFO] [stderr]    Compiling same-file v1.0.6
[INFO] [stderr]    Compiling downcast-rs v1.1.1
[INFO] [stderr]    Compiling lock_api v0.3.3
[INFO] [stderr]    Compiling rand_pcg v0.1.2
[INFO] [stderr]    Compiling rand_chacha v0.1.1
[INFO] [stderr]    Compiling walkdir v2.3.1
[INFO] [stderr]    Compiling xdg v2.2.0
[INFO] [stderr]    Compiling smallvec v1.1.0
[INFO] [stderr]    Compiling rustc_version v0.2.3
[INFO] [stderr]    Compiling x11-dl v2.18.4
[INFO] [stderr]    Compiling gl_generator v0.13.1
[INFO] [stderr]    Compiling gl_generator v0.11.0
[INFO] [stderr]    Compiling stb_truetype v0.3.1
[INFO] [stderr]    Compiling iovec v0.1.4
[INFO] [stderr]    Compiling net2 v0.2.33
[INFO] [stderr]    Compiling parking_lot_core v0.7.0
[INFO] [stderr]    Compiling memmap v0.7.0
[INFO] [stderr]    Compiling parking_lot_core v0.6.2
[INFO] [stderr]    Compiling quote v0.6.13
[INFO] [stderr]    Compiling parking_lot v0.9.0
[INFO] [stderr]    Compiling wayland-scanner v0.23.6
[INFO] [stderr]    Compiling mio v0.6.21
[INFO] [stderr]    Compiling gl_generator v0.10.0
[INFO] [stderr]    Compiling rand v0.6.5
[INFO] [stderr]    Compiling smallvec v0.6.13
[INFO] [stderr]    Compiling parking_lot v0.10.0
[INFO] [stderr]    Compiling aho-corasick v0.7.6
[INFO] [stderr]    Compiling raw-window-handle v0.3.3
[INFO] [stderr]    Compiling libloading v0.5.2
[INFO] [stderr]    Compiling rand_os v0.1.3
[INFO] [stderr]    Compiling shared_library v0.1.9
[INFO] [stderr]    Compiling rand_xorshift v0.1.1
[INFO] [stderr]    Compiling rand_isaac v0.1.1
[INFO] [stderr]    Compiling rand_hc v0.1.0
[INFO] [stderr]    Compiling rand_jitter v0.1.4
[INFO] [stderr]    Compiling approx v0.3.2
[INFO] [stderr]    Compiling ordered-float v1.0.2
[INFO] [stderr]    Compiling mio-extras v2.0.6
[INFO] [stderr]    Compiling line_drawing v0.7.0
[INFO] [stderr]    Compiling thread_local v1.0.1
[INFO] [stderr]    Compiling quick-error v1.2.3
[INFO] [stderr]    Compiling percent-encoding v2.1.0
[INFO] [stderr]    Compiling regex-syntax v0.6.13
[INFO] [stderr]    Compiling rusttype v0.8.2
[INFO] [stderr]    Compiling instant v0.1.2
[INFO] [stderr]    Compiling cgmath v0.17.0
[INFO] [stderr]    Compiling humantime v1.3.0
[INFO] [stderr]    Compiling dlib v0.4.1
[INFO] [stderr]    Compiling glutin_egl_sys v0.1.4
[INFO] [stderr]    Compiling wayland-sys v0.23.6
[INFO] [stderr]    Compiling glutin_glx_sys v0.1.5
[INFO] [stderr]    Compiling gl-typed v0.6.0 (https://github.com/mickvangelderen/gl-typed-rust?branch=master#41bbde04)
[INFO] [stderr]    Compiling osmesa-sys v0.1.2
[INFO] [stderr]    Compiling atty v0.2.14
[INFO] [stderr]    Compiling termcolor v1.1.0
[INFO] [stderr]    Compiling tobj v0.1.11
[INFO] [stderr]    Compiling rusttype v0.7.9
[INFO] [stderr]    Compiling andrew v0.2.1
[INFO] [stderr]    Compiling wayland-client v0.23.6
[INFO] [stderr]    Compiling wayland-protocols v0.23.6
[INFO] [stderr]    Compiling calloop v0.4.4
[INFO] [stderr]    Compiling wayland-commons v0.23.6
[INFO] [stderr]    Compiling regex v1.3.3
[INFO] [stderr]    Compiling env_logger v0.7.1
[INFO] [stderr]    Compiling smithay-client-toolkit v0.6.4
[INFO] [stderr]    Compiling winit v0.20.0
[INFO] [stderr]    Compiling glutin v0.22.0
[INFO] [stderr]    Compiling bvh v0.1.0 (/opt/rustwide/workdir)
[INFO] [stdout] warning: unnecessary trailing semicolon
[INFO] [stdout]    --> src/bvh.rs:160:10
[INFO] [stdout]     |
[INFO] [stdout] 160 |         };
[INFO] [stdout]     |          ^ help: remove this semicolon
[INFO] [stdout]     |
[INFO] [stdout]     = note: `#[warn(redundant_semicolons)]` on by default
[INFO] [stdout] 
[INFO] [stdout] 
[INFO] [stdout] warning: methods `value_as_bytes` and `value_as_bytes_mut` are never used
[INFO] [stdout]  --> src/as_bytes.rs:2:8
[INFO] [stdout]   |
[INFO] [stdout] 1 | pub trait ValueAsBytes {
[INFO] [stdout]   |           ------------ methods in this trait
[INFO] [stdout] 2 |     fn value_as_bytes(&self) -> &[u8];
[INFO] [stdout]   |        ^^^^^^^^^^^^^^
[INFO] [stdout] 3 |     unsafe fn value_as_bytes_mut(&mut self) -> &mut [u8];
[INFO] [stdout]   |               ^^^^^^^^^^^^^^^^^^
[INFO] [stdout]   |
[INFO] [stdout]   = note: `#[warn(dead_code)]` on by default
[INFO] [stdout] 
[INFO] [stdout] 
[INFO] [stdout] warning: method `vec_as_bytes_mut` is never used
[INFO] [stdout]   --> src/as_bytes.rs:33:15
[INFO] [stdout]    |
[INFO] [stdout] 31 | pub trait VecAsBytes {
[INFO] [stdout]    |           ---------- method in this trait
[INFO] [stdout] 32 |     fn vec_as_bytes(&self) -> &[u8];
[INFO] [stdout] 33 |     unsafe fn vec_as_bytes_mut(&mut self) -> &mut [u8];
[INFO] [stdout]    |               ^^^^^^^^^^^^^^^^
[INFO] [stdout] 
[INFO] [stdout] 
[INFO] [stderr]     Finished `dev` profile [unoptimized + debuginfo] target(s) in 1m 32s
[INFO] running `Command { std: "docker" "inspect" "5f8e028479dcdffecef0fe8228b9971b5be018f63dbf7ed3079cf08f3a861257", kill_on_drop: false }`
[INFO] running `Command { std: "docker" "rm" "-f" "5f8e028479dcdffecef0fe8228b9971b5be018f63dbf7ed3079cf08f3a861257", kill_on_drop: false }`
[INFO] [stdout] 5f8e028479dcdffecef0fe8228b9971b5be018f63dbf7ed3079cf08f3a861257
[INFO] running `Command { std: "docker" "create" "-v" "/var/lib/crater-agent-workspace/builds/worker-4-tc1/target:/opt/rustwide/target:rw,Z" "-v" "/var/lib/crater-agent-workspace/builds/worker-4-tc1/source:/opt/rustwide/workdir:ro,Z" "-v" "/var/lib/crater-agent-workspace/cargo-home:/opt/rustwide/cargo-home:ro,Z" "-v" "/var/lib/crater-agent-workspace/rustup-home:/opt/rustwide/rustup-home:ro,Z" "-e" "SOURCE_DIR=/opt/rustwide/workdir" "-e" "CARGO_TARGET_DIR=/opt/rustwide/target" "-e" "CARGO_INCREMENTAL=0" "-e" "RUST_BACKTRACE=full" "-e" "RUSTFLAGS=--cap-lints=warn" "-e" "RUSTDOCFLAGS=--cap-lints=warn" "-e" "CARGO_HOME=/opt/rustwide/cargo-home" "-e" "RUSTUP_HOME=/opt/rustwide/rustup-home" "-w" "/opt/rustwide/workdir" "-m" "1610612736" "--user" "0:0" "--network" "none" "ghcr.io/rust-lang/crates-build-env/linux@sha256:f3a9d4ad9d972b27faf3965f35b62e55ba32bbce8f20bc8fe909558a86702fde" "/opt/rustwide/cargo-home/bin/cargo" "+1.83.0" "test" "--frozen" "--no-run" "--message-format=json", kill_on_drop: false }`
[INFO] [stdout] bb4178a9856ae374ed9e697c57e6dc24d9dc667aadbcb0a8e1de37c8f5f39b07
[INFO] running `Command { std: "docker" "start" "-a" "bb4178a9856ae374ed9e697c57e6dc24d9dc667aadbcb0a8e1de37c8f5f39b07", kill_on_drop: false }`
[INFO] [stderr]    Compiling bvh v0.1.0 (/opt/rustwide/workdir)
[INFO] [stdout] warning: unnecessary trailing semicolon
[INFO] [stdout]    --> src/bvh.rs:160:10
[INFO] [stdout]     |
[INFO] [stdout] 160 |         };
[INFO] [stdout]     |          ^ help: remove this semicolon
[INFO] [stdout]     |
[INFO] [stdout]     = note: `#[warn(redundant_semicolons)]` on by default
[INFO] [stdout] 
[INFO] [stdout] 
[INFO] [stdout] warning: unnecessary trailing semicolon
[INFO] [stdout]    --> src/bvh.rs:160:10
[INFO] [stdout]     |
[INFO] [stdout] 160 |         };
[INFO] [stdout]     |          ^ help: remove this semicolon
[INFO] [stdout]     |
[INFO] [stdout]     = note: `#[warn(redundant_semicolons)]` on by default
[INFO] [stdout] 
[INFO] [stdout] 
[INFO] [stdout] warning: methods `value_as_bytes` and `value_as_bytes_mut` are never used
[INFO] [stdout]  --> src/as_bytes.rs:2:8
[INFO] [stdout]   |
[INFO] [stdout] 1 | pub trait ValueAsBytes {
[INFO] [stdout]   |           ------------ methods in this trait
[INFO] [stdout] 2 |     fn value_as_bytes(&self) -> &[u8];
[INFO] [stdout]   |        ^^^^^^^^^^^^^^
[INFO] [stdout] 3 |     unsafe fn value_as_bytes_mut(&mut self) -> &mut [u8];
[INFO] [stdout]   |               ^^^^^^^^^^^^^^^^^^
[INFO] [stdout]   |
[INFO] [stdout]   = note: `#[warn(dead_code)]` on by default
[INFO] [stdout] 
[INFO] [stdout] 
[INFO] [stdout] warning: method `vec_as_bytes_mut` is never used
[INFO] [stdout]   --> src/as_bytes.rs:33:15
[INFO] [stdout]    |
[INFO] [stdout] 31 | pub trait VecAsBytes {
[INFO] [stdout]    |           ---------- method in this trait
[INFO] [stdout] 32 |     fn vec_as_bytes(&self) -> &[u8];
[INFO] [stdout] 33 |     unsafe fn vec_as_bytes_mut(&mut self) -> &mut [u8];
[INFO] [stdout]    |               ^^^^^^^^^^^^^^^^
[INFO] [stdout] 
[INFO] [stdout] 
[INFO] [stderr]     Finished `test` profile [unoptimized + debuginfo] target(s) in 1.21s
[INFO] running `Command { std: "docker" "inspect" "bb4178a9856ae374ed9e697c57e6dc24d9dc667aadbcb0a8e1de37c8f5f39b07", kill_on_drop: false }`
[INFO] running `Command { std: "docker" "rm" "-f" "bb4178a9856ae374ed9e697c57e6dc24d9dc667aadbcb0a8e1de37c8f5f39b07", kill_on_drop: false }`
[INFO] [stdout] bb4178a9856ae374ed9e697c57e6dc24d9dc667aadbcb0a8e1de37c8f5f39b07
[INFO] running `Command { std: "docker" "create" "-v" "/var/lib/crater-agent-workspace/builds/worker-4-tc1/target:/opt/rustwide/target:rw,Z" "-v" "/var/lib/crater-agent-workspace/builds/worker-4-tc1/source:/opt/rustwide/workdir:ro,Z" "-v" "/var/lib/crater-agent-workspace/cargo-home:/opt/rustwide/cargo-home:ro,Z" "-v" "/var/lib/crater-agent-workspace/rustup-home:/opt/rustwide/rustup-home:ro,Z" "-e" "SOURCE_DIR=/opt/rustwide/workdir" "-e" "CARGO_TARGET_DIR=/opt/rustwide/target" "-e" "CARGO_INCREMENTAL=0" "-e" "RUST_BACKTRACE=full" "-e" "RUSTFLAGS=--cap-lints=warn" "-e" "RUSTDOCFLAGS=--cap-lints=warn" "-e" "CARGO_HOME=/opt/rustwide/cargo-home" "-e" "RUSTUP_HOME=/opt/rustwide/rustup-home" "-w" "/opt/rustwide/workdir" "-m" "1610612736" "--user" "0:0" "--network" "none" "ghcr.io/rust-lang/crates-build-env/linux@sha256:f3a9d4ad9d972b27faf3965f35b62e55ba32bbce8f20bc8fe909558a86702fde" "/opt/rustwide/cargo-home/bin/cargo" "+1.83.0" "test" "--frozen", kill_on_drop: false }`
[INFO] [stdout] 4bb9e99474a80775e22c69843af27ccabb8e20c4fb2c280b3242cfdc3d74d5bc
[INFO] running `Command { std: "docker" "start" "-a" "4bb9e99474a80775e22c69843af27ccabb8e20c4fb2c280b3242cfdc3d74d5bc", kill_on_drop: false }`
[INFO] [stderr] warning: unnecessary trailing semicolon
[INFO] [stderr]    --> src/bvh.rs:160:10
[INFO] [stderr]     |
[INFO] [stderr] 160 |         };
[INFO] [stderr]     |          ^ help: remove this semicolon
[INFO] [stderr]     |
[INFO] [stderr]     = note: `#[warn(redundant_semicolons)]` on by default
[INFO] [stderr] 
[INFO] [stderr] warning: `bvh` (lib) generated 1 warning
[INFO] [stderr] warning: `bvh` (lib test) generated 1 warning (1 duplicate)
[INFO] [stderr] warning: methods `value_as_bytes` and `value_as_bytes_mut` are never used
[INFO] [stderr]  --> src/as_bytes.rs:2:8
[INFO] [stderr]   |
[INFO] [stderr] 1 | pub trait ValueAsBytes {
[INFO] [stderr]   |           ------------ methods in this trait
[INFO] [stderr] 2 |     fn value_as_bytes(&self) -> &[u8];
[INFO] [stderr]   |        ^^^^^^^^^^^^^^
[INFO] [stderr] 3 |     unsafe fn value_as_bytes_mut(&mut self) -> &mut [u8];
[INFO] [stderr]   |               ^^^^^^^^^^^^^^^^^^
[INFO] [stderr]   |
[INFO] [stderr]   = note: `#[warn(dead_code)]` on by default
[INFO] [stderr] 
[INFO] [stderr] warning: method `vec_as_bytes_mut` is never used
[INFO] [stderr]   --> src/as_bytes.rs:33:15
[INFO] [stderr]    |
[INFO] [stderr] 31 | pub trait VecAsBytes {
[INFO] [stderr]    |           ---------- method in this trait
[INFO] [stderr] 32 |     fn vec_as_bytes(&self) -> &[u8];
[INFO] [stderr] 33 |     unsafe fn vec_as_bytes_mut(&mut self) -> &mut [u8];
[INFO] [stderr]    |               ^^^^^^^^^^^^^^^^
[INFO] [stderr] 
[INFO] [stderr] warning: `bvh` (bin "bvh" test) generated 2 warnings
[INFO] [stderr]     Finished `test` profile [unoptimized + debuginfo] target(s) in 0.10s
[INFO] [stderr]      Running unittests src/lib.rs (/opt/rustwide/target/debug/deps/bvh-ae84433091fbe358)
[INFO] [stdout] 
[INFO] [stdout] running 1 test
[INFO] [stdout] test intersect::tests::ray_vs_aabb ... FAILED
[INFO] [stdout] 
[INFO] [stdout] failures:
[INFO] [stdout] 
[INFO] [stdout] ---- intersect::tests::ray_vs_aabb stdout ----
[INFO] [stdout] thread 'intersect::tests::ray_vs_aabb' panicked at src/intersect.rs:144:9:
[INFO] [stdout] assertion `left == right` failed
[INFO] [stdout]   left: Some(0.0)
[INFO] [stdout]  right: Some(3.4641018)
[INFO] [stdout] stack backtrace:
[INFO] [stdout]    0:     0x570162c6dc3a - std::backtrace_rs::backtrace::libunwind::trace::h5a5b8284f2d0c266
[INFO] [stdout]                                at /rustc/90b35a6239c3d8bdabc530a6a0816f7ff89a0aaf/library/std/src/../../backtrace/src/backtrace/libunwind.rs:116:5
[INFO] [stdout]    1:     0x570162c6dc3a - std::backtrace_rs::backtrace::trace_unsynchronized::h76d4f1c9b0b875e3
[INFO] [stdout]                                at /rustc/90b35a6239c3d8bdabc530a6a0816f7ff89a0aaf/library/std/src/../../backtrace/src/backtrace/mod.rs:66:5
[INFO] [stdout]    2:     0x570162c6dc3a - std::sys::backtrace::_print_fmt::hc4546b8364a537c6
[INFO] [stdout]                                at /rustc/90b35a6239c3d8bdabc530a6a0816f7ff89a0aaf/library/std/src/sys/backtrace.rs:66:9
[INFO] [stdout]    3:     0x570162c6dc3a - <std::sys::backtrace::BacktraceLock::print::DisplayBacktrace as core::fmt::Display>::fmt::h5b6bd5631a6d1f6b
[INFO] [stdout]                                at /rustc/90b35a6239c3d8bdabc530a6a0816f7ff89a0aaf/library/std/src/sys/backtrace.rs:39:26
[INFO] [stdout]    4:     0x570162c939a3 - core::fmt::rt::Argument::fmt::h270f6602a2b96f62
[INFO] [stdout]                                at /rustc/90b35a6239c3d8bdabc530a6a0816f7ff89a0aaf/library/core/src/fmt/rt.rs:177:76
[INFO] [stdout]    5:     0x570162c939a3 - core::fmt::write::h7550c97b06c86515
[INFO] [stdout]                                at /rustc/90b35a6239c3d8bdabc530a6a0816f7ff89a0aaf/library/core/src/fmt/mod.rs:1186:21
[INFO] [stdout]    6:     0x570162c6ae03 - std::io::Write::write_fmt::h509ff860e5956e5e
[INFO] [stdout]                                at /rustc/90b35a6239c3d8bdabc530a6a0816f7ff89a0aaf/library/std/src/io/mod.rs:1839:15
[INFO] [stdout]    7:     0x570162c6da82 - std::sys::backtrace::BacktraceLock::print::h2395ccd2c84ba3aa
[INFO] [stdout]                                at /rustc/90b35a6239c3d8bdabc530a6a0816f7ff89a0aaf/library/std/src/sys/backtrace.rs:42:9
[INFO] [stdout]    8:     0x570162c6f09a - std::panicking::default_hook::{{closure}}::he19d4c7230e07961
[INFO] [stdout]                                at /rustc/90b35a6239c3d8bdabc530a6a0816f7ff89a0aaf/library/std/src/panicking.rs:268:22
[INFO] [stdout]    9:     0x570162c6eea4 - std::panicking::default_hook::hf614597d3c67bbdb
[INFO] [stdout]                                at /rustc/90b35a6239c3d8bdabc530a6a0816f7ff89a0aaf/library/std/src/panicking.rs:292:9
[INFO] [stdout]   10:     0x570162c39c49 - <alloc::boxed::Box<F,A> as core::ops::function::Fn<Args>>::call::h39b51ce4599c23d1
[INFO] [stdout]                                at /rustc/90b35a6239c3d8bdabc530a6a0816f7ff89a0aaf/library/alloc/src/boxed.rs:2468:9
[INFO] [stdout]   11:     0x570162c39c49 - test::test_main::{{closure}}::he977ae839a582784
[INFO] [stdout]                                at /rustc/90b35a6239c3d8bdabc530a6a0816f7ff89a0aaf/library/test/src/lib.rs:133:21
[INFO] [stdout]   12:     0x570162c6f738 - <alloc::boxed::Box<F,A> as core::ops::function::Fn<Args>>::call::h9455091b6b06f9fb
[INFO] [stdout]                                at /rustc/90b35a6239c3d8bdabc530a6a0816f7ff89a0aaf/library/alloc/src/boxed.rs:2468:9
[INFO] [stdout]   13:     0x570162c6f738 - std::panicking::rust_panic_with_hook::h8942133a8b252070
[INFO] [stdout]                                at /rustc/90b35a6239c3d8bdabc530a6a0816f7ff89a0aaf/library/std/src/panicking.rs:809:13
[INFO] [stdout]   14:     0x570162c6f4fa - std::panicking::begin_panic_handler::{{closure}}::hb5f5963570096b29
[INFO] [stdout]                                at /rustc/90b35a6239c3d8bdabc530a6a0816f7ff89a0aaf/library/std/src/panicking.rs:674:13
[INFO] [stdout]   15:     0x570162c6e119 - std::sys::backtrace::__rust_end_short_backtrace::h6208cedc1922feda
[INFO] [stdout]                                at /rustc/90b35a6239c3d8bdabc530a6a0816f7ff89a0aaf/library/std/src/sys/backtrace.rs:170:18
[INFO] [stdout]   16:     0x570162c6f18c - rust_begin_unwind
[INFO] [stdout]                                at /rustc/90b35a6239c3d8bdabc530a6a0816f7ff89a0aaf/library/std/src/panicking.rs:665:5
[INFO] [stdout]   17:     0x570162bffa50 - core::panicking::panic_fmt::h0c3082644d1bf418
[INFO] [stdout]                                at /rustc/90b35a6239c3d8bdabc530a6a0816f7ff89a0aaf/library/core/src/panicking.rs:74:14
[INFO] [stdout]   18:     0x570162bffd7b - core::panicking::assert_failed_inner::h2ddf1fcc067fa858
[INFO] [stdout]   19:     0x570162c008e4 - core::panicking::assert_failed::h3afcaba018e92796
[INFO] [stdout]                                at /rustc/90b35a6239c3d8bdabc530a6a0816f7ff89a0aaf/library/core/src/panicking.rs:367:5
[INFO] [stdout]   20:     0x570162c01938 - bvh::intersect::tests::ray_vs_aabb::h7ca3d49d5f32d09c
[INFO] [stdout]                                at /opt/rustwide/workdir/src/intersect.rs:144:9
[INFO] [stdout]   21:     0x570162c01757 - bvh::intersect::tests::ray_vs_aabb::{{closure}}::hb4c9588dfbe86379
[INFO] [stdout]                                at /opt/rustwide/workdir/src/intersect.rs:116:21
[INFO] [stdout]   22:     0x570162c00786 - core::ops::function::FnOnce::call_once::hb00d64e9762a62cd
[INFO] [stdout]                                at /rustc/90b35a6239c3d8bdabc530a6a0816f7ff89a0aaf/library/core/src/ops/function.rs:250:5
[INFO] [stdout]   23:     0x570162c3e60b - core::ops::function::FnOnce::call_once::h109cf8051a59b34e
[INFO] [stdout]                                at /rustc/90b35a6239c3d8bdabc530a6a0816f7ff89a0aaf/library/core/src/ops/function.rs:250:5
[INFO] [stdout]   24:     0x570162c3e60b - test::__rust_begin_short_backtrace::hf4fff89d377446ba
[INFO] [stdout]                                at /rustc/90b35a6239c3d8bdabc530a6a0816f7ff89a0aaf/library/test/src/lib.rs:621:18
[INFO] [stdout]   25:     0x570162c3de47 - test::run_test_in_process::{{closure}}::h0e39181dd7ee5a43
[INFO] [stdout]                                at /rustc/90b35a6239c3d8bdabc530a6a0816f7ff89a0aaf/library/test/src/lib.rs:644:60
[INFO] [stdout]   26:     0x570162c3de47 - <core::panic::unwind_safe::AssertUnwindSafe<F> as core::ops::function::FnOnce<()>>::call_once::hc5a66a30f0bdfd1f
[INFO] [stdout]                                at /rustc/90b35a6239c3d8bdabc530a6a0816f7ff89a0aaf/library/core/src/panic/unwind_safe.rs:272:9
[INFO] [stdout]   27:     0x570162c3de47 - std::panicking::try::do_call::h873b7cf639554a5e
[INFO] [stdout]                                at /rustc/90b35a6239c3d8bdabc530a6a0816f7ff89a0aaf/library/std/src/panicking.rs:557:40
[INFO] [stdout]   28:     0x570162c3de47 - std::panicking::try::hdb19862fad9c8bd1
[INFO] [stdout]                                at /rustc/90b35a6239c3d8bdabc530a6a0816f7ff89a0aaf/library/std/src/panicking.rs:520:19
[INFO] [stdout]   29:     0x570162c3de47 - std::panic::catch_unwind::h281fe732d236d260
[INFO] [stdout]                                at /rustc/90b35a6239c3d8bdabc530a6a0816f7ff89a0aaf/library/std/src/panic.rs:358:14
[INFO] [stdout]   30:     0x570162c3de47 - test::run_test_in_process::h949b6df8457ed338
[INFO] [stdout]                                at /rustc/90b35a6239c3d8bdabc530a6a0816f7ff89a0aaf/library/test/src/lib.rs:644:27
[INFO] [stdout]   31:     0x570162c3de47 - test::run_test::{{closure}}::h52c556a6d4740e10
[INFO] [stdout]                                at /rustc/90b35a6239c3d8bdabc530a6a0816f7ff89a0aaf/library/test/src/lib.rs:565:43
[INFO] [stdout]   32:     0x570162c03124 - test::run_test::{{closure}}::h4237f6381c45ccb9
[INFO] [stdout]                                at /rustc/90b35a6239c3d8bdabc530a6a0816f7ff89a0aaf/library/test/src/lib.rs:595:41
[INFO] [stdout]   33:     0x570162c03124 - std::sys::backtrace::__rust_begin_short_backtrace::h505c97a579eca628
[INFO] [stdout]                                at /rustc/90b35a6239c3d8bdabc530a6a0816f7ff89a0aaf/library/std/src/sys/backtrace.rs:154:18
[INFO] [stdout]   34:     0x570162c067ee - std::thread::Builder::spawn_unchecked_::{{closure}}::{{closure}}::h9e86b2e2bc107ea3
[INFO] [stdout]                                at /rustc/90b35a6239c3d8bdabc530a6a0816f7ff89a0aaf/library/std/src/thread/mod.rs:538:17
[INFO] [stdout]   35:     0x570162c067ee - <core::panic::unwind_safe::AssertUnwindSafe<F> as core::ops::function::FnOnce<()>>::call_once::h8b06ddb275ff4a25
[INFO] [stdout]                                at /rustc/90b35a6239c3d8bdabc530a6a0816f7ff89a0aaf/library/core/src/panic/unwind_safe.rs:272:9
[INFO] [stdout]   36:     0x570162c067ee - std::panicking::try::do_call::hb26ecd7cd9a9355d
[INFO] [stdout]                                at /rustc/90b35a6239c3d8bdabc530a6a0816f7ff89a0aaf/library/std/src/panicking.rs:557:40
[INFO] [stdout]   37:     0x570162c067ee - std::panicking::try::h8ddeca9d705f9069
[INFO] [stdout]                                at /rustc/90b35a6239c3d8bdabc530a6a0816f7ff89a0aaf/library/std/src/panicking.rs:520:19
[INFO] [stdout]   38:     0x570162c067ee - std::panic::catch_unwind::h49e1c33078844c46
[INFO] [stdout]                                at /rustc/90b35a6239c3d8bdabc530a6a0816f7ff89a0aaf/library/std/src/panic.rs:358:14
[INFO] [stdout]   39:     0x570162c067ee - std::thread::Builder::spawn_unchecked_::{{closure}}::h6073db6ff56ad35d
[INFO] [stdout]                                at /rustc/90b35a6239c3d8bdabc530a6a0816f7ff89a0aaf/library/std/src/thread/mod.rs:537:30
[INFO] [stdout]   40:     0x570162c067ee - core::ops::function::FnOnce::call_once{{vtable.shim}}::h2c5a5f3779c774f1
[INFO] [stdout]                                at /rustc/90b35a6239c3d8bdabc530a6a0816f7ff89a0aaf/library/core/src/ops/function.rs:250:5
[INFO] [stdout]   41:     0x570162c7348b - <alloc::boxed::Box<F,A> as core::ops::function::FnOnce<Args>>::call_once::hf75717d9f28faebf
[INFO] [stdout]                                at /rustc/90b35a6239c3d8bdabc530a6a0816f7ff89a0aaf/library/alloc/src/boxed.rs:2454:9
[INFO] [stdout]   42:     0x570162c7348b - <alloc::boxed::Box<F,A> as core::ops::function::FnOnce<Args>>::call_once::h7bd883a5f3c5f3c1
[INFO] [stdout]                                at /rustc/90b35a6239c3d8bdabc530a6a0816f7ff89a0aaf/library/alloc/src/boxed.rs:2454:9
[INFO] [stdout]   43:     0x570162c7348b - std::sys::pal::unix::thread::Thread::new::thread_start::hcc78f3943333fa94
[INFO] [stdout]                                at /rustc/90b35a6239c3d8bdabc530a6a0816f7ff89a0aaf/library/std/src/sys/pal/unix/thread.rs:105:17
[INFO] [stdout]   44:     0x792c2885bac3 - <unknown>
[INFO] [stdout]   45:     0x792c288eca04 - clone
[INFO] [stdout]   46:                0x0 - <unknown>
[INFO] [stdout] 
[INFO] [stdout] 
[INFO] [stdout] failures:
[INFO] [stdout]     intersect::tests::ray_vs_aabb
[INFO] [stdout] 
[INFO] [stdout] test result: FAILED. 0 passed; 1 failed; 0 ignored; 0 measured; 0 filtered out; finished in 0.02s
[INFO] [stdout] 
[INFO] [stderr] error: test failed, to rerun pass `--lib`
[INFO] running `Command { std: "docker" "inspect" "4bb9e99474a80775e22c69843af27ccabb8e20c4fb2c280b3242cfdc3d74d5bc", kill_on_drop: false }`
[INFO] running `Command { std: "docker" "rm" "-f" "4bb9e99474a80775e22c69843af27ccabb8e20c4fb2c280b3242cfdc3d74d5bc", kill_on_drop: false }`
[INFO] [stdout] 4bb9e99474a80775e22c69843af27ccabb8e20c4fb2c280b3242cfdc3d74d5bc
