[INFO] cloning repository https://github.com/mick-io/unicode_border
[INFO] running `Command { std: "git" "-c" "credential.helper=" "-c" "credential.helper=/workspace/cargo-home/bin/git-credential-null" "clone" "--bare" "https://github.com/mick-io/unicode_border" "/workspace/cache/git-repos/https%3A%2F%2Fgithub.com%2Fmick-io%2Funicode_border", kill_on_drop: false }`
[INFO] [stderr] Cloning into bare repository '/workspace/cache/git-repos/https%3A%2F%2Fgithub.com%2Fmick-io%2Funicode_border'...
[INFO] running `Command { std: "git" "rev-parse" "HEAD", kill_on_drop: false }`
[INFO] [stdout] 638977f5b8fb07a263489b43620b7a80a9f0615a
[INFO] testing mick-io/unicode_border against 1.83.0 for beta-1.84.0-4-retry
[INFO] running `Command { std: "git" "clone" "/workspace/cache/git-repos/https%3A%2F%2Fgithub.com%2Fmick-io%2Funicode_border" "/workspace/builds/worker-7-tc1/source", kill_on_drop: false }`
[INFO] [stderr] Cloning into '/workspace/builds/worker-7-tc1/source'...
[INFO] [stderr] done.
[INFO] validating manifest of git repo https://github.com/mick-io/unicode_border on toolchain 1.83.0
[INFO] running `Command { std: CARGO_HOME="/workspace/cargo-home" RUSTUP_HOME="/workspace/rustup-home" "/workspace/cargo-home/bin/cargo" "+1.83.0" "metadata" "--manifest-path" "Cargo.toml" "--no-deps", kill_on_drop: false }`
[INFO] started tweaking git repo https://github.com/mick-io/unicode_border
[INFO] finished tweaking git repo https://github.com/mick-io/unicode_border
[INFO] tweaked toml for git repo https://github.com/mick-io/unicode_border written to /workspace/builds/worker-7-tc1/source/Cargo.toml
[INFO] crate git repo https://github.com/mick-io/unicode_border already has a lockfile, it will not be regenerated
[INFO] running `Command { std: CARGO_HOME="/workspace/cargo-home" RUSTUP_HOME="/workspace/rustup-home" "/workspace/cargo-home/bin/cargo" "+1.83.0" "fetch" "--manifest-path" "Cargo.toml", kill_on_drop: false }`
[INFO] [stderr] warning: no edition set: defaulting to the 2015 edition while the latest is 2021
[INFO] running `Command { std: "docker" "create" "-v" "/var/lib/crater-agent-workspace/builds/worker-7-tc1/target:/opt/rustwide/target:rw,Z" "-v" "/var/lib/crater-agent-workspace/builds/worker-7-tc1/source:/opt/rustwide/workdir:ro,Z" "-v" "/var/lib/crater-agent-workspace/cargo-home:/opt/rustwide/cargo-home:ro,Z" "-v" "/var/lib/crater-agent-workspace/rustup-home:/opt/rustwide/rustup-home:ro,Z" "-e" "SOURCE_DIR=/opt/rustwide/workdir" "-e" "CARGO_TARGET_DIR=/opt/rustwide/target" "-e" "CARGO_HOME=/opt/rustwide/cargo-home" "-e" "RUSTUP_HOME=/opt/rustwide/rustup-home" "-w" "/opt/rustwide/workdir" "-m" "1610612736" "--user" "0:0" "--network" "none" "ghcr.io/rust-lang/crates-build-env/linux@sha256:f3a9d4ad9d972b27faf3965f35b62e55ba32bbce8f20bc8fe909558a86702fde" "/opt/rustwide/cargo-home/bin/cargo" "+1.83.0" "metadata" "--no-deps" "--format-version=1", kill_on_drop: false }`
[INFO] [stdout] cc6c651e82da7fb6f1c7d502f0cd37fd67e389650fb84c96a7cc3cac6cd1afb7
[INFO] running `Command { std: "docker" "start" "-a" "cc6c651e82da7fb6f1c7d502f0cd37fd67e389650fb84c96a7cc3cac6cd1afb7", kill_on_drop: false }`
[INFO] running `Command { std: "docker" "inspect" "cc6c651e82da7fb6f1c7d502f0cd37fd67e389650fb84c96a7cc3cac6cd1afb7", kill_on_drop: false }`
[INFO] running `Command { std: "docker" "rm" "-f" "cc6c651e82da7fb6f1c7d502f0cd37fd67e389650fb84c96a7cc3cac6cd1afb7", kill_on_drop: false }`
[INFO] [stdout] cc6c651e82da7fb6f1c7d502f0cd37fd67e389650fb84c96a7cc3cac6cd1afb7
[INFO] running `Command { std: "docker" "create" "-v" "/var/lib/crater-agent-workspace/builds/worker-7-tc1/target:/opt/rustwide/target:rw,Z" "-v" "/var/lib/crater-agent-workspace/builds/worker-7-tc1/source:/opt/rustwide/workdir:ro,Z" "-v" "/var/lib/crater-agent-workspace/cargo-home:/opt/rustwide/cargo-home:ro,Z" "-v" "/var/lib/crater-agent-workspace/rustup-home:/opt/rustwide/rustup-home:ro,Z" "-e" "SOURCE_DIR=/opt/rustwide/workdir" "-e" "CARGO_TARGET_DIR=/opt/rustwide/target" "-e" "CARGO_INCREMENTAL=0" "-e" "RUST_BACKTRACE=full" "-e" "RUSTFLAGS=--cap-lints=warn" "-e" "RUSTDOCFLAGS=--cap-lints=warn" "-e" "CARGO_HOME=/opt/rustwide/cargo-home" "-e" "RUSTUP_HOME=/opt/rustwide/rustup-home" "-w" "/opt/rustwide/workdir" "-m" "1610612736" "--user" "0:0" "--network" "none" "ghcr.io/rust-lang/crates-build-env/linux@sha256:f3a9d4ad9d972b27faf3965f35b62e55ba32bbce8f20bc8fe909558a86702fde" "/opt/rustwide/cargo-home/bin/cargo" "+1.83.0" "build" "--frozen" "--message-format=json", kill_on_drop: false }`
[INFO] [stdout] 2ae820e6307ff7a5d071c89900e85e741ff3535706dd9f401d491a418d6c1d59
[INFO] running `Command { std: "docker" "start" "-a" "2ae820e6307ff7a5d071c89900e85e741ff3535706dd9f401d491a418d6c1d59", kill_on_drop: false }`
[INFO] [stderr] warning: no edition set: defaulting to the 2015 edition while the latest is 2021
[INFO] [stderr]    Compiling unicode_border v0.1.0 (/opt/rustwide/workdir)
[INFO] [stderr]     Finished `dev` profile [unoptimized + debuginfo] target(s) in 0.34s
[INFO] running `Command { std: "docker" "inspect" "2ae820e6307ff7a5d071c89900e85e741ff3535706dd9f401d491a418d6c1d59", kill_on_drop: false }`
[INFO] running `Command { std: "docker" "rm" "-f" "2ae820e6307ff7a5d071c89900e85e741ff3535706dd9f401d491a418d6c1d59", kill_on_drop: false }`
[INFO] [stdout] 2ae820e6307ff7a5d071c89900e85e741ff3535706dd9f401d491a418d6c1d59
[INFO] running `Command { std: "docker" "create" "-v" "/var/lib/crater-agent-workspace/builds/worker-7-tc1/target:/opt/rustwide/target:rw,Z" "-v" "/var/lib/crater-agent-workspace/builds/worker-7-tc1/source:/opt/rustwide/workdir:ro,Z" "-v" "/var/lib/crater-agent-workspace/cargo-home:/opt/rustwide/cargo-home:ro,Z" "-v" "/var/lib/crater-agent-workspace/rustup-home:/opt/rustwide/rustup-home:ro,Z" "-e" "SOURCE_DIR=/opt/rustwide/workdir" "-e" "CARGO_TARGET_DIR=/opt/rustwide/target" "-e" "CARGO_INCREMENTAL=0" "-e" "RUST_BACKTRACE=full" "-e" "RUSTFLAGS=--cap-lints=warn" "-e" "RUSTDOCFLAGS=--cap-lints=warn" "-e" "CARGO_HOME=/opt/rustwide/cargo-home" "-e" "RUSTUP_HOME=/opt/rustwide/rustup-home" "-w" "/opt/rustwide/workdir" "-m" "1610612736" "--user" "0:0" "--network" "none" "ghcr.io/rust-lang/crates-build-env/linux@sha256:f3a9d4ad9d972b27faf3965f35b62e55ba32bbce8f20bc8fe909558a86702fde" "/opt/rustwide/cargo-home/bin/cargo" "+1.83.0" "test" "--frozen" "--no-run" "--message-format=json", kill_on_drop: false }`
[INFO] [stdout] ab00ae9512f50ae7ec5198ac47c329ae280d5630677df80a66a935b16133439d
[INFO] running `Command { std: "docker" "start" "-a" "ab00ae9512f50ae7ec5198ac47c329ae280d5630677df80a66a935b16133439d", kill_on_drop: false }`
[INFO] [stderr] warning: no edition set: defaulting to the 2015 edition while the latest is 2021
[INFO] [stderr]    Compiling unicode_border v0.1.0 (/opt/rustwide/workdir)
[INFO] [stderr]     Finished `test` profile [unoptimized + debuginfo] target(s) in 0.45s
[INFO] running `Command { std: "docker" "inspect" "ab00ae9512f50ae7ec5198ac47c329ae280d5630677df80a66a935b16133439d", kill_on_drop: false }`
[INFO] running `Command { std: "docker" "rm" "-f" "ab00ae9512f50ae7ec5198ac47c329ae280d5630677df80a66a935b16133439d", kill_on_drop: false }`
[INFO] [stdout] ab00ae9512f50ae7ec5198ac47c329ae280d5630677df80a66a935b16133439d
[INFO] running `Command { std: "docker" "create" "-v" "/var/lib/crater-agent-workspace/builds/worker-7-tc1/target:/opt/rustwide/target:rw,Z" "-v" "/var/lib/crater-agent-workspace/builds/worker-7-tc1/source:/opt/rustwide/workdir:ro,Z" "-v" "/var/lib/crater-agent-workspace/cargo-home:/opt/rustwide/cargo-home:ro,Z" "-v" "/var/lib/crater-agent-workspace/rustup-home:/opt/rustwide/rustup-home:ro,Z" "-e" "SOURCE_DIR=/opt/rustwide/workdir" "-e" "CARGO_TARGET_DIR=/opt/rustwide/target" "-e" "CARGO_INCREMENTAL=0" "-e" "RUST_BACKTRACE=full" "-e" "RUSTFLAGS=--cap-lints=warn" "-e" "RUSTDOCFLAGS=--cap-lints=warn" "-e" "CARGO_HOME=/opt/rustwide/cargo-home" "-e" "RUSTUP_HOME=/opt/rustwide/rustup-home" "-w" "/opt/rustwide/workdir" "-m" "1610612736" "--user" "0:0" "--network" "none" "ghcr.io/rust-lang/crates-build-env/linux@sha256:f3a9d4ad9d972b27faf3965f35b62e55ba32bbce8f20bc8fe909558a86702fde" "/opt/rustwide/cargo-home/bin/cargo" "+1.83.0" "test" "--frozen", kill_on_drop: false }`
[INFO] [stdout] 327b9a17a95d4eed1ced7b0083c956dee992a6cf7b3474b8564f519cb6317f7e
[INFO] running `Command { std: "docker" "start" "-a" "327b9a17a95d4eed1ced7b0083c956dee992a6cf7b3474b8564f519cb6317f7e", kill_on_drop: false }`
[INFO] [stderr] warning: no edition set: defaulting to the 2015 edition while the latest is 2021
[INFO] [stderr]     Finished `test` profile [unoptimized + debuginfo] target(s) in 0.01s
[INFO] [stderr]      Running unittests src/lib.rs (/opt/rustwide/target/debug/deps/unicode_border-fa340392c1f5c83e)
[INFO] [stdout] 
[INFO] [stdout] running 0 tests
[INFO] [stdout] 
[INFO] [stdout] test result: ok. 0 passed; 0 failed; 0 ignored; 0 measured; 0 filtered out; finished in 0.00s
[INFO] [stdout] 
[INFO] [stderr]    Doc-tests unicode_border
[INFO] [stdout] 
[INFO] [stdout] running 2 tests
[INFO] [stdout] test src/lib.rs - create_text_border (line 85) ... FAILED
[INFO] [stdout] test src/lib.rs - TextBorderOptions (line 12) ... FAILED
[INFO] [stdout] 
[INFO] [stdout] failures:
[INFO] [stdout] 
[INFO] [stdout] ---- src/lib.rs - create_text_border (line 85) stdout ----
[INFO] [stdout] error[E0422]: cannot find struct, variant or union type `TextBorderOptions` in this scope
[INFO] [stdout]  --> src/lib.rs:88:15
[INFO] [stdout]   |
[INFO] [stdout] 5 | let options = TextBorderOptions {
[INFO] [stdout]   |               ^^^^^^^^^^^^^^^^^ not found in this scope
[INFO] [stdout] 
[INFO] [stdout] error[E0425]: cannot find function `create_text_border` in this scope
[INFO] [stdout]   --> src/lib.rs:95:21
[INFO] [stdout]    |
[INFO] [stdout] 12 | let bordered_text = create_text_border(message, Some(options));
[INFO] [stdout]    |                     ^^^^^^^^^^^^^^^^^^ not found in this scope
[INFO] [stdout] 
[INFO] [stdout] error: aborting due to 2 previous errors
[INFO] [stdout] 
[INFO] [stdout] Some errors have detailed explanations: E0422, E0425.
[INFO] [stdout] For more information about an error, try `rustc --explain E0422`.
[INFO] [stdout] Couldn't compile the test.
[INFO] [stdout] ---- src/lib.rs - TextBorderOptions (line 12) stdout ----
[INFO] [stdout] error[E0422]: cannot find struct, variant or union type `TextBorderOptions` in this scope
[INFO] [stdout]  --> src/lib.rs:13:15
[INFO] [stdout]   |
[INFO] [stdout] 3 | let options = TextBorderOptions {
[INFO] [stdout]   |               ^^^^^^^^^^^^^^^^^ not found in this scope
[INFO] [stdout] 
[INFO] [stdout] error: aborting due to 1 previous error
[INFO] [stdout] 
[INFO] [stdout] For more information about this error, try `rustc --explain E0422`.
[INFO] [stdout] Couldn't compile the test.
[INFO] [stdout] 
[INFO] [stdout] failures:
[INFO] [stdout]     src/lib.rs - TextBorderOptions (line 12)
[INFO] [stdout]     src/lib.rs - create_text_border (line 85)
[INFO] [stdout] 
[INFO] [stdout] test result: FAILED. 0 passed; 2 failed; 0 ignored; 0 measured; 0 filtered out; finished in 0.17s
[INFO] [stdout] 
[INFO] [stderr] error: doctest failed, to rerun pass `--doc`
[INFO] running `Command { std: "docker" "inspect" "327b9a17a95d4eed1ced7b0083c956dee992a6cf7b3474b8564f519cb6317f7e", kill_on_drop: false }`
[INFO] running `Command { std: "docker" "rm" "-f" "327b9a17a95d4eed1ced7b0083c956dee992a6cf7b3474b8564f519cb6317f7e", kill_on_drop: false }`
[INFO] [stdout] 327b9a17a95d4eed1ced7b0083c956dee992a6cf7b3474b8564f519cb6317f7e
