[INFO] cloning repository https://github.com/mhammond/tracing-as-log
[INFO] running `Command { std: "git" "-c" "credential.helper=" "-c" "credential.helper=/workspace/cargo-home/bin/git-credential-null" "clone" "--bare" "https://github.com/mhammond/tracing-as-log" "/workspace/cache/git-repos/https%3A%2F%2Fgithub.com%2Fmhammond%2Ftracing-as-log", kill_on_drop: false }`
[INFO] [stderr] Cloning into bare repository '/workspace/cache/git-repos/https%3A%2F%2Fgithub.com%2Fmhammond%2Ftracing-as-log'...
[INFO] running `Command { std: "git" "rev-parse" "HEAD", kill_on_drop: false }`
[INFO] [stdout] 0b354b3de8626a17dcff4fb4c49accbf4f7e6538
[INFO] testing mhammond/tracing-as-log against beta-2024-12-08 for beta-1.84.0-4-retry
[INFO] running `Command { std: "git" "clone" "/workspace/cache/git-repos/https%3A%2F%2Fgithub.com%2Fmhammond%2Ftracing-as-log" "/workspace/builds/worker-7-tc2/source", kill_on_drop: false }`
[INFO] [stderr] Cloning into '/workspace/builds/worker-7-tc2/source'...
[INFO] [stderr] done.
[INFO] validating manifest of git repo https://github.com/mhammond/tracing-as-log on toolchain beta-2024-12-08
[INFO] running `Command { std: CARGO_HOME="/workspace/cargo-home" RUSTUP_HOME="/workspace/rustup-home" "/workspace/cargo-home/bin/cargo" "+beta-2024-12-08" "metadata" "--manifest-path" "Cargo.toml" "--no-deps", kill_on_drop: false }`
[INFO] started tweaking git repo https://github.com/mhammond/tracing-as-log
[INFO] finished tweaking git repo https://github.com/mhammond/tracing-as-log
[INFO] tweaked toml for git repo https://github.com/mhammond/tracing-as-log written to /workspace/builds/worker-7-tc2/source/Cargo.toml
[INFO] crate git repo https://github.com/mhammond/tracing-as-log already has a lockfile, it will not be regenerated
[INFO] running `Command { std: CARGO_HOME="/workspace/cargo-home" RUSTUP_HOME="/workspace/rustup-home" "/workspace/cargo-home/bin/cargo" "+beta-2024-12-08" "fetch" "--manifest-path" "Cargo.toml", kill_on_drop: false }`
[INFO] [stderr]     Blocking waiting for file lock on package cache
[INFO] running `Command { std: "docker" "create" "-v" "/var/lib/crater-agent-workspace/builds/worker-7-tc2/target:/opt/rustwide/target:rw,Z" "-v" "/var/lib/crater-agent-workspace/builds/worker-7-tc2/source:/opt/rustwide/workdir:ro,Z" "-v" "/var/lib/crater-agent-workspace/cargo-home:/opt/rustwide/cargo-home:ro,Z" "-v" "/var/lib/crater-agent-workspace/rustup-home:/opt/rustwide/rustup-home:ro,Z" "-e" "SOURCE_DIR=/opt/rustwide/workdir" "-e" "CARGO_TARGET_DIR=/opt/rustwide/target" "-e" "CARGO_HOME=/opt/rustwide/cargo-home" "-e" "RUSTUP_HOME=/opt/rustwide/rustup-home" "-w" "/opt/rustwide/workdir" "-m" "1610612736" "--user" "0:0" "--network" "none" "ghcr.io/rust-lang/crates-build-env/linux@sha256:f3a9d4ad9d972b27faf3965f35b62e55ba32bbce8f20bc8fe909558a86702fde" "/opt/rustwide/cargo-home/bin/cargo" "+beta-2024-12-08" "metadata" "--no-deps" "--format-version=1", kill_on_drop: false }`
[INFO] [stdout] dd06082e79408633f278b5a42377355337468f65a98e44531da33f2291e0f3e5
[INFO] running `Command { std: "docker" "start" "-a" "dd06082e79408633f278b5a42377355337468f65a98e44531da33f2291e0f3e5", kill_on_drop: false }`
[INFO] running `Command { std: "docker" "inspect" "dd06082e79408633f278b5a42377355337468f65a98e44531da33f2291e0f3e5", kill_on_drop: false }`
[INFO] running `Command { std: "docker" "rm" "-f" "dd06082e79408633f278b5a42377355337468f65a98e44531da33f2291e0f3e5", kill_on_drop: false }`
[INFO] [stdout] dd06082e79408633f278b5a42377355337468f65a98e44531da33f2291e0f3e5
[INFO] running `Command { std: "docker" "create" "-v" "/var/lib/crater-agent-workspace/builds/worker-7-tc2/target:/opt/rustwide/target:rw,Z" "-v" "/var/lib/crater-agent-workspace/builds/worker-7-tc2/source:/opt/rustwide/workdir:ro,Z" "-v" "/var/lib/crater-agent-workspace/cargo-home:/opt/rustwide/cargo-home:ro,Z" "-v" "/var/lib/crater-agent-workspace/rustup-home:/opt/rustwide/rustup-home:ro,Z" "-e" "SOURCE_DIR=/opt/rustwide/workdir" "-e" "CARGO_TARGET_DIR=/opt/rustwide/target" "-e" "CARGO_INCREMENTAL=0" "-e" "RUST_BACKTRACE=full" "-e" "RUSTFLAGS=--cap-lints=warn" "-e" "RUSTDOCFLAGS=--cap-lints=warn" "-e" "CARGO_HOME=/opt/rustwide/cargo-home" "-e" "RUSTUP_HOME=/opt/rustwide/rustup-home" "-w" "/opt/rustwide/workdir" "-m" "1610612736" "--user" "0:0" "--network" "none" "ghcr.io/rust-lang/crates-build-env/linux@sha256:f3a9d4ad9d972b27faf3965f35b62e55ba32bbce8f20bc8fe909558a86702fde" "/opt/rustwide/cargo-home/bin/cargo" "+beta-2024-12-08" "build" "--frozen" "--message-format=json", kill_on_drop: false }`
[INFO] [stdout] 852efec92764f5f4381aab6afd5d1336d947a17d1d5595070332984426aa79b4
[INFO] running `Command { std: "docker" "start" "-a" "852efec92764f5f4381aab6afd5d1336d947a17d1d5595070332984426aa79b4", kill_on_drop: false }`
[INFO] [stderr]    Compiling proc-macro2 v1.0.78
[INFO] [stderr]    Compiling unicode-ident v1.0.12
[INFO] [stderr]    Compiling once_cell v1.19.0
[INFO] [stderr]    Compiling log v0.4.20
[INFO] [stderr]    Compiling pin-project-lite v0.2.13
[INFO] [stderr]    Compiling autocfg v1.1.0
[INFO] [stderr]    Compiling libc v0.2.153
[INFO] [stderr]    Compiling cfg-if v1.0.0
[INFO] [stderr]    Compiling regex-syntax v0.6.29
[INFO] [stderr]    Compiling regex-syntax v0.8.2
[INFO] [stderr]    Compiling parking_lot_core v0.9.9
[INFO] [stderr]    Compiling serde v1.0.197
[INFO] [stderr]    Compiling smallvec v1.13.1
[INFO] [stderr]    Compiling serde_json v1.0.114
[INFO] [stderr]    Compiling overload v0.1.1
[INFO] [stderr]    Compiling lazy_static v1.4.0
[INFO] [stderr]    Compiling scopeguard v1.2.0
[INFO] [stderr]    Compiling sharded-slab v0.1.7
[INFO] [stderr]    Compiling nu-ansi-term v0.46.0
[INFO] [stderr]    Compiling itoa v1.0.10
[INFO] [stderr]    Compiling ryu v1.0.17
[INFO] [stderr]    Compiling tracing-core v0.1.32
[INFO] [stderr]    Compiling thread_local v1.1.8
[INFO] [stderr]    Compiling log_lib v0.1.0 (/opt/rustwide/workdir/log_lib)
[INFO] [stderr]    Compiling lock_api v0.4.11
[INFO] [stderr]    Compiling tracing-log v0.2.0
[INFO] [stderr]    Compiling quote v1.0.35
[INFO] [stderr]    Compiling syn v2.0.51
[INFO] [stderr]    Compiling parking_lot v0.12.1
[INFO] [stderr]    Compiling regex-automata v0.1.10
[INFO] [stderr]    Compiling regex-automata v0.4.5
[INFO] [stderr]    Compiling matchers v0.1.0
[INFO] [stderr]    Compiling regex v1.10.3
[INFO] [stderr]    Compiling tracing-attributes v0.1.27
[INFO] [stderr]    Compiling tracing v0.1.40
[INFO] [stderr]    Compiling first_lib v0.1.0 (/opt/rustwide/workdir/first_lib)
[INFO] [stderr]    Compiling tracing-subscriber v0.3.18
[INFO] [stderr]    Compiling second_lib v0.1.0 (/opt/rustwide/workdir/second_lib)
[INFO] [stderr]    Compiling app v0.1.0 (/opt/rustwide/workdir/app)
[INFO] [stdout] warning: unused import: `tracing_subscriber::prelude::*`
[INFO] [stdout]  --> app/src/burgers.rs:7:5
[INFO] [stdout]   |
[INFO] [stdout] 7 | use tracing_subscriber::prelude::*;
[INFO] [stdout]   |     ^^^^^^^^^^^^^^^^^^^^^^^^^^^^^^
[INFO] [stdout]   |
[INFO] [stdout]   = note: `#[warn(unused_imports)]` on by default
[INFO] [stdout] 
[INFO] [stdout] 
[INFO] [stdout] warning: struct `Record` is never constructed
[INFO] [stdout]   --> app/src/lib.rs:43:8
[INFO] [stdout]    |
[INFO] [stdout] 43 | struct Record {
[INFO] [stdout]    |        ^^^^^^
[INFO] [stdout]    |
[INFO] [stdout]    = note: `#[warn(dead_code)]` on by default
[INFO] [stdout] 
[INFO] [stdout] 
[INFO] [stdout] warning: trait `LogSink` is never used
[INFO] [stdout]   --> app/src/lib.rs:51:7
[INFO] [stdout]    |
[INFO] [stdout] 51 | trait LogSink: Send + Sync {
[INFO] [stdout]    |       ^^^^^^^
[INFO] [stdout] 
[INFO] [stdout] 
[INFO] [stdout] warning: method `register` is never used
[INFO] [stdout]   --> app/src/lib.rs:69:8
[INFO] [stdout]    |
[INFO] [stdout] 68 | impl AppServicesLogger {
[INFO] [stdout]    | ---------------------- method in this implementation
[INFO] [stdout] 69 |     fn register(&self, target: String, level: Level, sink: Arc<dyn LogSink>) {
[INFO] [stdout]    |        ^^^^^^^^
[INFO] [stdout] 
[INFO] [stdout] 
[INFO] [stdout] warning: function `init_tracing_log` is never used
[INFO] [stdout]   --> app/src/lib.rs:82:4
[INFO] [stdout]    |
[INFO] [stdout] 82 | fn init_tracing_log() {}
[INFO] [stdout]    |    ^^^^^^^^^^^^^^^^
[INFO] [stdout] 
[INFO] [stdout] 
[INFO] [stdout] warning: struct `PrintlnVisitor` is never constructed
[INFO] [stdout]   --> app/src/burgers.rs:43:8
[INFO] [stdout]    |
[INFO] [stdout] 43 | struct PrintlnVisitor;
[INFO] [stdout]    |        ^^^^^^^^^^^^^^
[INFO] [stdout] 
[INFO] [stdout] 
[INFO] [stdout] warning: struct `LogEntry` is never constructed
[INFO] [stdout]   --> app/src/tracer.rs:10:8
[INFO] [stdout]    |
[INFO] [stdout] 10 | struct LogEntry {
[INFO] [stdout]    |        ^^^^^^^^
[INFO] [stdout] 
[INFO] [stdout] 
[INFO] [stdout] warning: static `LOGGERS_BY_TARGET` is never used
[INFO] [stdout]   --> app/src/tracer.rs:15:8
[INFO] [stdout]    |
[INFO] [stdout] 15 | static LOGGERS_BY_TARGET: Lazy<RwLock<HashMap<String, LogEntry>>> = Lazy::new(|| {
[INFO] [stdout]    |        ^^^^^^^^^^^^^^^^^
[INFO] [stdout] 
[INFO] [stdout] 
[INFO] [stdout] warning: function `register_log_sink` is never used
[INFO] [stdout]   --> app/src/tracer.rs:21:8
[INFO] [stdout]    |
[INFO] [stdout] 21 | pub fn register_log_sink(target: String, level: crate::Level, sink: Arc<dyn LogSink>) {
[INFO] [stdout]    |        ^^^^^^^^^^^^^^^^^
[INFO] [stdout] 
[INFO] [stdout] 
[INFO] [stdout] warning: struct `SimpleLogLayer` is never constructed
[INFO] [stdout]   --> app/src/tracer.rs:31:19
[INFO] [stdout]    |
[INFO] [stdout] 31 | pub(crate) struct SimpleLogLayer;
[INFO] [stdout]    |                   ^^^^^^^^^^^^^^
[INFO] [stdout] 
[INFO] [stdout] 
[INFO] [stdout] warning: struct `JsonVisitor` is never constructed
[INFO] [stdout]   --> app/src/tracer.rs:62:8
[INFO] [stdout]    |
[INFO] [stdout] 62 | struct JsonVisitor<'a>(&'a mut BTreeMap<String, serde_json::Value>);
[INFO] [stdout]    |        ^^^^^^^^^^^
[INFO] [stdout] 
[INFO] [stdout] 
[INFO] [stderr]     Finished `dev` profile [unoptimized + debuginfo] target(s) in 19.13s
[INFO] running `Command { std: "docker" "inspect" "852efec92764f5f4381aab6afd5d1336d947a17d1d5595070332984426aa79b4", kill_on_drop: false }`
[INFO] running `Command { std: "docker" "rm" "-f" "852efec92764f5f4381aab6afd5d1336d947a17d1d5595070332984426aa79b4", kill_on_drop: false }`
[INFO] [stdout] 852efec92764f5f4381aab6afd5d1336d947a17d1d5595070332984426aa79b4
[INFO] running `Command { std: "docker" "create" "-v" "/var/lib/crater-agent-workspace/builds/worker-7-tc2/target:/opt/rustwide/target:rw,Z" "-v" "/var/lib/crater-agent-workspace/builds/worker-7-tc2/source:/opt/rustwide/workdir:ro,Z" "-v" "/var/lib/crater-agent-workspace/cargo-home:/opt/rustwide/cargo-home:ro,Z" "-v" "/var/lib/crater-agent-workspace/rustup-home:/opt/rustwide/rustup-home:ro,Z" "-e" "SOURCE_DIR=/opt/rustwide/workdir" "-e" "CARGO_TARGET_DIR=/opt/rustwide/target" "-e" "CARGO_INCREMENTAL=0" "-e" "RUST_BACKTRACE=full" "-e" "RUSTFLAGS=--cap-lints=warn" "-e" "RUSTDOCFLAGS=--cap-lints=warn" "-e" "CARGO_HOME=/opt/rustwide/cargo-home" "-e" "RUSTUP_HOME=/opt/rustwide/rustup-home" "-w" "/opt/rustwide/workdir" "-m" "1610612736" "--user" "0:0" "--network" "none" "ghcr.io/rust-lang/crates-build-env/linux@sha256:f3a9d4ad9d972b27faf3965f35b62e55ba32bbce8f20bc8fe909558a86702fde" "/opt/rustwide/cargo-home/bin/cargo" "+beta-2024-12-08" "test" "--frozen" "--no-run" "--message-format=json", kill_on_drop: false }`
[INFO] [stdout] 1b1508e57e5041732cafdbe72d0bc3e25cfc23dbd611a3f145fe88101a5333a0
[INFO] running `Command { std: "docker" "start" "-a" "1b1508e57e5041732cafdbe72d0bc3e25cfc23dbd611a3f145fe88101a5333a0", kill_on_drop: false }`
[INFO] [stderr]    Compiling env_logger v0.10.2
[INFO] [stderr]    Compiling first_lib v0.1.0 (/opt/rustwide/workdir/first_lib)
[INFO] [stdout] warning: unused import: `tracing_subscriber::prelude::*`
[INFO] [stdout]  --> app/src/burgers.rs:7:5
[INFO] [stdout]   |
[INFO] [stdout] 7 | use tracing_subscriber::prelude::*;
[INFO] [stdout]   |     ^^^^^^^^^^^^^^^^^^^^^^^^^^^^^^
[INFO] [stdout]   |
[INFO] [stdout]   = note: `#[warn(unused_imports)]` on by default
[INFO] [stdout] 
[INFO] [stdout] 
[INFO] [stderr]    Compiling second_lib v0.1.0 (/opt/rustwide/workdir/second_lib)
[INFO] [stdout] warning: struct `Record` is never constructed
[INFO] [stdout]   --> app/src/lib.rs:43:8
[INFO] [stdout]    |
[INFO] [stdout] 43 | struct Record {
[INFO] [stdout]    |        ^^^^^^
[INFO] [stdout]    |
[INFO] [stdout]    = note: `#[warn(dead_code)]` on by default
[INFO] [stdout] 
[INFO] [stdout] 
[INFO] [stderr]    Compiling app v0.1.0 (/opt/rustwide/workdir/app)
[INFO] [stdout] warning: trait `LogSink` is never used
[INFO] [stdout]   --> app/src/lib.rs:51:7
[INFO] [stdout]    |
[INFO] [stdout] 51 | trait LogSink: Send + Sync {
[INFO] [stdout]    |       ^^^^^^^
[INFO] [stdout] 
[INFO] [stdout] 
[INFO] [stdout] warning: method `register` is never used
[INFO] [stdout]   --> app/src/lib.rs:69:8
[INFO] [stdout]    |
[INFO] [stdout] 68 | impl AppServicesLogger {
[INFO] [stdout]    | ---------------------- method in this implementation
[INFO] [stdout] 69 |     fn register(&self, target: String, level: Level, sink: Arc<dyn LogSink>) {
[INFO] [stdout]    |        ^^^^^^^^
[INFO] [stdout] 
[INFO] [stdout] 
[INFO] [stdout] warning: function `init_tracing_log` is never used
[INFO] [stdout]   --> app/src/lib.rs:82:4
[INFO] [stdout]    |
[INFO] [stdout] 82 | fn init_tracing_log() {}
[INFO] [stdout]    |    ^^^^^^^^^^^^^^^^
[INFO] [stdout] 
[INFO] [stdout] 
[INFO] [stdout] warning: struct `PrintlnVisitor` is never constructed
[INFO] [stdout]   --> app/src/burgers.rs:43:8
[INFO] [stdout]    |
[INFO] [stdout] 43 | struct PrintlnVisitor;
[INFO] [stdout]    |        ^^^^^^^^^^^^^^
[INFO] [stdout] 
[INFO] [stdout] 
[INFO] [stdout] warning: struct `LogEntry` is never constructed
[INFO] [stdout]   --> app/src/tracer.rs:10:8
[INFO] [stdout]    |
[INFO] [stdout] 10 | struct LogEntry {
[INFO] [stdout]    |        ^^^^^^^^
[INFO] [stdout] 
[INFO] [stdout] 
[INFO] [stdout] warning: static `LOGGERS_BY_TARGET` is never used
[INFO] [stdout]   --> app/src/tracer.rs:15:8
[INFO] [stdout]    |
[INFO] [stdout] 15 | static LOGGERS_BY_TARGET: Lazy<RwLock<HashMap<String, LogEntry>>> = Lazy::new(|| {
[INFO] [stdout]    |        ^^^^^^^^^^^^^^^^^
[INFO] [stdout] 
[INFO] [stdout] 
[INFO] [stdout] warning: function `register_log_sink` is never used
[INFO] [stdout]   --> app/src/tracer.rs:21:8
[INFO] [stdout]    |
[INFO] [stdout] 21 | pub fn register_log_sink(target: String, level: crate::Level, sink: Arc<dyn LogSink>) {
[INFO] [stdout]    |        ^^^^^^^^^^^^^^^^^
[INFO] [stdout] 
[INFO] [stdout] 
[INFO] [stdout] warning: struct `SimpleLogLayer` is never constructed
[INFO] [stdout]   --> app/src/tracer.rs:31:19
[INFO] [stdout]    |
[INFO] [stdout] 31 | pub(crate) struct SimpleLogLayer;
[INFO] [stdout]    |                   ^^^^^^^^^^^^^^
[INFO] [stdout] 
[INFO] [stdout] 
[INFO] [stdout] warning: struct `JsonVisitor` is never constructed
[INFO] [stdout]   --> app/src/tracer.rs:62:8
[INFO] [stdout]    |
[INFO] [stdout] 62 | struct JsonVisitor<'a>(&'a mut BTreeMap<String, serde_json::Value>);
[INFO] [stdout]    |        ^^^^^^^^^^^
[INFO] [stdout] 
[INFO] [stdout] 
[INFO] [stdout] warning: field `name` is never read
[INFO] [stdout]   --> app/src/lib.rs:46:5
[INFO] [stdout]    |
[INFO] [stdout] 43 | struct Record {
[INFO] [stdout]    |        ------ field in this struct
[INFO] [stdout] ...
[INFO] [stdout] 46 |     name: String,
[INFO] [stdout]    |     ^^^^
[INFO] [stdout]    |
[INFO] [stdout]    = note: `Record` has a derived impl for the trait `Debug`, but this is intentionally ignored during dead code analysis
[INFO] [stdout]    = note: `#[warn(dead_code)]` on by default
[INFO] [stdout] 
[INFO] [stdout] 
[INFO] [stdout] warning: struct `PrintlnVisitor` is never constructed
[INFO] [stdout]   --> app/src/burgers.rs:43:8
[INFO] [stdout]    |
[INFO] [stdout] 43 | struct PrintlnVisitor;
[INFO] [stdout]    |        ^^^^^^^^^^^^^^
[INFO] [stdout] 
[INFO] [stdout] 
[INFO] [stderr]    Compiling log_lib v0.1.0 (/opt/rustwide/workdir/log_lib)
[INFO] [stderr]     Finished `test` profile [unoptimized + debuginfo] target(s) in 2.87s
[INFO] running `Command { std: "docker" "inspect" "1b1508e57e5041732cafdbe72d0bc3e25cfc23dbd611a3f145fe88101a5333a0", kill_on_drop: false }`
[INFO] running `Command { std: "docker" "rm" "-f" "1b1508e57e5041732cafdbe72d0bc3e25cfc23dbd611a3f145fe88101a5333a0", kill_on_drop: false }`
[INFO] [stdout] 1b1508e57e5041732cafdbe72d0bc3e25cfc23dbd611a3f145fe88101a5333a0
[INFO] running `Command { std: "docker" "create" "-v" "/var/lib/crater-agent-workspace/builds/worker-7-tc2/target:/opt/rustwide/target:rw,Z" "-v" "/var/lib/crater-agent-workspace/builds/worker-7-tc2/source:/opt/rustwide/workdir:ro,Z" "-v" "/var/lib/crater-agent-workspace/cargo-home:/opt/rustwide/cargo-home:ro,Z" "-v" "/var/lib/crater-agent-workspace/rustup-home:/opt/rustwide/rustup-home:ro,Z" "-e" "SOURCE_DIR=/opt/rustwide/workdir" "-e" "CARGO_TARGET_DIR=/opt/rustwide/target" "-e" "CARGO_INCREMENTAL=0" "-e" "RUST_BACKTRACE=full" "-e" "RUSTFLAGS=--cap-lints=warn" "-e" "RUSTDOCFLAGS=--cap-lints=warn" "-e" "CARGO_HOME=/opt/rustwide/cargo-home" "-e" "RUSTUP_HOME=/opt/rustwide/rustup-home" "-w" "/opt/rustwide/workdir" "-m" "1610612736" "--user" "0:0" "--network" "none" "ghcr.io/rust-lang/crates-build-env/linux@sha256:f3a9d4ad9d972b27faf3965f35b62e55ba32bbce8f20bc8fe909558a86702fde" "/opt/rustwide/cargo-home/bin/cargo" "+beta-2024-12-08" "test" "--frozen", kill_on_drop: false }`
[INFO] [stdout] 3c85b2424adece41dca0a62df8fd84684ae28a6546e14b009d8bb78406a9821f
[INFO] running `Command { std: "docker" "start" "-a" "3c85b2424adece41dca0a62df8fd84684ae28a6546e14b009d8bb78406a9821f", kill_on_drop: false }`
[INFO] [stderr] warning: unused import: `tracing_subscriber::prelude::*`
[INFO] [stderr]  --> app/src/burgers.rs:7:5
[INFO] [stderr]   |
[INFO] [stderr] 7 | use tracing_subscriber::prelude::*;
[INFO] [stderr]   |     ^^^^^^^^^^^^^^^^^^^^^^^^^^^^^^
[INFO] [stderr]   |
[INFO] [stderr]   = note: `#[warn(unused_imports)]` on by default
[INFO] [stderr] 
[INFO] [stderr] warning: struct `Record` is never constructed
[INFO] [stderr]   --> app/src/lib.rs:43:8
[INFO] [stderr]    |
[INFO] [stderr] 43 | struct Record {
[INFO] [stderr]    |        ^^^^^^
[INFO] [stderr]    |
[INFO] [stderr]    = note: `#[warn(dead_code)]` on by default
[INFO] [stderr] 
[INFO] [stderr] warning: trait `LogSink` is never used
[INFO] [stderr]   --> app/src/lib.rs:51:7
[INFO] [stderr]    |
[INFO] [stderr] 51 | trait LogSink: Send + Sync {
[INFO] [stderr]    |       ^^^^^^^
[INFO] [stderr] 
[INFO] [stderr] warning: method `register` is never used
[INFO] [stderr]   --> app/src/lib.rs:69:8
[INFO] [stderr]    |
[INFO] [stderr] 68 | impl AppServicesLogger {
[INFO] [stderr]    | ---------------------- method in this implementation
[INFO] [stderr] 69 |     fn register(&self, target: String, level: Level, sink: Arc<dyn LogSink>) {
[INFO] [stderr]    |        ^^^^^^^^
[INFO] [stderr] 
[INFO] [stderr] warning: function `init_tracing_log` is never used
[INFO] [stderr]   --> app/src/lib.rs:82:4
[INFO] [stderr]    |
[INFO] [stderr] 82 | fn init_tracing_log() {}
[INFO] [stderr]    |    ^^^^^^^^^^^^^^^^
[INFO] [stderr] 
[INFO] [stderr] warning: struct `PrintlnVisitor` is never constructed
[INFO] [stderr]   --> app/src/burgers.rs:43:8
[INFO] [stderr]    |
[INFO] [stderr] 43 | struct PrintlnVisitor;
[INFO] [stderr]    |        ^^^^^^^^^^^^^^
[INFO] [stderr] 
[INFO] [stderr] warning: struct `LogEntry` is never constructed
[INFO] [stderr]   --> app/src/tracer.rs:10:8
[INFO] [stderr]    |
[INFO] [stderr] 10 | struct LogEntry {
[INFO] [stderr]    |        ^^^^^^^^
[INFO] [stderr] 
[INFO] [stderr] warning: static `LOGGERS_BY_TARGET` is never used
[INFO] [stderr]   --> app/src/tracer.rs:15:8
[INFO] [stderr]    |
[INFO] [stderr] 15 | static LOGGERS_BY_TARGET: Lazy<RwLock<HashMap<String, LogEntry>>> = Lazy::new(|| {
[INFO] [stderr]    |        ^^^^^^^^^^^^^^^^^
[INFO] [stderr] 
[INFO] [stderr] warning: function `register_log_sink` is never used
[INFO] [stderr]   --> app/src/tracer.rs:21:8
[INFO] [stderr]    |
[INFO] [stderr] 21 | pub fn register_log_sink(target: String, level: crate::Level, sink: Arc<dyn LogSink>) {
[INFO] [stderr]    |        ^^^^^^^^^^^^^^^^^
[INFO] [stderr] 
[INFO] [stderr] warning: struct `SimpleLogLayer` is never constructed
[INFO] [stderr]   --> app/src/tracer.rs:31:19
[INFO] [stderr]    |
[INFO] [stderr] 31 | pub(crate) struct SimpleLogLayer;
[INFO] [stderr]    |                   ^^^^^^^^^^^^^^
[INFO] [stderr] 
[INFO] [stderr] warning: struct `JsonVisitor` is never constructed
[INFO] [stderr]   --> app/src/tracer.rs:62:8
[INFO] [stderr]    |
[INFO] [stderr] 62 | struct JsonVisitor<'a>(&'a mut BTreeMap<String, serde_json::Value>);
[INFO] [stderr]    |        ^^^^^^^^^^^
[INFO] [stderr] 
[INFO] [stderr] warning: field `name` is never read
[INFO] [stderr]   --> app/src/lib.rs:46:5
[INFO] [stderr]    |
[INFO] [stderr] 43 | struct Record {
[INFO] [stderr]    |        ------ field in this struct
[INFO] [stderr] ...
[INFO] [stderr] 46 |     name: String,
[INFO] [stderr]    |     ^^^^
[INFO] [stderr]    |
[INFO] [stderr]    = note: `Record` has a derived impl for the trait `Debug`, but this is intentionally ignored during dead code analysis
[INFO] [stderr]    = note: `#[warn(dead_code)]` on by default
[INFO] [stderr] 
[INFO] [stderr] warning: `app` (lib) generated 11 warnings (run `cargo fix --lib -p app` to apply 1 suggestion)
[INFO] [stderr] warning: `app` (lib test) generated 2 warnings (1 duplicate)
[INFO] [stderr]     Finished `test` profile [unoptimized + debuginfo] target(s) in 0.07s
[INFO] [stderr]      Running unittests src/lib.rs (/opt/rustwide/target/debug/deps/app-acfcff585e5a8250)
[INFO] [stdout] 
[INFO] [stdout] running 2 tests
[INFO] [stdout] test burgers::tests::test_burgers ... FAILED
[INFO] [stdout] test tests::test_app ... FAILED
[INFO] [stdout] 
[INFO] [stdout] failures:
[INFO] [stdout] 
[INFO] [stdout] ---- burgers::tests::test_burgers stdout ----
[INFO] [stdout] Enter span: Id(1)
[INFO] [stdout] Enter span: Id(2)
[INFO] [stdout] Enter span: Id(3)
[INFO] [stdout] Got event!
[INFO] [stdout]   level=Level(Debug)
[INFO] [stdout]   target="first_lib"
[INFO] [stdout]   name="event first_lib/src/lib.rs:9"
[INFO] [stdout]   field=message
[INFO] [stdout] spans...
[INFO] [stdout] an ancestor span
[INFO] [stdout]   name=do_something
[INFO] [stdout]   target=app
[INFO] [stdout] an ancestor span
[INFO] [stdout]   name=second_lib_func
[INFO] [stdout]   target=second_lib
[INFO] [stdout] an ancestor span
[INFO] [stdout]   name=first_lib_func
[INFO] [stdout]   target=first_lib
[INFO] [stdout] Got event!
[INFO] [stdout]   level=Level(Error)
[INFO] [stdout]   target="first_lib"
[INFO] [stdout]   name="event first_lib/src/lib.rs:10"
[INFO] [stdout]   field=message
[INFO] [stdout] spans...
[INFO] [stdout] an ancestor span
[INFO] [stdout]   name=do_something
[INFO] [stdout]   target=app
[INFO] [stdout] an ancestor span
[INFO] [stdout]   name=second_lib_func
[INFO] [stdout]   target=second_lib
[INFO] [stdout] an ancestor span
[INFO] [stdout]   name=first_lib_func
[INFO] [stdout]   target=first_lib
[INFO] [stdout] Got event!
[INFO] [stdout]   level=Level(Error)
[INFO] [stdout]   target="error-reporter"
[INFO] [stdout]   name="event first_lib/src/lib.rs:11"
[INFO] [stdout]   field=message
[INFO] [stdout] spans...
[INFO] [stdout] an ancestor span
[INFO] [stdout]   name=do_something
[INFO] [stdout]   target=app
[INFO] [stdout] an ancestor span
[INFO] [stdout]   name=second_lib_func
[INFO] [stdout]   target=second_lib
[INFO] [stdout] an ancestor span
[INFO] [stdout]   name=first_lib_func
[INFO] [stdout]   target=first_lib
[INFO] [stdout] Got event!
[INFO] [stdout]   level=Level(Debug)
[INFO] [stdout]   target="log"
[INFO] [stdout]   name="log event"
[INFO] [stdout]   field=message
[INFO] [stdout]   field=log.target
[INFO] [stdout]   field=log.module_path
[INFO] [stdout]   field=log.file
[INFO] [stdout]   field=log.line
[INFO] [stdout] spans...
[INFO] [stdout] an ancestor span
[INFO] [stdout]   name=do_something
[INFO] [stdout]   target=app
[INFO] [stdout] an ancestor span
[INFO] [stdout]   name=second_lib_func
[INFO] [stdout]   target=second_lib
[INFO] [stdout] an ancestor span
[INFO] [stdout]   name=first_lib_func
[INFO] [stdout]   target=first_lib
[INFO] [stdout] Exit span: Id(3)
[INFO] [stdout] Got event!
[INFO] [stdout]   level=Level(Debug)
[INFO] [stdout]   target="second_lib"
[INFO] [stdout]   name="event second_lib/src/lib.rs:6"
[INFO] [stdout]   field=message
[INFO] [stdout] spans...
[INFO] [stdout] an ancestor span
[INFO] [stdout]   name=do_something
[INFO] [stdout]   target=app
[INFO] [stdout] an ancestor span
[INFO] [stdout]   name=second_lib_func
[INFO] [stdout]   target=second_lib
[INFO] [stdout] Exit span: Id(2)
[INFO] [stdout] Exit span: Id(1)
[INFO] [stdout] thread 'burgers::tests::test_burgers' panicked at app/src/burgers.rs:93:9:
[INFO] [stdout] explicit panic!
[INFO] [stdout] stack backtrace:
[INFO] [stdout]    0:     0x64ed671b4d6a - std::backtrace_rs::backtrace::libunwind::trace::h8810477743020387
[INFO] [stdout]                                at /rustc/202008a1b8de96d2e5b6bc02d379db03a877d34d/library/std/src/../../backtrace/src/backtrace/libunwind.rs:116:5
[INFO] [stdout]    1:     0x64ed671b4d6a - std::backtrace_rs::backtrace::trace_unsynchronized::h3aa55355dd6c54a6
[INFO] [stdout]                                at /rustc/202008a1b8de96d2e5b6bc02d379db03a877d34d/library/std/src/../../backtrace/src/backtrace/mod.rs:66:5
[INFO] [stdout]    2:     0x64ed671b4d6a - std::sys::backtrace::_print_fmt::h8588b0f62410823f
[INFO] [stdout]                                at /rustc/202008a1b8de96d2e5b6bc02d379db03a877d34d/library/std/src/sys/backtrace.rs:66:9
[INFO] [stdout]    3:     0x64ed671b4d6a - <std::sys::backtrace::BacktraceLock::print::DisplayBacktrace as core::fmt::Display>::fmt::h98c26ac25ffe89bb
[INFO] [stdout]                                at /rustc/202008a1b8de96d2e5b6bc02d379db03a877d34d/library/std/src/sys/backtrace.rs:39:26
[INFO] [stdout]    4:     0x64ed671db1d3 - core::fmt::rt::Argument::fmt::hf95377f4aebd453b
[INFO] [stdout]                                at /rustc/202008a1b8de96d2e5b6bc02d379db03a877d34d/library/core/src/fmt/rt.rs:177:76
[INFO] [stdout]    5:     0x64ed671db1d3 - core::fmt::write::h0dd5f6e2238c7982
[INFO] [stdout]                                at /rustc/202008a1b8de96d2e5b6bc02d379db03a877d34d/library/core/src/fmt/mod.rs:1189:21
[INFO] [stdout]    6:     0x64ed671b1f03 - std::io::Write::write_fmt::h03bb0ca26e6faf8c
[INFO] [stdout]                                at /rustc/202008a1b8de96d2e5b6bc02d379db03a877d34d/library/std/src/io/mod.rs:1884:15
[INFO] [stdout]    7:     0x64ed671b4bb2 - std::sys::backtrace::BacktraceLock::print::h5c19c1c038ee186d
[INFO] [stdout]                                at /rustc/202008a1b8de96d2e5b6bc02d379db03a877d34d/library/std/src/sys/backtrace.rs:42:9
[INFO] [stdout]    8:     0x64ed671b61ed - std::panicking::default_hook::{{closure}}::h77172f079a1fcb13
[INFO] [stdout]                                at /rustc/202008a1b8de96d2e5b6bc02d379db03a877d34d/library/std/src/panicking.rs:268:22
[INFO] [stdout]    9:     0x64ed671b5ff7 - std::panicking::default_hook::he5f8e3b203ccddba
[INFO] [stdout]                                at /rustc/202008a1b8de96d2e5b6bc02d379db03a877d34d/library/std/src/panicking.rs:292:9
[INFO] [stdout]   10:     0x64ed67125757 - <alloc::boxed::Box<F,A> as core::ops::function::Fn<Args>>::call::h7a3c7b4a1ae77f2f
[INFO] [stdout]                                at /rustc/202008a1b8de96d2e5b6bc02d379db03a877d34d/library/alloc/src/boxed.rs:1986:9
[INFO] [stdout]   11:     0x64ed67125757 - test::test_main::{{closure}}::hf0d3b69ae9b353d1
[INFO] [stdout]                                at /rustc/202008a1b8de96d2e5b6bc02d379db03a877d34d/library/test/src/lib.rs:134:21
[INFO] [stdout]   12:     0x64ed671b6898 - <alloc::boxed::Box<F,A> as core::ops::function::Fn<Args>>::call::h6332e82e7b189abd
[INFO] [stdout]                                at /rustc/202008a1b8de96d2e5b6bc02d379db03a877d34d/library/alloc/src/boxed.rs:1986:9
[INFO] [stdout]   13:     0x64ed671b6898 - std::panicking::rust_panic_with_hook::h53863d4e9018df39
[INFO] [stdout]                                at /rustc/202008a1b8de96d2e5b6bc02d379db03a877d34d/library/std/src/panicking.rs:809:13
[INFO] [stdout]   14:     0x64ed671b6626 - std::panicking::begin_panic_handler::{{closure}}::h67280e6fa0757873
[INFO] [stdout]                                at /rustc/202008a1b8de96d2e5b6bc02d379db03a877d34d/library/std/src/panicking.rs:667:13
[INFO] [stdout]   15:     0x64ed671b5249 - std::sys::backtrace::__rust_end_short_backtrace::h1dac3f54d6fbbeb2
[INFO] [stdout]                                at /rustc/202008a1b8de96d2e5b6bc02d379db03a877d34d/library/std/src/sys/backtrace.rs:170:18
[INFO] [stdout]   16:     0x64ed671b62ec - rust_begin_unwind
[INFO] [stdout]                                at /rustc/202008a1b8de96d2e5b6bc02d379db03a877d34d/library/std/src/panicking.rs:665:5
[INFO] [stdout]   17:     0x64ed670c2b00 - core::panicking::panic_fmt::h6792bd1b2bf01041
[INFO] [stdout]                                at /rustc/202008a1b8de96d2e5b6bc02d379db03a877d34d/library/core/src/panicking.rs:76:14
[INFO] [stdout]   18:     0x64ed670d3abb - app::burgers::tests::test_burgers::hc8ae57bf26d1962b
[INFO] [stdout]                                at /opt/rustwide/workdir/app/src/burgers.rs:93:9
[INFO] [stdout]   19:     0x64ed670d3a67 - app::burgers::tests::test_burgers::{{closure}}::had0ca81f561d55e5
[INFO] [stdout]                                at /opt/rustwide/workdir/app/src/burgers.rs:89:22
[INFO] [stdout]   20:     0x64ed670cfcc6 - core::ops::function::FnOnce::call_once::hb17e7b89987c84e5
[INFO] [stdout]                                at /rustc/202008a1b8de96d2e5b6bc02d379db03a877d34d/library/core/src/ops/function.rs:250:5
[INFO] [stdout]   21:     0x64ed6712a27b - core::ops::function::FnOnce::call_once::h871bf86719ec9aa4
[INFO] [stdout]                                at /rustc/202008a1b8de96d2e5b6bc02d379db03a877d34d/library/core/src/ops/function.rs:250:5
[INFO] [stdout]   22:     0x64ed6712a27b - test::__rust_begin_short_backtrace::h2167df1e2b7d76fd
[INFO] [stdout]                                at /rustc/202008a1b8de96d2e5b6bc02d379db03a877d34d/library/test/src/lib.rs:632:18
[INFO] [stdout]   23:     0x64ed67129c68 - test::run_test_in_process::{{closure}}::h15d92f75a3adfb79
[INFO] [stdout]                                at /rustc/202008a1b8de96d2e5b6bc02d379db03a877d34d/library/test/src/lib.rs:655:60
[INFO] [stdout]   24:     0x64ed67129c68 - <core::panic::unwind_safe::AssertUnwindSafe<F> as core::ops::function::FnOnce<()>>::call_once::hb6c8955835a8dbbb
[INFO] [stdout]                                at /rustc/202008a1b8de96d2e5b6bc02d379db03a877d34d/library/core/src/panic/unwind_safe.rs:272:9
[INFO] [stdout]   25:     0x64ed67129c68 - std::panicking::try::do_call::hc79d0fc888a0bd30
[INFO] [stdout]                                at /rustc/202008a1b8de96d2e5b6bc02d379db03a877d34d/library/std/src/panicking.rs:557:40
[INFO] [stdout]   26:     0x64ed67129c68 - std::panicking::try::hb8a7878e3a8589d6
[INFO] [stdout]                                at /rustc/202008a1b8de96d2e5b6bc02d379db03a877d34d/library/std/src/panicking.rs:520:19
[INFO] [stdout]   27:     0x64ed67129c68 - std::panic::catch_unwind::hb8e4600ff0ff5cfa
[INFO] [stdout]                                at /rustc/202008a1b8de96d2e5b6bc02d379db03a877d34d/library/std/src/panic.rs:358:14
[INFO] [stdout]   28:     0x64ed67129c68 - test::run_test_in_process::hc2900b0b18688dd6
[INFO] [stdout]                                at /rustc/202008a1b8de96d2e5b6bc02d379db03a877d34d/library/test/src/lib.rs:655:27
[INFO] [stdout]   29:     0x64ed67129c68 - test::run_test::{{closure}}::hac2a9cb07be3d48d
[INFO] [stdout]                                at /rustc/202008a1b8de96d2e5b6bc02d379db03a877d34d/library/test/src/lib.rs:576:43
[INFO] [stdout]   30:     0x64ed670ed70a - test::run_test::{{closure}}::h4a5b729e66a38cd8
[INFO] [stdout]                                at /rustc/202008a1b8de96d2e5b6bc02d379db03a877d34d/library/test/src/lib.rs:606:41
[INFO] [stdout]   31:     0x64ed670ed70a - std::sys::backtrace::__rust_begin_short_backtrace::h0496fb742492f573
[INFO] [stdout]                                at /rustc/202008a1b8de96d2e5b6bc02d379db03a877d34d/library/std/src/sys/backtrace.rs:154:18
[INFO] [stdout]   32:     0x64ed670f1084 - std::thread::Builder::spawn_unchecked_::{{closure}}::{{closure}}::hbb6d257c550a54bd
[INFO] [stdout]                                at /rustc/202008a1b8de96d2e5b6bc02d379db03a877d34d/library/std/src/thread/mod.rs:561:17
[INFO] [stdout]   33:     0x64ed670f1084 - <core::panic::unwind_safe::AssertUnwindSafe<F> as core::ops::function::FnOnce<()>>::call_once::h46696fe4a6832328
[INFO] [stdout]                                at /rustc/202008a1b8de96d2e5b6bc02d379db03a877d34d/library/core/src/panic/unwind_safe.rs:272:9
[INFO] [stdout]   34:     0x64ed670f1084 - std::panicking::try::do_call::h2625a51b667bfb64
[INFO] [stdout]                                at /rustc/202008a1b8de96d2e5b6bc02d379db03a877d34d/library/std/src/panicking.rs:557:40
[INFO] [stdout]   35:     0x64ed670f1084 - std::panicking::try::hb956a59a1973aa4c
[INFO] [stdout]                                at /rustc/202008a1b8de96d2e5b6bc02d379db03a877d34d/library/std/src/panicking.rs:520:19
[INFO] [stdout]   36:     0x64ed670f1084 - std::panic::catch_unwind::h64f3b9d1067ef6a0
[INFO] [stdout]                                at /rustc/202008a1b8de96d2e5b6bc02d379db03a877d34d/library/std/src/panic.rs:358:14
[INFO] [stdout]   37:     0x64ed670f1084 - std::thread::Builder::spawn_unchecked_::{{closure}}::h42b2841295b6c0b2
[INFO] [stdout]                                at /rustc/202008a1b8de96d2e5b6bc02d379db03a877d34d/library/std/src/thread/mod.rs:559:30
[INFO] [stdout]   38:     0x64ed670f1084 - core::ops::function::FnOnce::call_once{{vtable.shim}}::h6127de71b8124639
[INFO] [stdout]                                at /rustc/202008a1b8de96d2e5b6bc02d379db03a877d34d/library/core/src/ops/function.rs:250:5
[INFO] [stdout]   39:     0x64ed671ba7db - <alloc::boxed::Box<F,A> as core::ops::function::FnOnce<Args>>::call_once::h42f0ba71002a1b2c
[INFO] [stdout]                                at /rustc/202008a1b8de96d2e5b6bc02d379db03a877d34d/library/alloc/src/boxed.rs:1972:9
[INFO] [stdout]   40:     0x64ed671ba7db - <alloc::boxed::Box<F,A> as core::ops::function::FnOnce<Args>>::call_once::had9e47d7a3dcecb8
[INFO] [stdout]                                at /rustc/202008a1b8de96d2e5b6bc02d379db03a877d34d/library/alloc/src/boxed.rs:1972:9
[INFO] [stdout]   41:     0x64ed671ba7db - std::sys::pal::unix::thread::Thread::new::thread_start::h48cf765408f6f5f2
[INFO] [stdout]                                at /rustc/202008a1b8de96d2e5b6bc02d379db03a877d34d/library/std/src/sys/pal/unix/thread.rs:105:17
[INFO] [stdout]   42:     0x7f4cd029aac3 - <unknown>
[INFO] [stdout]   43:     0x7f4cd032ba04 - clone
[INFO] [stdout]   44:                0x0 - <unknown>
[INFO] [stdout] 
[INFO] [stdout] ---- tests::test_app stdout ----
[INFO] [stdout] thread 'tests::test_app' panicked at /opt/rustwide/cargo-home/registry/src/index.crates.io-6f17d22bba15001f/tracing-subscriber-0.3.18/src/util.rs:91:14:
[INFO] [stdout] failed to set global default subscriber: SetGlobalDefaultError("a global default trace dispatcher has already been set")
[INFO] [stdout] stack backtrace:
[INFO] [stdout]    0:     0x64ed671b4d6a - std::backtrace_rs::backtrace::libunwind::trace::h8810477743020387
[INFO] [stdout]                                at /rustc/202008a1b8de96d2e5b6bc02d379db03a877d34d/library/std/src/../../backtrace/src/backtrace/libunwind.rs:116:5
[INFO] [stdout]    1:     0x64ed671b4d6a - std::backtrace_rs::backtrace::trace_unsynchronized::h3aa55355dd6c54a6
[INFO] [stdout]                                at /rustc/202008a1b8de96d2e5b6bc02d379db03a877d34d/library/std/src/../../backtrace/src/backtrace/mod.rs:66:5
[INFO] [stdout]    2:     0x64ed671b4d6a - std::sys::backtrace::_print_fmt::h8588b0f62410823f
[INFO] [stdout]                                at /rustc/202008a1b8de96d2e5b6bc02d379db03a877d34d/library/std/src/sys/backtrace.rs:66:9
[INFO] [stdout]    3:     0x64ed671b4d6a - <std::sys::backtrace::BacktraceLock::print::DisplayBacktrace as core::fmt::Display>::fmt::h98c26ac25ffe89bb
[INFO] [stdout]                                at /rustc/202008a1b8de96d2e5b6bc02d379db03a877d34d/library/std/src/sys/backtrace.rs:39:26
[INFO] [stdout]    4:     0x64ed671db1d3 - core::fmt::rt::Argument::fmt::hf95377f4aebd453b
[INFO] [stdout]                                at /rustc/202008a1b8de96d2e5b6bc02d379db03a877d34d/library/core/src/fmt/rt.rs:177:76
[INFO] [stdout]    5:     0x64ed671db1d3 - core::fmt::write::h0dd5f6e2238c7982
[INFO] [stdout]                                at /rustc/202008a1b8de96d2e5b6bc02d379db03a877d34d/library/core/src/fmt/mod.rs:1189:21
[INFO] [stdout]    6:     0x64ed671b1f03 - std::io::Write::write_fmt::h03bb0ca26e6faf8c
[INFO] [stdout]                                at /rustc/202008a1b8de96d2e5b6bc02d379db03a877d34d/library/std/src/io/mod.rs:1884:15
[INFO] [stdout]    7:     0x64ed671b4bb2 - std::sys::backtrace::BacktraceLock::print::h5c19c1c038ee186d
[INFO] [stdout]                                at /rustc/202008a1b8de96d2e5b6bc02d379db03a877d34d/library/std/src/sys/backtrace.rs:42:9
[INFO] [stdout]    8:     0x64ed671b61ed - std::panicking::default_hook::{{closure}}::h77172f079a1fcb13
[INFO] [stdout]                                at /rustc/202008a1b8de96d2e5b6bc02d379db03a877d34d/library/std/src/panicking.rs:268:22
[INFO] [stdout]    9:     0x64ed671b5ff7 - std::panicking::default_hook::he5f8e3b203ccddba
[INFO] [stdout]                                at /rustc/202008a1b8de96d2e5b6bc02d379db03a877d34d/library/std/src/panicking.rs:292:9
[INFO] [stdout]   10:     0x64ed67125757 - <alloc::boxed::Box<F,A> as core::ops::function::Fn<Args>>::call::h7a3c7b4a1ae77f2f
[INFO] [stdout]                                at /rustc/202008a1b8de96d2e5b6bc02d379db03a877d34d/library/alloc/src/boxed.rs:1986:9
[INFO] [stdout]   11:     0x64ed67125757 - test::test_main::{{closure}}::hf0d3b69ae9b353d1
[INFO] [stdout]                                at /rustc/202008a1b8de96d2e5b6bc02d379db03a877d34d/library/test/src/lib.rs:134:21
[INFO] [stdout]   12:     0x64ed671b6898 - <alloc::boxed::Box<F,A> as core::ops::function::Fn<Args>>::call::h6332e82e7b189abd
[INFO] [stdout]                                at /rustc/202008a1b8de96d2e5b6bc02d379db03a877d34d/library/alloc/src/boxed.rs:1986:9
[INFO] [stdout]   13:     0x64ed671b6898 - std::panicking::rust_panic_with_hook::h53863d4e9018df39
[INFO] [stdout]                                at /rustc/202008a1b8de96d2e5b6bc02d379db03a877d34d/library/std/src/panicking.rs:809:13
[INFO] [stdout]   14:     0x64ed671b665a - std::panicking::begin_panic_handler::{{closure}}::h67280e6fa0757873
[INFO] [stdout]                                at /rustc/202008a1b8de96d2e5b6bc02d379db03a877d34d/library/std/src/panicking.rs:674:13
[INFO] [stdout]   15:     0x64ed671b5249 - std::sys::backtrace::__rust_end_short_backtrace::h1dac3f54d6fbbeb2
[INFO] [stdout]                                at /rustc/202008a1b8de96d2e5b6bc02d379db03a877d34d/library/std/src/sys/backtrace.rs:170:18
[INFO] [stdout]   16:     0x64ed671b62ec - rust_begin_unwind
[INFO] [stdout]                                at /rustc/202008a1b8de96d2e5b6bc02d379db03a877d34d/library/std/src/panicking.rs:665:5
[INFO] [stderr] error: test failed, to rerun pass `-p app --lib`
[INFO] [stdout]   17:     0x64ed670c2b00 - core::panicking::panic_fmt::h6792bd1b2bf01041
[INFO] [stdout]                                at /rustc/202008a1b8de96d2e5b6bc02d379db03a877d34d/library/core/src/panicking.rs:76:14
[INFO] [stdout]   18:     0x64ed670c2fa6 - core::result::unwrap_failed::h05e0602ed34287c5
[INFO] [stdout]                                at /rustc/202008a1b8de96d2e5b6bc02d379db03a877d34d/library/core/src/result.rs:1699:5
[INFO] [stdout]   19:     0x64ed670d0aee - core::result::Result<T,E>::expect::hcbc55dba95437f28
[INFO] [stdout]                                at /rustc/202008a1b8de96d2e5b6bc02d379db03a877d34d/library/core/src/result.rs:1061:23
[INFO] [stdout]   20:     0x64ed670cda34 - tracing_subscriber::util::SubscriberInitExt::init::hb5c9aed0dfc0900c
[INFO] [stdout]                                at /opt/rustwide/cargo-home/registry/src/index.crates.io-6f17d22bba15001f/tracing-subscriber-0.3.18/src/util.rs:90:9
[INFO] [stdout]   21:     0x64ed670d3d97 - app::tests::test_app::hd72e09fa0b7292ce
[INFO] [stdout]                                at /opt/rustwide/workdir/app/src/lib.rs:117:9
[INFO] [stdout]   22:     0x64ed670d3ad7 - app::tests::test_app::{{closure}}::hd0260af35e763e99
[INFO] [stdout]                                at /opt/rustwide/workdir/app/src/lib.rs:89:18
[INFO] [stdout]   23:     0x64ed670cfd96 - core::ops::function::FnOnce::call_once::hfee834e1da45cff7
[INFO] [stdout]                                at /rustc/202008a1b8de96d2e5b6bc02d379db03a877d34d/library/core/src/ops/function.rs:250:5
[INFO] [stdout]   24:     0x64ed6712a27b - core::ops::function::FnOnce::call_once::h871bf86719ec9aa4
[INFO] [stdout]                                at /rustc/202008a1b8de96d2e5b6bc02d379db03a877d34d/library/core/src/ops/function.rs:250:5
[INFO] [stdout]   25:     0x64ed6712a27b - test::__rust_begin_short_backtrace::h2167df1e2b7d76fd
[INFO] [stdout]                                at /rustc/202008a1b8de96d2e5b6bc02d379db03a877d34d/library/test/src/lib.rs:632:18
[INFO] [stdout]   26:     0x64ed67129c68 - test::run_test_in_process::{{closure}}::h15d92f75a3adfb79
[INFO] [stdout]                                at /rustc/202008a1b8de96d2e5b6bc02d379db03a877d34d/library/test/src/lib.rs:655:60
[INFO] [stdout]   27:     0x64ed67129c68 - <core::panic::unwind_safe::AssertUnwindSafe<F> as core::ops::function::FnOnce<()>>::call_once::hb6c8955835a8dbbb
[INFO] [stdout]                                at /rustc/202008a1b8de96d2e5b6bc02d379db03a877d34d/library/core/src/panic/unwind_safe.rs:272:9
[INFO] [stdout]   28:     0x64ed67129c68 - std::panicking::try::do_call::hc79d0fc888a0bd30
[INFO] [stdout]                                at /rustc/202008a1b8de96d2e5b6bc02d379db03a877d34d/library/std/src/panicking.rs:557:40
[INFO] [stdout]   29:     0x64ed67129c68 - std::panicking::try::hb8a7878e3a8589d6
[INFO] [stdout]                                at /rustc/202008a1b8de96d2e5b6bc02d379db03a877d34d/library/std/src/panicking.rs:520:19
[INFO] [stdout]   30:     0x64ed67129c68 - std::panic::catch_unwind::hb8e4600ff0ff5cfa
[INFO] [stdout]                                at /rustc/202008a1b8de96d2e5b6bc02d379db03a877d34d/library/std/src/panic.rs:358:14
[INFO] [stdout]   31:     0x64ed67129c68 - test::run_test_in_process::hc2900b0b18688dd6
[INFO] [stdout]                                at /rustc/202008a1b8de96d2e5b6bc02d379db03a877d34d/library/test/src/lib.rs:655:27
[INFO] [stdout]   32:     0x64ed67129c68 - test::run_test::{{closure}}::hac2a9cb07be3d48d
[INFO] [stdout]                                at /rustc/202008a1b8de96d2e5b6bc02d379db03a877d34d/library/test/src/lib.rs:576:43
[INFO] [stdout]   33:     0x64ed670ed70a - test::run_test::{{closure}}::h4a5b729e66a38cd8
[INFO] [stdout]                                at /rustc/202008a1b8de96d2e5b6bc02d379db03a877d34d/library/test/src/lib.rs:606:41
[INFO] [stdout]   34:     0x64ed670ed70a - std::sys::backtrace::__rust_begin_short_backtrace::h0496fb742492f573
[INFO] [stdout]                                at /rustc/202008a1b8de96d2e5b6bc02d379db03a877d34d/library/std/src/sys/backtrace.rs:154:18
[INFO] [stdout]   35:     0x64ed670f1084 - std::thread::Builder::spawn_unchecked_::{{closure}}::{{closure}}::hbb6d257c550a54bd
[INFO] [stdout]                                at /rustc/202008a1b8de96d2e5b6bc02d379db03a877d34d/library/std/src/thread/mod.rs:561:17
[INFO] [stdout]   36:     0x64ed670f1084 - <core::panic::unwind_safe::AssertUnwindSafe<F> as core::ops::function::FnOnce<()>>::call_once::h46696fe4a6832328
[INFO] [stdout]                                at /rustc/202008a1b8de96d2e5b6bc02d379db03a877d34d/library/core/src/panic/unwind_safe.rs:272:9
[INFO] [stdout]   37:     0x64ed670f1084 - std::panicking::try::do_call::h2625a51b667bfb64
[INFO] [stdout]                                at /rustc/202008a1b8de96d2e5b6bc02d379db03a877d34d/library/std/src/panicking.rs:557:40
[INFO] [stdout]   38:     0x64ed670f1084 - std::panicking::try::hb956a59a1973aa4c
[INFO] [stdout]                                at /rustc/202008a1b8de96d2e5b6bc02d379db03a877d34d/library/std/src/panicking.rs:520:19
[INFO] [stdout]   39:     0x64ed670f1084 - std::panic::catch_unwind::h64f3b9d1067ef6a0
[INFO] [stdout]                                at /rustc/202008a1b8de96d2e5b6bc02d379db03a877d34d/library/std/src/panic.rs:358:14
[INFO] [stdout]   40:     0x64ed670f1084 - std::thread::Builder::spawn_unchecked_::{{closure}}::h42b2841295b6c0b2
[INFO] [stdout]                                at /rustc/202008a1b8de96d2e5b6bc02d379db03a877d34d/library/std/src/thread/mod.rs:559:30
[INFO] [stdout]   41:     0x64ed670f1084 - core::ops::function::FnOnce::call_once{{vtable.shim}}::h6127de71b8124639
[INFO] [stdout]                                at /rustc/202008a1b8de96d2e5b6bc02d379db03a877d34d/library/core/src/ops/function.rs:250:5
[INFO] [stdout]   42:     0x64ed671ba7db - <alloc::boxed::Box<F,A> as core::ops::function::FnOnce<Args>>::call_once::h42f0ba71002a1b2c
[INFO] [stdout]                                at /rustc/202008a1b8de96d2e5b6bc02d379db03a877d34d/library/alloc/src/boxed.rs:1972:9
[INFO] [stdout]   43:     0x64ed671ba7db - <alloc::boxed::Box<F,A> as core::ops::function::FnOnce<Args>>::call_once::had9e47d7a3dcecb8
[INFO] [stdout]                                at /rustc/202008a1b8de96d2e5b6bc02d379db03a877d34d/library/alloc/src/boxed.rs:1972:9
[INFO] [stdout]   44:     0x64ed671ba7db - std::sys::pal::unix::thread::Thread::new::thread_start::h48cf765408f6f5f2
[INFO] [stdout]                                at /rustc/202008a1b8de96d2e5b6bc02d379db03a877d34d/library/std/src/sys/pal/unix/thread.rs:105:17
[INFO] [stdout]   45:     0x7f4cd029aac3 - <unknown>
[INFO] [stdout]   46:     0x7f4cd032ba04 - clone
[INFO] [stdout]   47:                0x0 - <unknown>
[INFO] [stdout] 
[INFO] [stdout] 
[INFO] [stdout] failures:
[INFO] [stdout]     burgers::tests::test_burgers
[INFO] [stdout]     tests::test_app
[INFO] [stdout] 
[INFO] [stdout] test result: FAILED. 0 passed; 2 failed; 0 ignored; 0 measured; 0 filtered out; finished in 0.06s
[INFO] [stdout] 
[INFO] running `Command { std: "docker" "inspect" "3c85b2424adece41dca0a62df8fd84684ae28a6546e14b009d8bb78406a9821f", kill_on_drop: false }`
[INFO] running `Command { std: "docker" "rm" "-f" "3c85b2424adece41dca0a62df8fd84684ae28a6546e14b009d8bb78406a9821f", kill_on_drop: false }`
[INFO] [stdout] 3c85b2424adece41dca0a62df8fd84684ae28a6546e14b009d8bb78406a9821f
