[INFO] cloning repository https://github.com/mfornet/advent-of-code-2022
[INFO] running `Command { std: "git" "-c" "credential.helper=" "-c" "credential.helper=/workspace/cargo-home/bin/git-credential-null" "clone" "--bare" "https://github.com/mfornet/advent-of-code-2022" "/workspace/cache/git-repos/https%3A%2F%2Fgithub.com%2Fmfornet%2Fadvent-of-code-2022", kill_on_drop: false }`
[INFO] [stderr] Cloning into bare repository '/workspace/cache/git-repos/https%3A%2F%2Fgithub.com%2Fmfornet%2Fadvent-of-code-2022'...
[INFO] running `Command { std: "git" "rev-parse" "HEAD", kill_on_drop: false }`
[INFO] [stdout] c72ed7c65b3f4ca3dbec25d1dce0145ab68f3ca4
[INFO] testing mfornet/advent-of-code-2022 against 1.83.0 for beta-1.84.0-4-retry
[INFO] running `Command { std: "git" "clone" "/workspace/cache/git-repos/https%3A%2F%2Fgithub.com%2Fmfornet%2Fadvent-of-code-2022" "/workspace/builds/worker-4-tc1/source", kill_on_drop: false }`
[INFO] [stderr] Cloning into '/workspace/builds/worker-4-tc1/source'...
[INFO] [stderr] done.
[INFO] validating manifest of git repo https://github.com/mfornet/advent-of-code-2022 on toolchain 1.83.0
[INFO] running `Command { std: CARGO_HOME="/workspace/cargo-home" RUSTUP_HOME="/workspace/rustup-home" "/workspace/cargo-home/bin/cargo" "+1.83.0" "metadata" "--manifest-path" "Cargo.toml" "--no-deps", kill_on_drop: false }`
[INFO] started tweaking git repo https://github.com/mfornet/advent-of-code-2022
[INFO] finished tweaking git repo https://github.com/mfornet/advent-of-code-2022
[INFO] tweaked toml for git repo https://github.com/mfornet/advent-of-code-2022 written to /workspace/builds/worker-4-tc1/source/Cargo.toml
[INFO] crate git repo https://github.com/mfornet/advent-of-code-2022 already has a lockfile, it will not be regenerated
[INFO] running `Command { std: CARGO_HOME="/workspace/cargo-home" RUSTUP_HOME="/workspace/rustup-home" "/workspace/cargo-home/bin/cargo" "+1.83.0" "fetch" "--manifest-path" "Cargo.toml", kill_on_drop: false }`
[INFO] [stderr] warning: virtual workspace defaulting to `resolver = "1"` despite one or more workspace members being on edition 2021 which implies `resolver = "2"`
[INFO] [stderr] note: to keep the current resolver, specify `workspace.resolver = "1"` in the workspace root's manifest
[INFO] [stderr] note: to use the edition 2021 resolver, specify `workspace.resolver = "2"` in the workspace root's manifest
[INFO] [stderr] note: for more details see https://doc.rust-lang.org/cargo/reference/resolver.html#resolver-versions
[INFO] [stderr]  Downloading crates ...
[INFO] [stderr]   Downloaded html-escape v0.2.12
[INFO] running `Command { std: "docker" "create" "-v" "/var/lib/crater-agent-workspace/builds/worker-4-tc1/target:/opt/rustwide/target:rw,Z" "-v" "/var/lib/crater-agent-workspace/builds/worker-4-tc1/source:/opt/rustwide/workdir:ro,Z" "-v" "/var/lib/crater-agent-workspace/cargo-home:/opt/rustwide/cargo-home:ro,Z" "-v" "/var/lib/crater-agent-workspace/rustup-home:/opt/rustwide/rustup-home:ro,Z" "-e" "SOURCE_DIR=/opt/rustwide/workdir" "-e" "CARGO_TARGET_DIR=/opt/rustwide/target" "-e" "CARGO_HOME=/opt/rustwide/cargo-home" "-e" "RUSTUP_HOME=/opt/rustwide/rustup-home" "-w" "/opt/rustwide/workdir" "-m" "1610612736" "--user" "0:0" "--network" "none" "ghcr.io/rust-lang/crates-build-env/linux@sha256:f3a9d4ad9d972b27faf3965f35b62e55ba32bbce8f20bc8fe909558a86702fde" "/opt/rustwide/cargo-home/bin/cargo" "+1.83.0" "metadata" "--no-deps" "--format-version=1", kill_on_drop: false }`
[INFO] [stdout] 8454766def4850d3f8769e59403a47e49c6734133145dee44c038d36d55fe2ec
[INFO] running `Command { std: "docker" "start" "-a" "8454766def4850d3f8769e59403a47e49c6734133145dee44c038d36d55fe2ec", kill_on_drop: false }`
[INFO] running `Command { std: "docker" "inspect" "8454766def4850d3f8769e59403a47e49c6734133145dee44c038d36d55fe2ec", kill_on_drop: false }`
[INFO] running `Command { std: "docker" "rm" "-f" "8454766def4850d3f8769e59403a47e49c6734133145dee44c038d36d55fe2ec", kill_on_drop: false }`
[INFO] [stdout] 8454766def4850d3f8769e59403a47e49c6734133145dee44c038d36d55fe2ec
[INFO] running `Command { std: "docker" "create" "-v" "/var/lib/crater-agent-workspace/builds/worker-4-tc1/target:/opt/rustwide/target:rw,Z" "-v" "/var/lib/crater-agent-workspace/builds/worker-4-tc1/source:/opt/rustwide/workdir:ro,Z" "-v" "/var/lib/crater-agent-workspace/cargo-home:/opt/rustwide/cargo-home:ro,Z" "-v" "/var/lib/crater-agent-workspace/rustup-home:/opt/rustwide/rustup-home:ro,Z" "-e" "SOURCE_DIR=/opt/rustwide/workdir" "-e" "CARGO_TARGET_DIR=/opt/rustwide/target" "-e" "CARGO_INCREMENTAL=0" "-e" "RUST_BACKTRACE=full" "-e" "RUSTFLAGS=--cap-lints=warn" "-e" "RUSTDOCFLAGS=--cap-lints=warn" "-e" "CARGO_HOME=/opt/rustwide/cargo-home" "-e" "RUSTUP_HOME=/opt/rustwide/rustup-home" "-w" "/opt/rustwide/workdir" "-m" "1610612736" "--user" "0:0" "--network" "none" "ghcr.io/rust-lang/crates-build-env/linux@sha256:f3a9d4ad9d972b27faf3965f35b62e55ba32bbce8f20bc8fe909558a86702fde" "/opt/rustwide/cargo-home/bin/cargo" "+1.83.0" "build" "--frozen" "--message-format=json", kill_on_drop: false }`
[INFO] [stdout] b0e4c69113ddf71797d2592566c63427431bb0f41ca45f1be33712f578c7eeee
[INFO] running `Command { std: "docker" "start" "-a" "b0e4c69113ddf71797d2592566c63427431bb0f41ca45f1be33712f578c7eeee", kill_on_drop: false }`
[INFO] [stderr] warning: virtual workspace defaulting to `resolver = "1"` despite one or more workspace members being on edition 2021 which implies `resolver = "2"`
[INFO] [stderr] note: to keep the current resolver, specify `workspace.resolver = "1"` in the workspace root's manifest
[INFO] [stderr] note: to use the edition 2021 resolver, specify `workspace.resolver = "2"` in the workspace root's manifest
[INFO] [stderr] note: for more details see https://doc.rust-lang.org/cargo/reference/resolver.html#resolver-versions
[INFO] [stderr]    Compiling autocfg v1.1.0
[INFO] [stderr]    Compiling either v1.8.0
[INFO] [stderr]    Compiling aoc v0.1.0 (/opt/rustwide/workdir/aoc)
[INFO] [stderr]    Compiling libc v0.2.138
[INFO] [stderr]    Compiling cfg-if v1.0.0
[INFO] [stderr]    Compiling memchr v2.5.0
[INFO] [stderr]    Compiling proc-macro2 v1.0.47
[INFO] [stderr]    Compiling quote v1.0.21
[INFO] [stderr]    Compiling unicode-ident v1.0.5
[INFO] [stderr]    Compiling log v0.4.17
[INFO] [stderr]    Compiling itertools v0.10.5
[INFO] [stderr]    Compiling once_cell v1.16.0
[INFO] [stderr]    Compiling syn v1.0.105
[INFO] [stderr]    Compiling pin-project-lite v0.2.9
[INFO] [stderr]    Compiling cc v1.0.77
[INFO] [stderr]    Compiling pkg-config v0.3.26
[INFO] [stderr]    Compiling bytes v1.3.0
[INFO] [stderr]    Compiling regex-syntax v0.6.28
[INFO] [stderr]    Compiling aho-corasick v0.7.20
[INFO] [stderr]    Compiling num_cpus v1.14.0
[INFO] [stderr]    Compiling futures-core v0.3.25
[INFO] [stderr]    Compiling openssl-sys v0.9.79
[INFO] [stderr]    Compiling tokio v1.23.0
[INFO] [stderr]    Compiling version_check v0.9.4
[INFO] [stderr]    Compiling crossbeam-utils v0.8.14
[INFO] [stderr]    Compiling bitflags v1.3.2
[INFO] [stderr]    Compiling mio v0.8.5
[INFO] [stderr]    Compiling socket2 v0.4.7
[INFO] [stderr]    Compiling memoffset v0.7.1
[INFO] [stderr]    Compiling slab v0.4.7
[INFO] [stderr]    Compiling itoa v1.0.4
[INFO] [stderr]    Compiling futures-task v0.3.25
[INFO] [stderr]    Compiling tracing-core v0.1.30
[INFO] [stderr]    Compiling regex v1.7.0
[INFO] [stderr]    Compiling crossbeam-epoch v0.9.13
[INFO] [stderr]    Compiling indexmap v1.9.2
[INFO] [stderr]    Compiling foreign-types-shared v0.1.1
[INFO] [stderr]    Compiling futures-util v0.3.25
[INFO] [stderr]    Compiling fnv v1.0.7
[INFO] [stderr]    Compiling openssl v0.10.44
[INFO] [stderr]    Compiling http v0.2.8
[INFO] [stderr]    Compiling foreign-types v0.3.2
[INFO] [stderr]    Compiling tracing v0.1.37
[INFO] [stderr]    Compiling proc-macro-error-attr v1.0.4
[INFO] [stderr]    Compiling scopeguard v1.1.0
[INFO] [stderr]    Compiling futures-channel v0.3.25
[INFO] [stderr]    Compiling serde v1.0.150
[INFO] [stderr]    Compiling futures-sink v0.3.25
[INFO] [stderr]    Compiling native-tls v0.2.11
[INFO] [stderr]    Compiling pin-utils v0.1.0
[INFO] [stderr]    Compiling tinyvec_macros v0.1.0
[INFO] [stderr]    Compiling io-lifetimes v1.0.3
[INFO] [stderr]    Compiling hashbrown v0.12.3
[INFO] [stderr]    Compiling futures-io v0.3.25
[INFO] [stderr]    Compiling httparse v1.8.0
[INFO] [stderr]    Compiling tinyvec v1.6.0
[INFO] [stderr]    Compiling proc-macro-error v1.0.4
[INFO] [stderr]    Compiling rustix v0.36.5
[INFO] [stderr]    Compiling openssl-probe v0.1.5
[INFO] [stderr]    Compiling rayon-core v1.10.1
[INFO] [stderr]    Compiling try-lock v0.2.3
[INFO] [stderr]    Compiling percent-encoding v2.2.0
[INFO] [stderr]    Compiling form_urlencoded v1.1.0
[INFO] [stderr]    Compiling want v0.3.0
[INFO] [stderr]    Compiling unicode-normalization v0.1.22
[INFO] [stderr]    Compiling crossbeam-deque v0.8.2
[INFO] [stderr]    Compiling tokio-util v0.7.4
[INFO] [stderr]    Compiling http-body v0.4.5
[INFO] [stderr]    Compiling crossbeam-channel v0.5.6
[INFO] [stderr]    Compiling getrandom v0.2.8
[INFO] [stderr]    Compiling openssl-macros v0.1.0
[INFO] [stderr]    Compiling linux-raw-sys v0.1.4
[INFO] [stderr]    Compiling encoding_rs v0.8.31
[INFO] [stderr]    Compiling unicode-bidi v0.3.8
[INFO] [stderr]    Compiling httpdate v1.0.2
[INFO] [stderr]    Compiling tower-service v0.3.2
[INFO] [stderr]    Compiling idna v0.3.0
[INFO] [stderr]    Compiling h2 v0.3.15
[INFO] [stderr]    Compiling rand_core v0.6.4
[INFO] [stderr]    Compiling heck v0.4.0
[INFO] [stderr]    Compiling os_str_bytes v6.4.1
[INFO] [stderr]    Compiling ppv-lite86 v0.2.17
[INFO] [stderr]    Compiling ryu v1.0.11
[INFO] [stderr]    Compiling rand_chacha v0.3.1
[INFO] [stderr]    Compiling clap_lex v0.3.0
[INFO] [stderr]    Compiling serde_urlencoded v0.7.1
[INFO] [stderr]    Compiling is-terminal v0.4.1
[INFO] [stderr]    Compiling clap_derive v4.0.21
[INFO] [stderr]    Compiling rayon v1.6.1
[INFO] [stderr]    Compiling url v2.3.1
[INFO] [stderr]    Compiling mime v0.3.16
[INFO] [stderr]    Compiling ipnet v2.7.0
[INFO] [stderr]    Compiling base64 v0.13.1
[INFO] [stderr]    Compiling strsim v0.10.0
[INFO] [stderr]    Compiling termcolor v1.1.3
[INFO] [stderr]    Compiling utf8-width v0.1.6
[INFO] [stderr]    Compiling hyper v0.14.23
[INFO] [stderr]    Compiling tokio-native-tls v0.3.0
[INFO] [stderr]    Compiling html-escape v0.2.12
[INFO] [stderr]    Compiling rand v0.8.5
[INFO] [stderr]    Compiling toml v0.5.9
[INFO] [stderr]    Compiling dotenv v0.15.0
[INFO] [stderr]    Compiling day19b v0.1.0 (/opt/rustwide/workdir/day19b)
[INFO] [stderr]    Compiling day19a v0.1.0 (/opt/rustwide/workdir/day19a)
[INFO] [stderr]    Compiling day16b v0.1.0 (/opt/rustwide/workdir/day16b)
[INFO] [stderr]    Compiling clap v4.0.29
[INFO] [stderr]    Compiling day15a v0.1.0 (/opt/rustwide/workdir/day15a)
[INFO] [stderr]    Compiling day15b v0.1.0 (/opt/rustwide/workdir/day15b)
[INFO] [stderr]    Compiling hyper-tls v0.5.0
[INFO] [stderr]    Compiling day5a v0.1.0 (/opt/rustwide/workdir/day5a)
[INFO] [stderr]    Compiling reqwest v0.11.13
[INFO] [stderr]    Compiling day5b v0.1.0 (/opt/rustwide/workdir/day5b)
[INFO] [stderr]    Compiling day16a v0.1.0 (/opt/rustwide/workdir/day16a)
[INFO] [stderr]    Compiling day21b v0.1.0 (/opt/rustwide/workdir/day21b)
[INFO] [stderr]    Compiling day20b v0.1.0 (/opt/rustwide/workdir/day20b)
[INFO] [stderr]    Compiling day23b v0.1.0 (/opt/rustwide/workdir/day23b)
[INFO] [stderr]    Compiling day24a v0.1.0 (/opt/rustwide/workdir/day24a)
[INFO] [stderr]    Compiling day14a v0.1.0 (/opt/rustwide/workdir/day14a)
[INFO] [stderr]    Compiling day1b v0.1.0 (/opt/rustwide/workdir/day1b)
[INFO] [stderr]    Compiling day3a v0.1.0 (/opt/rustwide/workdir/day3a)
[INFO] [stderr]    Compiling day14b v0.1.0 (/opt/rustwide/workdir/day14b)
[INFO] [stderr]    Compiling day24b v0.1.0 (/opt/rustwide/workdir/day24b)
[INFO] [stderr]    Compiling day4b v0.1.0 (/opt/rustwide/workdir/day4b)
[INFO] [stderr]    Compiling day18a v0.1.0 (/opt/rustwide/workdir/day18a)
[INFO] [stderr]    Compiling day3b v0.1.0 (/opt/rustwide/workdir/day3b)
[INFO] [stderr]    Compiling day4a v0.1.0 (/opt/rustwide/workdir/day4a)
[INFO] [stderr]    Compiling template v0.1.0 (/opt/rustwide/workdir/template)
[INFO] [stderr]    Compiling day21a v0.1.0 (/opt/rustwide/workdir/day21a)
[INFO] [stderr]    Compiling day20a v0.1.0 (/opt/rustwide/workdir/day20a)
[INFO] [stderr]    Compiling day2b v0.1.0 (/opt/rustwide/workdir/day2b)
[INFO] [stderr]    Compiling day17a v0.1.0 (/opt/rustwide/workdir/day17a)
[INFO] [stderr]    Compiling day17b v0.1.0 (/opt/rustwide/workdir/day17b)
[INFO] [stderr]    Compiling day18b v0.1.0 (/opt/rustwide/workdir/day18b)
[INFO] [stderr]    Compiling day22a v0.1.0 (/opt/rustwide/workdir/day22a)
[INFO] [stderr]    Compiling day22b v0.1.0 (/opt/rustwide/workdir/day22b)
[INFO] [stderr]    Compiling day23a v0.1.0 (/opt/rustwide/workdir/day23a)
[INFO] [stderr]    Compiling day25a v0.1.0 (/opt/rustwide/workdir/day25a)
[INFO] [stderr]    Compiling day2a v0.1.0 (/opt/rustwide/workdir/day2a)
[INFO] [stderr]    Compiling day1a v0.1.0 (/opt/rustwide/workdir/day1a)
[INFO] [stderr]    Compiling aoc-cli v0.1.0 (/opt/rustwide/workdir/aoc-cli)
[INFO] [stderr]     Finished `dev` profile [unoptimized + debuginfo] target(s) in 1m 40s
[INFO] running `Command { std: "docker" "inspect" "b0e4c69113ddf71797d2592566c63427431bb0f41ca45f1be33712f578c7eeee", kill_on_drop: false }`
[INFO] running `Command { std: "docker" "rm" "-f" "b0e4c69113ddf71797d2592566c63427431bb0f41ca45f1be33712f578c7eeee", kill_on_drop: false }`
[INFO] [stdout] b0e4c69113ddf71797d2592566c63427431bb0f41ca45f1be33712f578c7eeee
[INFO] running `Command { std: "docker" "create" "-v" "/var/lib/crater-agent-workspace/builds/worker-4-tc1/target:/opt/rustwide/target:rw,Z" "-v" "/var/lib/crater-agent-workspace/builds/worker-4-tc1/source:/opt/rustwide/workdir:ro,Z" "-v" "/var/lib/crater-agent-workspace/cargo-home:/opt/rustwide/cargo-home:ro,Z" "-v" "/var/lib/crater-agent-workspace/rustup-home:/opt/rustwide/rustup-home:ro,Z" "-e" "SOURCE_DIR=/opt/rustwide/workdir" "-e" "CARGO_TARGET_DIR=/opt/rustwide/target" "-e" "CARGO_INCREMENTAL=0" "-e" "RUST_BACKTRACE=full" "-e" "RUSTFLAGS=--cap-lints=warn" "-e" "RUSTDOCFLAGS=--cap-lints=warn" "-e" "CARGO_HOME=/opt/rustwide/cargo-home" "-e" "RUSTUP_HOME=/opt/rustwide/rustup-home" "-w" "/opt/rustwide/workdir" "-m" "1610612736" "--user" "0:0" "--network" "none" "ghcr.io/rust-lang/crates-build-env/linux@sha256:f3a9d4ad9d972b27faf3965f35b62e55ba32bbce8f20bc8fe909558a86702fde" "/opt/rustwide/cargo-home/bin/cargo" "+1.83.0" "test" "--frozen" "--no-run" "--message-format=json", kill_on_drop: false }`
[INFO] [stdout] e9e3571b05901998601bc73f09f7696b933d7a2de7b57c846483af8ec4d26b1f
[INFO] running `Command { std: "docker" "start" "-a" "e9e3571b05901998601bc73f09f7696b933d7a2de7b57c846483af8ec4d26b1f", kill_on_drop: false }`
[INFO] [stderr] warning: virtual workspace defaulting to `resolver = "1"` despite one or more workspace members being on edition 2021 which implies `resolver = "2"`
[INFO] [stderr] note: to keep the current resolver, specify `workspace.resolver = "1"` in the workspace root's manifest
[INFO] [stderr] note: to use the edition 2021 resolver, specify `workspace.resolver = "2"` in the workspace root's manifest
[INFO] [stderr] note: for more details see https://doc.rust-lang.org/cargo/reference/resolver.html#resolver-versions
[INFO] [stderr]    Compiling day19a v0.1.0 (/opt/rustwide/workdir/day19a)
[INFO] [stderr]    Compiling day5b v0.1.0 (/opt/rustwide/workdir/day5b)
[INFO] [stderr]    Compiling day19b v0.1.0 (/opt/rustwide/workdir/day19b)
[INFO] [stderr]    Compiling aoc-cli v0.1.0 (/opt/rustwide/workdir/aoc-cli)
[INFO] [stderr]    Compiling day15a v0.1.0 (/opt/rustwide/workdir/day15a)
[INFO] [stderr]    Compiling day16b v0.1.0 (/opt/rustwide/workdir/day16b)
[INFO] [stderr]    Compiling day15b v0.1.0 (/opt/rustwide/workdir/day15b)
[INFO] [stderr]    Compiling day5a v0.1.0 (/opt/rustwide/workdir/day5a)
[INFO] [stderr]    Compiling day16a v0.1.0 (/opt/rustwide/workdir/day16a)
[INFO] [stderr]    Compiling day21a v0.1.0 (/opt/rustwide/workdir/day21a)
[INFO] [stderr]    Compiling day21b v0.1.0 (/opt/rustwide/workdir/day21b)
[INFO] [stderr]    Compiling day17b v0.1.0 (/opt/rustwide/workdir/day17b)
[INFO] [stderr]    Compiling day24b v0.1.0 (/opt/rustwide/workdir/day24b)
[INFO] [stderr]    Compiling day20a v0.1.0 (/opt/rustwide/workdir/day20a)
[INFO] [stderr]    Compiling day23b v0.1.0 (/opt/rustwide/workdir/day23b)
[INFO] [stderr]    Compiling day22b v0.1.0 (/opt/rustwide/workdir/day22b)
[INFO] [stderr]    Compiling day2a v0.1.0 (/opt/rustwide/workdir/day2a)
[INFO] [stderr]    Compiling template v0.1.0 (/opt/rustwide/workdir/template)
[INFO] [stderr]    Compiling day18b v0.1.0 (/opt/rustwide/workdir/day18b)
[INFO] [stderr]    Compiling day1b v0.1.0 (/opt/rustwide/workdir/day1b)
[INFO] [stderr]    Compiling day23a v0.1.0 (/opt/rustwide/workdir/day23a)
[INFO] [stderr]    Compiling day24a v0.1.0 (/opt/rustwide/workdir/day24a)
[INFO] [stderr]    Compiling day3b v0.1.0 (/opt/rustwide/workdir/day3b)
[INFO] [stderr]    Compiling day22a v0.1.0 (/opt/rustwide/workdir/day22a)
[INFO] [stderr]    Compiling day4a v0.1.0 (/opt/rustwide/workdir/day4a)
[INFO] [stderr]    Compiling day18a v0.1.0 (/opt/rustwide/workdir/day18a)
[INFO] [stderr]    Compiling day1a v0.1.0 (/opt/rustwide/workdir/day1a)
[INFO] [stderr]    Compiling day3a v0.1.0 (/opt/rustwide/workdir/day3a)
[INFO] [stderr]    Compiling day14b v0.1.0 (/opt/rustwide/workdir/day14b)
[INFO] [stderr]    Compiling day2b v0.1.0 (/opt/rustwide/workdir/day2b)
[INFO] [stderr]    Compiling day25a v0.1.0 (/opt/rustwide/workdir/day25a)
[INFO] [stderr]    Compiling day20b v0.1.0 (/opt/rustwide/workdir/day20b)
[INFO] [stderr]    Compiling day4b v0.1.0 (/opt/rustwide/workdir/day4b)
[INFO] [stderr]    Compiling day17a v0.1.0 (/opt/rustwide/workdir/day17a)
[INFO] [stderr]    Compiling day14a v0.1.0 (/opt/rustwide/workdir/day14a)
[INFO] [stderr]    Compiling aoc v0.1.0 (/opt/rustwide/workdir/aoc)
[INFO] [stderr]     Finished `test` profile [unoptimized + debuginfo] target(s) in 12.52s
[INFO] running `Command { std: "docker" "inspect" "e9e3571b05901998601bc73f09f7696b933d7a2de7b57c846483af8ec4d26b1f", kill_on_drop: false }`
[INFO] running `Command { std: "docker" "rm" "-f" "e9e3571b05901998601bc73f09f7696b933d7a2de7b57c846483af8ec4d26b1f", kill_on_drop: false }`
[INFO] [stdout] e9e3571b05901998601bc73f09f7696b933d7a2de7b57c846483af8ec4d26b1f
[INFO] running `Command { std: "docker" "create" "-v" "/var/lib/crater-agent-workspace/builds/worker-4-tc1/target:/opt/rustwide/target:rw,Z" "-v" "/var/lib/crater-agent-workspace/builds/worker-4-tc1/source:/opt/rustwide/workdir:ro,Z" "-v" "/var/lib/crater-agent-workspace/cargo-home:/opt/rustwide/cargo-home:ro,Z" "-v" "/var/lib/crater-agent-workspace/rustup-home:/opt/rustwide/rustup-home:ro,Z" "-e" "SOURCE_DIR=/opt/rustwide/workdir" "-e" "CARGO_TARGET_DIR=/opt/rustwide/target" "-e" "CARGO_INCREMENTAL=0" "-e" "RUST_BACKTRACE=full" "-e" "RUSTFLAGS=--cap-lints=warn" "-e" "RUSTDOCFLAGS=--cap-lints=warn" "-e" "CARGO_HOME=/opt/rustwide/cargo-home" "-e" "RUSTUP_HOME=/opt/rustwide/rustup-home" "-w" "/opt/rustwide/workdir" "-m" "1610612736" "--user" "0:0" "--network" "none" "ghcr.io/rust-lang/crates-build-env/linux@sha256:f3a9d4ad9d972b27faf3965f35b62e55ba32bbce8f20bc8fe909558a86702fde" "/opt/rustwide/cargo-home/bin/cargo" "+1.83.0" "test" "--frozen", kill_on_drop: false }`
[INFO] [stdout] 5fc1d7c875824dfd8bacbb884cd41021c0049c7f89efebf80e323e6f7d6ac2db
[INFO] running `Command { std: "docker" "start" "-a" "5fc1d7c875824dfd8bacbb884cd41021c0049c7f89efebf80e323e6f7d6ac2db", kill_on_drop: false }`
[INFO] [stderr] warning: virtual workspace defaulting to `resolver = "1"` despite one or more workspace members being on edition 2021 which implies `resolver = "2"`
[INFO] [stderr] note: to keep the current resolver, specify `workspace.resolver = "1"` in the workspace root's manifest
[INFO] [stderr] note: to use the edition 2021 resolver, specify `workspace.resolver = "2"` in the workspace root's manifest
[INFO] [stderr] note: for more details see https://doc.rust-lang.org/cargo/reference/resolver.html#resolver-versions
[INFO] [stderr]     Finished `test` profile [unoptimized + debuginfo] target(s) in 0.16s
[INFO] [stderr]      Running unittests src/lib.rs (/opt/rustwide/target/debug/deps/aoc-8bece1e1bcc3f3c3)
[INFO] [stderr]      Running unittests src/main.rs (/opt/rustwide/target/debug/deps/aoc_cli-57dc60939bc94cb9)
[INFO] [stdout] 
[INFO] [stdout] running 0 tests
[INFO] [stdout] 
[INFO] [stdout] test result: ok. 0 passed; 0 failed; 0 ignored; 0 measured; 0 filtered out; finished in 0.00s
[INFO] [stdout] 
[INFO] [stdout] 
[INFO] [stdout] running 1 test
[INFO] [stdout] test tests::test_download_test ... FAILED
[INFO] [stdout] 
[INFO] [stdout] failures:
[INFO] [stdout] 
[INFO] [stdout] ---- tests::test_download_test stdout ----
[INFO] [stdout] [aoc-cli/src/main.rs:170:25] format!("Loading {}", day) = "Loading 1"
[INFO] [stdout] [aoc-cli/src/main.rs:170:25] format!("Loading {}", day) = "Loading 2"
[INFO] [stdout] [aoc-cli/src/main.rs:170:25] format!("Loading {}", day) = "Loading 3"
[INFO] [stdout] [aoc-cli/src/main.rs:170:25] format!("Loading {}", day) = "Loading 4"
[INFO] [stdout] [aoc-cli/src/main.rs:170:25] format!("Loading {}", day) = "Loading 5"
[INFO] [stdout] [aoc-cli/src/main.rs:170:25] format!("Loading {}", day) = "Loading 14"
[INFO] [stdout] [aoc-cli/src/main.rs:170:25] format!("Loading {}", day) = "Loading 15"
[INFO] [stdout] [aoc-cli/src/main.rs:170:25] format!("Loading {}", day) = "Loading 16"
[INFO] [stdout] [aoc-cli/src/main.rs:170:25] format!("Loading {}", day) = "Loading 17"
[INFO] [stdout] [aoc-cli/src/main.rs:170:25] format!("Loading {}", day) = "Loading 18"
[INFO] [stdout] [aoc-cli/src/main.rs:170:25] format!("Loading {}", day) = "Loading 19"
[INFO] [stdout] [aoc-cli/src/main.rs:170:25] format!("Loading {}", day) = "Loading 20"
[INFO] [stdout] [aoc-cli/src/main.rs:170:25] format!("Loading {}", day) = "Loading 21"
[INFO] [stdout] [aoc-cli/src/main.rs:170:25] format!("Loading {}", day) = "Loading 22"
[INFO] [stdout] [aoc-cli/src/main.rs:170:25] format!("Loading {}", day) = "Loading 23"
[INFO] [stdout] [aoc-cli/src/main.rs:170:25] format!("Loading {}", day) = "Loading 24"
[INFO] [stdout] [aoc-cli/src/main.rs:170:25] format!("Loading {}", day) = "Loading 25"
[INFO] [stdout] [aoc-cli/src/main.rs:180:13] format!("Checking test {}", day) = "Checking test 1"
[INFO] [stdout] thread 'tests::test_download_test' panicked at aoc-cli/src/main.rs:69:41:
[INFO] [stdout] called `Result::unwrap()` on an `Err` value: Os { code: 30, kind: ReadOnlyFilesystem, message: "Read-only file system" }
[INFO] [stdout] stack backtrace:
[INFO] [stdout]    0:     0x6103a810a1da - std::backtrace_rs::backtrace::libunwind::trace::h5a5b8284f2d0c266
[INFO] [stdout]                                at /rustc/90b35a6239c3d8bdabc530a6a0816f7ff89a0aaf/library/std/src/../../backtrace/src/backtrace/libunwind.rs:116:5
[INFO] [stdout]    1:     0x6103a810a1da - std::backtrace_rs::backtrace::trace_unsynchronized::h76d4f1c9b0b875e3
[INFO] [stdout]                                at /rustc/90b35a6239c3d8bdabc530a6a0816f7ff89a0aaf/library/std/src/../../backtrace/src/backtrace/mod.rs:66:5
[INFO] [stdout]    2:     0x6103a810a1da - std::sys::backtrace::_print_fmt::hc4546b8364a537c6
[INFO] [stdout]                                at /rustc/90b35a6239c3d8bdabc530a6a0816f7ff89a0aaf/library/std/src/sys/backtrace.rs:66:9
[INFO] [stdout]    3:     0x6103a810a1da - <std::sys::backtrace::BacktraceLock::print::DisplayBacktrace as core::fmt::Display>::fmt::h5b6bd5631a6d1f6b
[INFO] [stdout]                                at /rustc/90b35a6239c3d8bdabc530a6a0816f7ff89a0aaf/library/std/src/sys/backtrace.rs:39:26
[INFO] [stdout]    4:     0x6103a81327e3 - core::fmt::rt::Argument::fmt::h270f6602a2b96f62
[INFO] [stdout]                                at /rustc/90b35a6239c3d8bdabc530a6a0816f7ff89a0aaf/library/core/src/fmt/rt.rs:177:76
[INFO] [stdout]    5:     0x6103a81327e3 - core::fmt::write::h7550c97b06c86515
[INFO] [stdout]                                at /rustc/90b35a6239c3d8bdabc530a6a0816f7ff89a0aaf/library/core/src/fmt/mod.rs:1186:21
[INFO] [stdout]    6:     0x6103a81068f3 - std::io::Write::write_fmt::h509ff860e5956e5e
[INFO] [stdout]                                at /rustc/90b35a6239c3d8bdabc530a6a0816f7ff89a0aaf/library/std/src/io/mod.rs:1839:15
[INFO] [stdout]    7:     0x6103a810a022 - std::sys::backtrace::BacktraceLock::print::h2395ccd2c84ba3aa
[INFO] [stdout]                                at /rustc/90b35a6239c3d8bdabc530a6a0816f7ff89a0aaf/library/std/src/sys/backtrace.rs:42:9
[INFO] [stdout]    8:     0x6103a810b63a - std::panicking::default_hook::{{closure}}::he19d4c7230e07961
[INFO] [stdout]                                at /rustc/90b35a6239c3d8bdabc530a6a0816f7ff89a0aaf/library/std/src/panicking.rs:268:22
[INFO] [stdout]    9:     0x6103a810b444 - std::panicking::default_hook::hf614597d3c67bbdb
[INFO] [stdout]                                at /rustc/90b35a6239c3d8bdabc530a6a0816f7ff89a0aaf/library/std/src/panicking.rs:292:9
[INFO] [stdout]   10:     0x6103a80d16c9 - <alloc::boxed::Box<F,A> as core::ops::function::Fn<Args>>::call::h39b51ce4599c23d1
[INFO] [stdout]                                at /rustc/90b35a6239c3d8bdabc530a6a0816f7ff89a0aaf/library/alloc/src/boxed.rs:2468:9
[INFO] [stdout]   11:     0x6103a80d16c9 - test::test_main::{{closure}}::he977ae839a582784
[INFO] [stdout]                                at /rustc/90b35a6239c3d8bdabc530a6a0816f7ff89a0aaf/library/test/src/lib.rs:133:21
[INFO] [stdout]   12:     0x6103a810bcd8 - <alloc::boxed::Box<F,A> as core::ops::function::Fn<Args>>::call::h9455091b6b06f9fb
[INFO] [stdout]                                at /rustc/90b35a6239c3d8bdabc530a6a0816f7ff89a0aaf/library/alloc/src/boxed.rs:2468:9
[INFO] [stdout]   13:     0x6103a810bcd8 - std::panicking::rust_panic_with_hook::h8942133a8b252070
[INFO] [stdout]                                at /rustc/90b35a6239c3d8bdabc530a6a0816f7ff89a0aaf/library/std/src/panicking.rs:809:13
[INFO] [stdout]   14:     0x6103a810ba9a - std::panicking::begin_panic_handler::{{closure}}::hb5f5963570096b29
[INFO] [stdout]                                at /rustc/90b35a6239c3d8bdabc530a6a0816f7ff89a0aaf/library/std/src/panicking.rs:674:13
[INFO] [stdout]   15:     0x6103a810a6b9 - std::sys::backtrace::__rust_end_short_backtrace::h6208cedc1922feda
[INFO] [stdout]                                at /rustc/90b35a6239c3d8bdabc530a6a0816f7ff89a0aaf/library/std/src/sys/backtrace.rs:170:18
[INFO] [stdout]   16:     0x6103a810b72c - rust_begin_unwind
[INFO] [stdout]                                at /rustc/90b35a6239c3d8bdabc530a6a0816f7ff89a0aaf/library/std/src/panicking.rs:665:5
[INFO] [stdout]   17:     0x6103a7b42300 - core::panicking::panic_fmt::h0c3082644d1bf418
[INFO] [stdout]                                at /rustc/90b35a6239c3d8bdabc530a6a0816f7ff89a0aaf/library/core/src/panicking.rs:74:14
[INFO] [stdout]   18:     0x6103a7b42786 - core::result::unwrap_failed::hd20b4aa073bda1e2
[INFO] [stdout]                                at /rustc/90b35a6239c3d8bdabc530a6a0816f7ff89a0aaf/library/core/src/result.rs:1700:5
[INFO] [stdout]   19:     0x6103a7b49b15 - core::result::Result<T,E>::unwrap::h8c687f8efcd6532c
[INFO] [stdout]                                at /rustc/90b35a6239c3d8bdabc530a6a0816f7ff89a0aaf/library/core/src/result.rs:1104:23
[INFO] [stdout]   20:     0x6103a7b49b15 - aoc_cli::download_test::h8c8fe29507006ba5
[INFO] [stdout]                                at /opt/rustwide/workdir/aoc-cli/src/main.rs:69:9
[INFO] [stdout]   21:     0x6103a7b4b3db - aoc_cli::tests::test_download_test::hffb0c06544295440
[INFO] [stdout]                                at /opt/rustwide/workdir/aoc-cli/src/main.rs:181:34
[INFO] [stdout]   22:     0x6103a7b4af27 - aoc_cli::tests::test_download_test::{{closure}}::he8af585b0a69b439
[INFO] [stdout]                                at /opt/rustwide/workdir/aoc-cli/src/main.rs:178:28
[INFO] [stdout]   23:     0x6103a7b465b6 - core::ops::function::FnOnce::call_once::h840063298f9db5dd
[INFO] [stdout]                                at /rustc/90b35a6239c3d8bdabc530a6a0816f7ff89a0aaf/library/core/src/ops/function.rs:250:5
[INFO] [stdout]   24:     0x6103a80d608b - core::ops::function::FnOnce::call_once::h109cf8051a59b34e
[INFO] [stdout]                                at /rustc/90b35a6239c3d8bdabc530a6a0816f7ff89a0aaf/library/core/src/ops/function.rs:250:5
[INFO] [stdout]   25:     0x6103a80d608b - test::__rust_begin_short_backtrace::hf4fff89d377446ba
[INFO] [stdout]                                at /rustc/90b35a6239c3d8bdabc530a6a0816f7ff89a0aaf/library/test/src/lib.rs:621:18
[INFO] [stdout]   26:     0x6103a80d58c7 - test::run_test_in_process::{{closure}}::h0e39181dd7ee5a43
[INFO] [stdout]                                at /rustc/90b35a6239c3d8bdabc530a6a0816f7ff89a0aaf/library/test/src/lib.rs:644:60
[INFO] [stdout]   27:     0x6103a80d58c7 - <core::panic::unwind_safe::AssertUnwindSafe<F> as core::ops::function::FnOnce<()>>::call_once::hc5a66a30f0bdfd1f
[INFO] [stdout]                                at /rustc/90b35a6239c3d8bdabc530a6a0816f7ff89a0aaf/library/core/src/panic/unwind_safe.rs:272:9
[INFO] [stdout]   28:     0x6103a80d58c7 - std::panicking::try::do_call::h873b7cf639554a5e
[INFO] [stdout]                                at /rustc/90b35a6239c3d8bdabc530a6a0816f7ff89a0aaf/library/std/src/panicking.rs:557:40
[INFO] [stdout]   29:     0x6103a80d58c7 - std::panicking::try::hdb19862fad9c8bd1
[INFO] [stdout]                                at /rustc/90b35a6239c3d8bdabc530a6a0816f7ff89a0aaf/library/std/src/panicking.rs:520:19
[INFO] [stdout]   30:     0x6103a80d58c7 - std::panic::catch_unwind::h281fe732d236d260
[INFO] [stdout]                                at /rustc/90b35a6239c3d8bdabc530a6a0816f7ff89a0aaf/library/std/src/panic.rs:358:14
[INFO] [stdout]   31:     0x6103a80d58c7 - test::run_test_in_process::h949b6df8457ed338
[INFO] [stdout]                                at /rustc/90b35a6239c3d8bdabc530a6a0816f7ff89a0aaf/library/test/src/lib.rs:644:27
[INFO] [stdout]   32:     0x6103a80d58c7 - test::run_test::{{closure}}::h52c556a6d4740e10
[INFO] [stdout]                                at /rustc/90b35a6239c3d8bdabc530a6a0816f7ff89a0aaf/library/test/src/lib.rs:565:43
[INFO] [stdout]   33:     0x6103a809aba4 - test::run_test::{{closure}}::h4237f6381c45ccb9
[INFO] [stdout]                                at /rustc/90b35a6239c3d8bdabc530a6a0816f7ff89a0aaf/library/test/src/lib.rs:595:41
[INFO] [stdout]   34:     0x6103a809aba4 - std::sys::backtrace::__rust_begin_short_backtrace::h505c97a579eca628
[INFO] [stdout]                                at /rustc/90b35a6239c3d8bdabc530a6a0816f7ff89a0aaf/library/std/src/sys/backtrace.rs:154:18
[INFO] [stdout]   35:     0x6103a809e26e - std::thread::Builder::spawn_unchecked_::{{closure}}::{{closure}}::h9e86b2e2bc107ea3
[INFO] [stdout]                                at /rustc/90b35a6239c3d8bdabc530a6a0816f7ff89a0aaf/library/std/src/thread/mod.rs:538:17
[INFO] [stdout]   36:     0x6103a809e26e - <core::panic::unwind_safe::AssertUnwindSafe<F> as core::ops::function::FnOnce<()>>::call_once::h8b06ddb275ff4a25
[INFO] [stdout]                                at /rustc/90b35a6239c3d8bdabc530a6a0816f7ff89a0aaf/library/core/src/panic/unwind_safe.rs:272:9
[INFO] [stdout]   37:     0x6103a809e26e - std::panicking::try::do_call::hb26ecd7cd9a9355d
[INFO] [stdout]                                at /rustc/90b35a6239c3d8bdabc530a6a0816f7ff89a0aaf/library/std/src/panicking.rs:557:40
[INFO] [stdout]   38:     0x6103a809e26e - std::panicking::try::h8ddeca9d705f9069
[INFO] [stdout]                                at /rustc/90b35a6239c3d8bdabc530a6a0816f7ff89a0aaf/library/std/src/panicking.rs:520:19
[INFO] [stdout]   39:     0x6103a809e26e - std::panic::catch_unwind::h49e1c33078844c46
[INFO] [stdout]                                at /rustc/90b35a6239c3d8bdabc530a6a0816f7ff89a0aaf/library/std/src/panic.rs:358:14
[INFO] [stdout]   40:     0x6103a809e26e - std::thread::Builder::spawn_unchecked_::{{closure}}::h6073db6ff56ad35d
[INFO] [stdout]                                at /rustc/90b35a6239c3d8bdabc530a6a0816f7ff89a0aaf/library/std/src/thread/mod.rs:537:30
[INFO] [stdout]   41:     0x6103a809e26e - core::ops::function::FnOnce::call_once{{vtable.shim}}::h2c5a5f3779c774f1
[INFO] [stdout]                                at /rustc/90b35a6239c3d8bdabc530a6a0816f7ff89a0aaf/library/core/src/ops/function.rs:250:5
[INFO] [stdout]   42:     0x6103a810ff1b - <alloc::boxed::Box<F,A> as core::ops::function::FnOnce<Args>>::call_once::hf75717d9f28faebf
[INFO] [stdout]                                at /rustc/90b35a6239c3d8bdabc530a6a0816f7ff89a0aaf/library/alloc/src/boxed.rs:2454:9
[INFO] [stdout]   43:     0x6103a810ff1b - <alloc::boxed::Box<F,A> as core::ops::function::FnOnce<Args>>::call_once::h7bd883a5f3c5f3c1
[INFO] [stdout]                                at /rustc/90b35a6239c3d8bdabc530a6a0816f7ff89a0aaf/library/alloc/src/boxed.rs:2454:9
[INFO] [stdout]   44:     0x6103a810ff1b - std::sys::pal::unix::thread::Thread::new::thread_start::hcc78f3943333fa94
[INFO] [stdout]                                at /rustc/90b35a6239c3d8bdabc530a6a0816f7ff89a0aaf/library/std/src/sys/pal/unix/thread.rs:105:17
[INFO] [stdout]   45:     0x76ab65553ac3 - <unknown>
[INFO] [stdout]   46:     0x76ab655e4a04 - clone
[INFO] [stdout]   47:                0x0 - <unknown>
[INFO] [stdout] 
[INFO] [stdout] 
[INFO] [stdout] failures:
[INFO] [stdout]     tests::test_download_test
[INFO] [stdout] 
[INFO] [stdout] test result: FAILED. 0 passed; 1 failed; 0 ignored; 0 measured; 0 filtered out; finished in 0.06s
[INFO] [stdout] 
[INFO] [stderr] error: test failed, to rerun pass `-p aoc-cli --bin aoc-cli`
[INFO] running `Command { std: "docker" "inspect" "5fc1d7c875824dfd8bacbb884cd41021c0049c7f89efebf80e323e6f7d6ac2db", kill_on_drop: false }`
[INFO] running `Command { std: "docker" "rm" "-f" "5fc1d7c875824dfd8bacbb884cd41021c0049c7f89efebf80e323e6f7d6ac2db", kill_on_drop: false }`
[INFO] [stdout] 5fc1d7c875824dfd8bacbb884cd41021c0049c7f89efebf80e323e6f7d6ac2db
