[INFO] cloning repository https://github.com/metreniuk/monkey-interpreter
[INFO] running `Command { std: "git" "-c" "credential.helper=" "-c" "credential.helper=/workspace/cargo-home/bin/git-credential-null" "clone" "--bare" "https://github.com/metreniuk/monkey-interpreter" "/workspace/cache/git-repos/https%3A%2F%2Fgithub.com%2Fmetreniuk%2Fmonkey-interpreter", kill_on_drop: false }`
[INFO] [stderr] Cloning into bare repository '/workspace/cache/git-repos/https%3A%2F%2Fgithub.com%2Fmetreniuk%2Fmonkey-interpreter'...
[INFO] running `Command { std: "git" "rev-parse" "HEAD", kill_on_drop: false }`
[INFO] [stdout] b1cbbd7fc8bd2e59f33402c0d564ecad7fec1d76
[INFO] testing metreniuk/monkey-interpreter against 1.83.0 for beta-1.84.0-4-retry
[INFO] running `Command { std: "git" "clone" "/workspace/cache/git-repos/https%3A%2F%2Fgithub.com%2Fmetreniuk%2Fmonkey-interpreter" "/workspace/builds/worker-3-tc1/source", kill_on_drop: false }`
[INFO] [stderr] Cloning into '/workspace/builds/worker-3-tc1/source'...
[INFO] [stderr] done.
[INFO] validating manifest of git repo https://github.com/metreniuk/monkey-interpreter on toolchain 1.83.0
[INFO] running `Command { std: CARGO_HOME="/workspace/cargo-home" RUSTUP_HOME="/workspace/rustup-home" "/workspace/cargo-home/bin/cargo" "+1.83.0" "metadata" "--manifest-path" "Cargo.toml" "--no-deps", kill_on_drop: false }`
[INFO] started tweaking git repo https://github.com/metreniuk/monkey-interpreter
[INFO] finished tweaking git repo https://github.com/metreniuk/monkey-interpreter
[INFO] tweaked toml for git repo https://github.com/metreniuk/monkey-interpreter written to /workspace/builds/worker-3-tc1/source/Cargo.toml
[INFO] crate git repo https://github.com/metreniuk/monkey-interpreter already has a lockfile, it will not be regenerated
[INFO] running `Command { std: CARGO_HOME="/workspace/cargo-home" RUSTUP_HOME="/workspace/rustup-home" "/workspace/cargo-home/bin/cargo" "+1.83.0" "fetch" "--manifest-path" "Cargo.toml", kill_on_drop: false }`
[INFO] running `Command { std: "docker" "create" "-v" "/var/lib/crater-agent-workspace/builds/worker-3-tc1/target:/opt/rustwide/target:rw,Z" "-v" "/var/lib/crater-agent-workspace/builds/worker-3-tc1/source:/opt/rustwide/workdir:ro,Z" "-v" "/var/lib/crater-agent-workspace/cargo-home:/opt/rustwide/cargo-home:ro,Z" "-v" "/var/lib/crater-agent-workspace/rustup-home:/opt/rustwide/rustup-home:ro,Z" "-e" "SOURCE_DIR=/opt/rustwide/workdir" "-e" "CARGO_TARGET_DIR=/opt/rustwide/target" "-e" "CARGO_HOME=/opt/rustwide/cargo-home" "-e" "RUSTUP_HOME=/opt/rustwide/rustup-home" "-w" "/opt/rustwide/workdir" "-m" "1610612736" "--user" "0:0" "--network" "none" "ghcr.io/rust-lang/crates-build-env/linux@sha256:f3a9d4ad9d972b27faf3965f35b62e55ba32bbce8f20bc8fe909558a86702fde" "/opt/rustwide/cargo-home/bin/cargo" "+1.83.0" "metadata" "--no-deps" "--format-version=1", kill_on_drop: false }`
[INFO] [stdout] 56d11542b93b450fc98ad38d380166839a3586e244edffb833fea4e0b7bde0fc
[INFO] running `Command { std: "docker" "start" "-a" "56d11542b93b450fc98ad38d380166839a3586e244edffb833fea4e0b7bde0fc", kill_on_drop: false }`
[INFO] running `Command { std: "docker" "inspect" "56d11542b93b450fc98ad38d380166839a3586e244edffb833fea4e0b7bde0fc", kill_on_drop: false }`
[INFO] running `Command { std: "docker" "rm" "-f" "56d11542b93b450fc98ad38d380166839a3586e244edffb833fea4e0b7bde0fc", kill_on_drop: false }`
[INFO] [stdout] 56d11542b93b450fc98ad38d380166839a3586e244edffb833fea4e0b7bde0fc
[INFO] running `Command { std: "docker" "create" "-v" "/var/lib/crater-agent-workspace/builds/worker-3-tc1/target:/opt/rustwide/target:rw,Z" "-v" "/var/lib/crater-agent-workspace/builds/worker-3-tc1/source:/opt/rustwide/workdir:ro,Z" "-v" "/var/lib/crater-agent-workspace/cargo-home:/opt/rustwide/cargo-home:ro,Z" "-v" "/var/lib/crater-agent-workspace/rustup-home:/opt/rustwide/rustup-home:ro,Z" "-e" "SOURCE_DIR=/opt/rustwide/workdir" "-e" "CARGO_TARGET_DIR=/opt/rustwide/target" "-e" "CARGO_INCREMENTAL=0" "-e" "RUST_BACKTRACE=full" "-e" "RUSTFLAGS=--cap-lints=warn" "-e" "RUSTDOCFLAGS=--cap-lints=warn" "-e" "CARGO_HOME=/opt/rustwide/cargo-home" "-e" "RUSTUP_HOME=/opt/rustwide/rustup-home" "-w" "/opt/rustwide/workdir" "-m" "1610612736" "--user" "0:0" "--network" "none" "ghcr.io/rust-lang/crates-build-env/linux@sha256:f3a9d4ad9d972b27faf3965f35b62e55ba32bbce8f20bc8fe909558a86702fde" "/opt/rustwide/cargo-home/bin/cargo" "+1.83.0" "build" "--frozen" "--message-format=json", kill_on_drop: false }`
[INFO] [stdout] a0a7e8f12cf60b8d25c6c054abf4a35bcb7fe5e30a644cb9e4470f8b41e6136c
[INFO] running `Command { std: "docker" "start" "-a" "a0a7e8f12cf60b8d25c6c054abf4a35bcb7fe5e30a644cb9e4470f8b41e6136c", kill_on_drop: false }`
[INFO] [stderr]    Compiling monkey-lang v0.1.0 (/opt/rustwide/workdir)
[INFO] [stderr]     Finished `dev` profile [unoptimized + debuginfo] target(s) in 0.97s
[INFO] running `Command { std: "docker" "inspect" "a0a7e8f12cf60b8d25c6c054abf4a35bcb7fe5e30a644cb9e4470f8b41e6136c", kill_on_drop: false }`
[INFO] running `Command { std: "docker" "rm" "-f" "a0a7e8f12cf60b8d25c6c054abf4a35bcb7fe5e30a644cb9e4470f8b41e6136c", kill_on_drop: false }`
[INFO] [stdout] a0a7e8f12cf60b8d25c6c054abf4a35bcb7fe5e30a644cb9e4470f8b41e6136c
[INFO] running `Command { std: "docker" "create" "-v" "/var/lib/crater-agent-workspace/builds/worker-3-tc1/target:/opt/rustwide/target:rw,Z" "-v" "/var/lib/crater-agent-workspace/builds/worker-3-tc1/source:/opt/rustwide/workdir:ro,Z" "-v" "/var/lib/crater-agent-workspace/cargo-home:/opt/rustwide/cargo-home:ro,Z" "-v" "/var/lib/crater-agent-workspace/rustup-home:/opt/rustwide/rustup-home:ro,Z" "-e" "SOURCE_DIR=/opt/rustwide/workdir" "-e" "CARGO_TARGET_DIR=/opt/rustwide/target" "-e" "CARGO_INCREMENTAL=0" "-e" "RUST_BACKTRACE=full" "-e" "RUSTFLAGS=--cap-lints=warn" "-e" "RUSTDOCFLAGS=--cap-lints=warn" "-e" "CARGO_HOME=/opt/rustwide/cargo-home" "-e" "RUSTUP_HOME=/opt/rustwide/rustup-home" "-w" "/opt/rustwide/workdir" "-m" "1610612736" "--user" "0:0" "--network" "none" "ghcr.io/rust-lang/crates-build-env/linux@sha256:f3a9d4ad9d972b27faf3965f35b62e55ba32bbce8f20bc8fe909558a86702fde" "/opt/rustwide/cargo-home/bin/cargo" "+1.83.0" "test" "--frozen" "--no-run" "--message-format=json", kill_on_drop: false }`
[INFO] [stdout] 882d7a80f437d201ed299bc27e7dc1d77a5f24e97f7ba909f2a48cb3a2547b96
[INFO] running `Command { std: "docker" "start" "-a" "882d7a80f437d201ed299bc27e7dc1d77a5f24e97f7ba909f2a48cb3a2547b96", kill_on_drop: false }`
[INFO] [stderr]    Compiling monkey-lang v0.1.0 (/opt/rustwide/workdir)
[INFO] [stderr]     Finished `test` profile [unoptimized + debuginfo] target(s) in 1.36s
[INFO] running `Command { std: "docker" "inspect" "882d7a80f437d201ed299bc27e7dc1d77a5f24e97f7ba909f2a48cb3a2547b96", kill_on_drop: false }`
[INFO] running `Command { std: "docker" "rm" "-f" "882d7a80f437d201ed299bc27e7dc1d77a5f24e97f7ba909f2a48cb3a2547b96", kill_on_drop: false }`
[INFO] [stdout] 882d7a80f437d201ed299bc27e7dc1d77a5f24e97f7ba909f2a48cb3a2547b96
[INFO] running `Command { std: "docker" "create" "-v" "/var/lib/crater-agent-workspace/builds/worker-3-tc1/target:/opt/rustwide/target:rw,Z" "-v" "/var/lib/crater-agent-workspace/builds/worker-3-tc1/source:/opt/rustwide/workdir:ro,Z" "-v" "/var/lib/crater-agent-workspace/cargo-home:/opt/rustwide/cargo-home:ro,Z" "-v" "/var/lib/crater-agent-workspace/rustup-home:/opt/rustwide/rustup-home:ro,Z" "-e" "SOURCE_DIR=/opt/rustwide/workdir" "-e" "CARGO_TARGET_DIR=/opt/rustwide/target" "-e" "CARGO_INCREMENTAL=0" "-e" "RUST_BACKTRACE=full" "-e" "RUSTFLAGS=--cap-lints=warn" "-e" "RUSTDOCFLAGS=--cap-lints=warn" "-e" "CARGO_HOME=/opt/rustwide/cargo-home" "-e" "RUSTUP_HOME=/opt/rustwide/rustup-home" "-w" "/opt/rustwide/workdir" "-m" "1610612736" "--user" "0:0" "--network" "none" "ghcr.io/rust-lang/crates-build-env/linux@sha256:f3a9d4ad9d972b27faf3965f35b62e55ba32bbce8f20bc8fe909558a86702fde" "/opt/rustwide/cargo-home/bin/cargo" "+1.83.0" "test" "--frozen", kill_on_drop: false }`
[INFO] [stdout] f277b1f82cc96f07ff3aca48d30f655a06d6f32596c0144544e1519740e1773a
[INFO] running `Command { std: "docker" "start" "-a" "f277b1f82cc96f07ff3aca48d30f655a06d6f32596c0144544e1519740e1773a", kill_on_drop: false }`
[INFO] [stderr]     Finished `test` profile [unoptimized + debuginfo] target(s) in 0.01s
[INFO] [stderr]      Running unittests src/main.rs (/opt/rustwide/target/debug/deps/monkey_lang-e14abf5d22185abf)
[INFO] [stdout] 
[INFO] [stdout] running 43 tests
[INFO] [stdout] test evaluator::tests::test_array ... ok
[INFO] [stdout] test evaluator::tests::test_builtin_first ... ok
[INFO] [stdout] test evaluator::tests::test_builtin_push ... ok
[INFO] [stdout] test evaluator::tests::test_bool ... ok
[INFO] [stdout] test evaluator::tests::test_infix_string_expression ... ok
[INFO] [stdout] test evaluator::tests::test_infix_boolean_expression ... ok
[INFO] [stdout] test evaluator::tests::test_function_clojures ... ok
[INFO] [stdout] test evaluator::tests::test_infix_integer_expression ... ok
[INFO] [stdout] test evaluator::tests::test_builtin_len ... ok
[INFO] [stdout] test evaluator::tests::test_int ... ok
[INFO] [stdout] test evaluator::tests::test_if_else_expression ... ok
[INFO] [stdout] test evaluator::tests::test_let_statements ... ok
[INFO] [stdout] test lexer::tests::test_next_token ... ok
[INFO] [stdout] test evaluator::tests::test_return_statements ... ok
[INFO] [stdout] test evaluator::tests::test_function_application ... ok
[INFO] [stdout] test evaluator::tests::test_function ... ok
[INFO] [stdout] test evaluator::tests::test_string ... ok
[INFO] [stdout] test lexer::tests::test_basic ... ok
[INFO] [stdout] test lexer::tests::test_next_token_array ... ok
[INFO] [stdout] test lexer::tests::test_next_token_binary ... ok
[INFO] [stdout] test lexer::tests::test_next_token_more ... ok
[INFO] [stdout] test evaluator::tests::test_error ... ok
[INFO] [stdout] test parser::tests::test_array ... ok
[INFO] [stdout] test parser::tests::test_array_access ... ok
[INFO] [stdout] test parser::tests::test_expr_boolean ... ok
[INFO] [stdout] test evaluator::tests::test_builtin_rest ... ok
[INFO] [stdout] test lexer::tests::test_next_token_string ... ok
[INFO] [stdout] test parser::tests::test_expr_grouped ... ok
[INFO] [stdout] test parser::tests::test_expr_infix ... ok
[INFO] [stdout] test parser::tests::test_expr_infix_long ... ok
[INFO] [stdout] test evaluator::tests::test_builtin_last ... ok
[INFO] [stdout] test parser::tests::test_expr_string ... ok
[INFO] [stdout] test parser::tests::test_expr_integer ... ok
[INFO] [stdout] test parser::tests::test_expr_prefix ... ok
[INFO] [stdout] test parser::tests::test_call_expr ... ok
[INFO] [stdout] test parser::tests::test_if_else_expr ... ok
[INFO] [stdout] test parser::tests::test_fn ... ok
[INFO] [stdout] test parser::tests::test_if_expr ... ok
[INFO] [stdout] test parser::tests::test_let ... ok
[INFO] [stdout] test evaluator::tests::test_bang_operator ... ok
[INFO] [stdout] test parser::tests::test_return ... ok
[INFO] [stdout] test parser::tests::test_expr_ident ... ok
[INFO] [stdout] test evaluator::tests::test_builtin_combined ... FAILED
[INFO] [stdout] 
[INFO] [stdout] failures:
[INFO] [stdout] 
[INFO] [stdout] ---- evaluator::tests::test_builtin_combined stdout ----
[INFO] [stdout] FUNC [Identifier(Ident("arr")), Identifier(Ident("f"))]
[INFO] [stdout] Env values
[INFO] [stdout] f fn(x) { (x * 2) }
[INFO] [stdout] arr [1, 2, 3, 4]
[INFO] [stdout] FUNC [Identifier(Ident("arr")), Identifier(Ident("accumulated"))]
[INFO] [stdout] Env values
[INFO] [stdout] accumulated [
[INFO] [stdout] arr [1, 2, 3, 4]
[INFO] [stdout] f fn(x) { (x * 2) }
[INFO] [stdout] arr [1, 2, 3, 4]
[INFO] [stdout] thread 'evaluator::tests::test_builtin_combined' panicked at src/evaluator.rs:425:9:
[INFO] [stdout] assertion `left == right` failed
[INFO] [stdout]   left: "Identifier not found: iter"
[INFO] [stdout]  right: "[2, 4, 6, 8]"
[INFO] [stdout] stack backtrace:
[INFO] [stdout]    0:     0x569759805d1a - std::backtrace_rs::backtrace::libunwind::trace::h5a5b8284f2d0c266
[INFO] [stdout]                                at /rustc/90b35a6239c3d8bdabc530a6a0816f7ff89a0aaf/library/std/src/../../backtrace/src/backtrace/libunwind.rs:116:5
[INFO] [stdout]    1:     0x569759805d1a - std::backtrace_rs::backtrace::trace_unsynchronized::h76d4f1c9b0b875e3
[INFO] [stdout]                                at /rustc/90b35a6239c3d8bdabc530a6a0816f7ff89a0aaf/library/std/src/../../backtrace/src/backtrace/mod.rs:66:5
[INFO] [stdout]    2:     0x569759805d1a - std::sys::backtrace::_print_fmt::hc4546b8364a537c6
[INFO] [stdout]                                at /rustc/90b35a6239c3d8bdabc530a6a0816f7ff89a0aaf/library/std/src/sys/backtrace.rs:66:9
[INFO] [stdout]    3:     0x569759805d1a - <std::sys::backtrace::BacktraceLock::print::DisplayBacktrace as core::fmt::Display>::fmt::h5b6bd5631a6d1f6b
[INFO] [stdout]                                at /rustc/90b35a6239c3d8bdabc530a6a0816f7ff89a0aaf/library/std/src/sys/backtrace.rs:39:26
[INFO] [stdout]    4:     0x56975982b133 - core::fmt::rt::Argument::fmt::h270f6602a2b96f62
[INFO] [stdout]                                at /rustc/90b35a6239c3d8bdabc530a6a0816f7ff89a0aaf/library/core/src/fmt/rt.rs:177:76
[INFO] [stdout]    5:     0x56975982b133 - core::fmt::write::h7550c97b06c86515
[INFO] [stdout]                                at /rustc/90b35a6239c3d8bdabc530a6a0816f7ff89a0aaf/library/core/src/fmt/mod.rs:1186:21
[INFO] [stdout]    6:     0x569759802ee3 - std::io::Write::write_fmt::h509ff860e5956e5e
[INFO] [stdout]                                at /rustc/90b35a6239c3d8bdabc530a6a0816f7ff89a0aaf/library/std/src/io/mod.rs:1839:15
[INFO] [stdout]    7:     0x569759805b62 - std::sys::backtrace::BacktraceLock::print::h2395ccd2c84ba3aa
[INFO] [stdout]                                at /rustc/90b35a6239c3d8bdabc530a6a0816f7ff89a0aaf/library/std/src/sys/backtrace.rs:42:9
[INFO] [stdout]    8:     0x56975980717a - std::panicking::default_hook::{{closure}}::he19d4c7230e07961
[INFO] [stdout]                                at /rustc/90b35a6239c3d8bdabc530a6a0816f7ff89a0aaf/library/std/src/panicking.rs:268:22
[INFO] [stdout]    9:     0x569759806f84 - std::panicking::default_hook::hf614597d3c67bbdb
[INFO] [stdout]                                at /rustc/90b35a6239c3d8bdabc530a6a0816f7ff89a0aaf/library/std/src/panicking.rs:292:9
[INFO] [stdout]   10:     0x5697597d2869 - <alloc::boxed::Box<F,A> as core::ops::function::Fn<Args>>::call::h39b51ce4599c23d1
[INFO] [stdout]                                at /rustc/90b35a6239c3d8bdabc530a6a0816f7ff89a0aaf/library/alloc/src/boxed.rs:2468:9
[INFO] [stdout]   11:     0x5697597d2869 - test::test_main::{{closure}}::he977ae839a582784
[INFO] [stdout]                                at /rustc/90b35a6239c3d8bdabc530a6a0816f7ff89a0aaf/library/test/src/lib.rs:133:21
[INFO] [stdout]   12:     0x569759807818 - <alloc::boxed::Box<F,A> as core::ops::function::Fn<Args>>::call::h9455091b6b06f9fb
[INFO] [stdout]                                at /rustc/90b35a6239c3d8bdabc530a6a0816f7ff89a0aaf/library/alloc/src/boxed.rs:2468:9
[INFO] [stdout]   13:     0x569759807818 - std::panicking::rust_panic_with_hook::h8942133a8b252070
[INFO] [stdout]                                at /rustc/90b35a6239c3d8bdabc530a6a0816f7ff89a0aaf/library/std/src/panicking.rs:809:13
[INFO] [stdout]   14:     0x5697598075da - std::panicking::begin_panic_handler::{{closure}}::hb5f5963570096b29
[INFO] [stdout]                                at /rustc/90b35a6239c3d8bdabc530a6a0816f7ff89a0aaf/library/std/src/panicking.rs:674:13
[INFO] [stdout]   15:     0x5697598061f9 - std::sys::backtrace::__rust_end_short_backtrace::h6208cedc1922feda
[INFO] [stdout]                                at /rustc/90b35a6239c3d8bdabc530a6a0816f7ff89a0aaf/library/std/src/sys/backtrace.rs:170:18
[INFO] [stdout]   16:     0x56975980726c - rust_begin_unwind
[INFO] [stdout]                                at /rustc/90b35a6239c3d8bdabc530a6a0816f7ff89a0aaf/library/std/src/panicking.rs:665:5
[INFO] [stdout]   17:     0x569759755a60 - core::panicking::panic_fmt::h0c3082644d1bf418
[INFO] [stdout]                                at /rustc/90b35a6239c3d8bdabc530a6a0816f7ff89a0aaf/library/core/src/panicking.rs:74:14
[INFO] [stdout]   18:     0x569759755e2b - core::panicking::assert_failed_inner::h2ddf1fcc067fa858
[INFO] [stdout]   19:     0x569759765013 - core::panicking::assert_failed::h0df74128438af795
[INFO] [stdout]                                at /rustc/90b35a6239c3d8bdabc530a6a0816f7ff89a0aaf/library/core/src/panicking.rs:367:5
[INFO] [stdout]   20:     0x569759769f20 - monkey_lang::evaluator::tests::test_program::h101658053fb76279
[INFO] [stdout]                                at /opt/rustwide/workdir/src/evaluator.rs:425:9
[INFO] [stdout]   21:     0x56975976c62e - monkey_lang::evaluator::tests::test_builtin_combined::hdd758650468ea5b2
[INFO] [stdout]                                at /opt/rustwide/workdir/src/evaluator.rs:658:9
[INFO] [stdout]   22:     0x56975976c5f7 - monkey_lang::evaluator::tests::test_builtin_combined::{{closure}}::h923af5a9a093641b
[INFO] [stdout]                                at /opt/rustwide/workdir/src/evaluator.rs:656:31
[INFO] [stdout]   23:     0x569759760846 - core::ops::function::FnOnce::call_once::h73f684c652464ecf
[INFO] [stdout]                                at /rustc/90b35a6239c3d8bdabc530a6a0816f7ff89a0aaf/library/core/src/ops/function.rs:250:5
[INFO] [stdout]   24:     0x5697597d722b - core::ops::function::FnOnce::call_once::h109cf8051a59b34e
[INFO] [stdout]                                at /rustc/90b35a6239c3d8bdabc530a6a0816f7ff89a0aaf/library/core/src/ops/function.rs:250:5
[INFO] [stdout]   25:     0x5697597d722b - test::__rust_begin_short_backtrace::hf4fff89d377446ba
[INFO] [stdout]                                at /rustc/90b35a6239c3d8bdabc530a6a0816f7ff89a0aaf/library/test/src/lib.rs:621:18
[INFO] [stdout]   26:     0x5697597d6a67 - test::run_test_in_process::{{closure}}::h0e39181dd7ee5a43
[INFO] [stdout]                                at /rustc/90b35a6239c3d8bdabc530a6a0816f7ff89a0aaf/library/test/src/lib.rs:644:60
[INFO] [stdout]   27:     0x5697597d6a67 - <core::panic::unwind_safe::AssertUnwindSafe<F> as core::ops::function::FnOnce<()>>::call_once::hc5a66a30f0bdfd1f
[INFO] [stdout]                                at /rustc/90b35a6239c3d8bdabc530a6a0816f7ff89a0aaf/library/core/src/panic/unwind_safe.rs:272:9
[INFO] [stdout]   28:     0x5697597d6a67 - std::panicking::try::do_call::h873b7cf639554a5e
[INFO] [stdout]                                at /rustc/90b35a6239c3d8bdabc530a6a0816f7ff89a0aaf/library/std/src/panicking.rs:557:40
[INFO] [stdout]   29:     0x5697597d6a67 - std::panicking::try::hdb19862fad9c8bd1
[INFO] [stdout]                                at /rustc/90b35a6239c3d8bdabc530a6a0816f7ff89a0aaf/library/std/src/panicking.rs:520:19
[INFO] [stdout]   30:     0x5697597d6a67 - std::panic::catch_unwind::h281fe732d236d260
[INFO] [stdout]                                at /rustc/90b35a6239c3d8bdabc530a6a0816f7ff89a0aaf/library/std/src/panic.rs:358:14
[INFO] [stdout]   31:     0x5697597d6a67 - test::run_test_in_process::h949b6df8457ed338
[INFO] [stdout]                                at /rustc/90b35a6239c3d8bdabc530a6a0816f7ff89a0aaf/library/test/src/lib.rs:644:27
[INFO] [stdout]   32:     0x5697597d6a67 - test::run_test::{{closure}}::h52c556a6d4740e10
[INFO] [stdout]                                at /rustc/90b35a6239c3d8bdabc530a6a0816f7ff89a0aaf/library/test/src/lib.rs:565:43
[INFO] [stdout]   33:     0x56975979bd44 - test::run_test::{{closure}}::h4237f6381c45ccb9
[INFO] [stdout]                                at /rustc/90b35a6239c3d8bdabc530a6a0816f7ff89a0aaf/library/test/src/lib.rs:595:41
[INFO] [stdout]   34:     0x56975979bd44 - std::sys::backtrace::__rust_begin_short_backtrace::h505c97a579eca628
[INFO] [stdout]                                at /rustc/90b35a6239c3d8bdabc530a6a0816f7ff89a0aaf/library/std/src/sys/backtrace.rs:154:18
[INFO] [stdout]   35:     0x56975979f40e - std::thread::Builder::spawn_unchecked_::{{closure}}::{{closure}}::h9e86b2e2bc107ea3
[INFO] [stdout]                                at /rustc/90b35a6239c3d8bdabc530a6a0816f7ff89a0aaf/library/std/src/thread/mod.rs:538:17
[INFO] [stdout]   36:     0x56975979f40e - <core::panic::unwind_safe::AssertUnwindSafe<F> as core::ops::function::FnOnce<()>>::call_once::h8b06ddb275ff4a25
[INFO] [stdout]                                at /rustc/90b35a6239c3d8bdabc530a6a0816f7ff89a0aaf/library/core/src/panic/unwind_safe.rs:272:9
[INFO] [stdout]   37:     0x56975979f40e - std::panicking::try::do_call::hb26ecd7cd9a9355d
[INFO] [stdout]                                at /rustc/90b35a6239c3d8bdabc530a6a0816f7ff89a0aaf/library/std/src/panicking.rs:557:40
[INFO] [stdout]   38:     0x56975979f40e - std::panicking::try::h8ddeca9d705f9069
[INFO] [stdout]                                at /rustc/90b35a6239c3d8bdabc530a6a0816f7ff89a0aaf/library/std/src/panicking.rs:520:19
[INFO] [stdout]   39:     0x56975979f40e - std::panic::catch_unwind::h49e1c33078844c46
[INFO] [stdout]                                at /rustc/90b35a6239c3d8bdabc530a6a0816f7ff89a0aaf/library/std/src/panic.rs:358:14
[INFO] [stdout]   40:     0x56975979f40e - std::thread::Builder::spawn_unchecked_::{{closure}}::h6073db6ff56ad35d
[INFO] [stdout]                                at /rustc/90b35a6239c3d8bdabc530a6a0816f7ff89a0aaf/library/std/src/thread/mod.rs:537:30
[INFO] [stdout]   41:     0x56975979f40e - core::ops::function::FnOnce::call_once{{vtable.shim}}::h2c5a5f3779c774f1
[INFO] [stdout]                                at /rustc/90b35a6239c3d8bdabc530a6a0816f7ff89a0aaf/library/core/src/ops/function.rs:250:5
[INFO] [stdout]   42:     0x56975980b56b - <alloc::boxed::Box<F,A> as core::ops::function::FnOnce<Args>>::call_once::hf75717d9f28faebf
[INFO] [stdout]                                at /rustc/90b35a6239c3d8bdabc530a6a0816f7ff89a0aaf/library/alloc/src/boxed.rs:2454:9
[INFO] [stdout]   43:     0x56975980b56b - <alloc::boxed::Box<F,A> as core::ops::function::FnOnce<Args>>::call_once::h7bd883a5f3c5f3c1
[INFO] [stdout]                                at /rustc/90b35a6239c3d8bdabc530a6a0816f7ff89a0aaf/library/alloc/src/boxed.rs:2454:9
[INFO] [stdout]   44:     0x56975980b56b - std::sys::pal::unix::thread::Thread::new::thread_start::hcc78f3943333fa94
[INFO] [stdout]                                at /rustc/90b35a6239c3d8bdabc530a6a0816f7ff89a0aaf/library/std/src/sys/pal/unix/thread.rs:105:17
[INFO] [stdout]   45:     0x753c14afdac3 - <unknown>
[INFO] [stdout]   46:     0x753c14b8ea04 - clone
[INFO] [stdout]   47:                0x0 - <unknown>
[INFO] [stdout] 
[INFO] [stdout] 
[INFO] [stdout] failures:
[INFO] [stdout]     evaluator::tests::test_builtin_combined
[INFO] [stdout] 
[INFO] [stdout] test result: FAILED. 42 passed; 1 failed; 0 ignored; 0 measured; 0 filtered out; finished in 0.04s
[INFO] [stdout] 
[INFO] [stderr] error: test failed, to rerun pass `--bin monkey-lang`
[INFO] running `Command { std: "docker" "inspect" "f277b1f82cc96f07ff3aca48d30f655a06d6f32596c0144544e1519740e1773a", kill_on_drop: false }`
[INFO] running `Command { std: "docker" "rm" "-f" "f277b1f82cc96f07ff3aca48d30f655a06d6f32596c0144544e1519740e1773a", kill_on_drop: false }`
[INFO] [stdout] f277b1f82cc96f07ff3aca48d30f655a06d6f32596c0144544e1519740e1773a
