[INFO] cloning repository https://github.com/messi18/rust-programming-
[INFO] running `Command { std: "git" "-c" "credential.helper=" "-c" "credential.helper=/workspace/cargo-home/bin/git-credential-null" "clone" "--bare" "https://github.com/messi18/rust-programming-" "/workspace/cache/git-repos/https%3A%2F%2Fgithub.com%2Fmessi18%2Frust-programming-", kill_on_drop: false }`
[INFO] [stderr] Cloning into bare repository '/workspace/cache/git-repos/https%3A%2F%2Fgithub.com%2Fmessi18%2Frust-programming-'...
[INFO] running `Command { std: "git" "rev-parse" "HEAD", kill_on_drop: false }`
[INFO] [stdout] ec972d023e787c308383fff35ad0bdbbc44cd738
[INFO] testing messi18/rust-programming- against beta-2024-12-08 for beta-1.84.0-4-retry
[INFO] running `Command { std: "git" "clone" "/workspace/cache/git-repos/https%3A%2F%2Fgithub.com%2Fmessi18%2Frust-programming-" "/workspace/builds/worker-4-tc2/source", kill_on_drop: false }`
[INFO] [stderr] Cloning into '/workspace/builds/worker-4-tc2/source'...
[INFO] [stderr] done.
[INFO] validating manifest of git repo https://github.com/messi18/rust-programming- on toolchain beta-2024-12-08
[INFO] running `Command { std: CARGO_HOME="/workspace/cargo-home" RUSTUP_HOME="/workspace/rustup-home" "/workspace/cargo-home/bin/cargo" "+beta-2024-12-08" "metadata" "--manifest-path" "Cargo.toml" "--no-deps", kill_on_drop: false }`
[INFO] started tweaking git repo https://github.com/messi18/rust-programming-
[INFO] finished tweaking git repo https://github.com/messi18/rust-programming-
[INFO] tweaked toml for git repo https://github.com/messi18/rust-programming- written to /workspace/builds/worker-4-tc2/source/Cargo.toml
[INFO] crate git repo https://github.com/messi18/rust-programming- already has a lockfile, it will not be regenerated
[INFO] running `Command { std: CARGO_HOME="/workspace/cargo-home" RUSTUP_HOME="/workspace/rustup-home" "/workspace/cargo-home/bin/cargo" "+beta-2024-12-08" "fetch" "--manifest-path" "Cargo.toml", kill_on_drop: false }`
[INFO] running `Command { std: "docker" "create" "-v" "/var/lib/crater-agent-workspace/builds/worker-4-tc2/target:/opt/rustwide/target:rw,Z" "-v" "/var/lib/crater-agent-workspace/builds/worker-4-tc2/source:/opt/rustwide/workdir:ro,Z" "-v" "/var/lib/crater-agent-workspace/cargo-home:/opt/rustwide/cargo-home:ro,Z" "-v" "/var/lib/crater-agent-workspace/rustup-home:/opt/rustwide/rustup-home:ro,Z" "-e" "SOURCE_DIR=/opt/rustwide/workdir" "-e" "CARGO_TARGET_DIR=/opt/rustwide/target" "-e" "CARGO_HOME=/opt/rustwide/cargo-home" "-e" "RUSTUP_HOME=/opt/rustwide/rustup-home" "-w" "/opt/rustwide/workdir" "-m" "1610612736" "--user" "0:0" "--network" "none" "ghcr.io/rust-lang/crates-build-env/linux@sha256:f3a9d4ad9d972b27faf3965f35b62e55ba32bbce8f20bc8fe909558a86702fde" "/opt/rustwide/cargo-home/bin/cargo" "+beta-2024-12-08" "metadata" "--no-deps" "--format-version=1", kill_on_drop: false }`
[INFO] [stdout] f3ebb01b7909c4c6349f2531ff7ca9576ed662de9b2046173b29ed9bd2f03d7f
[INFO] running `Command { std: "docker" "start" "-a" "f3ebb01b7909c4c6349f2531ff7ca9576ed662de9b2046173b29ed9bd2f03d7f", kill_on_drop: false }`
[INFO] running `Command { std: "docker" "inspect" "f3ebb01b7909c4c6349f2531ff7ca9576ed662de9b2046173b29ed9bd2f03d7f", kill_on_drop: false }`
[INFO] running `Command { std: "docker" "rm" "-f" "f3ebb01b7909c4c6349f2531ff7ca9576ed662de9b2046173b29ed9bd2f03d7f", kill_on_drop: false }`
[INFO] [stdout] f3ebb01b7909c4c6349f2531ff7ca9576ed662de9b2046173b29ed9bd2f03d7f
[INFO] running `Command { std: "docker" "create" "-v" "/var/lib/crater-agent-workspace/builds/worker-4-tc2/target:/opt/rustwide/target:rw,Z" "-v" "/var/lib/crater-agent-workspace/builds/worker-4-tc2/source:/opt/rustwide/workdir:ro,Z" "-v" "/var/lib/crater-agent-workspace/cargo-home:/opt/rustwide/cargo-home:ro,Z" "-v" "/var/lib/crater-agent-workspace/rustup-home:/opt/rustwide/rustup-home:ro,Z" "-e" "SOURCE_DIR=/opt/rustwide/workdir" "-e" "CARGO_TARGET_DIR=/opt/rustwide/target" "-e" "CARGO_INCREMENTAL=0" "-e" "RUST_BACKTRACE=full" "-e" "RUSTFLAGS=--cap-lints=warn" "-e" "RUSTDOCFLAGS=--cap-lints=warn" "-e" "CARGO_HOME=/opt/rustwide/cargo-home" "-e" "RUSTUP_HOME=/opt/rustwide/rustup-home" "-w" "/opt/rustwide/workdir" "-m" "1610612736" "--user" "0:0" "--network" "none" "ghcr.io/rust-lang/crates-build-env/linux@sha256:f3a9d4ad9d972b27faf3965f35b62e55ba32bbce8f20bc8fe909558a86702fde" "/opt/rustwide/cargo-home/bin/cargo" "+beta-2024-12-08" "build" "--frozen" "--message-format=json", kill_on_drop: false }`
[INFO] [stdout] b0856a9a39feaeb25f02d54fc42b86ab52a489e1b205c522044211261f128312
[INFO] running `Command { std: "docker" "start" "-a" "b0856a9a39feaeb25f02d54fc42b86ab52a489e1b205c522044211261f128312", kill_on_drop: false }`
[INFO] [stderr]    Compiling rust_programming_practice v0.1.0 (/opt/rustwide/workdir)
[INFO] [stdout] warning: unused imports: `use_string` and `use_vec`
[INFO] [stdout]  --> src/ch8.rs:2:22
[INFO] [stdout]   |
[INFO] [stdout] 2 |     use crate::ch8::{use_string, use_vec};
[INFO] [stdout]   |                      ^^^^^^^^^^  ^^^^^^^
[INFO] [stdout]   |
[INFO] [stdout]   = note: `#[warn(unused_imports)]` on by default
[INFO] [stdout] 
[INFO] [stdout] 
[INFO] [stdout] warning: unused import: `crate::ch13::calculation_intensity`
[INFO] [stdout]   --> src/ch13.rs:46:9
[INFO] [stdout]    |
[INFO] [stdout] 46 |     use crate::ch13::calculation_intensity;
[INFO] [stdout]    |         ^^^^^^^^^^^^^^^^^^^^^^^^^^^^^^^^^^
[INFO] [stdout] 
[INFO] [stdout] 
[INFO] [stdout] warning: unused import: `crate::ch16::use_thread`
[INFO] [stdout]   --> src/ch16.rs:20:9
[INFO] [stdout]    |
[INFO] [stdout] 20 |     use crate::ch16::use_thread;
[INFO] [stdout]    |         ^^^^^^^^^^^^^^^^^^^^^^^
[INFO] [stdout] 
[INFO] [stdout] 
[INFO] [stdout] warning: unused variable: `contents`
[INFO] [stdout]   --> src/ch12.rs:11:9
[INFO] [stdout]    |
[INFO] [stdout] 11 |     let contents = run(config).unwrap_or_else(|e| {
[INFO] [stdout]    |         ^^^^^^^^ help: if this is intentional, prefix it with an underscore: `_contents`
[INFO] [stdout]    |
[INFO] [stdout]    = note: `#[warn(unused_variables)]` on by default
[INFO] [stdout] 
[INFO] [stdout] 
[INFO] [stdout] warning: unused variable: `intensity`
[INFO] [stdout]   --> src/ch13.rs:10:12
[INFO] [stdout]    |
[INFO] [stdout] 10 | fn workout(intensity:i32) {
[INFO] [stdout]    |            ^^^^^^^^^ help: if this is intentional, prefix it with an underscore: `_intensity`
[INFO] [stdout] 
[INFO] [stdout] 
[INFO] [stdout] warning: function `run3_1` is never used
[INFO] [stdout]   --> src/ch4.rs:24:4
[INFO] [stdout]    |
[INFO] [stdout] 24 | fn run3_1() {
[INFO] [stdout]    |    ^^^^^^
[INFO] [stdout]    |
[INFO] [stdout]    = note: `#[warn(dead_code)]` on by default
[INFO] [stdout] 
[INFO] [stdout] 
[INFO] [stdout] warning: function `run3_2` is never used
[INFO] [stdout]   --> src/ch4.rs:43:4
[INFO] [stdout]    |
[INFO] [stdout] 43 | fn run3_2() {
[INFO] [stdout]    |    ^^^^^^
[INFO] [stdout] 
[INFO] [stdout] 
[INFO] [stdout] warning: function `run3_3` is never used
[INFO] [stdout]   --> src/ch4.rs:59:4
[INFO] [stdout]    |
[INFO] [stdout] 59 | fn run3_3() {
[INFO] [stdout]    |    ^^^^^^
[INFO] [stdout] 
[INFO] [stdout] 
[INFO] [stdout] warning: function `run3_5` is never used
[INFO] [stdout]   --> src/ch4.rs:67:4
[INFO] [stdout]    |
[INFO] [stdout] 67 | fn run3_5() {
[INFO] [stdout]    |    ^^^^^^
[INFO] [stdout] 
[INFO] [stdout] 
[INFO] [stdout] warning: function `get_ownership` is never used
[INFO] [stdout]   --> src/ch4.rs:78:4
[INFO] [stdout]    |
[INFO] [stdout] 78 | fn get_ownership() -> String {
[INFO] [stdout]    |    ^^^^^^^^^^^^^
[INFO] [stdout] 
[INFO] [stdout] 
[INFO] [stdout] warning: function `get_ownership_back` is never used
[INFO] [stdout]   --> src/ch4.rs:81:4
[INFO] [stdout]    |
[INFO] [stdout] 81 | fn get_ownership_back(s:String)-> String {
[INFO] [stdout]    |    ^^^^^^^^^^^^^^^^^^
[INFO] [stdout] 
[INFO] [stdout] 
[INFO] [stdout] warning: function `get_first_word` is never used
[INFO] [stdout]   --> src/ch4.rs:84:4
[INFO] [stdout]    |
[INFO] [stdout] 84 | fn get_first_word(s:&String) -> &str {
[INFO] [stdout]    |    ^^^^^^^^^^^^^^
[INFO] [stdout] 
[INFO] [stdout] 
[INFO] [stdout] warning: struct `User` is never constructed
[INFO] [stdout]  --> src/ch5.rs:3:8
[INFO] [stdout]   |
[INFO] [stdout] 3 | struct User {
[INFO] [stdout]   |        ^^^^
[INFO] [stdout] 
[INFO] [stdout] 
[INFO] [stdout] warning: function `build_user` is never used
[INFO] [stdout]   --> src/ch5.rs:14:4
[INFO] [stdout]    |
[INFO] [stdout] 14 | fn build_user(mail:String, username:String) -> User {
[INFO] [stdout]    |    ^^^^^^^^^^
[INFO] [stdout] 
[INFO] [stdout] 
[INFO] [stdout] warning: function `largest` is never used
[INFO] [stdout]   --> src/ch10.rs:26:4
[INFO] [stdout]    |
[INFO] [stdout] 26 | fn largest<T: PartialOrd + Copy >(list: &[T]) -> T {
[INFO] [stdout]    |    ^^^^^^^
[INFO] [stdout] 
[INFO] [stdout] 
[INFO] [stdout] warning: function `test_10` is never used
[INFO] [stdout]   --> src/ch10.rs:35:4
[INFO] [stdout]    |
[INFO] [stdout] 35 | fn test_10() {
[INFO] [stdout]    |    ^^^^^^^
[INFO] [stdout] 
[INFO] [stdout] 
[INFO] [stdout] warning: method `x` is never used
[INFO] [stdout]   --> src/ch10.rs:46:8
[INFO] [stdout]    |
[INFO] [stdout] 45 | impl <X1 ,Y1> Point<X1,Y1> {
[INFO] [stdout]    | -------------------------- method in this implementation
[INFO] [stdout] 46 |     fn x(&self)->&X1 {
[INFO] [stdout]    |        ^
[INFO] [stdout] 
[INFO] [stdout] 
[INFO] [stdout] warning: method `distance_from_origin` is never used
[INFO] [stdout]   --> src/ch10.rs:69:8
[INFO] [stdout]    |
[INFO] [stdout] 68 | impl Point<f32,f32> {
[INFO] [stdout]    | ------------------- method in this implementation
[INFO] [stdout] 69 |     fn distance_from_origin(&self)-> f32 {
[INFO] [stdout]    |        ^^^^^^^^^^^^^^^^^^^^
[INFO] [stdout] 
[INFO] [stdout] 
[INFO] [stdout] warning: function `test_iter_impl` is never used
[INFO] [stdout]   --> src/ch10.rs:74:4
[INFO] [stdout]    |
[INFO] [stdout] 74 | fn test_iter_impl() {
[INFO] [stdout]    |    ^^^^^^^^^^^^^^
[INFO] [stdout] 
[INFO] [stdout] 
[INFO] [stdout] warning: function `use_vec` is never used
[INFO] [stdout]   --> src/ch8.rs:14:4
[INFO] [stdout]    |
[INFO] [stdout] 14 | fn use_vec() {
[INFO] [stdout]    |    ^^^^^^^
[INFO] [stdout] 
[INFO] [stdout] 
[INFO] [stdout] warning: function `use_string` is never used
[INFO] [stdout]   --> src/ch8.rs:28:4
[INFO] [stdout]    |
[INFO] [stdout] 28 | fn use_string() {
[INFO] [stdout]    |    ^^^^^^^^^^
[INFO] [stdout] 
[INFO] [stdout] 
[INFO] [stdout] warning: function `simple_grep` is never used
[INFO] [stdout]  --> src/ch12.rs:4:4
[INFO] [stdout]   |
[INFO] [stdout] 4 | fn simple_grep(args:&[String])  {
[INFO] [stdout]   |    ^^^^^^^^^^^
[INFO] [stdout] 
[INFO] [stdout] 
[INFO] [stdout] warning: function `run` is never used
[INFO] [stdout]   --> src/ch12.rs:18:4
[INFO] [stdout]    |
[INFO] [stdout] 18 | fn run(config: Config) -> Result<String,Box<dyn Error>> {
[INFO] [stdout]    |    ^^^
[INFO] [stdout] 
[INFO] [stdout] 
[INFO] [stdout] warning: struct `Config` is never constructed
[INFO] [stdout]   --> src/ch12.rs:22:8
[INFO] [stdout]    |
[INFO] [stdout] 22 | struct Config {
[INFO] [stdout]    |        ^^^^^^
[INFO] [stdout] 
[INFO] [stdout] 
[INFO] [stdout] warning: associated function `new` is never used
[INFO] [stdout]   --> src/ch12.rs:28:8
[INFO] [stdout]    |
[INFO] [stdout] 27 | impl Config {
[INFO] [stdout]    | ----------- associated function in this implementation
[INFO] [stdout] 28 |     fn new(args: &[String]) -> Result<Config, &'static str> {
[INFO] [stdout]    |        ^^^
[INFO] [stdout] 
[INFO] [stdout] 
[INFO] [stdout] warning: function `calculation_intensity` is never used
[INFO] [stdout]  --> src/ch13.rs:4:4
[INFO] [stdout]   |
[INFO] [stdout] 4 | fn calculation_intensity(intensity:i32) -> i32 {
[INFO] [stdout]   |    ^^^^^^^^^^^^^^^^^^^^^
[INFO] [stdout] 
[INFO] [stdout] 
[INFO] [stdout] warning: function `workout` is never used
[INFO] [stdout]   --> src/ch13.rs:10:4
[INFO] [stdout]    |
[INFO] [stdout] 10 | fn workout(intensity:i32) {
[INFO] [stdout]    |    ^^^^^^^
[INFO] [stdout] 
[INFO] [stdout] 
[INFO] [stdout] warning: struct `Cacher` is never constructed
[INFO] [stdout]   --> src/ch13.rs:20:8
[INFO] [stdout]    |
[INFO] [stdout] 20 | struct Cacher<T>
[INFO] [stdout]    |        ^^^^^^
[INFO] [stdout] 
[INFO] [stdout] 
[INFO] [stdout] warning: associated items `new` and `value` are never used
[INFO] [stdout]   --> src/ch13.rs:30:8
[INFO] [stdout]    |
[INFO] [stdout] 27 | / impl <T> Cacher<T>
[INFO] [stdout] 28 | |     where T : Fn(i32)-> i32
[INFO] [stdout]    | |___________________________- associated items in this implementation
[INFO] [stdout] 29 |   {
[INFO] [stdout] 30 |       fn new(f: T) -> Cacher<T> {
[INFO] [stdout]    |          ^^^
[INFO] [stdout] ...
[INFO] [stdout] 33 |       fn value(&mut self, i:i32) -> i32 {
[INFO] [stdout]    |          ^^^^^
[INFO] [stdout] 
[INFO] [stdout] 
[INFO] [stdout] warning: struct `MyBox` is never constructed
[INFO] [stdout]  --> src/ch15.rs:3:8
[INFO] [stdout]   |
[INFO] [stdout] 3 | struct MyBox<T> (T);
[INFO] [stdout]   |        ^^^^^
[INFO] [stdout] 
[INFO] [stdout] 
[INFO] [stdout] warning: associated function `new` is never used
[INFO] [stdout]   --> src/ch15.rs:13:8
[INFO] [stdout]    |
[INFO] [stdout] 12 | impl <T> MyBox<T> {
[INFO] [stdout]    | ----------------- associated function in this implementation
[INFO] [stdout] 13 |     fn new(t:T)-> MyBox<T> {
[INFO] [stdout]    |        ^^^
[INFO] [stdout] 
[INFO] [stdout] 
[INFO] [stdout] warning: function `use_my_box` is never used
[INFO] [stdout]   --> src/ch15.rs:17:4
[INFO] [stdout]    |
[INFO] [stdout] 17 | fn use_my_box() {
[INFO] [stdout]    |    ^^^^^^^^^^
[INFO] [stdout] 
[INFO] [stdout] 
[INFO] [stdout] warning: function `use_thread` is never used
[INFO] [stdout]  --> src/ch16.rs:6:4
[INFO] [stdout]   |
[INFO] [stdout] 6 | fn use_thread() {
[INFO] [stdout]   |    ^^^^^^^^^^
[INFO] [stdout] 
[INFO] [stdout] 
[INFO] [stdout] warning: structure field `fileName` should have a snake case name
[INFO] [stdout]   --> src/ch12.rs:23:5
[INFO] [stdout]    |
[INFO] [stdout] 23 |     fileName: String,
[INFO] [stdout]    |     ^^^^^^^^ help: convert the identifier to snake case: `file_name`
[INFO] [stdout]    |
[INFO] [stdout]    = note: `#[warn(non_snake_case)]` on by default
[INFO] [stdout] 
[INFO] [stdout] 
[INFO] [stdout] warning: variable `fileName` should have a snake case name
[INFO] [stdout]   --> src/ch12.rs:32:13
[INFO] [stdout]    |
[INFO] [stdout] 32 |         let fileName = args[1].clone();
[INFO] [stdout]    |             ^^^^^^^^ help: convert the identifier to snake case: `file_name`
[INFO] [stdout] 
[INFO] [stdout] 
[INFO] [stderr]     Finished `dev` profile [unoptimized + debuginfo] target(s) in 0.35s
[INFO] running `Command { std: "docker" "inspect" "b0856a9a39feaeb25f02d54fc42b86ab52a489e1b205c522044211261f128312", kill_on_drop: false }`
[INFO] running `Command { std: "docker" "rm" "-f" "b0856a9a39feaeb25f02d54fc42b86ab52a489e1b205c522044211261f128312", kill_on_drop: false }`
[INFO] [stdout] b0856a9a39feaeb25f02d54fc42b86ab52a489e1b205c522044211261f128312
[INFO] running `Command { std: "docker" "create" "-v" "/var/lib/crater-agent-workspace/builds/worker-4-tc2/target:/opt/rustwide/target:rw,Z" "-v" "/var/lib/crater-agent-workspace/builds/worker-4-tc2/source:/opt/rustwide/workdir:ro,Z" "-v" "/var/lib/crater-agent-workspace/cargo-home:/opt/rustwide/cargo-home:ro,Z" "-v" "/var/lib/crater-agent-workspace/rustup-home:/opt/rustwide/rustup-home:ro,Z" "-e" "SOURCE_DIR=/opt/rustwide/workdir" "-e" "CARGO_TARGET_DIR=/opt/rustwide/target" "-e" "CARGO_INCREMENTAL=0" "-e" "RUST_BACKTRACE=full" "-e" "RUSTFLAGS=--cap-lints=warn" "-e" "RUSTDOCFLAGS=--cap-lints=warn" "-e" "CARGO_HOME=/opt/rustwide/cargo-home" "-e" "RUSTUP_HOME=/opt/rustwide/rustup-home" "-w" "/opt/rustwide/workdir" "-m" "1610612736" "--user" "0:0" "--network" "none" "ghcr.io/rust-lang/crates-build-env/linux@sha256:f3a9d4ad9d972b27faf3965f35b62e55ba32bbce8f20bc8fe909558a86702fde" "/opt/rustwide/cargo-home/bin/cargo" "+beta-2024-12-08" "test" "--frozen" "--no-run" "--message-format=json", kill_on_drop: false }`
[INFO] [stdout] 5115c7ba21414e21c56f7db927cf9499b1b8bab18ea480de8edbe051ed47621a
[INFO] running `Command { std: "docker" "start" "-a" "5115c7ba21414e21c56f7db927cf9499b1b8bab18ea480de8edbe051ed47621a", kill_on_drop: false }`
[INFO] [stderr]    Compiling rust_programming_practice v0.1.0 (/opt/rustwide/workdir)
[INFO] [stdout] warning: unused variable: `contents`
[INFO] [stdout]   --> src/ch12.rs:11:9
[INFO] [stdout]    |
[INFO] [stdout] 11 |     let contents = run(config).unwrap_or_else(|e| {
[INFO] [stdout]    |         ^^^^^^^^ help: if this is intentional, prefix it with an underscore: `_contents`
[INFO] [stdout]    |
[INFO] [stdout]    = note: `#[warn(unused_variables)]` on by default
[INFO] [stdout] 
[INFO] [stdout] 
[INFO] [stdout] warning: unused variable: `intensity`
[INFO] [stdout]   --> src/ch13.rs:10:12
[INFO] [stdout]    |
[INFO] [stdout] 10 | fn workout(intensity:i32) {
[INFO] [stdout]    |            ^^^^^^^^^ help: if this is intentional, prefix it with an underscore: `_intensity`
[INFO] [stdout] 
[INFO] [stdout] 
[INFO] [stdout] warning: function `get_ownership` is never used
[INFO] [stdout]   --> src/ch4.rs:78:4
[INFO] [stdout]    |
[INFO] [stdout] 78 | fn get_ownership() -> String {
[INFO] [stdout]    |    ^^^^^^^^^^^^^
[INFO] [stdout]    |
[INFO] [stdout]    = note: `#[warn(dead_code)]` on by default
[INFO] [stdout] 
[INFO] [stdout] 
[INFO] [stdout] warning: function `get_ownership_back` is never used
[INFO] [stdout]   --> src/ch4.rs:81:4
[INFO] [stdout]    |
[INFO] [stdout] 81 | fn get_ownership_back(s:String)-> String {
[INFO] [stdout]    |    ^^^^^^^^^^^^^^^^^^
[INFO] [stdout] 
[INFO] [stdout] 
[INFO] [stdout] warning: function `get_first_word` is never used
[INFO] [stdout]   --> src/ch4.rs:84:4
[INFO] [stdout]    |
[INFO] [stdout] 84 | fn get_first_word(s:&String) -> &str {
[INFO] [stdout]    |    ^^^^^^^^^^^^^^
[INFO] [stdout] 
[INFO] [stdout] 
[INFO] [stdout] warning: function `simple_grep` is never used
[INFO] [stdout]  --> src/ch12.rs:4:4
[INFO] [stdout]   |
[INFO] [stdout] 4 | fn simple_grep(args:&[String])  {
[INFO] [stdout]   |    ^^^^^^^^^^^
[INFO] [stdout] 
[INFO] [stdout] 
[INFO] [stdout] warning: function `run` is never used
[INFO] [stdout]   --> src/ch12.rs:18:4
[INFO] [stdout]    |
[INFO] [stdout] 18 | fn run(config: Config) -> Result<String,Box<dyn Error>> {
[INFO] [stdout]    |    ^^^
[INFO] [stdout] 
[INFO] [stdout] 
[INFO] [stdout] warning: struct `Config` is never constructed
[INFO] [stdout]   --> src/ch12.rs:22:8
[INFO] [stdout]    |
[INFO] [stdout] 22 | struct Config {
[INFO] [stdout]    |        ^^^^^^
[INFO] [stdout] 
[INFO] [stdout] 
[INFO] [stdout] warning: associated function `new` is never used
[INFO] [stdout]   --> src/ch12.rs:28:8
[INFO] [stdout]    |
[INFO] [stdout] 27 | impl Config {
[INFO] [stdout]    | ----------- associated function in this implementation
[INFO] [stdout] 28 |     fn new(args: &[String]) -> Result<Config, &'static str> {
[INFO] [stdout]    |        ^^^
[INFO] [stdout] 
[INFO] [stdout] 
[INFO] [stdout] warning: function `workout` is never used
[INFO] [stdout]   --> src/ch13.rs:10:4
[INFO] [stdout]    |
[INFO] [stdout] 10 | fn workout(intensity:i32) {
[INFO] [stdout]    |    ^^^^^^^
[INFO] [stdout] 
[INFO] [stdout] 
[INFO] [stdout] warning: struct `Cacher` is never constructed
[INFO] [stdout]   --> src/ch13.rs:20:8
[INFO] [stdout]    |
[INFO] [stdout] 20 | struct Cacher<T>
[INFO] [stdout]    |        ^^^^^^
[INFO] [stdout] 
[INFO] [stdout] 
[INFO] [stdout] warning: associated items `new` and `value` are never used
[INFO] [stdout]   --> src/ch13.rs:30:8
[INFO] [stdout]    |
[INFO] [stdout] 27 | / impl <T> Cacher<T>
[INFO] [stdout] 28 | |     where T : Fn(i32)-> i32
[INFO] [stdout]    | |___________________________- associated items in this implementation
[INFO] [stdout] 29 |   {
[INFO] [stdout] 30 |       fn new(f: T) -> Cacher<T> {
[INFO] [stdout]    |          ^^^
[INFO] [stdout] ...
[INFO] [stdout] 33 |       fn value(&mut self, i:i32) -> i32 {
[INFO] [stdout]    |          ^^^^^
[INFO] [stdout] 
[INFO] [stdout] 
[INFO] [stdout] warning: struct `MyBox` is never constructed
[INFO] [stdout]  --> src/ch15.rs:3:8
[INFO] [stdout]   |
[INFO] [stdout] 3 | struct MyBox<T> (T);
[INFO] [stdout]   |        ^^^^^
[INFO] [stdout] 
[INFO] [stdout] 
[INFO] [stdout] warning: associated function `new` is never used
[INFO] [stdout]   --> src/ch15.rs:13:8
[INFO] [stdout]    |
[INFO] [stdout] 12 | impl <T> MyBox<T> {
[INFO] [stdout]    | ----------------- associated function in this implementation
[INFO] [stdout] 13 |     fn new(t:T)-> MyBox<T> {
[INFO] [stdout]    |        ^^^
[INFO] [stdout] 
[INFO] [stdout] 
[INFO] [stdout] warning: function `use_my_box` is never used
[INFO] [stdout]   --> src/ch15.rs:17:4
[INFO] [stdout]    |
[INFO] [stdout] 17 | fn use_my_box() {
[INFO] [stdout]    |    ^^^^^^^^^^
[INFO] [stdout] 
[INFO] [stdout] 
[INFO] [stdout] warning: structure field `fileName` should have a snake case name
[INFO] [stdout]   --> src/ch12.rs:23:5
[INFO] [stdout]    |
[INFO] [stdout] 23 |     fileName: String,
[INFO] [stdout]    |     ^^^^^^^^ help: convert the identifier to snake case: `file_name`
[INFO] [stdout]    |
[INFO] [stdout]    = note: `#[warn(non_snake_case)]` on by default
[INFO] [stdout] 
[INFO] [stdout] 
[INFO] [stdout] warning: variable `fileName` should have a snake case name
[INFO] [stdout]   --> src/ch12.rs:32:13
[INFO] [stdout]    |
[INFO] [stdout] 32 |         let fileName = args[1].clone();
[INFO] [stdout]    |             ^^^^^^^^ help: convert the identifier to snake case: `file_name`
[INFO] [stdout] 
[INFO] [stdout] 
[INFO] [stderr]     Finished `test` profile [unoptimized + debuginfo] target(s) in 0.92s
[INFO] running `Command { std: "docker" "inspect" "5115c7ba21414e21c56f7db927cf9499b1b8bab18ea480de8edbe051ed47621a", kill_on_drop: false }`
[INFO] running `Command { std: "docker" "rm" "-f" "5115c7ba21414e21c56f7db927cf9499b1b8bab18ea480de8edbe051ed47621a", kill_on_drop: false }`
[INFO] [stdout] 5115c7ba21414e21c56f7db927cf9499b1b8bab18ea480de8edbe051ed47621a
[INFO] running `Command { std: "docker" "create" "-v" "/var/lib/crater-agent-workspace/builds/worker-4-tc2/target:/opt/rustwide/target:rw,Z" "-v" "/var/lib/crater-agent-workspace/builds/worker-4-tc2/source:/opt/rustwide/workdir:ro,Z" "-v" "/var/lib/crater-agent-workspace/cargo-home:/opt/rustwide/cargo-home:ro,Z" "-v" "/var/lib/crater-agent-workspace/rustup-home:/opt/rustwide/rustup-home:ro,Z" "-e" "SOURCE_DIR=/opt/rustwide/workdir" "-e" "CARGO_TARGET_DIR=/opt/rustwide/target" "-e" "CARGO_INCREMENTAL=0" "-e" "RUST_BACKTRACE=full" "-e" "RUSTFLAGS=--cap-lints=warn" "-e" "RUSTDOCFLAGS=--cap-lints=warn" "-e" "CARGO_HOME=/opt/rustwide/cargo-home" "-e" "RUSTUP_HOME=/opt/rustwide/rustup-home" "-w" "/opt/rustwide/workdir" "-m" "1610612736" "--user" "0:0" "--network" "none" "ghcr.io/rust-lang/crates-build-env/linux@sha256:f3a9d4ad9d972b27faf3965f35b62e55ba32bbce8f20bc8fe909558a86702fde" "/opt/rustwide/cargo-home/bin/cargo" "+beta-2024-12-08" "test" "--frozen", kill_on_drop: false }`
[INFO] [stdout] 4899f0fd2a1584e58adf9d65e5a124c4f453b551594e725729deee1992cc324e
[INFO] running `Command { std: "docker" "start" "-a" "4899f0fd2a1584e58adf9d65e5a124c4f453b551594e725729deee1992cc324e", kill_on_drop: false }`
[INFO] [stderr] warning: unused variable: `contents`
[INFO] [stderr]   --> src/ch12.rs:11:9
[INFO] [stderr]    |
[INFO] [stderr] 11 |     let contents = run(config).unwrap_or_else(|e| {
[INFO] [stderr]    |         ^^^^^^^^ help: if this is intentional, prefix it with an underscore: `_contents`
[INFO] [stderr]    |
[INFO] [stderr]    = note: `#[warn(unused_variables)]` on by default
[INFO] [stderr] 
[INFO] [stderr] warning: unused variable: `intensity`
[INFO] [stderr]   --> src/ch13.rs:10:12
[INFO] [stderr]    |
[INFO] [stderr] 10 | fn workout(intensity:i32) {
[INFO] [stderr]    |            ^^^^^^^^^ help: if this is intentional, prefix it with an underscore: `_intensity`
[INFO] [stderr] 
[INFO] [stderr] warning: function `get_ownership` is never used
[INFO] [stderr]   --> src/ch4.rs:78:4
[INFO] [stderr]    |
[INFO] [stderr] 78 | fn get_ownership() -> String {
[INFO] [stderr]    |    ^^^^^^^^^^^^^
[INFO] [stderr]    |
[INFO] [stderr]    = note: `#[warn(dead_code)]` on by default
[INFO] [stderr] 
[INFO] [stderr] warning: function `get_ownership_back` is never used
[INFO] [stderr]   --> src/ch4.rs:81:4
[INFO] [stderr]    |
[INFO] [stderr] 81 | fn get_ownership_back(s:String)-> String {
[INFO] [stderr]    |    ^^^^^^^^^^^^^^^^^^
[INFO] [stderr] 
[INFO] [stderr] warning: function `get_first_word` is never used
[INFO] [stderr]   --> src/ch4.rs:84:4
[INFO] [stderr]    |
[INFO] [stderr] 84 | fn get_first_word(s:&String) -> &str {
[INFO] [stderr]    |    ^^^^^^^^^^^^^^
[INFO] [stderr] 
[INFO] [stderr] warning: function `simple_grep` is never used
[INFO] [stderr]  --> src/ch12.rs:4:4
[INFO] [stderr]   |
[INFO] [stderr] 4 | fn simple_grep(args:&[String])  {
[INFO] [stderr]   |    ^^^^^^^^^^^
[INFO] [stderr] 
[INFO] [stderr] warning: function `run` is never used
[INFO] [stderr]   --> src/ch12.rs:18:4
[INFO] [stderr]    |
[INFO] [stderr] 18 | fn run(config: Config) -> Result<String,Box<dyn Error>> {
[INFO] [stderr]    |    ^^^
[INFO] [stderr] 
[INFO] [stderr] warning: struct `Config` is never constructed
[INFO] [stderr]   --> src/ch12.rs:22:8
[INFO] [stderr]    |
[INFO] [stderr] 22 | struct Config {
[INFO] [stderr]    |        ^^^^^^
[INFO] [stderr] 
[INFO] [stderr] warning: associated function `new` is never used
[INFO] [stderr]   --> src/ch12.rs:28:8
[INFO] [stderr]    |
[INFO] [stderr] 27 | impl Config {
[INFO] [stderr]    | ----------- associated function in this implementation
[INFO] [stderr] 28 |     fn new(args: &[String]) -> Result<Config, &'static str> {
[INFO] [stderr]    |        ^^^
[INFO] [stderr] 
[INFO] [stderr] warning: function `workout` is never used
[INFO] [stderr]   --> src/ch13.rs:10:4
[INFO] [stderr]    |
[INFO] [stderr] 10 | fn workout(intensity:i32) {
[INFO] [stderr]    |    ^^^^^^^
[INFO] [stderr] 
[INFO] [stderr] warning: struct `Cacher` is never constructed
[INFO] [stderr]   --> src/ch13.rs:20:8
[INFO] [stderr]    |
[INFO] [stderr] 20 | struct Cacher<T>
[INFO] [stderr]    |        ^^^^^^
[INFO] [stderr] 
[INFO] [stderr] warning: associated items `new` and `value` are never used
[INFO] [stderr]   --> src/ch13.rs:30:8
[INFO] [stderr]    |
[INFO] [stderr] 27 | / impl <T> Cacher<T>
[INFO] [stderr] 28 | |     where T : Fn(i32)-> i32
[INFO] [stderr]    | |___________________________- associated items in this implementation
[INFO] [stderr] 29 |   {
[INFO] [stderr] 30 |       fn new(f: T) -> Cacher<T> {
[INFO] [stderr]    |          ^^^
[INFO] [stderr] ...
[INFO] [stderr] 33 |       fn value(&mut self, i:i32) -> i32 {
[INFO] [stderr]    |          ^^^^^
[INFO] [stderr] 
[INFO] [stderr] warning: struct `MyBox` is never constructed
[INFO] [stderr]  --> src/ch15.rs:3:8
[INFO] [stderr]   |
[INFO] [stderr] 3 | struct MyBox<T> (T);
[INFO] [stderr]   |        ^^^^^
[INFO] [stderr] 
[INFO] [stderr] warning: associated function `new` is never used
[INFO] [stderr]   --> src/ch15.rs:13:8
[INFO] [stderr]    |
[INFO] [stderr] 12 | impl <T> MyBox<T> {
[INFO] [stderr]    | ----------------- associated function in this implementation
[INFO] [stderr] 13 |     fn new(t:T)-> MyBox<T> {
[INFO] [stderr]    |        ^^^
[INFO] [stderr] 
[INFO] [stderr] warning: function `use_my_box` is never used
[INFO] [stderr]   --> src/ch15.rs:17:4
[INFO] [stderr]    |
[INFO] [stderr] 17 | fn use_my_box() {
[INFO] [stderr]    |    ^^^^^^^^^^
[INFO] [stderr] 
[INFO] [stderr] warning: structure field `fileName` should have a snake case name
[INFO] [stderr]   --> src/ch12.rs:23:5
[INFO] [stderr]    |
[INFO] [stderr] 23 |     fileName: String,
[INFO] [stderr]    |     ^^^^^^^^ help: convert the identifier to snake case: `file_name`
[INFO] [stderr]    |
[INFO] [stderr]    = note: `#[warn(non_snake_case)]` on by default
[INFO] [stderr] 
[INFO] [stderr] warning: variable `fileName` should have a snake case name
[INFO] [stderr]   --> src/ch12.rs:32:13
[INFO] [stderr]    |
[INFO] [stderr] 32 |         let fileName = args[1].clone();
[INFO] [stderr]    |             ^^^^^^^^ help: convert the identifier to snake case: `file_name`
[INFO] [stderr] 
[INFO] [stderr] warning: `rust_programming_practice` (bin "rust_programming_practice" test) generated 17 warnings
[INFO] [stderr]     Finished `test` profile [unoptimized + debuginfo] target(s) in 0.03s
[INFO] [stderr]      Running unittests src/main.rs (/opt/rustwide/target/debug/deps/rust_programming_practice-7019d4d5c117200d)
[INFO] [stdout] 
[INFO] [stdout] running 14 tests
[INFO] [stdout] test ch10::test::test_point ... ok
[INFO] [stdout] test ch10::test::test_test_10 ... ok
[INFO] [stdout] test ch10::test::test_iter ... ok
[INFO] [stdout] test ch4::test::test3_5 ... ok
[INFO] [stdout] test ch4::test::test_3_1 ... ok
[INFO] [stdout] test restaurant::tests::test_eat ... ok
[INFO] [stdout] test ch4::test::test3_3 ... ok
[INFO] [stdout] test ch8::tests::test_use_string ... ok
[INFO] [stdout] test ch8::tests::test_use_vec ... ok
[INFO] [stdout] test restaurant::tests::it_works ... ok
[INFO] [stdout] test ch5::test::test_struct ... ok
[INFO] [stdout] test ch4::test::test_3_2 ... FAILED
[INFO] [stdout] test ch13::tests::test_calculation_intensity ... ok
[INFO] [stderr] error: test failed, to rerun pass `--bin rust_programming_practice`
[INFO] [stdout] test ch16::tests::test_use_thread ... ok
[INFO] [stdout] 
[INFO] [stdout] failures:
[INFO] [stdout] 
[INFO] [stdout] ---- ch4::test::test_3_2 stdout ----
[INFO] [stdout] The value of guess is 42
[INFO] [stdout] thread 'ch4::test::test_3_2' panicked at src/ch4.rs:55:44:
[INFO] [stdout] Index is not a number: ParseIntError { kind: Empty }
[INFO] [stdout] stack backtrace:
[INFO] [stdout]    0:     0x6468b67873ca - std::backtrace_rs::backtrace::libunwind::trace::h8810477743020387
[INFO] [stdout]                                at /rustc/202008a1b8de96d2e5b6bc02d379db03a877d34d/library/std/src/../../backtrace/src/backtrace/libunwind.rs:116:5
[INFO] [stdout]    1:     0x6468b67873ca - std::backtrace_rs::backtrace::trace_unsynchronized::h3aa55355dd6c54a6
[INFO] [stdout]                                at /rustc/202008a1b8de96d2e5b6bc02d379db03a877d34d/library/std/src/../../backtrace/src/backtrace/mod.rs:66:5
[INFO] [stdout]    2:     0x6468b67873ca - std::sys::backtrace::_print_fmt::h8588b0f62410823f
[INFO] [stdout]                                at /rustc/202008a1b8de96d2e5b6bc02d379db03a877d34d/library/std/src/sys/backtrace.rs:66:9
[INFO] [stdout]    3:     0x6468b67873ca - <std::sys::backtrace::BacktraceLock::print::DisplayBacktrace as core::fmt::Display>::fmt::h98c26ac25ffe89bb
[INFO] [stdout]                                at /rustc/202008a1b8de96d2e5b6bc02d379db03a877d34d/library/std/src/sys/backtrace.rs:39:26
[INFO] [stdout]    4:     0x6468b67ad563 - core::fmt::rt::Argument::fmt::hf95377f4aebd453b
[INFO] [stdout]                                at /rustc/202008a1b8de96d2e5b6bc02d379db03a877d34d/library/core/src/fmt/rt.rs:177:76
[INFO] [stdout]    5:     0x6468b67ad563 - core::fmt::write::h0dd5f6e2238c7982
[INFO] [stdout]                                at /rustc/202008a1b8de96d2e5b6bc02d379db03a877d34d/library/core/src/fmt/mod.rs:1189:21
[INFO] [stdout]    6:     0x6468b6783e43 - std::io::Write::write_fmt::h03bb0ca26e6faf8c
[INFO] [stdout]                                at /rustc/202008a1b8de96d2e5b6bc02d379db03a877d34d/library/std/src/io/mod.rs:1884:15
[INFO] [stdout]    7:     0x6468b6787212 - std::sys::backtrace::BacktraceLock::print::h5c19c1c038ee186d
[INFO] [stdout]                                at /rustc/202008a1b8de96d2e5b6bc02d379db03a877d34d/library/std/src/sys/backtrace.rs:42:9
[INFO] [stdout]    8:     0x6468b678884d - std::panicking::default_hook::{{closure}}::h77172f079a1fcb13
[INFO] [stdout]                                at /rustc/202008a1b8de96d2e5b6bc02d379db03a877d34d/library/std/src/panicking.rs:268:22
[INFO] [stdout]    9:     0x6468b6788657 - std::panicking::default_hook::he5f8e3b203ccddba
[INFO] [stdout]                                at /rustc/202008a1b8de96d2e5b6bc02d379db03a877d34d/library/std/src/panicking.rs:292:9
[INFO] [stdout]   10:     0x6468b6751547 - <alloc::boxed::Box<F,A> as core::ops::function::Fn<Args>>::call::h7a3c7b4a1ae77f2f
[INFO] [stdout]                                at /rustc/202008a1b8de96d2e5b6bc02d379db03a877d34d/library/alloc/src/boxed.rs:1986:9
[INFO] [stdout]   11:     0x6468b6751547 - test::test_main::{{closure}}::hf0d3b69ae9b353d1
[INFO] [stdout]                                at /rustc/202008a1b8de96d2e5b6bc02d379db03a877d34d/library/test/src/lib.rs:134:21
[INFO] [stdout]   12:     0x6468b6788ef8 - <alloc::boxed::Box<F,A> as core::ops::function::Fn<Args>>::call::h6332e82e7b189abd
[INFO] [stdout]                                at /rustc/202008a1b8de96d2e5b6bc02d379db03a877d34d/library/alloc/src/boxed.rs:1986:9
[INFO] [stdout]   13:     0x6468b6788ef8 - std::panicking::rust_panic_with_hook::h53863d4e9018df39
[INFO] [stdout]                                at /rustc/202008a1b8de96d2e5b6bc02d379db03a877d34d/library/std/src/panicking.rs:809:13
[INFO] [stdout]   14:     0x6468b6788cba - std::panicking::begin_panic_handler::{{closure}}::h67280e6fa0757873
[INFO] [stdout]                                at /rustc/202008a1b8de96d2e5b6bc02d379db03a877d34d/library/std/src/panicking.rs:674:13
[INFO] [stdout]   15:     0x6468b67878a9 - std::sys::backtrace::__rust_end_short_backtrace::h1dac3f54d6fbbeb2
[INFO] [stdout]                                at /rustc/202008a1b8de96d2e5b6bc02d379db03a877d34d/library/std/src/sys/backtrace.rs:170:18
[INFO] [stdout]   16:     0x6468b678894c - rust_begin_unwind
[INFO] [stdout]                                at /rustc/202008a1b8de96d2e5b6bc02d379db03a877d34d/library/std/src/panicking.rs:665:5
[INFO] [stdout]   17:     0x6468b66f6b00 - core::panicking::panic_fmt::h6792bd1b2bf01041
[INFO] [stdout]                                at /rustc/202008a1b8de96d2e5b6bc02d379db03a877d34d/library/core/src/panicking.rs:76:14
[INFO] [stdout]   18:     0x6468b66f6f46 - core::result::unwrap_failed::h05e0602ed34287c5
[INFO] [stdout]                                at /rustc/202008a1b8de96d2e5b6bc02d379db03a877d34d/library/core/src/result.rs:1699:5
[INFO] [stdout]   19:     0x6468b670b672 - core::result::Result<T,E>::expect::h8d6f194e9d30c925
[INFO] [stdout]                                at /rustc/202008a1b8de96d2e5b6bc02d379db03a877d34d/library/core/src/result.rs:1061:23
[INFO] [stdout]   20:     0x6468b6712d2c - rust_programming_practice::ch4::run3_2::hbc1c384e86910a24
[INFO] [stdout]                                at /opt/rustwide/workdir/src/ch4.rs:55:23
[INFO] [stdout]   21:     0x6468b66ff596 - rust_programming_practice::ch4::test::test_3_2::hbd5761dc3d312ce4
[INFO] [stdout]                                at /opt/rustwide/workdir/src/ch4.rs:13:9
[INFO] [stdout]   22:     0x6468b66ff577 - rust_programming_practice::ch4::test::test_3_2::{{closure}}::hdcc136c255769ae4
[INFO] [stdout]                                at /opt/rustwide/workdir/src/ch4.rs:12:18
[INFO] [stdout]   23:     0x6468b670c3b6 - core::ops::function::FnOnce::call_once::h5f1e001cb0e69bce
[INFO] [stdout]                                at /rustc/202008a1b8de96d2e5b6bc02d379db03a877d34d/library/core/src/ops/function.rs:250:5
[INFO] [stdout]   24:     0x6468b675606b - core::ops::function::FnOnce::call_once::h871bf86719ec9aa4
[INFO] [stdout]                                at /rustc/202008a1b8de96d2e5b6bc02d379db03a877d34d/library/core/src/ops/function.rs:250:5
[INFO] [stdout]   25:     0x6468b675606b - test::__rust_begin_short_backtrace::h2167df1e2b7d76fd
[INFO] [stdout]                                at /rustc/202008a1b8de96d2e5b6bc02d379db03a877d34d/library/test/src/lib.rs:632:18
[INFO] [stdout]   26:     0x6468b6755a58 - test::run_test_in_process::{{closure}}::h15d92f75a3adfb79
[INFO] [stdout]                                at /rustc/202008a1b8de96d2e5b6bc02d379db03a877d34d/library/test/src/lib.rs:655:60
[INFO] [stdout]   27:     0x6468b6755a58 - <core::panic::unwind_safe::AssertUnwindSafe<F> as core::ops::function::FnOnce<()>>::call_once::hb6c8955835a8dbbb
[INFO] [stdout]                                at /rustc/202008a1b8de96d2e5b6bc02d379db03a877d34d/library/core/src/panic/unwind_safe.rs:272:9
[INFO] [stdout]   28:     0x6468b6755a58 - std::panicking::try::do_call::hc79d0fc888a0bd30
[INFO] [stdout]                                at /rustc/202008a1b8de96d2e5b6bc02d379db03a877d34d/library/std/src/panicking.rs:557:40
[INFO] [stdout]   29:     0x6468b6755a58 - std::panicking::try::hb8a7878e3a8589d6
[INFO] [stdout]                                at /rustc/202008a1b8de96d2e5b6bc02d379db03a877d34d/library/std/src/panicking.rs:520:19
[INFO] [stdout]   30:     0x6468b6755a58 - std::panic::catch_unwind::hb8e4600ff0ff5cfa
[INFO] [stdout]                                at /rustc/202008a1b8de96d2e5b6bc02d379db03a877d34d/library/std/src/panic.rs:358:14
[INFO] [stdout]   31:     0x6468b6755a58 - test::run_test_in_process::hc2900b0b18688dd6
[INFO] [stdout]                                at /rustc/202008a1b8de96d2e5b6bc02d379db03a877d34d/library/test/src/lib.rs:655:27
[INFO] [stdout]   32:     0x6468b6755a58 - test::run_test::{{closure}}::hac2a9cb07be3d48d
[INFO] [stdout]                                at /rustc/202008a1b8de96d2e5b6bc02d379db03a877d34d/library/test/src/lib.rs:576:43
[INFO] [stdout]   33:     0x6468b67194fa - test::run_test::{{closure}}::h4a5b729e66a38cd8
[INFO] [stdout]                                at /rustc/202008a1b8de96d2e5b6bc02d379db03a877d34d/library/test/src/lib.rs:606:41
[INFO] [stdout]   34:     0x6468b67194fa - std::sys::backtrace::__rust_begin_short_backtrace::h0496fb742492f573
[INFO] [stdout]                                at /rustc/202008a1b8de96d2e5b6bc02d379db03a877d34d/library/std/src/sys/backtrace.rs:154:18
[INFO] [stdout]   35:     0x6468b671ce74 - std::thread::Builder::spawn_unchecked_::{{closure}}::{{closure}}::hbb6d257c550a54bd
[INFO] [stdout]                                at /rustc/202008a1b8de96d2e5b6bc02d379db03a877d34d/library/std/src/thread/mod.rs:561:17
[INFO] [stdout]   36:     0x6468b671ce74 - <core::panic::unwind_safe::AssertUnwindSafe<F> as core::ops::function::FnOnce<()>>::call_once::h46696fe4a6832328
[INFO] [stdout]                                at /rustc/202008a1b8de96d2e5b6bc02d379db03a877d34d/library/core/src/panic/unwind_safe.rs:272:9
[INFO] [stdout]   37:     0x6468b671ce74 - std::panicking::try::do_call::h2625a51b667bfb64
[INFO] [stdout]                                at /rustc/202008a1b8de96d2e5b6bc02d379db03a877d34d/library/std/src/panicking.rs:557:40
[INFO] [stdout]   38:     0x6468b671ce74 - std::panicking::try::hb956a59a1973aa4c
[INFO] [stdout]                                at /rustc/202008a1b8de96d2e5b6bc02d379db03a877d34d/library/std/src/panicking.rs:520:19
[INFO] [stdout]   39:     0x6468b671ce74 - std::panic::catch_unwind::h64f3b9d1067ef6a0
[INFO] [stdout]                                at /rustc/202008a1b8de96d2e5b6bc02d379db03a877d34d/library/std/src/panic.rs:358:14
[INFO] [stdout]   40:     0x6468b671ce74 - std::thread::Builder::spawn_unchecked_::{{closure}}::h42b2841295b6c0b2
[INFO] [stdout]                                at /rustc/202008a1b8de96d2e5b6bc02d379db03a877d34d/library/std/src/thread/mod.rs:559:30
[INFO] [stdout]   41:     0x6468b671ce74 - core::ops::function::FnOnce::call_once{{vtable.shim}}::h6127de71b8124639
[INFO] [stdout]                                at /rustc/202008a1b8de96d2e5b6bc02d379db03a877d34d/library/core/src/ops/function.rs:250:5
[INFO] [stdout]   42:     0x6468b678ce3b - <alloc::boxed::Box<F,A> as core::ops::function::FnOnce<Args>>::call_once::h42f0ba71002a1b2c
[INFO] [stdout]                                at /rustc/202008a1b8de96d2e5b6bc02d379db03a877d34d/library/alloc/src/boxed.rs:1972:9
[INFO] [stdout]   43:     0x6468b678ce3b - <alloc::boxed::Box<F,A> as core::ops::function::FnOnce<Args>>::call_once::had9e47d7a3dcecb8
[INFO] [stdout]                                at /rustc/202008a1b8de96d2e5b6bc02d379db03a877d34d/library/alloc/src/boxed.rs:1972:9
[INFO] [stdout]   44:     0x6468b678ce3b - std::sys::pal::unix::thread::Thread::new::thread_start::h48cf765408f6f5f2
[INFO] [stdout]                                at /rustc/202008a1b8de96d2e5b6bc02d379db03a877d34d/library/std/src/sys/pal/unix/thread.rs:105:17
[INFO] [stdout]   45:     0x701c2e35bac3 - <unknown>
[INFO] [stdout]   46:     0x701c2e3eca04 - clone
[INFO] [stdout]   47:                0x0 - <unknown>
[INFO] [stdout] 
[INFO] [stdout] 
[INFO] [stdout] failures:
[INFO] [stdout]     ch4::test::test_3_2
[INFO] [stdout] 
[INFO] [stdout] test result: FAILED. 13 passed; 1 failed; 0 ignored; 0 measured; 0 filtered out; finished in 2.01s
[INFO] [stdout] 
[INFO] running `Command { std: "docker" "inspect" "4899f0fd2a1584e58adf9d65e5a124c4f453b551594e725729deee1992cc324e", kill_on_drop: false }`
[INFO] running `Command { std: "docker" "rm" "-f" "4899f0fd2a1584e58adf9d65e5a124c4f453b551594e725729deee1992cc324e", kill_on_drop: false }`
[INFO] [stdout] 4899f0fd2a1584e58adf9d65e5a124c4f453b551594e725729deee1992cc324e
